The Swift Package Index logo.Swift Package Index

Track the adoption of Swift 6 strict concurrency checks for data race safety. How many packages are Ready for Swift 6?

Build Information

Failed to build swift-numerics with Swift 5.9 for tvOS using Xcode 15.2 at main.

Build Command

env DEVELOPER_DIR=/Applications/Xcode-15.2.0.app xcrun xcodebuild -IDEClonedSourcePackagesDirPathOverride=$workDir/.dependencies -skipMacroValidation -skipPackagePluginValidation -derivedDataPath $workDir/.derivedData build -scheme swift-numerics-Package -destination generic/platform=tvos

Build Log

SwiftDriver ComplexTests normal arm64 com.apple.xcode.tools.swift.compiler (in target 'ComplexTests' from project 'swift-numerics')
    cd /Users/builder/builds/UKfvDsi8u/2/finestructure/swiftpackageindex-builder/spi-builder-workspace
    builtin-SwiftDriver -- /Applications/Xcode-15.2.0.app/Contents/Developer/Toolchains/XcodeDefault.xctoolchain/usr/bin/swiftc -module-name ComplexTests -Onone -enforce-exclusivity\=checked @/Users/builder/builds/UKfvDsi8u/2/finestructure/swiftpackageindex-builder/spi-builder-workspace/.derivedData/Build/Intermediates.noindex/swift-numerics.build/Debug-appletvos/ComplexTests.build/Objects-normal/arm64/ComplexTests.SwiftFileList -DSWIFT_PACKAGE -DDEBUG -DXcode -sdk /Applications/Xcode-15.2.0.app/Contents/Developer/Platforms/AppleTVOS.platform/Developer/SDKs/AppleTVOS17.2.sdk -target arm64-apple-tvos12.0 -g -module-cache-path /Users/builder/builds/UKfvDsi8u/2/finestructure/swiftpackageindex-builder/spi-builder-workspace/.derivedData/ModuleCache.noindex -Xfrontend -serialize-debugging-options -profile-coverage-mapping -profile-generate -enable-testing -index-store-path /Users/builder/builds/UKfvDsi8u/2/finestructure/swiftpackageindex-builder/spi-builder-workspace/.derivedData/Index.noindex/DataStore -swift-version 5 -I /Users/builder/builds/UKfvDsi8u/2/finestructure/swiftpackageindex-builder/spi-builder-workspace/.derivedData/Build/Products/Debug-appletvos -I /Applications/Xcode-15.2.0.app/Contents/Developer/Platforms/AppleTVOS.platform/Developer/usr/lib -F /Users/builder/builds/UKfvDsi8u/2/finestructure/swiftpackageindex-builder/spi-builder-workspace/.derivedData/Build/Products/Debug-appletvos/PackageFrameworks -F /Users/builder/builds/UKfvDsi8u/2/finestructure/swiftpackageindex-builder/spi-builder-workspace/.derivedData/Build/Products/Debug-appletvos/PackageFrameworks -F /Users/builder/builds/UKfvDsi8u/2/finestructure/swiftpackageindex-builder/spi-builder-workspace/.derivedData/Build/Products/Debug-appletvos/PackageFrameworks -F /Users/builder/builds/UKfvDsi8u/2/finestructure/swiftpackageindex-builder/spi-builder-workspace/.derivedData/Build/Products/Debug-appletvos/PackageFrameworks -F /Users/builder/builds/UKfvDsi8u/2/finestructure/swiftpackageindex-builder/spi-builder-workspace/.derivedData/Build/Products/Debug-appletvos/PackageFrameworks -F /Users/builder/builds/UKfvDsi8u/2/finestructure/swiftpackageindex-builder/spi-builder-workspace/.derivedData/Build/Products/Debug-appletvos/PackageFrameworks -F /Users/builder/builds/UKfvDsi8u/2/finestructure/swiftpackageindex-builder/spi-builder-workspace/.derivedData/Build/Products/Debug-appletvos -F /Applications/Xcode-15.2.0.app/Contents/Developer/Platforms/AppleTVOS.platform/Developer/Library/Frameworks -F /Applications/Xcode-15.2.0.app/Contents/Developer/Platforms/AppleTVOS.platform/Developer/SDKs/AppleTVOS17.2.sdk/Developer/Library/Frameworks -c -j8 -enable-batch-mode -incremental -Xcc -ivfsstatcache -Xcc /Users/builder/builds/UKfvDsi8u/2/finestructure/swiftpackageindex-builder/spi-builder-workspace/.derivedData/SDKStatCaches.noindex/appletvos17.2-21K354-d04792babcd4d6c925192122b83e5b58.sdkstatcache -output-file-map /Users/builder/builds/UKfvDsi8u/2/finestructure/swiftpackageindex-builder/spi-builder-workspace/.derivedData/Build/Intermediates.noindex/swift-numerics.build/Debug-appletvos/ComplexTests.build/Objects-normal/arm64/ComplexTests-OutputFileMap.json -use-frontend-parseable-output -save-temps -no-color-diagnostics -serialize-diagnostics -emit-dependencies -emit-module -emit-module-path /Users/builder/builds/UKfvDsi8u/2/finestructure/swiftpackageindex-builder/spi-builder-workspace/.derivedData/Build/Intermediates.noindex/swift-numerics.build/Debug-appletvos/ComplexTests.build/Objects-normal/arm64/ComplexTests.swiftmodule -validate-clang-modules-once -clang-build-session-file /Users/builder/builds/UKfvDsi8u/2/finestructure/swiftpackageindex-builder/spi-builder-workspace/.derivedData/ModuleCache.noindex/Session.modulevalidation -emit-const-values -Xfrontend -const-gather-protocols-file -Xfrontend /Users/builder/builds/UKfvDsi8u/2/finestructure/swiftpackageindex-builder/spi-builder-workspace/.derivedData/Build/Intermediates.noindex/swift-numerics.build/Debug-appletvos/ComplexTests.build/Objects-normal/arm64/ComplexTests_const_extract_protocols.json -Xcc -I/Users/builder/builds/UKfvDsi8u/2/finestructure/swiftpackageindex-builder/spi-builder-workspace/Sources/_NumericsShims/include -Xcc -I/Users/builder/builds/UKfvDsi8u/2/finestructure/swiftpackageindex-builder/spi-builder-workspace/.derivedData/Build/Products/Debug-appletvos/include -Xcc -I/Users/builder/builds/UKfvDsi8u/2/finestructure/swiftpackageindex-builder/spi-builder-workspace/.derivedData/Build/Intermediates.noindex/swift-numerics.build/Debug-appletvos/ComplexTests.build/DerivedSources-normal/arm64 -Xcc -I/Users/builder/builds/UKfvDsi8u/2/finestructure/swiftpackageindex-builder/spi-builder-workspace/.derivedData/Build/Intermediates.noindex/swift-numerics.build/Debug-appletvos/ComplexTests.build/DerivedSources/arm64 -Xcc -I/Users/builder/builds/UKfvDsi8u/2/finestructure/swiftpackageindex-builder/spi-builder-workspace/.derivedData/Build/Intermediates.noindex/swift-numerics.build/Debug-appletvos/ComplexTests.build/DerivedSources -Xcc -DSWIFT_PACKAGE -Xcc -DDEBUG\=1 -working-directory /Users/builder/builds/UKfvDsi8u/2/finestructure/swiftpackageindex-builder/spi-builder-workspace -experimental-emit-module-separately -disable-cmo
SwiftDriver ComplexLog1p normal arm64 com.apple.xcode.tools.swift.compiler (in target 'ComplexLog1p' from project 'swift-numerics')
    cd /Users/builder/builds/UKfvDsi8u/2/finestructure/swiftpackageindex-builder/spi-builder-workspace
    builtin-SwiftDriver -- /Applications/Xcode-15.2.0.app/Contents/Developer/Toolchains/XcodeDefault.xctoolchain/usr/bin/swiftc -module-name ComplexLog1p -Onone -enforce-exclusivity\=checked @/Users/builder/builds/UKfvDsi8u/2/finestructure/swiftpackageindex-builder/spi-builder-workspace/.derivedData/Build/Intermediates.noindex/swift-numerics.build/Debug-appletvos/ComplexLog1p.build/Objects-normal/arm64/ComplexLog1p.SwiftFileList -DSWIFT_PACKAGE -DDEBUG -DXcode -sdk /Applications/Xcode-15.2.0.app/Contents/Developer/Platforms/AppleTVOS.platform/Developer/SDKs/AppleTVOS17.2.sdk -target arm64-apple-tvos12.0 -g -module-cache-path /Users/builder/builds/UKfvDsi8u/2/finestructure/swiftpackageindex-builder/spi-builder-workspace/.derivedData/ModuleCache.noindex -Xfrontend -serialize-debugging-options -profile-coverage-mapping -profile-generate -enable-testing -index-store-path /Users/builder/builds/UKfvDsi8u/2/finestructure/swiftpackageindex-builder/spi-builder-workspace/.derivedData/Index.noindex/DataStore -swift-version 5 -I /Users/builder/builds/UKfvDsi8u/2/finestructure/swiftpackageindex-builder/spi-builder-workspace/.derivedData/Build/Products/Debug-appletvos -I /Applications/Xcode-15.2.0.app/Contents/Developer/Platforms/AppleTVOS.platform/Developer/usr/lib -F /Users/builder/builds/UKfvDsi8u/2/finestructure/swiftpackageindex-builder/spi-builder-workspace/.derivedData/Build/Products/Debug-appletvos/PackageFrameworks -F /Users/builder/builds/UKfvDsi8u/2/finestructure/swiftpackageindex-builder/spi-builder-workspace/.derivedData/Build/Products/Debug-appletvos/PackageFrameworks -F /Users/builder/builds/UKfvDsi8u/2/finestructure/swiftpackageindex-builder/spi-builder-workspace/.derivedData/Build/Products/Debug-appletvos/PackageFrameworks -F /Users/builder/builds/UKfvDsi8u/2/finestructure/swiftpackageindex-builder/spi-builder-workspace/.derivedData/Build/Products/Debug-appletvos/PackageFrameworks -F /Users/builder/builds/UKfvDsi8u/2/finestructure/swiftpackageindex-builder/spi-builder-workspace/.derivedData/Build/Products/Debug-appletvos/PackageFrameworks -F /Users/builder/builds/UKfvDsi8u/2/finestructure/swiftpackageindex-builder/spi-builder-workspace/.derivedData/Build/Products/Debug-appletvos/PackageFrameworks -F /Users/builder/builds/UKfvDsi8u/2/finestructure/swiftpackageindex-builder/spi-builder-workspace/.derivedData/Build/Products/Debug-appletvos -F /Applications/Xcode-15.2.0.app/Contents/Developer/Platforms/AppleTVOS.platform/Developer/Library/Frameworks -F /Applications/Xcode-15.2.0.app/Contents/Developer/Platforms/AppleTVOS.platform/Developer/SDKs/AppleTVOS17.2.sdk/Developer/Library/Frameworks -c -j8 -enable-batch-mode -incremental -Xcc -ivfsstatcache -Xcc /Users/builder/builds/UKfvDsi8u/2/finestructure/swiftpackageindex-builder/spi-builder-workspace/.derivedData/SDKStatCaches.noindex/appletvos17.2-21K354-d04792babcd4d6c925192122b83e5b58.sdkstatcache -output-file-map /Users/builder/builds/UKfvDsi8u/2/finestructure/swiftpackageindex-builder/spi-builder-workspace/.derivedData/Build/Intermediates.noindex/swift-numerics.build/Debug-appletvos/ComplexLog1p.build/Objects-normal/arm64/ComplexLog1p-OutputFileMap.json -use-frontend-parseable-output -save-temps -no-color-diagnostics -serialize-diagnostics -emit-dependencies -emit-module -emit-module-path /Users/builder/builds/UKfvDsi8u/2/finestructure/swiftpackageindex-builder/spi-builder-workspace/.derivedData/Build/Intermediates.noindex/swift-numerics.build/Debug-appletvos/ComplexLog1p.build/Objects-normal/arm64/ComplexLog1p.swiftmodule -validate-clang-modules-once -clang-build-session-file /Users/builder/builds/UKfvDsi8u/2/finestructure/swiftpackageindex-builder/spi-builder-workspace/.derivedData/ModuleCache.noindex/Session.modulevalidation -emit-const-values -Xfrontend -const-gather-protocols-file -Xfrontend /Users/builder/builds/UKfvDsi8u/2/finestructure/swiftpackageindex-builder/spi-builder-workspace/.derivedData/Build/Intermediates.noindex/swift-numerics.build/Debug-appletvos/ComplexLog1p.build/Objects-normal/arm64/ComplexLog1p_const_extract_protocols.json -Xcc -I/Users/builder/builds/UKfvDsi8u/2/finestructure/swiftpackageindex-builder/spi-builder-workspace/Sources/_NumericsShims/include -Xcc -I/Users/builder/builds/UKfvDsi8u/2/finestructure/swiftpackageindex-builder/spi-builder-workspace/.derivedData/Build/Products/Debug-appletvos/include -Xcc -I/Users/builder/builds/UKfvDsi8u/2/finestructure/swiftpackageindex-builder/spi-builder-workspace/.derivedData/Build/Intermediates.noindex/swift-numerics.build/Debug-appletvos/ComplexLog1p.build/DerivedSources-normal/arm64 -Xcc -I/Users/builder/builds/UKfvDsi8u/2/finestructure/swiftpackageindex-builder/spi-builder-workspace/.derivedData/Build/Intermediates.noindex/swift-numerics.build/Debug-appletvos/ComplexLog1p.build/DerivedSources/arm64 -Xcc -I/Users/builder/builds/UKfvDsi8u/2/finestructure/swiftpackageindex-builder/spi-builder-workspace/.derivedData/Build/Intermediates.noindex/swift-numerics.build/Debug-appletvos/ComplexLog1p.build/DerivedSources -Xcc -DSWIFT_PACKAGE -Xcc -DDEBUG\=1 -working-directory /Users/builder/builds/UKfvDsi8u/2/finestructure/swiftpackageindex-builder/spi-builder-workspace -experimental-emit-module-separately -disable-cmo
SwiftDriver ComplexLog normal arm64 com.apple.xcode.tools.swift.compiler (in target 'ComplexLog' from project 'swift-numerics')
    cd /Users/builder/builds/UKfvDsi8u/2/finestructure/swiftpackageindex-builder/spi-builder-workspace
    builtin-SwiftDriver -- /Applications/Xcode-15.2.0.app/Contents/Developer/Toolchains/XcodeDefault.xctoolchain/usr/bin/swiftc -module-name ComplexLog -Onone -enforce-exclusivity\=checked @/Users/builder/builds/UKfvDsi8u/2/finestructure/swiftpackageindex-builder/spi-builder-workspace/.derivedData/Build/Intermediates.noindex/swift-numerics.build/Debug-appletvos/ComplexLog.build/Objects-normal/arm64/ComplexLog.SwiftFileList -DSWIFT_PACKAGE -DDEBUG -DXcode -sdk /Applications/Xcode-15.2.0.app/Contents/Developer/Platforms/AppleTVOS.platform/Developer/SDKs/AppleTVOS17.2.sdk -target arm64-apple-tvos12.0 -g -module-cache-path /Users/builder/builds/UKfvDsi8u/2/finestructure/swiftpackageindex-builder/spi-builder-workspace/.derivedData/ModuleCache.noindex -Xfrontend -serialize-debugging-options -profile-coverage-mapping -profile-generate -enable-testing -index-store-path /Users/builder/builds/UKfvDsi8u/2/finestructure/swiftpackageindex-builder/spi-builder-workspace/.derivedData/Index.noindex/DataStore -swift-version 5 -I /Users/builder/builds/UKfvDsi8u/2/finestructure/swiftpackageindex-builder/spi-builder-workspace/.derivedData/Build/Products/Debug-appletvos -I /Applications/Xcode-15.2.0.app/Contents/Developer/Platforms/AppleTVOS.platform/Developer/usr/lib -F /Users/builder/builds/UKfvDsi8u/2/finestructure/swiftpackageindex-builder/spi-builder-workspace/.derivedData/Build/Products/Debug-appletvos/PackageFrameworks -F /Users/builder/builds/UKfvDsi8u/2/finestructure/swiftpackageindex-builder/spi-builder-workspace/.derivedData/Build/Products/Debug-appletvos/PackageFrameworks -F /Users/builder/builds/UKfvDsi8u/2/finestructure/swiftpackageindex-builder/spi-builder-workspace/.derivedData/Build/Products/Debug-appletvos/PackageFrameworks -F /Users/builder/builds/UKfvDsi8u/2/finestructure/swiftpackageindex-builder/spi-builder-workspace/.derivedData/Build/Products/Debug-appletvos/PackageFrameworks -F /Users/builder/builds/UKfvDsi8u/2/finestructure/swiftpackageindex-builder/spi-builder-workspace/.derivedData/Build/Products/Debug-appletvos/PackageFrameworks -F /Users/builder/builds/UKfvDsi8u/2/finestructure/swiftpackageindex-builder/spi-builder-workspace/.derivedData/Build/Products/Debug-appletvos/PackageFrameworks -F /Users/builder/builds/UKfvDsi8u/2/finestructure/swiftpackageindex-builder/spi-builder-workspace/.derivedData/Build/Products/Debug-appletvos -F /Applications/Xcode-15.2.0.app/Contents/Developer/Platforms/AppleTVOS.platform/Developer/Library/Frameworks -F /Applications/Xcode-15.2.0.app/Contents/Developer/Platforms/AppleTVOS.platform/Developer/SDKs/AppleTVOS17.2.sdk/Developer/Library/Frameworks -c -j8 -enable-batch-mode -incremental -Xcc -ivfsstatcache -Xcc /Users/builder/builds/UKfvDsi8u/2/finestructure/swiftpackageindex-builder/spi-builder-workspace/.derivedData/SDKStatCaches.noindex/appletvos17.2-21K354-d04792babcd4d6c925192122b83e5b58.sdkstatcache -output-file-map /Users/builder/builds/UKfvDsi8u/2/finestructure/swiftpackageindex-builder/spi-builder-workspace/.derivedData/Build/Intermediates.noindex/swift-numerics.build/Debug-appletvos/ComplexLog.build/Objects-normal/arm64/ComplexLog-OutputFileMap.json -use-frontend-parseable-output -save-temps -no-color-diagnostics -serialize-diagnostics -emit-dependencies -emit-module -emit-module-path /Users/builder/builds/UKfvDsi8u/2/finestructure/swiftpackageindex-builder/spi-builder-workspace/.derivedData/Build/Intermediates.noindex/swift-numerics.build/Debug-appletvos/ComplexLog.build/Objects-normal/arm64/ComplexLog.swiftmodule -validate-clang-modules-once -clang-build-session-file /Users/builder/builds/UKfvDsi8u/2/finestructure/swiftpackageindex-builder/spi-builder-workspace/.derivedData/ModuleCache.noindex/Session.modulevalidation -emit-const-values -Xfrontend -const-gather-protocols-file -Xfrontend /Users/builder/builds/UKfvDsi8u/2/finestructure/swiftpackageindex-builder/spi-builder-workspace/.derivedData/Build/Intermediates.noindex/swift-numerics.build/Debug-appletvos/ComplexLog.build/Objects-normal/arm64/ComplexLog_const_extract_protocols.json -Xcc -I/Users/builder/builds/UKfvDsi8u/2/finestructure/swiftpackageindex-builder/spi-builder-workspace/Sources/_NumericsShims/include -Xcc -I/Users/builder/builds/UKfvDsi8u/2/finestructure/swiftpackageindex-builder/spi-builder-workspace/.derivedData/Build/Products/Debug-appletvos/include -Xcc -I/Users/builder/builds/UKfvDsi8u/2/finestructure/swiftpackageindex-builder/spi-builder-workspace/.derivedData/Build/Intermediates.noindex/swift-numerics.build/Debug-appletvos/ComplexLog.build/DerivedSources-normal/arm64 -Xcc -I/Users/builder/builds/UKfvDsi8u/2/finestructure/swiftpackageindex-builder/spi-builder-workspace/.derivedData/Build/Intermediates.noindex/swift-numerics.build/Debug-appletvos/ComplexLog.build/DerivedSources/arm64 -Xcc -I/Users/builder/builds/UKfvDsi8u/2/finestructure/swiftpackageindex-builder/spi-builder-workspace/.derivedData/Build/Intermediates.noindex/swift-numerics.build/Debug-appletvos/ComplexLog.build/DerivedSources -Xcc -DSWIFT_PACKAGE -Xcc -DDEBUG\=1 -working-directory /Users/builder/builds/UKfvDsi8u/2/finestructure/swiftpackageindex-builder/spi-builder-workspace -experimental-emit-module-separately -disable-cmo
RegisterExecutionPolicyException /Users/builder/builds/UKfvDsi8u/2/finestructure/swiftpackageindex-builder/spi-builder-workspace/.derivedData/Build/Products/Debug-appletvos/_TestSupport.o (in target '_TestSupport' from project 'swift-numerics')
    cd /Users/builder/builds/UKfvDsi8u/2/finestructure/swiftpackageindex-builder/spi-builder-workspace
    builtin-RegisterExecutionPolicyException /Users/builder/builds/UKfvDsi8u/2/finestructure/swiftpackageindex-builder/spi-builder-workspace/.derivedData/Build/Products/Debug-appletvos/_TestSupport.o
WriteAuxiliaryFile /Users/builder/builds/UKfvDsi8u/2/finestructure/swiftpackageindex-builder/spi-builder-workspace/.derivedData/Build/Intermediates.noindex/swift-numerics.build/Debug-appletvos/RealTests.build/Objects-normal/arm64/RealTests.LinkFileList (in target 'RealTests' from project 'swift-numerics')
    cd /Users/builder/builds/UKfvDsi8u/2/finestructure/swiftpackageindex-builder/spi-builder-workspace
    write-file /Users/builder/builds/UKfvDsi8u/2/finestructure/swiftpackageindex-builder/spi-builder-workspace/.derivedData/Build/Intermediates.noindex/swift-numerics.build/Debug-appletvos/RealTests.build/Objects-normal/arm64/RealTests.LinkFileList
WriteAuxiliaryFile /Users/builder/builds/UKfvDsi8u/2/finestructure/swiftpackageindex-builder/spi-builder-workspace/.derivedData/Build/Intermediates.noindex/swift-numerics.build/Debug-appletvos/ComplexTests.build/Objects-normal/arm64/ComplexTests.LinkFileList (in target 'ComplexTests' from project 'swift-numerics')
    cd /Users/builder/builds/UKfvDsi8u/2/finestructure/swiftpackageindex-builder/spi-builder-workspace
    write-file /Users/builder/builds/UKfvDsi8u/2/finestructure/swiftpackageindex-builder/spi-builder-workspace/.derivedData/Build/Intermediates.noindex/swift-numerics.build/Debug-appletvos/ComplexTests.build/Objects-normal/arm64/ComplexTests.LinkFileList
WriteAuxiliaryFile /Users/builder/builds/UKfvDsi8u/2/finestructure/swiftpackageindex-builder/spi-builder-workspace/.derivedData/Build/Intermediates.noindex/swift-numerics.build/Debug-appletvos/RealTests.build/empty-RealTests.plist (in target 'RealTests' from project 'swift-numerics')
    cd /Users/builder/builds/UKfvDsi8u/2/finestructure/swiftpackageindex-builder/spi-builder-workspace
    write-file /Users/builder/builds/UKfvDsi8u/2/finestructure/swiftpackageindex-builder/spi-builder-workspace/.derivedData/Build/Intermediates.noindex/swift-numerics.build/Debug-appletvos/RealTests.build/empty-RealTests.plist
WriteAuxiliaryFile /Users/builder/builds/UKfvDsi8u/2/finestructure/swiftpackageindex-builder/spi-builder-workspace/.derivedData/Build/Intermediates.noindex/swift-numerics.build/Debug-appletvos/IntegerUtilitiesTests.build/Objects-normal/arm64/IntegerUtilitiesTests.LinkFileList (in target 'IntegerUtilitiesTests' from project 'swift-numerics')
    cd /Users/builder/builds/UKfvDsi8u/2/finestructure/swiftpackageindex-builder/spi-builder-workspace
    write-file /Users/builder/builds/UKfvDsi8u/2/finestructure/swiftpackageindex-builder/spi-builder-workspace/.derivedData/Build/Intermediates.noindex/swift-numerics.build/Debug-appletvos/IntegerUtilitiesTests.build/Objects-normal/arm64/IntegerUtilitiesTests.LinkFileList
WriteAuxiliaryFile /Users/builder/builds/UKfvDsi8u/2/finestructure/swiftpackageindex-builder/spi-builder-workspace/.derivedData/Build/Intermediates.noindex/swift-numerics.build/Debug-appletvos/ComplexLog1p.build/Objects-normal/arm64/ComplexLog1p.LinkFileList (in target 'ComplexLog1p' from project 'swift-numerics')
    cd /Users/builder/builds/UKfvDsi8u/2/finestructure/swiftpackageindex-builder/spi-builder-workspace
    write-file /Users/builder/builds/UKfvDsi8u/2/finestructure/swiftpackageindex-builder/spi-builder-workspace/.derivedData/Build/Intermediates.noindex/swift-numerics.build/Debug-appletvos/ComplexLog1p.build/Objects-normal/arm64/ComplexLog1p.LinkFileList
WriteAuxiliaryFile /Users/builder/builds/UKfvDsi8u/2/finestructure/swiftpackageindex-builder/spi-builder-workspace/.derivedData/Build/Intermediates.noindex/swift-numerics.build/Debug-appletvos/ComplexLog.build/Objects-normal/arm64/ComplexLog.LinkFileList (in target 'ComplexLog' from project 'swift-numerics')
    cd /Users/builder/builds/UKfvDsi8u/2/finestructure/swiftpackageindex-builder/spi-builder-workspace
    write-file /Users/builder/builds/UKfvDsi8u/2/finestructure/swiftpackageindex-builder/spi-builder-workspace/.derivedData/Build/Intermediates.noindex/swift-numerics.build/Debug-appletvos/ComplexLog.build/Objects-normal/arm64/ComplexLog.LinkFileList
WriteAuxiliaryFile /Users/builder/builds/UKfvDsi8u/2/finestructure/swiftpackageindex-builder/spi-builder-workspace/.derivedData/Build/Intermediates.noindex/swift-numerics.build/Debug-appletvos/IntegerUtilitiesTests.build/empty-IntegerUtilitiesTests.plist (in target 'IntegerUtilitiesTests' from project 'swift-numerics')
    cd /Users/builder/builds/UKfvDsi8u/2/finestructure/swiftpackageindex-builder/spi-builder-workspace
    write-file /Users/builder/builds/UKfvDsi8u/2/finestructure/swiftpackageindex-builder/spi-builder-workspace/.derivedData/Build/Intermediates.noindex/swift-numerics.build/Debug-appletvos/IntegerUtilitiesTests.build/empty-IntegerUtilitiesTests.plist
WriteAuxiliaryFile /Users/builder/builds/UKfvDsi8u/2/finestructure/swiftpackageindex-builder/spi-builder-workspace/.derivedData/Build/Intermediates.noindex/swift-numerics.build/Debug-appletvos/ComplexTests.build/empty-ComplexTests.plist (in target 'ComplexTests' from project 'swift-numerics')
    cd /Users/builder/builds/UKfvDsi8u/2/finestructure/swiftpackageindex-builder/spi-builder-workspace
    write-file /Users/builder/builds/UKfvDsi8u/2/finestructure/swiftpackageindex-builder/spi-builder-workspace/.derivedData/Build/Intermediates.noindex/swift-numerics.build/Debug-appletvos/ComplexTests.build/empty-ComplexTests.plist
ProcessInfoPlistFile /Users/builder/builds/UKfvDsi8u/2/finestructure/swiftpackageindex-builder/spi-builder-workspace/.derivedData/Build/Products/Debug-appletvos/RealTests.xctest/Info.plist /Users/builder/builds/UKfvDsi8u/2/finestructure/swiftpackageindex-builder/spi-builder-workspace/.derivedData/Build/Intermediates.noindex/swift-numerics.build/Debug-appletvos/RealTests.build/empty-RealTests.plist (in target 'RealTests' from project 'swift-numerics')
    cd /Users/builder/builds/UKfvDsi8u/2/finestructure/swiftpackageindex-builder/spi-builder-workspace
    builtin-infoPlistUtility /Users/builder/builds/UKfvDsi8u/2/finestructure/swiftpackageindex-builder/spi-builder-workspace/.derivedData/Build/Intermediates.noindex/swift-numerics.build/Debug-appletvos/RealTests.build/empty-RealTests.plist -producttype com.apple.product-type.bundle.unit-test -expandbuildsettings -format binary -platform appletvos -o /Users/builder/builds/UKfvDsi8u/2/finestructure/swiftpackageindex-builder/spi-builder-workspace/.derivedData/Build/Products/Debug-appletvos/RealTests.xctest/Info.plist
ProcessInfoPlistFile /Users/builder/builds/UKfvDsi8u/2/finestructure/swiftpackageindex-builder/spi-builder-workspace/.derivedData/Build/Products/Debug-appletvos/IntegerUtilitiesTests.xctest/Info.plist /Users/builder/builds/UKfvDsi8u/2/finestructure/swiftpackageindex-builder/spi-builder-workspace/.derivedData/Build/Intermediates.noindex/swift-numerics.build/Debug-appletvos/IntegerUtilitiesTests.build/empty-IntegerUtilitiesTests.plist (in target 'IntegerUtilitiesTests' from project 'swift-numerics')
    cd /Users/builder/builds/UKfvDsi8u/2/finestructure/swiftpackageindex-builder/spi-builder-workspace
    builtin-infoPlistUtility /Users/builder/builds/UKfvDsi8u/2/finestructure/swiftpackageindex-builder/spi-builder-workspace/.derivedData/Build/Intermediates.noindex/swift-numerics.build/Debug-appletvos/IntegerUtilitiesTests.build/empty-IntegerUtilitiesTests.plist -producttype com.apple.product-type.bundle.unit-test -expandbuildsettings -format binary -platform appletvos -o /Users/builder/builds/UKfvDsi8u/2/finestructure/swiftpackageindex-builder/spi-builder-workspace/.derivedData/Build/Products/Debug-appletvos/IntegerUtilitiesTests.xctest/Info.plist
ProcessInfoPlistFile /Users/builder/builds/UKfvDsi8u/2/finestructure/swiftpackageindex-builder/spi-builder-workspace/.derivedData/Build/Products/Debug-appletvos/ComplexTests.xctest/Info.plist /Users/builder/builds/UKfvDsi8u/2/finestructure/swiftpackageindex-builder/spi-builder-workspace/.derivedData/Build/Intermediates.noindex/swift-numerics.build/Debug-appletvos/ComplexTests.build/empty-ComplexTests.plist (in target 'ComplexTests' from project 'swift-numerics')
    cd /Users/builder/builds/UKfvDsi8u/2/finestructure/swiftpackageindex-builder/spi-builder-workspace
    builtin-infoPlistUtility /Users/builder/builds/UKfvDsi8u/2/finestructure/swiftpackageindex-builder/spi-builder-workspace/.derivedData/Build/Intermediates.noindex/swift-numerics.build/Debug-appletvos/ComplexTests.build/empty-ComplexTests.plist -producttype com.apple.product-type.bundle.unit-test -expandbuildsettings -format binary -platform appletvos -o /Users/builder/builds/UKfvDsi8u/2/finestructure/swiftpackageindex-builder/spi-builder-workspace/.derivedData/Build/Products/Debug-appletvos/ComplexTests.xctest/Info.plist
SwiftEmitModule normal arm64 Emitting\ module\ for\ ComplexLog (in target 'ComplexLog' from project 'swift-numerics')
    cd /Users/builder/builds/UKfvDsi8u/2/finestructure/swiftpackageindex-builder/spi-builder-workspace
    builtin-swiftTaskExecution -- /Applications/Xcode-15.2.0.app/Contents/Developer/Toolchains/XcodeDefault.xctoolchain/usr/bin/swift-frontend -frontend -emit-module -experimental-skip-non-inlinable-function-bodies-without-types /Users/builder/builds/UKfvDsi8u/2/finestructure/swiftpackageindex-builder/spi-builder-workspace/Tests/Executable/ComplexLog/main.swift -target arm64-apple-tvos12.0 -Xllvm -aarch64-use-tbi -enable-objc-interop -sdk /Applications/Xcode-15.2.0.app/Contents/Developer/Platforms/AppleTVOS.platform/Developer/SDKs/AppleTVOS17.2.sdk -I /Users/builder/builds/UKfvDsi8u/2/finestructure/swiftpackageindex-builder/spi-builder-workspace/.derivedData/Build/Products/Debug-appletvos -I /Applications/Xcode-15.2.0.app/Contents/Developer/Platforms/AppleTVOS.platform/Developer/usr/lib -F /Users/builder/builds/UKfvDsi8u/2/finestructure/swiftpackageindex-builder/spi-builder-workspace/.derivedData/Build/Products/Debug-appletvos/PackageFrameworks -F /Users/builder/builds/UKfvDsi8u/2/finestructure/swiftpackageindex-builder/spi-builder-workspace/.derivedData/Build/Products/Debug-appletvos/PackageFrameworks -F /Users/builder/builds/UKfvDsi8u/2/finestructure/swiftpackageindex-builder/spi-builder-workspace/.derivedData/Build/Products/Debug-appletvos/PackageFrameworks -F /Users/builder/builds/UKfvDsi8u/2/finestructure/swiftpackageindex-builder/spi-builder-workspace/.derivedData/Build/Products/Debug-appletvos/PackageFrameworks -F /Users/builder/builds/UKfvDsi8u/2/finestructure/swiftpackageindex-builder/spi-builder-workspace/.derivedData/Build/Products/Debug-appletvos/PackageFrameworks -F /Users/builder/builds/UKfvDsi8u/2/finestructure/swiftpackageindex-builder/spi-builder-workspace/.derivedData/Build/Products/Debug-appletvos/PackageFrameworks -F /Users/builder/builds/UKfvDsi8u/2/finestructure/swiftpackageindex-builder/spi-builder-workspace/.derivedData/Build/Products/Debug-appletvos -F /Applications/Xcode-15.2.0.app/Contents/Developer/Platforms/AppleTVOS.platform/Developer/Library/Frameworks -F /Applications/Xcode-15.2.0.app/Contents/Developer/Platforms/AppleTVOS.platform/Developer/SDKs/AppleTVOS17.2.sdk/Developer/Library/Frameworks -no-color-diagnostics -enable-testing -g -module-cache-path /Users/builder/builds/UKfvDsi8u/2/finestructure/swiftpackageindex-builder/spi-builder-workspace/.derivedData/ModuleCache.noindex -profile-generate -profile-coverage-mapping -swift-version 5 -enforce-exclusivity\=checked -Onone -D SWIFT_PACKAGE -D DEBUG -D Xcode -serialize-debugging-options -const-gather-protocols-file /Users/builder/builds/UKfvDsi8u/2/finestructure/swiftpackageindex-builder/spi-builder-workspace/.derivedData/Build/Intermediates.noindex/swift-numerics.build/Debug-appletvos/ComplexLog.build/Objects-normal/arm64/ComplexLog_const_extract_protocols.json -empty-abi-descriptor -validate-clang-modules-once -clang-build-session-file /Users/builder/builds/UKfvDsi8u/2/finestructure/swiftpackageindex-builder/spi-builder-workspace/.derivedData/ModuleCache.noindex/Session.modulevalidation -Xcc -working-directory -Xcc /Users/builder/builds/UKfvDsi8u/2/finestructure/swiftpackageindex-builder/spi-builder-workspace -resource-dir /Applications/Xcode-15.2.0.app/Contents/Developer/Toolchains/XcodeDefault.xctoolchain/usr/lib/swift -enable-anonymous-context-mangled-names -Xcc -ivfsstatcache -Xcc /Users/builder/builds/UKfvDsi8u/2/finestructure/swiftpackageindex-builder/spi-builder-workspace/.derivedData/SDKStatCaches.noindex/appletvos17.2-21K354-d04792babcd4d6c925192122b83e5b58.sdkstatcache -Xcc -I/Users/builder/builds/UKfvDsi8u/2/finestructure/swiftpackageindex-builder/spi-builder-workspace/Sources/_NumericsShims/include -Xcc -I/Users/builder/builds/UKfvDsi8u/2/finestructure/swiftpackageindex-builder/spi-builder-workspace/.derivedData/Build/Products/Debug-appletvos/include -Xcc -I/Users/builder/builds/UKfvDsi8u/2/finestructure/swiftpackageindex-builder/spi-builder-workspace/.derivedData/Build/Intermediates.noindex/swift-numerics.build/Debug-appletvos/ComplexLog.build/DerivedSources-normal/arm64 -Xcc -I/Users/builder/builds/UKfvDsi8u/2/finestructure/swiftpackageindex-builder/spi-builder-workspace/.derivedData/Build/Intermediates.noindex/swift-numerics.build/Debug-appletvos/ComplexLog.build/DerivedSources/arm64 -Xcc -I/Users/builder/builds/UKfvDsi8u/2/finestructure/swiftpackageindex-builder/spi-builder-workspace/.derivedData/Build/Intermediates.noindex/swift-numerics.build/Debug-appletvos/ComplexLog.build/DerivedSources -Xcc -DSWIFT_PACKAGE -Xcc -DDEBUG\=1 -module-name ComplexLog -disable-clang-spi -target-sdk-version 17.2 -target-sdk-name appletvos17.2 -external-plugin-path /Applications/Xcode-15.2.0.app/Contents/Developer/Platforms/AppleTVOS.platform/Developer/SDKs/AppleTVOS17.2.sdk/usr/lib/swift/host/plugins\#/Applications/Xcode-15.2.0.app/Contents/Developer/Platforms/AppleTVOS.platform/Developer/SDKs/AppleTVOS17.2.sdk/usr/bin/swift-plugin-server -external-plugin-path /Applications/Xcode-15.2.0.app/Contents/Developer/Platforms/AppleTVOS.platform/Developer/SDKs/AppleTVOS17.2.sdk/usr/local/lib/swift/host/plugins\#/Applications/Xcode-15.2.0.app/Contents/Developer/Platforms/AppleTVOS.platform/Developer/SDKs/AppleTVOS17.2.sdk/usr/bin/swift-plugin-server -external-plugin-path /Applications/Xcode-15.2.0.app/Contents/Developer/Platforms/AppleTVOS.platform/Developer/usr/lib/swift/host/plugins\#/Applications/Xcode-15.2.0.app/Contents/Developer/Platforms/AppleTVOS.platform/Developer/usr/bin/swift-plugin-server -external-plugin-path /Applications/Xcode-15.2.0.app/Contents/Developer/Platforms/AppleTVOS.platform/Developer/usr/local/lib/swift/host/plugins\#/Applications/Xcode-15.2.0.app/Contents/Developer/Platforms/AppleTVOS.platform/Developer/usr/bin/swift-plugin-server -plugin-path /Applications/Xcode-15.2.0.app/Contents/Developer/Toolchains/XcodeDefault.xctoolchain/usr/lib/swift/host/plugins -plugin-path /Applications/Xcode-15.2.0.app/Contents/Developer/Toolchains/XcodeDefault.xctoolchain/usr/local/lib/swift/host/plugins -emit-module-doc-path /Users/builder/builds/UKfvDsi8u/2/finestructure/swiftpackageindex-builder/spi-builder-workspace/.derivedData/Build/Intermediates.noindex/swift-numerics.build/Debug-appletvos/ComplexLog.build/Objects-normal/arm64/ComplexLog.swiftdoc -emit-module-source-info-path /Users/builder/builds/UKfvDsi8u/2/finestructure/swiftpackageindex-builder/spi-builder-workspace/.derivedData/Build/Intermediates.noindex/swift-numerics.build/Debug-appletvos/ComplexLog.build/Objects-normal/arm64/ComplexLog.swiftsourceinfo -serialize-diagnostics-path /Users/builder/builds/UKfvDsi8u/2/finestructure/swiftpackageindex-builder/spi-builder-workspace/.derivedData/Build/Intermediates.noindex/swift-numerics.build/Debug-appletvos/ComplexLog.build/Objects-normal/arm64/ComplexLog-master-emit-module.dia -emit-dependencies-path /Users/builder/builds/UKfvDsi8u/2/finestructure/swiftpackageindex-builder/spi-builder-workspace/.derivedData/Build/Intermediates.noindex/swift-numerics.build/Debug-appletvos/ComplexLog.build/Objects-normal/arm64/ComplexLog-master-emit-module.d -o /Users/builder/builds/UKfvDsi8u/2/finestructure/swiftpackageindex-builder/spi-builder-workspace/.derivedData/Build/Intermediates.noindex/swift-numerics.build/Debug-appletvos/ComplexLog.build/Objects-normal/arm64/ComplexLog.swiftmodule -emit-abi-descriptor-path /Users/builder/builds/UKfvDsi8u/2/finestructure/swiftpackageindex-builder/spi-builder-workspace/.derivedData/Build/Intermediates.noindex/swift-numerics.build/Debug-appletvos/ComplexLog.build/Objects-normal/arm64/ComplexLog.abi.json
SwiftEmitModule normal arm64 Emitting\ module\ for\ ComplexLog1p (in target 'ComplexLog1p' from project 'swift-numerics')
    cd /Users/builder/builds/UKfvDsi8u/2/finestructure/swiftpackageindex-builder/spi-builder-workspace
    builtin-swiftTaskExecution -- /Applications/Xcode-15.2.0.app/Contents/Developer/Toolchains/XcodeDefault.xctoolchain/usr/bin/swift-frontend -frontend -emit-module -experimental-skip-non-inlinable-function-bodies-without-types /Users/builder/builds/UKfvDsi8u/2/finestructure/swiftpackageindex-builder/spi-builder-workspace/Tests/Executable/ComplexLog1p/main.swift -target arm64-apple-tvos12.0 -Xllvm -aarch64-use-tbi -enable-objc-interop -sdk /Applications/Xcode-15.2.0.app/Contents/Developer/Platforms/AppleTVOS.platform/Developer/SDKs/AppleTVOS17.2.sdk -I /Users/builder/builds/UKfvDsi8u/2/finestructure/swiftpackageindex-builder/spi-builder-workspace/.derivedData/Build/Products/Debug-appletvos -I /Applications/Xcode-15.2.0.app/Contents/Developer/Platforms/AppleTVOS.platform/Developer/usr/lib -F /Users/builder/builds/UKfvDsi8u/2/finestructure/swiftpackageindex-builder/spi-builder-workspace/.derivedData/Build/Products/Debug-appletvos/PackageFrameworks -F /Users/builder/builds/UKfvDsi8u/2/finestructure/swiftpackageindex-builder/spi-builder-workspace/.derivedData/Build/Products/Debug-appletvos/PackageFrameworks -F /Users/builder/builds/UKfvDsi8u/2/finestructure/swiftpackageindex-builder/spi-builder-workspace/.derivedData/Build/Products/Debug-appletvos/PackageFrameworks -F /Users/builder/builds/UKfvDsi8u/2/finestructure/swiftpackageindex-builder/spi-builder-workspace/.derivedData/Build/Products/Debug-appletvos/PackageFrameworks -F /Users/builder/builds/UKfvDsi8u/2/finestructure/swiftpackageindex-builder/spi-builder-workspace/.derivedData/Build/Products/Debug-appletvos/PackageFrameworks -F /Users/builder/builds/UKfvDsi8u/2/finestructure/swiftpackageindex-builder/spi-builder-workspace/.derivedData/Build/Products/Debug-appletvos/PackageFrameworks -F /Users/builder/builds/UKfvDsi8u/2/finestructure/swiftpackageindex-builder/spi-builder-workspace/.derivedData/Build/Products/Debug-appletvos -F /Applications/Xcode-15.2.0.app/Contents/Developer/Platforms/AppleTVOS.platform/Developer/Library/Frameworks -F /Applications/Xcode-15.2.0.app/Contents/Developer/Platforms/AppleTVOS.platform/Developer/SDKs/AppleTVOS17.2.sdk/Developer/Library/Frameworks -no-color-diagnostics -enable-testing -g -module-cache-path /Users/builder/builds/UKfvDsi8u/2/finestructure/swiftpackageindex-builder/spi-builder-workspace/.derivedData/ModuleCache.noindex -profile-generate -profile-coverage-mapping -swift-version 5 -enforce-exclusivity\=checked -Onone -D SWIFT_PACKAGE -D DEBUG -D Xcode -serialize-debugging-options -const-gather-protocols-file /Users/builder/builds/UKfvDsi8u/2/finestructure/swiftpackageindex-builder/spi-builder-workspace/.derivedData/Build/Intermediates.noindex/swift-numerics.build/Debug-appletvos/ComplexLog1p.build/Objects-normal/arm64/ComplexLog1p_const_extract_protocols.json -empty-abi-descriptor -validate-clang-modules-once -clang-build-session-file /Users/builder/builds/UKfvDsi8u/2/finestructure/swiftpackageindex-builder/spi-builder-workspace/.derivedData/ModuleCache.noindex/Session.modulevalidation -Xcc -working-directory -Xcc /Users/builder/builds/UKfvDsi8u/2/finestructure/swiftpackageindex-builder/spi-builder-workspace -resource-dir /Applications/Xcode-15.2.0.app/Contents/Developer/Toolchains/XcodeDefault.xctoolchain/usr/lib/swift -enable-anonymous-context-mangled-names -Xcc -ivfsstatcache -Xcc /Users/builder/builds/UKfvDsi8u/2/finestructure/swiftpackageindex-builder/spi-builder-workspace/.derivedData/SDKStatCaches.noindex/appletvos17.2-21K354-d04792babcd4d6c925192122b83e5b58.sdkstatcache -Xcc -I/Users/builder/builds/UKfvDsi8u/2/finestructure/swiftpackageindex-builder/spi-builder-workspace/Sources/_NumericsShims/include -Xcc -I/Users/builder/builds/UKfvDsi8u/2/finestructure/swiftpackageindex-builder/spi-builder-workspace/.derivedData/Build/Products/Debug-appletvos/include -Xcc -I/Users/builder/builds/UKfvDsi8u/2/finestructure/swiftpackageindex-builder/spi-builder-workspace/.derivedData/Build/Intermediates.noindex/swift-numerics.build/Debug-appletvos/ComplexLog1p.build/DerivedSources-normal/arm64 -Xcc -I/Users/builder/builds/UKfvDsi8u/2/finestructure/swiftpackageindex-builder/spi-builder-workspace/.derivedData/Build/Intermediates.noindex/swift-numerics.build/Debug-appletvos/ComplexLog1p.build/DerivedSources/arm64 -Xcc -I/Users/builder/builds/UKfvDsi8u/2/finestructure/swiftpackageindex-builder/spi-builder-workspace/.derivedData/Build/Intermediates.noindex/swift-numerics.build/Debug-appletvos/ComplexLog1p.build/DerivedSources -Xcc -DSWIFT_PACKAGE -Xcc -DDEBUG\=1 -module-name ComplexLog1p -disable-clang-spi -target-sdk-version 17.2 -target-sdk-name appletvos17.2 -external-plugin-path /Applications/Xcode-15.2.0.app/Contents/Developer/Platforms/AppleTVOS.platform/Developer/SDKs/AppleTVOS17.2.sdk/usr/lib/swift/host/plugins\#/Applications/Xcode-15.2.0.app/Contents/Developer/Platforms/AppleTVOS.platform/Developer/SDKs/AppleTVOS17.2.sdk/usr/bin/swift-plugin-server -external-plugin-path /Applications/Xcode-15.2.0.app/Contents/Developer/Platforms/AppleTVOS.platform/Developer/SDKs/AppleTVOS17.2.sdk/usr/local/lib/swift/host/plugins\#/Applications/Xcode-15.2.0.app/Contents/Developer/Platforms/AppleTVOS.platform/Developer/SDKs/AppleTVOS17.2.sdk/usr/bin/swift-plugin-server -external-plugin-path /Applications/Xcode-15.2.0.app/Contents/Developer/Platforms/AppleTVOS.platform/Developer/usr/lib/swift/host/plugins\#/Applications/Xcode-15.2.0.app/Contents/Developer/Platforms/AppleTVOS.platform/Developer/usr/bin/swift-plugin-server -external-plugin-path /Applications/Xcode-15.2.0.app/Contents/Developer/Platforms/AppleTVOS.platform/Developer/usr/local/lib/swift/host/plugins\#/Applications/Xcode-15.2.0.app/Contents/Developer/Platforms/AppleTVOS.platform/Developer/usr/bin/swift-plugin-server -plugin-path /Applications/Xcode-15.2.0.app/Contents/Developer/Toolchains/XcodeDefault.xctoolchain/usr/lib/swift/host/plugins -plugin-path /Applications/Xcode-15.2.0.app/Contents/Developer/Toolchains/XcodeDefault.xctoolchain/usr/local/lib/swift/host/plugins -emit-module-doc-path /Users/builder/builds/UKfvDsi8u/2/finestructure/swiftpackageindex-builder/spi-builder-workspace/.derivedData/Build/Intermediates.noindex/swift-numerics.build/Debug-appletvos/ComplexLog1p.build/Objects-normal/arm64/ComplexLog1p.swiftdoc -emit-module-source-info-path /Users/builder/builds/UKfvDsi8u/2/finestructure/swiftpackageindex-builder/spi-builder-workspace/.derivedData/Build/Intermediates.noindex/swift-numerics.build/Debug-appletvos/ComplexLog1p.build/Objects-normal/arm64/ComplexLog1p.swiftsourceinfo -serialize-diagnostics-path /Users/builder/builds/UKfvDsi8u/2/finestructure/swiftpackageindex-builder/spi-builder-workspace/.derivedData/Build/Intermediates.noindex/swift-numerics.build/Debug-appletvos/ComplexLog1p.build/Objects-normal/arm64/ComplexLog1p-master-emit-module.dia -emit-dependencies-path /Users/builder/builds/UKfvDsi8u/2/finestructure/swiftpackageindex-builder/spi-builder-workspace/.derivedData/Build/Intermediates.noindex/swift-numerics.build/Debug-appletvos/ComplexLog1p.build/Objects-normal/arm64/ComplexLog1p-master-emit-module.d -o /Users/builder/builds/UKfvDsi8u/2/finestructure/swiftpackageindex-builder/spi-builder-workspace/.derivedData/Build/Intermediates.noindex/swift-numerics.build/Debug-appletvos/ComplexLog1p.build/Objects-normal/arm64/ComplexLog1p.swiftmodule -emit-abi-descriptor-path /Users/builder/builds/UKfvDsi8u/2/finestructure/swiftpackageindex-builder/spi-builder-workspace/.derivedData/Build/Intermediates.noindex/swift-numerics.build/Debug-appletvos/ComplexLog1p.build/Objects-normal/arm64/ComplexLog1p.abi.json
SwiftCompile normal arm64 Compiling\ main.swift /Users/builder/builds/UKfvDsi8u/2/finestructure/swiftpackageindex-builder/spi-builder-workspace/Tests/Executable/ComplexLog/main.swift (in target 'ComplexLog' from project 'swift-numerics')
    cd /Users/builder/builds/UKfvDsi8u/2/finestructure/swiftpackageindex-builder/spi-builder-workspace
    builtin-swiftTaskExecution -- /Applications/Xcode-15.2.0.app/Contents/Developer/Toolchains/XcodeDefault.xctoolchain/usr/bin/swift-frontend -frontend -c -primary-file /Users/builder/builds/UKfvDsi8u/2/finestructure/swiftpackageindex-builder/spi-builder-workspace/Tests/Executable/ComplexLog/main.swift -emit-dependencies-path /Users/builder/builds/UKfvDsi8u/2/finestructure/swiftpackageindex-builder/spi-builder-workspace/.derivedData/Build/Intermediates.noindex/swift-numerics.build/Debug-appletvos/ComplexLog.build/Objects-normal/arm64/main.d -emit-const-values-path /Users/builder/builds/UKfvDsi8u/2/finestructure/swiftpackageindex-builder/spi-builder-workspace/.derivedData/Build/Intermediates.noindex/swift-numerics.build/Debug-appletvos/ComplexLog.build/Objects-normal/arm64/main.swiftconstvalues -emit-reference-dependencies-path /Users/builder/builds/UKfvDsi8u/2/finestructure/swiftpackageindex-builder/spi-builder-workspace/.derivedData/Build/Intermediates.noindex/swift-numerics.build/Debug-appletvos/ComplexLog.build/Objects-normal/arm64/main.swiftdeps -serialize-diagnostics-path /Users/builder/builds/UKfvDsi8u/2/finestructure/swiftpackageindex-builder/spi-builder-workspace/.derivedData/Build/Intermediates.noindex/swift-numerics.build/Debug-appletvos/ComplexLog.build/Objects-normal/arm64/main.dia -target arm64-apple-tvos12.0 -Xllvm -aarch64-use-tbi -enable-objc-interop -sdk /Applications/Xcode-15.2.0.app/Contents/Developer/Platforms/AppleTVOS.platform/Developer/SDKs/AppleTVOS17.2.sdk -I /Users/builder/builds/UKfvDsi8u/2/finestructure/swiftpackageindex-builder/spi-builder-workspace/.derivedData/Build/Products/Debug-appletvos -I /Applications/Xcode-15.2.0.app/Contents/Developer/Platforms/AppleTVOS.platform/Developer/usr/lib -F /Users/builder/builds/UKfvDsi8u/2/finestructure/swiftpackageindex-builder/spi-builder-workspace/.derivedData/Build/Products/Debug-appletvos/PackageFrameworks -F /Users/builder/builds/UKfvDsi8u/2/finestructure/swiftpackageindex-builder/spi-builder-workspace/.derivedData/Build/Products/Debug-appletvos/PackageFrameworks -F /Users/builder/builds/UKfvDsi8u/2/finestructure/swiftpackageindex-builder/spi-builder-workspace/.derivedData/Build/Products/Debug-appletvos/PackageFrameworks -F /Users/builder/builds/UKfvDsi8u/2/finestructure/swiftpackageindex-builder/spi-builder-workspace/.derivedData/Build/Products/Debug-appletvos/PackageFrameworks -F /Users/builder/builds/UKfvDsi8u/2/finestructure/swiftpackageindex-builder/spi-builder-workspace/.derivedData/Build/Products/Debug-appletvos/PackageFrameworks -F /Users/builder/builds/UKfvDsi8u/2/finestructure/swiftpackageindex-builder/spi-builder-workspace/.derivedData/Build/Products/Debug-appletvos/PackageFrameworks -F /Users/builder/builds/UKfvDsi8u/2/finestructure/swiftpackageindex-builder/spi-builder-workspace/.derivedData/Build/Products/Debug-appletvos -F /Applications/Xcode-15.2.0.app/Contents/Developer/Platforms/AppleTVOS.platform/Developer/Library/Frameworks -F /Applications/Xcode-15.2.0.app/Contents/Developer/Platforms/AppleTVOS.platform/Developer/SDKs/AppleTVOS17.2.sdk/Developer/Library/Frameworks -no-color-diagnostics -enable-testing -g -module-cache-path /Users/builder/builds/UKfvDsi8u/2/finestructure/swiftpackageindex-builder/spi-builder-workspace/.derivedData/ModuleCache.noindex -profile-generate -profile-coverage-mapping -swift-version 5 -enforce-exclusivity\=checked -Onone -D SWIFT_PACKAGE -D DEBUG -D Xcode -serialize-debugging-options -const-gather-protocols-file /Users/builder/builds/UKfvDsi8u/2/finestructure/swiftpackageindex-builder/spi-builder-workspace/.derivedData/Build/Intermediates.noindex/swift-numerics.build/Debug-appletvos/ComplexLog.build/Objects-normal/arm64/ComplexLog_const_extract_protocols.json -empty-abi-descriptor -validate-clang-modules-once -clang-build-session-file /Users/builder/builds/UKfvDsi8u/2/finestructure/swiftpackageindex-builder/spi-builder-workspace/.derivedData/ModuleCache.noindex/Session.modulevalidation -Xcc -working-directory -Xcc /Users/builder/builds/UKfvDsi8u/2/finestructure/swiftpackageindex-builder/spi-builder-workspace -resource-dir /Applications/Xcode-15.2.0.app/Contents/Developer/Toolchains/XcodeDefault.xctoolchain/usr/lib/swift -enable-anonymous-context-mangled-names -Xcc -ivfsstatcache -Xcc /Users/builder/builds/UKfvDsi8u/2/finestructure/swiftpackageindex-builder/spi-builder-workspace/.derivedData/SDKStatCaches.noindex/appletvos17.2-21K354-d04792babcd4d6c925192122b83e5b58.sdkstatcache -Xcc -I/Users/builder/builds/UKfvDsi8u/2/finestructure/swiftpackageindex-builder/spi-builder-workspace/Sources/_NumericsShims/include -Xcc -I/Users/builder/builds/UKfvDsi8u/2/finestructure/swiftpackageindex-builder/spi-builder-workspace/.derivedData/Build/Products/Debug-appletvos/include -Xcc -I/Users/builder/builds/UKfvDsi8u/2/finestructure/swiftpackageindex-builder/spi-builder-workspace/.derivedData/Build/Intermediates.noindex/swift-numerics.build/Debug-appletvos/ComplexLog.build/DerivedSources-normal/arm64 -Xcc -I/Users/builder/builds/UKfvDsi8u/2/finestructure/swiftpackageindex-builder/spi-builder-workspace/.derivedData/Build/Intermediates.noindex/swift-numerics.build/Debug-appletvos/ComplexLog.build/DerivedSources/arm64 -Xcc -I/Users/builder/builds/UKfvDsi8u/2/finestructure/swiftpackageindex-builder/spi-builder-workspace/.derivedData/Build/Intermediates.noindex/swift-numerics.build/Debug-appletvos/ComplexLog.build/DerivedSources -Xcc -DSWIFT_PACKAGE -Xcc -DDEBUG\=1 -module-name ComplexLog -frontend-parseable-output -disable-clang-spi -target-sdk-version 17.2 -target-sdk-name appletvos17.2 -external-plugin-path /Applications/Xcode-15.2.0.app/Contents/Developer/Platforms/AppleTVOS.platform/Developer/SDKs/AppleTVOS17.2.sdk/usr/lib/swift/host/plugins\#/Applications/Xcode-15.2.0.app/Contents/Developer/Platforms/AppleTVOS.platform/Developer/SDKs/AppleTVOS17.2.sdk/usr/bin/swift-plugin-server -external-plugin-path /Applications/Xcode-15.2.0.app/Contents/Developer/Platforms/AppleTVOS.platform/Developer/SDKs/AppleTVOS17.2.sdk/usr/local/lib/swift/host/plugins\#/Applications/Xcode-15.2.0.app/Contents/Developer/Platforms/AppleTVOS.platform/Developer/SDKs/AppleTVOS17.2.sdk/usr/bin/swift-plugin-server -external-plugin-path /Applications/Xcode-15.2.0.app/Contents/Developer/Platforms/AppleTVOS.platform/Developer/usr/lib/swift/host/plugins\#/Applications/Xcode-15.2.0.app/Contents/Developer/Platforms/AppleTVOS.platform/Developer/usr/bin/swift-plugin-server -external-plugin-path /Applications/Xcode-15.2.0.app/Contents/Developer/Platforms/AppleTVOS.platform/Developer/usr/local/lib/swift/host/plugins\#/Applications/Xcode-15.2.0.app/Contents/Developer/Platforms/AppleTVOS.platform/Developer/usr/bin/swift-plugin-server -plugin-path /Applications/Xcode-15.2.0.app/Contents/Developer/Toolchains/XcodeDefault.xctoolchain/usr/lib/swift/host/plugins -plugin-path /Applications/Xcode-15.2.0.app/Contents/Developer/Toolchains/XcodeDefault.xctoolchain/usr/local/lib/swift/host/plugins -o /Users/builder/builds/UKfvDsi8u/2/finestructure/swiftpackageindex-builder/spi-builder-workspace/.derivedData/Build/Intermediates.noindex/swift-numerics.build/Debug-appletvos/ComplexLog.build/Objects-normal/arm64/main.o -index-unit-output-path /swift-numerics.build/Debug-appletvos/ComplexLog.build/Objects-normal/arm64/main.o -index-store-path /Users/builder/builds/UKfvDsi8u/2/finestructure/swiftpackageindex-builder/spi-builder-workspace/.derivedData/Index.noindex/DataStore -index-system-modules
SwiftCompile normal arm64 /Users/builder/builds/UKfvDsi8u/2/finestructure/swiftpackageindex-builder/spi-builder-workspace/Tests/Executable/ComplexLog/main.swift (in target 'ComplexLog' from project 'swift-numerics')
    cd /Users/builder/builds/UKfvDsi8u/2/finestructure/swiftpackageindex-builder/spi-builder-workspace
    /Applications/Xcode-15.2.0.app/Contents/Developer/Toolchains/XcodeDefault.xctoolchain/usr/bin/swift-frontend -c -primary-file /Users/builder/builds/UKfvDsi8u/2/finestructure/swiftpackageindex-builder/spi-builder-workspace/Tests/Executable/ComplexLog/main.swift -emit-dependencies-path /Users/builder/builds/UKfvDsi8u/2/finestructure/swiftpackageindex-builder/spi-builder-workspace/.derivedData/Build/Intermediates.noindex/swift-numerics.build/Debug-appletvos/ComplexLog.build/Objects-normal/arm64/main.d -emit-const-values-path /Users/builder/builds/UKfvDsi8u/2/finestructure/swiftpackageindex-builder/spi-builder-workspace/.derivedData/Build/Intermediates.noindex/swift-numerics.build/Debug-appletvos/ComplexLog.build/Objects-normal/arm64/main.swiftconstvalues -emit-reference-dependencies-path /Users/builder/builds/UKfvDsi8u/2/finestructure/swiftpackageindex-builder/spi-builder-workspace/.derivedData/Build/Intermediates.noindex/swift-numerics.build/Debug-appletvos/ComplexLog.build/Objects-normal/arm64/main.swiftdeps -serialize-diagnostics-path /Users/builder/builds/UKfvDsi8u/2/finestructure/swiftpackageindex-builder/spi-builder-workspace/.derivedData/Build/Intermediates.noindex/swift-numerics.build/Debug-appletvos/ComplexLog.build/Objects-normal/arm64/main.dia -target arm64-apple-tvos12.0 -Xllvm -aarch64-use-tbi -enable-objc-interop -sdk /Applications/Xcode-15.2.0.app/Contents/Developer/Platforms/AppleTVOS.platform/Developer/SDKs/AppleTVOS17.2.sdk -I /Users/builder/builds/UKfvDsi8u/2/finestructure/swiftpackageindex-builder/spi-builder-workspace/.derivedData/Build/Products/Debug-appletvos -I /Applications/Xcode-15.2.0.app/Contents/Developer/Platforms/AppleTVOS.platform/Developer/usr/lib -F /Users/builder/builds/UKfvDsi8u/2/finestructure/swiftpackageindex-builder/spi-builder-workspace/.derivedData/Build/Products/Debug-appletvos/PackageFrameworks -F /Users/builder/builds/UKfvDsi8u/2/finestructure/swiftpackageindex-builder/spi-builder-workspace/.derivedData/Build/Products/Debug-appletvos/PackageFrameworks -F /Users/builder/builds/UKfvDsi8u/2/finestructure/swiftpackageindex-builder/spi-builder-workspace/.derivedData/Build/Products/Debug-appletvos/PackageFrameworks -F /Users/builder/builds/UKfvDsi8u/2/finestructure/swiftpackageindex-builder/spi-builder-workspace/.derivedData/Build/Products/Debug-appletvos/PackageFrameworks -F /Users/builder/builds/UKfvDsi8u/2/finestructure/swiftpackageindex-builder/spi-builder-workspace/.derivedData/Build/Products/Debug-appletvos/PackageFrameworks -F /Users/builder/builds/UKfvDsi8u/2/finestructure/swiftpackageindex-builder/spi-builder-workspace/.derivedData/Build/Products/Debug-appletvos/PackageFrameworks -F /Users/builder/builds/UKfvDsi8u/2/finestructure/swiftpackageindex-builder/spi-builder-workspace/.derivedData/Build/Products/Debug-appletvos -F /Applications/Xcode-15.2.0.app/Contents/Developer/Platforms/AppleTVOS.platform/Developer/Library/Frameworks -F /Applications/Xcode-15.2.0.app/Contents/Developer/Platforms/AppleTVOS.platform/Developer/SDKs/AppleTVOS17.2.sdk/Developer/Library/Frameworks -no-color-diagnostics -enable-testing -g -module-cache-path /Users/builder/builds/UKfvDsi8u/2/finestructure/swiftpackageindex-builder/spi-builder-workspace/.derivedData/ModuleCache.noindex -profile-generate -profile-coverage-mapping -swift-version 5 -enforce-exclusivity\=checked -Onone -D SWIFT_PACKAGE -D DEBUG -D Xcode -serialize-debugging-options -const-gather-protocols-file /Users/builder/builds/UKfvDsi8u/2/finestructure/swiftpackageindex-builder/spi-builder-workspace/.derivedData/Build/Intermediates.noindex/swift-numerics.build/Debug-appletvos/ComplexLog.build/Objects-normal/arm64/ComplexLog_const_extract_protocols.json -empty-abi-descriptor -validate-clang-modules-once -clang-build-session-file /Users/builder/builds/UKfvDsi8u/2/finestructure/swiftpackageindex-builder/spi-builder-workspace/.derivedData/ModuleCache.noindex/Session.modulevalidation -Xcc -working-directory -Xcc /Users/builder/builds/UKfvDsi8u/2/finestructure/swiftpackageindex-builder/spi-builder-workspace -resource-dir /Applications/Xcode-15.2.0.app/Contents/Developer/Toolchains/XcodeDefault.xctoolchain/usr/lib/swift -enable-anonymous-context-mangled-names -Xcc -ivfsstatcache -Xcc /Users/builder/builds/UKfvDsi8u/2/finestructure/swiftpackageindex-builder/spi-builder-workspace/.derivedData/SDKStatCaches.noindex/appletvos17.2-21K354-d04792babcd4d6c925192122b83e5b58.sdkstatcache -Xcc -I/Users/builder/builds/UKfvDsi8u/2/finestructure/swiftpackageindex-builder/spi-builder-workspace/Sources/_NumericsShims/include -Xcc -I/Users/builder/builds/UKfvDsi8u/2/finestructure/swiftpackageindex-builder/spi-builder-workspace/.derivedData/Build/Products/Debug-appletvos/include -Xcc -I/Users/builder/builds/UKfvDsi8u/2/finestructure/swiftpackageindex-builder/spi-builder-workspace/.derivedData/Build/Intermediates.noindex/swift-numerics.build/Debug-appletvos/ComplexLog.build/DerivedSources-normal/arm64 -Xcc -I/Users/builder/builds/UKfvDsi8u/2/finestructure/swiftpackageindex-builder/spi-builder-workspace/.derivedData/Build/Intermediates.noindex/swift-numerics.build/Debug-appletvos/ComplexLog.build/DerivedSources/arm64 -Xcc -I/Users/builder/builds/UKfvDsi8u/2/finestructure/swiftpackageindex-builder/spi-builder-workspace/.derivedData/Build/Intermediates.noindex/swift-numerics.build/Debug-appletvos/ComplexLog.build/DerivedSources -Xcc -DSWIFT_PACKAGE -Xcc -DDEBUG\=1 -module-name ComplexLog -frontend-parseable-output -disable-clang-spi -target-sdk-version 17.2 -target-sdk-name appletvos17.2 -external-plugin-path /Applications/Xcode-15.2.0.app/Contents/Developer/Platforms/AppleTVOS.platform/Developer/SDKs/AppleTVOS17.2.sdk/usr/lib/swift/host/plugins\#/Applications/Xcode-15.2.0.app/Contents/Developer/Platforms/AppleTVOS.platform/Developer/SDKs/AppleTVOS17.2.sdk/usr/bin/swift-plugin-server -external-plugin-path /Applications/Xcode-15.2.0.app/Contents/Developer/Platforms/AppleTVOS.platform/Developer/SDKs/AppleTVOS17.2.sdk/usr/local/lib/swift/host/plugins\#/Applications/Xcode-15.2.0.app/Contents/Developer/Platforms/AppleTVOS.platform/Developer/SDKs/AppleTVOS17.2.sdk/usr/bin/swift-plugin-server -external-plugin-path /Applications/Xcode-15.2.0.app/Contents/Developer/Platforms/AppleTVOS.platform/Developer/usr/lib/swift/host/plugins\#/Applications/Xcode-15.2.0.app/Contents/Developer/Platforms/AppleTVOS.platform/Developer/usr/bin/swift-plugin-server -external-plugin-path /Applications/Xcode-15.2.0.app/Contents/Developer/Platforms/AppleTVOS.platform/Developer/usr/local/lib/swift/host/plugins\#/Applications/Xcode-15.2.0.app/Contents/Developer/Platforms/AppleTVOS.platform/Developer/usr/bin/swift-plugin-server -plugin-path /Applications/Xcode-15.2.0.app/Contents/Developer/Toolchains/XcodeDefault.xctoolchain/usr/lib/swift/host/plugins -plugin-path /Applications/Xcode-15.2.0.app/Contents/Developer/Toolchains/XcodeDefault.xctoolchain/usr/local/lib/swift/host/plugins -o /Users/builder/builds/UKfvDsi8u/2/finestructure/swiftpackageindex-builder/spi-builder-workspace/.derivedData/Build/Intermediates.noindex/swift-numerics.build/Debug-appletvos/ComplexLog.build/Objects-normal/arm64/main.o -index-unit-output-path /swift-numerics.build/Debug-appletvos/ComplexLog.build/Objects-normal/arm64/main.o -index-store-path /Users/builder/builds/UKfvDsi8u/2/finestructure/swiftpackageindex-builder/spi-builder-workspace/.derivedData/Index.noindex/DataStore -index-system-modules
SwiftCompile normal arm64 Compiling\ main.swift /Users/builder/builds/UKfvDsi8u/2/finestructure/swiftpackageindex-builder/spi-builder-workspace/Tests/Executable/ComplexLog1p/main.swift (in target 'ComplexLog1p' from project 'swift-numerics')
    cd /Users/builder/builds/UKfvDsi8u/2/finestructure/swiftpackageindex-builder/spi-builder-workspace
    builtin-swiftTaskExecution -- /Applications/Xcode-15.2.0.app/Contents/Developer/Toolchains/XcodeDefault.xctoolchain/usr/bin/swift-frontend -frontend -c -primary-file /Users/builder/builds/UKfvDsi8u/2/finestructure/swiftpackageindex-builder/spi-builder-workspace/Tests/Executable/ComplexLog1p/main.swift -emit-dependencies-path /Users/builder/builds/UKfvDsi8u/2/finestructure/swiftpackageindex-builder/spi-builder-workspace/.derivedData/Build/Intermediates.noindex/swift-numerics.build/Debug-appletvos/ComplexLog1p.build/Objects-normal/arm64/main.d -emit-const-values-path /Users/builder/builds/UKfvDsi8u/2/finestructure/swiftpackageindex-builder/spi-builder-workspace/.derivedData/Build/Intermediates.noindex/swift-numerics.build/Debug-appletvos/ComplexLog1p.build/Objects-normal/arm64/main.swiftconstvalues -emit-reference-dependencies-path /Users/builder/builds/UKfvDsi8u/2/finestructure/swiftpackageindex-builder/spi-builder-workspace/.derivedData/Build/Intermediates.noindex/swift-numerics.build/Debug-appletvos/ComplexLog1p.build/Objects-normal/arm64/main.swiftdeps -serialize-diagnostics-path /Users/builder/builds/UKfvDsi8u/2/finestructure/swiftpackageindex-builder/spi-builder-workspace/.derivedData/Build/Intermediates.noindex/swift-numerics.build/Debug-appletvos/ComplexLog1p.build/Objects-normal/arm64/main.dia -target arm64-apple-tvos12.0 -Xllvm -aarch64-use-tbi -enable-objc-interop -sdk /Applications/Xcode-15.2.0.app/Contents/Developer/Platforms/AppleTVOS.platform/Developer/SDKs/AppleTVOS17.2.sdk -I /Users/builder/builds/UKfvDsi8u/2/finestructure/swiftpackageindex-builder/spi-builder-workspace/.derivedData/Build/Products/Debug-appletvos -I /Applications/Xcode-15.2.0.app/Contents/Developer/Platforms/AppleTVOS.platform/Developer/usr/lib -F /Users/builder/builds/UKfvDsi8u/2/finestructure/swiftpackageindex-builder/spi-builder-workspace/.derivedData/Build/Products/Debug-appletvos/PackageFrameworks -F /Users/builder/builds/UKfvDsi8u/2/finestructure/swiftpackageindex-builder/spi-builder-workspace/.derivedData/Build/Products/Debug-appletvos/PackageFrameworks -F /Users/builder/builds/UKfvDsi8u/2/finestructure/swiftpackageindex-builder/spi-builder-workspace/.derivedData/Build/Products/Debug-appletvos/PackageFrameworks -F /Users/builder/builds/UKfvDsi8u/2/finestructure/swiftpackageindex-builder/spi-builder-workspace/.derivedData/Build/Products/Debug-appletvos/PackageFrameworks -F /Users/builder/builds/UKfvDsi8u/2/finestructure/swiftpackageindex-builder/spi-builder-workspace/.derivedData/Build/Products/Debug-appletvos/PackageFrameworks -F /Users/builder/builds/UKfvDsi8u/2/finestructure/swiftpackageindex-builder/spi-builder-workspace/.derivedData/Build/Products/Debug-appletvos/PackageFrameworks -F /Users/builder/builds/UKfvDsi8u/2/finestructure/swiftpackageindex-builder/spi-builder-workspace/.derivedData/Build/Products/Debug-appletvos -F /Applications/Xcode-15.2.0.app/Contents/Developer/Platforms/AppleTVOS.platform/Developer/Library/Frameworks -F /Applications/Xcode-15.2.0.app/Contents/Developer/Platforms/AppleTVOS.platform/Developer/SDKs/AppleTVOS17.2.sdk/Developer/Library/Frameworks -no-color-diagnostics -enable-testing -g -module-cache-path /Users/builder/builds/UKfvDsi8u/2/finestructure/swiftpackageindex-builder/spi-builder-workspace/.derivedData/ModuleCache.noindex -profile-generate -profile-coverage-mapping -swift-version 5 -enforce-exclusivity\=checked -Onone -D SWIFT_PACKAGE -D DEBUG -D Xcode -serialize-debugging-options -const-gather-protocols-file /Users/builder/builds/UKfvDsi8u/2/finestructure/swiftpackageindex-builder/spi-builder-workspace/.derivedData/Build/Intermediates.noindex/swift-numerics.build/Debug-appletvos/ComplexLog1p.build/Objects-normal/arm64/ComplexLog1p_const_extract_protocols.json -empty-abi-descriptor -validate-clang-modules-once -clang-build-session-file /Users/builder/builds/UKfvDsi8u/2/finestructure/swiftpackageindex-builder/spi-builder-workspace/.derivedData/ModuleCache.noindex/Session.modulevalidation -Xcc -working-directory -Xcc /Users/builder/builds/UKfvDsi8u/2/finestructure/swiftpackageindex-builder/spi-builder-workspace -resource-dir /Applications/Xcode-15.2.0.app/Contents/Developer/Toolchains/XcodeDefault.xctoolchain/usr/lib/swift -enable-anonymous-context-mangled-names -Xcc -ivfsstatcache -Xcc /Users/builder/builds/UKfvDsi8u/2/finestructure/swiftpackageindex-builder/spi-builder-workspace/.derivedData/SDKStatCaches.noindex/appletvos17.2-21K354-d04792babcd4d6c925192122b83e5b58.sdkstatcache -Xcc -I/Users/builder/builds/UKfvDsi8u/2/finestructure/swiftpackageindex-builder/spi-builder-workspace/Sources/_NumericsShims/include -Xcc -I/Users/builder/builds/UKfvDsi8u/2/finestructure/swiftpackageindex-builder/spi-builder-workspace/.derivedData/Build/Products/Debug-appletvos/include -Xcc -I/Users/builder/builds/UKfvDsi8u/2/finestructure/swiftpackageindex-builder/spi-builder-workspace/.derivedData/Build/Intermediates.noindex/swift-numerics.build/Debug-appletvos/ComplexLog1p.build/DerivedSources-normal/arm64 -Xcc -I/Users/builder/builds/UKfvDsi8u/2/finestructure/swiftpackageindex-builder/spi-builder-workspace/.derivedData/Build/Intermediates.noindex/swift-numerics.build/Debug-appletvos/ComplexLog1p.build/DerivedSources/arm64 -Xcc -I/Users/builder/builds/UKfvDsi8u/2/finestructure/swiftpackageindex-builder/spi-builder-workspace/.derivedData/Build/Intermediates.noindex/swift-numerics.build/Debug-appletvos/ComplexLog1p.build/DerivedSources -Xcc -DSWIFT_PACKAGE -Xcc -DDEBUG\=1 -module-name ComplexLog1p -frontend-parseable-output -disable-clang-spi -target-sdk-version 17.2 -target-sdk-name appletvos17.2 -external-plugin-path /Applications/Xcode-15.2.0.app/Contents/Developer/Platforms/AppleTVOS.platform/Developer/SDKs/AppleTVOS17.2.sdk/usr/lib/swift/host/plugins\#/Applications/Xcode-15.2.0.app/Contents/Developer/Platforms/AppleTVOS.platform/Developer/SDKs/AppleTVOS17.2.sdk/usr/bin/swift-plugin-server -external-plugin-path /Applications/Xcode-15.2.0.app/Contents/Developer/Platforms/AppleTVOS.platform/Developer/SDKs/AppleTVOS17.2.sdk/usr/local/lib/swift/host/plugins\#/Applications/Xcode-15.2.0.app/Contents/Developer/Platforms/AppleTVOS.platform/Developer/SDKs/AppleTVOS17.2.sdk/usr/bin/swift-plugin-server -external-plugin-path /Applications/Xcode-15.2.0.app/Contents/Developer/Platforms/AppleTVOS.platform/Developer/usr/lib/swift/host/plugins\#/Applications/Xcode-15.2.0.app/Contents/Developer/Platforms/AppleTVOS.platform/Developer/usr/bin/swift-plugin-server -external-plugin-path /Applications/Xcode-15.2.0.app/Contents/Developer/Platforms/AppleTVOS.platform/Developer/usr/local/lib/swift/host/plugins\#/Applications/Xcode-15.2.0.app/Contents/Developer/Platforms/AppleTVOS.platform/Developer/usr/bin/swift-plugin-server -plugin-path /Applications/Xcode-15.2.0.app/Contents/Developer/Toolchains/XcodeDefault.xctoolchain/usr/lib/swift/host/plugins -plugin-path /Applications/Xcode-15.2.0.app/Contents/Developer/Toolchains/XcodeDefault.xctoolchain/usr/local/lib/swift/host/plugins -o /Users/builder/builds/UKfvDsi8u/2/finestructure/swiftpackageindex-builder/spi-builder-workspace/.derivedData/Build/Intermediates.noindex/swift-numerics.build/Debug-appletvos/ComplexLog1p.build/Objects-normal/arm64/main.o -index-unit-output-path /swift-numerics.build/Debug-appletvos/ComplexLog1p.build/Objects-normal/arm64/main.o -index-store-path /Users/builder/builds/UKfvDsi8u/2/finestructure/swiftpackageindex-builder/spi-builder-workspace/.derivedData/Index.noindex/DataStore -index-system-modules
SwiftCompile normal arm64 /Users/builder/builds/UKfvDsi8u/2/finestructure/swiftpackageindex-builder/spi-builder-workspace/Tests/Executable/ComplexLog1p/main.swift (in target 'ComplexLog1p' from project 'swift-numerics')
    cd /Users/builder/builds/UKfvDsi8u/2/finestructure/swiftpackageindex-builder/spi-builder-workspace
    /Applications/Xcode-15.2.0.app/Contents/Developer/Toolchains/XcodeDefault.xctoolchain/usr/bin/swift-frontend -c -primary-file /Users/builder/builds/UKfvDsi8u/2/finestructure/swiftpackageindex-builder/spi-builder-workspace/Tests/Executable/ComplexLog1p/main.swift -emit-dependencies-path /Users/builder/builds/UKfvDsi8u/2/finestructure/swiftpackageindex-builder/spi-builder-workspace/.derivedData/Build/Intermediates.noindex/swift-numerics.build/Debug-appletvos/ComplexLog1p.build/Objects-normal/arm64/main.d -emit-const-values-path /Users/builder/builds/UKfvDsi8u/2/finestructure/swiftpackageindex-builder/spi-builder-workspace/.derivedData/Build/Intermediates.noindex/swift-numerics.build/Debug-appletvos/ComplexLog1p.build/Objects-normal/arm64/main.swiftconstvalues -emit-reference-dependencies-path /Users/builder/builds/UKfvDsi8u/2/finestructure/swiftpackageindex-builder/spi-builder-workspace/.derivedData/Build/Intermediates.noindex/swift-numerics.build/Debug-appletvos/ComplexLog1p.build/Objects-normal/arm64/main.swiftdeps -serialize-diagnostics-path /Users/builder/builds/UKfvDsi8u/2/finestructure/swiftpackageindex-builder/spi-builder-workspace/.derivedData/Build/Intermediates.noindex/swift-numerics.build/Debug-appletvos/ComplexLog1p.build/Objects-normal/arm64/main.dia -target arm64-apple-tvos12.0 -Xllvm -aarch64-use-tbi -enable-objc-interop -sdk /Applications/Xcode-15.2.0.app/Contents/Developer/Platforms/AppleTVOS.platform/Developer/SDKs/AppleTVOS17.2.sdk -I /Users/builder/builds/UKfvDsi8u/2/finestructure/swiftpackageindex-builder/spi-builder-workspace/.derivedData/Build/Products/Debug-appletvos -I /Applications/Xcode-15.2.0.app/Contents/Developer/Platforms/AppleTVOS.platform/Developer/usr/lib -F /Users/builder/builds/UKfvDsi8u/2/finestructure/swiftpackageindex-builder/spi-builder-workspace/.derivedData/Build/Products/Debug-appletvos/PackageFrameworks -F /Users/builder/builds/UKfvDsi8u/2/finestructure/swiftpackageindex-builder/spi-builder-workspace/.derivedData/Build/Products/Debug-appletvos/PackageFrameworks -F /Users/builder/builds/UKfvDsi8u/2/finestructure/swiftpackageindex-builder/spi-builder-workspace/.derivedData/Build/Products/Debug-appletvos/PackageFrameworks -F /Users/builder/builds/UKfvDsi8u/2/finestructure/swiftpackageindex-builder/spi-builder-workspace/.derivedData/Build/Products/Debug-appletvos/PackageFrameworks -F /Users/builder/builds/UKfvDsi8u/2/finestructure/swiftpackageindex-builder/spi-builder-workspace/.derivedData/Build/Products/Debug-appletvos/PackageFrameworks -F /Users/builder/builds/UKfvDsi8u/2/finestructure/swiftpackageindex-builder/spi-builder-workspace/.derivedData/Build/Products/Debug-appletvos/PackageFrameworks -F /Users/builder/builds/UKfvDsi8u/2/finestructure/swiftpackageindex-builder/spi-builder-workspace/.derivedData/Build/Products/Debug-appletvos -F /Applications/Xcode-15.2.0.app/Contents/Developer/Platforms/AppleTVOS.platform/Developer/Library/Frameworks -F /Applications/Xcode-15.2.0.app/Contents/Developer/Platforms/AppleTVOS.platform/Developer/SDKs/AppleTVOS17.2.sdk/Developer/Library/Frameworks -no-color-diagnostics -enable-testing -g -module-cache-path /Users/builder/builds/UKfvDsi8u/2/finestructure/swiftpackageindex-builder/spi-builder-workspace/.derivedData/ModuleCache.noindex -profile-generate -profile-coverage-mapping -swift-version 5 -enforce-exclusivity\=checked -Onone -D SWIFT_PACKAGE -D DEBUG -D Xcode -serialize-debugging-options -const-gather-protocols-file /Users/builder/builds/UKfvDsi8u/2/finestructure/swiftpackageindex-builder/spi-builder-workspace/.derivedData/Build/Intermediates.noindex/swift-numerics.build/Debug-appletvos/ComplexLog1p.build/Objects-normal/arm64/ComplexLog1p_const_extract_protocols.json -empty-abi-descriptor -validate-clang-modules-once -clang-build-session-file /Users/builder/builds/UKfvDsi8u/2/finestructure/swiftpackageindex-builder/spi-builder-workspace/.derivedData/ModuleCache.noindex/Session.modulevalidation -Xcc -working-directory -Xcc /Users/builder/builds/UKfvDsi8u/2/finestructure/swiftpackageindex-builder/spi-builder-workspace -resource-dir /Applications/Xcode-15.2.0.app/Contents/Developer/Toolchains/XcodeDefault.xctoolchain/usr/lib/swift -enable-anonymous-context-mangled-names -Xcc -ivfsstatcache -Xcc /Users/builder/builds/UKfvDsi8u/2/finestructure/swiftpackageindex-builder/spi-builder-workspace/.derivedData/SDKStatCaches.noindex/appletvos17.2-21K354-d04792babcd4d6c925192122b83e5b58.sdkstatcache -Xcc -I/Users/builder/builds/UKfvDsi8u/2/finestructure/swiftpackageindex-builder/spi-builder-workspace/Sources/_NumericsShims/include -Xcc -I/Users/builder/builds/UKfvDsi8u/2/finestructure/swiftpackageindex-builder/spi-builder-workspace/.derivedData/Build/Products/Debug-appletvos/include -Xcc -I/Users/builder/builds/UKfvDsi8u/2/finestructure/swiftpackageindex-builder/spi-builder-workspace/.derivedData/Build/Intermediates.noindex/swift-numerics.build/Debug-appletvos/ComplexLog1p.build/DerivedSources-normal/arm64 -Xcc -I/Users/builder/builds/UKfvDsi8u/2/finestructure/swiftpackageindex-builder/spi-builder-workspace/.derivedData/Build/Intermediates.noindex/swift-numerics.build/Debug-appletvos/ComplexLog1p.build/DerivedSources/arm64 -Xcc -I/Users/builder/builds/UKfvDsi8u/2/finestructure/swiftpackageindex-builder/spi-builder-workspace/.derivedData/Build/Intermediates.noindex/swift-numerics.build/Debug-appletvos/ComplexLog1p.build/DerivedSources -Xcc -DSWIFT_PACKAGE -Xcc -DDEBUG\=1 -module-name ComplexLog1p -frontend-parseable-output -disable-clang-spi -target-sdk-version 17.2 -target-sdk-name appletvos17.2 -external-plugin-path /Applications/Xcode-15.2.0.app/Contents/Developer/Platforms/AppleTVOS.platform/Developer/SDKs/AppleTVOS17.2.sdk/usr/lib/swift/host/plugins\#/Applications/Xcode-15.2.0.app/Contents/Developer/Platforms/AppleTVOS.platform/Developer/SDKs/AppleTVOS17.2.sdk/usr/bin/swift-plugin-server -external-plugin-path /Applications/Xcode-15.2.0.app/Contents/Developer/Platforms/AppleTVOS.platform/Developer/SDKs/AppleTVOS17.2.sdk/usr/local/lib/swift/host/plugins\#/Applications/Xcode-15.2.0.app/Contents/Developer/Platforms/AppleTVOS.platform/Developer/SDKs/AppleTVOS17.2.sdk/usr/bin/swift-plugin-server -external-plugin-path /Applications/Xcode-15.2.0.app/Contents/Developer/Platforms/AppleTVOS.platform/Developer/usr/lib/swift/host/plugins\#/Applications/Xcode-15.2.0.app/Contents/Developer/Platforms/AppleTVOS.platform/Developer/usr/bin/swift-plugin-server -external-plugin-path /Applications/Xcode-15.2.0.app/Contents/Developer/Platforms/AppleTVOS.platform/Developer/usr/local/lib/swift/host/plugins\#/Applications/Xcode-15.2.0.app/Contents/Developer/Platforms/AppleTVOS.platform/Developer/usr/bin/swift-plugin-server -plugin-path /Applications/Xcode-15.2.0.app/Contents/Developer/Toolchains/XcodeDefault.xctoolchain/usr/lib/swift/host/plugins -plugin-path /Applications/Xcode-15.2.0.app/Contents/Developer/Toolchains/XcodeDefault.xctoolchain/usr/local/lib/swift/host/plugins -o /Users/builder/builds/UKfvDsi8u/2/finestructure/swiftpackageindex-builder/spi-builder-workspace/.derivedData/Build/Intermediates.noindex/swift-numerics.build/Debug-appletvos/ComplexLog1p.build/Objects-normal/arm64/main.o -index-unit-output-path /swift-numerics.build/Debug-appletvos/ComplexLog1p.build/Objects-normal/arm64/main.o -index-store-path /Users/builder/builds/UKfvDsi8u/2/finestructure/swiftpackageindex-builder/spi-builder-workspace/.derivedData/Index.noindex/DataStore -index-system-modules
SwiftEmitModule normal arm64 Emitting\ module\ for\ RealTests (in target 'RealTests' from project 'swift-numerics')
    cd /Users/builder/builds/UKfvDsi8u/2/finestructure/swiftpackageindex-builder/spi-builder-workspace
    builtin-swiftTaskExecution -- /Applications/Xcode-15.2.0.app/Contents/Developer/Toolchains/XcodeDefault.xctoolchain/usr/bin/swift-frontend -frontend -emit-module -experimental-skip-non-inlinable-function-bodies-without-types /Users/builder/builds/UKfvDsi8u/2/finestructure/swiftpackageindex-builder/spi-builder-workspace/Tests/RealTests/ApproximateEqualityTests.swift /Users/builder/builds/UKfvDsi8u/2/finestructure/swiftpackageindex-builder/spi-builder-workspace/Tests/RealTests/AugmentedArithmeticTests.swift /Users/builder/builds/UKfvDsi8u/2/finestructure/swiftpackageindex-builder/spi-builder-workspace/Tests/RealTests/ElementaryFunctionChecks.swift /Users/builder/builds/UKfvDsi8u/2/finestructure/swiftpackageindex-builder/spi-builder-workspace/Tests/RealTests/IntegerExponentTests.swift /Users/builder/builds/UKfvDsi8u/2/finestructure/swiftpackageindex-builder/spi-builder-workspace/Tests/RealTests/RelaxedArithmeticTests.swift -target arm64-apple-tvos12.0 -Xllvm -aarch64-use-tbi -enable-objc-interop -sdk /Applications/Xcode-15.2.0.app/Contents/Developer/Platforms/AppleTVOS.platform/Developer/SDKs/AppleTVOS17.2.sdk -I /Users/builder/builds/UKfvDsi8u/2/finestructure/swiftpackageindex-builder/spi-builder-workspace/.derivedData/Build/Products/Debug-appletvos -I /Applications/Xcode-15.2.0.app/Contents/Developer/Platforms/AppleTVOS.platform/Developer/usr/lib -F /Users/builder/builds/UKfvDsi8u/2/finestructure/swiftpackageindex-builder/spi-builder-workspace/.derivedData/Build/Products/Debug-appletvos/PackageFrameworks -F /Users/builder/builds/UKfvDsi8u/2/finestructure/swiftpackageindex-builder/spi-builder-workspace/.derivedData/Build/Products/Debug-appletvos/PackageFrameworks -F /Users/builder/builds/UKfvDsi8u/2/finestructure/swiftpackageindex-builder/spi-builder-workspace/.derivedData/Build/Products/Debug-appletvos/PackageFrameworks -F /Users/builder/builds/UKfvDsi8u/2/finestructure/swiftpackageindex-builder/spi-builder-workspace/.derivedData/Build/Products/Debug-appletvos/PackageFrameworks -F /Users/builder/builds/UKfvDsi8u/2/finestructure/swiftpackageindex-builder/spi-builder-workspace/.derivedData/Build/Products/Debug-appletvos/PackageFrameworks -F /Users/builder/builds/UKfvDsi8u/2/finestructure/swiftpackageindex-builder/spi-builder-workspace/.derivedData/Build/Products/Debug-appletvos/PackageFrameworks -F /Users/builder/builds/UKfvDsi8u/2/finestructure/swiftpackageindex-builder/spi-builder-workspace/.derivedData/Build/Products/Debug-appletvos -F /Applications/Xcode-15.2.0.app/Contents/Developer/Platforms/AppleTVOS.platform/Developer/Library/Frameworks -F /Applications/Xcode-15.2.0.app/Contents/Developer/Platforms/AppleTVOS.platform/Developer/SDKs/AppleTVOS17.2.sdk/Developer/Library/Frameworks -no-color-diagnostics -enable-testing -g -module-cache-path /Users/builder/builds/UKfvDsi8u/2/finestructure/swiftpackageindex-builder/spi-builder-workspace/.derivedData/ModuleCache.noindex -profile-generate -profile-coverage-mapping -swift-version 5 -enforce-exclusivity\=checked -Onone -D SWIFT_PACKAGE -D DEBUG -D Xcode -serialize-debugging-options -const-gather-protocols-file /Users/builder/builds/UKfvDsi8u/2/finestructure/swiftpackageindex-builder/spi-builder-workspace/.derivedData/Build/Intermediates.noindex/swift-numerics.build/Debug-appletvos/RealTests.build/Objects-normal/arm64/RealTests_const_extract_protocols.json -empty-abi-descriptor -validate-clang-modules-once -clang-build-session-file /Users/builder/builds/UKfvDsi8u/2/finestructure/swiftpackageindex-builder/spi-builder-workspace/.derivedData/ModuleCache.noindex/Session.modulevalidation -Xcc -working-directory -Xcc /Users/builder/builds/UKfvDsi8u/2/finestructure/swiftpackageindex-builder/spi-builder-workspace -resource-dir /Applications/Xcode-15.2.0.app/Contents/Developer/Toolchains/XcodeDefault.xctoolchain/usr/lib/swift -enable-anonymous-context-mangled-names -Xcc -ivfsstatcache -Xcc /Users/builder/builds/UKfvDsi8u/2/finestructure/swiftpackageindex-builder/spi-builder-workspace/.derivedData/SDKStatCaches.noindex/appletvos17.2-21K354-d04792babcd4d6c925192122b83e5b58.sdkstatcache -Xcc -I/Users/builder/builds/UKfvDsi8u/2/finestructure/swiftpackageindex-builder/spi-builder-workspace/Sources/_NumericsShims/include -Xcc -I/Users/builder/builds/UKfvDsi8u/2/finestructure/swiftpackageindex-builder/spi-builder-workspace/.derivedData/Build/Products/Debug-appletvos/include -Xcc -I/Users/builder/builds/UKfvDsi8u/2/finestructure/swiftpackageindex-builder/spi-builder-workspace/.derivedData/Build/Intermediates.noindex/swift-numerics.build/Debug-appletvos/RealTests.build/DerivedSources-normal/arm64 -Xcc -I/Users/builder/builds/UKfvDsi8u/2/finestructure/swiftpackageindex-builder/spi-builder-workspace/.derivedData/Build/Intermediates.noindex/swift-numerics.build/Debug-appletvos/RealTests.build/DerivedSources/arm64 -Xcc -I/Users/builder/builds/UKfvDsi8u/2/finestructure/swiftpackageindex-builder/spi-builder-workspace/.derivedData/Build/Intermediates.noindex/swift-numerics.build/Debug-appletvos/RealTests.build/DerivedSources -Xcc -DSWIFT_PACKAGE -Xcc -DDEBUG\=1 -module-name RealTests -disable-clang-spi -target-sdk-version 17.2 -target-sdk-name appletvos17.2 -external-plugin-path /Applications/Xcode-15.2.0.app/Contents/Developer/Platforms/AppleTVOS.platform/Developer/SDKs/AppleTVOS17.2.sdk/usr/lib/swift/host/plugins\#/Applications/Xcode-15.2.0.app/Contents/Developer/Platforms/AppleTVOS.platform/Developer/SDKs/AppleTVOS17.2.sdk/usr/bin/swift-plugin-server -external-plugin-path /Applications/Xcode-15.2.0.app/Contents/Developer/Platforms/AppleTVOS.platform/Developer/SDKs/AppleTVOS17.2.sdk/usr/local/lib/swift/host/plugins\#/Applications/Xcode-15.2.0.app/Contents/Developer/Platforms/AppleTVOS.platform/Developer/SDKs/AppleTVOS17.2.sdk/usr/bin/swift-plugin-server -external-plugin-path /Applications/Xcode-15.2.0.app/Contents/Developer/Platforms/AppleTVOS.platform/Developer/usr/lib/swift/host/plugins\#/Applications/Xcode-15.2.0.app/Contents/Developer/Platforms/AppleTVOS.platform/Developer/usr/bin/swift-plugin-server -external-plugin-path /Applications/Xcode-15.2.0.app/Contents/Developer/Platforms/AppleTVOS.platform/Developer/usr/local/lib/swift/host/plugins\#/Applications/Xcode-15.2.0.app/Contents/Developer/Platforms/AppleTVOS.platform/Developer/usr/bin/swift-plugin-server -plugin-path /Applications/Xcode-15.2.0.app/Contents/Developer/Toolchains/XcodeDefault.xctoolchain/usr/lib/swift/host/plugins -plugin-path /Applications/Xcode-15.2.0.app/Contents/Developer/Toolchains/XcodeDefault.xctoolchain/usr/local/lib/swift/host/plugins -emit-module-doc-path /Users/builder/builds/UKfvDsi8u/2/finestructure/swiftpackageindex-builder/spi-builder-workspace/.derivedData/Build/Intermediates.noindex/swift-numerics.build/Debug-appletvos/RealTests.build/Objects-normal/arm64/RealTests.swiftdoc -emit-module-source-info-path /Users/builder/builds/UKfvDsi8u/2/finestructure/swiftpackageindex-builder/spi-builder-workspace/.derivedData/Build/Intermediates.noindex/swift-numerics.build/Debug-appletvos/RealTests.build/Objects-normal/arm64/RealTests.swiftsourceinfo -serialize-diagnostics-path /Users/builder/builds/UKfvDsi8u/2/finestructure/swiftpackageindex-builder/spi-builder-workspace/.derivedData/Build/Intermediates.noindex/swift-numerics.build/Debug-appletvos/RealTests.build/Objects-normal/arm64/RealTests-master-emit-module.dia -emit-dependencies-path /Users/builder/builds/UKfvDsi8u/2/finestructure/swiftpackageindex-builder/spi-builder-workspace/.derivedData/Build/Intermediates.noindex/swift-numerics.build/Debug-appletvos/RealTests.build/Objects-normal/arm64/RealTests-master-emit-module.d -o /Users/builder/builds/UKfvDsi8u/2/finestructure/swiftpackageindex-builder/spi-builder-workspace/.derivedData/Build/Intermediates.noindex/swift-numerics.build/Debug-appletvos/RealTests.build/Objects-normal/arm64/RealTests.swiftmodule -emit-abi-descriptor-path /Users/builder/builds/UKfvDsi8u/2/finestructure/swiftpackageindex-builder/spi-builder-workspace/.derivedData/Build/Intermediates.noindex/swift-numerics.build/Debug-appletvos/RealTests.build/Objects-normal/arm64/RealTests.abi.json
/Users/builder/builds/UKfvDsi8u/2/finestructure/swiftpackageindex-builder/spi-builder-workspace/Tests/RealTests/IntegerExponentTests.swift:82:11: error: 'Float16' is only available in tvOS 14.0 or newer
extension Float16 {
          ^
SwiftCompile normal arm64 Compiling\ RelaxedArithmeticTests.swift /Users/builder/builds/UKfvDsi8u/2/finestructure/swiftpackageindex-builder/spi-builder-workspace/Tests/RealTests/RelaxedArithmeticTests.swift (in target 'RealTests' from project 'swift-numerics')
    cd /Users/builder/builds/UKfvDsi8u/2/finestructure/swiftpackageindex-builder/spi-builder-workspace
    builtin-swiftTaskExecution -- /Applications/Xcode-15.2.0.app/Contents/Developer/Toolchains/XcodeDefault.xctoolchain/usr/bin/swift-frontend -frontend -c /Users/builder/builds/UKfvDsi8u/2/finestructure/swiftpackageindex-builder/spi-builder-workspace/Tests/RealTests/ApproximateEqualityTests.swift /Users/builder/builds/UKfvDsi8u/2/finestructure/swiftpackageindex-builder/spi-builder-workspace/Tests/RealTests/AugmentedArithmeticTests.swift /Users/builder/builds/UKfvDsi8u/2/finestructure/swiftpackageindex-builder/spi-builder-workspace/Tests/RealTests/ElementaryFunctionChecks.swift /Users/builder/builds/UKfvDsi8u/2/finestructure/swiftpackageindex-builder/spi-builder-workspace/Tests/RealTests/IntegerExponentTests.swift -primary-file /Users/builder/builds/UKfvDsi8u/2/finestructure/swiftpackageindex-builder/spi-builder-workspace/Tests/RealTests/RelaxedArithmeticTests.swift -emit-dependencies-path /Users/builder/builds/UKfvDsi8u/2/finestructure/swiftpackageindex-builder/spi-builder-workspace/.derivedData/Build/Intermediates.noindex/swift-numerics.build/Debug-appletvos/RealTests.build/Objects-normal/arm64/RelaxedArithmeticTests.d -emit-const-values-path /Users/builder/builds/UKfvDsi8u/2/finestructure/swiftpackageindex-builder/spi-builder-workspace/.derivedData/Build/Intermediates.noindex/swift-numerics.build/Debug-appletvos/RealTests.build/Objects-normal/arm64/RelaxedArithmeticTests.swiftconstvalues -emit-reference-dependencies-path /Users/builder/builds/UKfvDsi8u/2/finestructure/swiftpackageindex-builder/spi-builder-workspace/.derivedData/Build/Intermediates.noindex/swift-numerics.build/Debug-appletvos/RealTests.build/Objects-normal/arm64/RelaxedArithmeticTests.swiftdeps -serialize-diagnostics-path /Users/builder/builds/UKfvDsi8u/2/finestructure/swiftpackageindex-builder/spi-builder-workspace/.derivedData/Build/Intermediates.noindex/swift-numerics.build/Debug-appletvos/RealTests.build/Objects-normal/arm64/RelaxedArithmeticTests.dia -target arm64-apple-tvos12.0 -Xllvm -aarch64-use-tbi -enable-objc-interop -sdk /Applications/Xcode-15.2.0.app/Contents/Developer/Platforms/AppleTVOS.platform/Developer/SDKs/AppleTVOS17.2.sdk -I /Users/builder/builds/UKfvDsi8u/2/finestructure/swiftpackageindex-builder/spi-builder-workspace/.derivedData/Build/Products/Debug-appletvos -I /Applications/Xcode-15.2.0.app/Contents/Developer/Platforms/AppleTVOS.platform/Developer/usr/lib -F /Users/builder/builds/UKfvDsi8u/2/finestructure/swiftpackageindex-builder/spi-builder-workspace/.derivedData/Build/Products/Debug-appletvos/PackageFrameworks -F /Users/builder/builds/UKfvDsi8u/2/finestructure/swiftpackageindex-builder/spi-builder-workspace/.derivedData/Build/Products/Debug-appletvos/PackageFrameworks -F /Users/builder/builds/UKfvDsi8u/2/finestructure/swiftpackageindex-builder/spi-builder-workspace/.derivedData/Build/Products/Debug-appletvos/PackageFrameworks -F /Users/builder/builds/UKfvDsi8u/2/finestructure/swiftpackageindex-builder/spi-builder-workspace/.derivedData/Build/Products/Debug-appletvos/PackageFrameworks -F /Users/builder/builds/UKfvDsi8u/2/finestructure/swiftpackageindex-builder/spi-builder-workspace/.derivedData/Build/Products/Debug-appletvos/PackageFrameworks -F /Users/builder/builds/UKfvDsi8u/2/finestructure/swiftpackageindex-builder/spi-builder-workspace/.derivedData/Build/Products/Debug-appletvos/PackageFrameworks -F /Users/builder/builds/UKfvDsi8u/2/finestructure/swiftpackageindex-builder/spi-builder-workspace/.derivedData/Build/Products/Debug-appletvos -F /Applications/Xcode-15.2.0.app/Contents/Developer/Platforms/AppleTVOS.platform/Developer/Library/Frameworks -F /Applications/Xcode-15.2.0.app/Contents/Developer/Platforms/AppleTVOS.platform/Developer/SDKs/AppleTVOS17.2.sdk/Developer/Library/Frameworks -no-color-diagnostics -enable-testing -g -module-cache-path /Users/builder/builds/UKfvDsi8u/2/finestructure/swiftpackageindex-builder/spi-builder-workspace/.derivedData/ModuleCache.noindex -profile-generate -profile-coverage-mapping -swift-version 5 -enforce-exclusivity\=checked -Onone -D SWIFT_PACKAGE -D DEBUG -D Xcode -serialize-debugging-options -const-gather-protocols-file /Users/builder/builds/UKfvDsi8u/2/finestructure/swiftpackageindex-builder/spi-builder-workspace/.derivedData/Build/Intermediates.noindex/swift-numerics.build/Debug-appletvos/RealTests.build/Objects-normal/arm64/RealTests_const_extract_protocols.json -empty-abi-descriptor -validate-clang-modules-once -clang-build-session-file /Users/builder/builds/UKfvDsi8u/2/finestructure/swiftpackageindex-builder/spi-builder-workspace/.derivedData/ModuleCache.noindex/Session.modulevalidation -Xcc -working-directory -Xcc /Users/builder/builds/UKfvDsi8u/2/finestructure/swiftpackageindex-builder/spi-builder-workspace -resource-dir /Applications/Xcode-15.2.0.app/Contents/Developer/Toolchains/XcodeDefault.xctoolchain/usr/lib/swift -enable-anonymous-context-mangled-names -Xcc -ivfsstatcache -Xcc /Users/builder/builds/UKfvDsi8u/2/finestructure/swiftpackageindex-builder/spi-builder-workspace/.derivedData/SDKStatCaches.noindex/appletvos17.2-21K354-d04792babcd4d6c925192122b83e5b58.sdkstatcache -Xcc -I/Users/builder/builds/UKfvDsi8u/2/finestructure/swiftpackageindex-builder/spi-builder-workspace/Sources/_NumericsShims/include -Xcc -I/Users/builder/builds/UKfvDsi8u/2/finestructure/swiftpackageindex-builder/spi-builder-workspace/.derivedData/Build/Products/Debug-appletvos/include -Xcc -I/Users/builder/builds/UKfvDsi8u/2/finestructure/swiftpackageindex-builder/spi-builder-workspace/.derivedData/Build/Intermediates.noindex/swift-numerics.build/Debug-appletvos/RealTests.build/DerivedSources-normal/arm64 -Xcc -I/Users/builder/builds/UKfvDsi8u/2/finestructure/swiftpackageindex-builder/spi-builder-workspace/.derivedData/Build/Intermediates.noindex/swift-numerics.build/Debug-appletvos/RealTests.build/DerivedSources/arm64 -Xcc -I/Users/builder/builds/UKfvDsi8u/2/finestructure/swiftpackageindex-builder/spi-builder-workspace/.derivedData/Build/Intermediates.noindex/swift-numerics.build/Debug-appletvos/RealTests.build/DerivedSources -Xcc -DSWIFT_PACKAGE -Xcc -DDEBUG\=1 -module-name RealTests -frontend-parseable-output -disable-clang-spi -target-sdk-version 17.2 -target-sdk-name appletvos17.2 -external-plugin-path /Applications/Xcode-15.2.0.app/Contents/Developer/Platforms/AppleTVOS.platform/Developer/SDKs/AppleTVOS17.2.sdk/usr/lib/swift/host/plugins\#/Applications/Xcode-15.2.0.app/Contents/Developer/Platforms/AppleTVOS.platform/Developer/SDKs/AppleTVOS17.2.sdk/usr/bin/swift-plugin-server -external-plugin-path /Applications/Xcode-15.2.0.app/Contents/Developer/Platforms/AppleTVOS.platform/Developer/SDKs/AppleTVOS17.2.sdk/usr/local/lib/swift/host/plugins\#/Applications/Xcode-15.2.0.app/Contents/Developer/Platforms/AppleTVOS.platform/Developer/SDKs/AppleTVOS17.2.sdk/usr/bin/swift-plugin-server -external-plugin-path /Applications/Xcode-15.2.0.app/Contents/Developer/Platforms/AppleTVOS.platform/Developer/usr/lib/swift/host/plugins\#/Applications/Xcode-15.2.0.app/Contents/Developer/Platforms/AppleTVOS.platform/Developer/usr/bin/swift-plugin-server -external-plugin-path /Applications/Xcode-15.2.0.app/Contents/Developer/Platforms/AppleTVOS.platform/Developer/usr/local/lib/swift/host/plugins\#/Applications/Xcode-15.2.0.app/Contents/Developer/Platforms/AppleTVOS.platform/Developer/usr/bin/swift-plugin-server -plugin-path /Applications/Xcode-15.2.0.app/Contents/Developer/Toolchains/XcodeDefault.xctoolchain/usr/lib/swift/host/plugins -plugin-path /Applications/Xcode-15.2.0.app/Contents/Developer/Toolchains/XcodeDefault.xctoolchain/usr/local/lib/swift/host/plugins -o /Users/builder/builds/UKfvDsi8u/2/finestructure/swiftpackageindex-builder/spi-builder-workspace/.derivedData/Build/Intermediates.noindex/swift-numerics.build/Debug-appletvos/RealTests.build/Objects-normal/arm64/RelaxedArithmeticTests.o -index-unit-output-path /swift-numerics.build/Debug-appletvos/RealTests.build/Objects-normal/arm64/RelaxedArithmeticTests.o -index-store-path /Users/builder/builds/UKfvDsi8u/2/finestructure/swiftpackageindex-builder/spi-builder-workspace/.derivedData/Index.noindex/DataStore -index-system-modules
SwiftCompile normal arm64 /Users/builder/builds/UKfvDsi8u/2/finestructure/swiftpackageindex-builder/spi-builder-workspace/Tests/RealTests/RelaxedArithmeticTests.swift (in target 'RealTests' from project 'swift-numerics')
    cd /Users/builder/builds/UKfvDsi8u/2/finestructure/swiftpackageindex-builder/spi-builder-workspace
    /Applications/Xcode-15.2.0.app/Contents/Developer/Toolchains/XcodeDefault.xctoolchain/usr/bin/swift-frontend -c /Users/builder/builds/UKfvDsi8u/2/finestructure/swiftpackageindex-builder/spi-builder-workspace/Tests/RealTests/ApproximateEqualityTests.swift /Users/builder/builds/UKfvDsi8u/2/finestructure/swiftpackageindex-builder/spi-builder-workspace/Tests/RealTests/AugmentedArithmeticTests.swift /Users/builder/builds/UKfvDsi8u/2/finestructure/swiftpackageindex-builder/spi-builder-workspace/Tests/RealTests/ElementaryFunctionChecks.swift /Users/builder/builds/UKfvDsi8u/2/finestructure/swiftpackageindex-builder/spi-builder-workspace/Tests/RealTests/IntegerExponentTests.swift -primary-file /Users/builder/builds/UKfvDsi8u/2/finestructure/swiftpackageindex-builder/spi-builder-workspace/Tests/RealTests/RelaxedArithmeticTests.swift -emit-dependencies-path /Users/builder/builds/UKfvDsi8u/2/finestructure/swiftpackageindex-builder/spi-builder-workspace/.derivedData/Build/Intermediates.noindex/swift-numerics.build/Debug-appletvos/RealTests.build/Objects-normal/arm64/RelaxedArithmeticTests.d -emit-const-values-path /Users/builder/builds/UKfvDsi8u/2/finestructure/swiftpackageindex-builder/spi-builder-workspace/.derivedData/Build/Intermediates.noindex/swift-numerics.build/Debug-appletvos/RealTests.build/Objects-normal/arm64/RelaxedArithmeticTests.swiftconstvalues -emit-reference-dependencies-path /Users/builder/builds/UKfvDsi8u/2/finestructure/swiftpackageindex-builder/spi-builder-workspace/.derivedData/Build/Intermediates.noindex/swift-numerics.build/Debug-appletvos/RealTests.build/Objects-normal/arm64/RelaxedArithmeticTests.swiftdeps -serialize-diagnostics-path /Users/builder/builds/UKfvDsi8u/2/finestructure/swiftpackageindex-builder/spi-builder-workspace/.derivedData/Build/Intermediates.noindex/swift-numerics.build/Debug-appletvos/RealTests.build/Objects-normal/arm64/RelaxedArithmeticTests.dia -target arm64-apple-tvos12.0 -Xllvm -aarch64-use-tbi -enable-objc-interop -sdk /Applications/Xcode-15.2.0.app/Contents/Developer/Platforms/AppleTVOS.platform/Developer/SDKs/AppleTVOS17.2.sdk -I /Users/builder/builds/UKfvDsi8u/2/finestructure/swiftpackageindex-builder/spi-builder-workspace/.derivedData/Build/Products/Debug-appletvos -I /Applications/Xcode-15.2.0.app/Contents/Developer/Platforms/AppleTVOS.platform/Developer/usr/lib -F /Users/builder/builds/UKfvDsi8u/2/finestructure/swiftpackageindex-builder/spi-builder-workspace/.derivedData/Build/Products/Debug-appletvos/PackageFrameworks -F /Users/builder/builds/UKfvDsi8u/2/finestructure/swiftpackageindex-builder/spi-builder-workspace/.derivedData/Build/Products/Debug-appletvos/PackageFrameworks -F /Users/builder/builds/UKfvDsi8u/2/finestructure/swiftpackageindex-builder/spi-builder-workspace/.derivedData/Build/Products/Debug-appletvos/PackageFrameworks -F /Users/builder/builds/UKfvDsi8u/2/finestructure/swiftpackageindex-builder/spi-builder-workspace/.derivedData/Build/Products/Debug-appletvos/PackageFrameworks -F /Users/builder/builds/UKfvDsi8u/2/finestructure/swiftpackageindex-builder/spi-builder-workspace/.derivedData/Build/Products/Debug-appletvos/PackageFrameworks -F /Users/builder/builds/UKfvDsi8u/2/finestructure/swiftpackageindex-builder/spi-builder-workspace/.derivedData/Build/Products/Debug-appletvos/PackageFrameworks -F /Users/builder/builds/UKfvDsi8u/2/finestructure/swiftpackageindex-builder/spi-builder-workspace/.derivedData/Build/Products/Debug-appletvos -F /Applications/Xcode-15.2.0.app/Contents/Developer/Platforms/AppleTVOS.platform/Developer/Library/Frameworks -F /Applications/Xcode-15.2.0.app/Contents/Developer/Platforms/AppleTVOS.platform/Developer/SDKs/AppleTVOS17.2.sdk/Developer/Library/Frameworks -no-color-diagnostics -enable-testing -g -module-cache-path /Users/builder/builds/UKfvDsi8u/2/finestructure/swiftpackageindex-builder/spi-builder-workspace/.derivedData/ModuleCache.noindex -profile-generate -profile-coverage-mapping -swift-version 5 -enforce-exclusivity\=checked -Onone -D SWIFT_PACKAGE -D DEBUG -D Xcode -serialize-debugging-options -const-gather-protocols-file /Users/builder/builds/UKfvDsi8u/2/finestructure/swiftpackageindex-builder/spi-builder-workspace/.derivedData/Build/Intermediates.noindex/swift-numerics.build/Debug-appletvos/RealTests.build/Objects-normal/arm64/RealTests_const_extract_protocols.json -empty-abi-descriptor -validate-clang-modules-once -clang-build-session-file /Users/builder/builds/UKfvDsi8u/2/finestructure/swiftpackageindex-builder/spi-builder-workspace/.derivedData/ModuleCache.noindex/Session.modulevalidation -Xcc -working-directory -Xcc /Users/builder/builds/UKfvDsi8u/2/finestructure/swiftpackageindex-builder/spi-builder-workspace -resource-dir /Applications/Xcode-15.2.0.app/Contents/Developer/Toolchains/XcodeDefault.xctoolchain/usr/lib/swift -enable-anonymous-context-mangled-names -Xcc -ivfsstatcache -Xcc /Users/builder/builds/UKfvDsi8u/2/finestructure/swiftpackageindex-builder/spi-builder-workspace/.derivedData/SDKStatCaches.noindex/appletvos17.2-21K354-d04792babcd4d6c925192122b83e5b58.sdkstatcache -Xcc -I/Users/builder/builds/UKfvDsi8u/2/finestructure/swiftpackageindex-builder/spi-builder-workspace/Sources/_NumericsShims/include -Xcc -I/Users/builder/builds/UKfvDsi8u/2/finestructure/swiftpackageindex-builder/spi-builder-workspace/.derivedData/Build/Products/Debug-appletvos/include -Xcc -I/Users/builder/builds/UKfvDsi8u/2/finestructure/swiftpackageindex-builder/spi-builder-workspace/.derivedData/Build/Intermediates.noindex/swift-numerics.build/Debug-appletvos/RealTests.build/DerivedSources-normal/arm64 -Xcc -I/Users/builder/builds/UKfvDsi8u/2/finestructure/swiftpackageindex-builder/spi-builder-workspace/.derivedData/Build/Intermediates.noindex/swift-numerics.build/Debug-appletvos/RealTests.build/DerivedSources/arm64 -Xcc -I/Users/builder/builds/UKfvDsi8u/2/finestructure/swiftpackageindex-builder/spi-builder-workspace/.derivedData/Build/Intermediates.noindex/swift-numerics.build/Debug-appletvos/RealTests.build/DerivedSources -Xcc -DSWIFT_PACKAGE -Xcc -DDEBUG\=1 -module-name RealTests -frontend-parseable-output -disable-clang-spi -target-sdk-version 17.2 -target-sdk-name appletvos17.2 -external-plugin-path /Applications/Xcode-15.2.0.app/Contents/Developer/Platforms/AppleTVOS.platform/Developer/SDKs/AppleTVOS17.2.sdk/usr/lib/swift/host/plugins\#/Applications/Xcode-15.2.0.app/Contents/Developer/Platforms/AppleTVOS.platform/Developer/SDKs/AppleTVOS17.2.sdk/usr/bin/swift-plugin-server -external-plugin-path /Applications/Xcode-15.2.0.app/Contents/Developer/Platforms/AppleTVOS.platform/Developer/SDKs/AppleTVOS17.2.sdk/usr/local/lib/swift/host/plugins\#/Applications/Xcode-15.2.0.app/Contents/Developer/Platforms/AppleTVOS.platform/Developer/SDKs/AppleTVOS17.2.sdk/usr/bin/swift-plugin-server -external-plugin-path /Applications/Xcode-15.2.0.app/Contents/Developer/Platforms/AppleTVOS.platform/Developer/usr/lib/swift/host/plugins\#/Applications/Xcode-15.2.0.app/Contents/Developer/Platforms/AppleTVOS.platform/Developer/usr/bin/swift-plugin-server -external-plugin-path /Applications/Xcode-15.2.0.app/Contents/Developer/Platforms/AppleTVOS.platform/Developer/usr/local/lib/swift/host/plugins\#/Applications/Xcode-15.2.0.app/Contents/Developer/Platforms/AppleTVOS.platform/Developer/usr/bin/swift-plugin-server -plugin-path /Applications/Xcode-15.2.0.app/Contents/Developer/Toolchains/XcodeDefault.xctoolchain/usr/lib/swift/host/plugins -plugin-path /Applications/Xcode-15.2.0.app/Contents/Developer/Toolchains/XcodeDefault.xctoolchain/usr/local/lib/swift/host/plugins -o /Users/builder/builds/UKfvDsi8u/2/finestructure/swiftpackageindex-builder/spi-builder-workspace/.derivedData/Build/Intermediates.noindex/swift-numerics.build/Debug-appletvos/RealTests.build/Objects-normal/arm64/RelaxedArithmeticTests.o -index-unit-output-path /swift-numerics.build/Debug-appletvos/RealTests.build/Objects-normal/arm64/RelaxedArithmeticTests.o -index-store-path /Users/builder/builds/UKfvDsi8u/2/finestructure/swiftpackageindex-builder/spi-builder-workspace/.derivedData/Index.noindex/DataStore -index-system-modules
SwiftCompile normal arm64 Compiling\ IntegerExponentTests.swift /Users/builder/builds/UKfvDsi8u/2/finestructure/swiftpackageindex-builder/spi-builder-workspace/Tests/RealTests/IntegerExponentTests.swift (in target 'RealTests' from project 'swift-numerics')
    cd /Users/builder/builds/UKfvDsi8u/2/finestructure/swiftpackageindex-builder/spi-builder-workspace
    builtin-swiftTaskExecution -- /Applications/Xcode-15.2.0.app/Contents/Developer/Toolchains/XcodeDefault.xctoolchain/usr/bin/swift-frontend -frontend -c /Users/builder/builds/UKfvDsi8u/2/finestructure/swiftpackageindex-builder/spi-builder-workspace/Tests/RealTests/ApproximateEqualityTests.swift /Users/builder/builds/UKfvDsi8u/2/finestructure/swiftpackageindex-builder/spi-builder-workspace/Tests/RealTests/AugmentedArithmeticTests.swift /Users/builder/builds/UKfvDsi8u/2/finestructure/swiftpackageindex-builder/spi-builder-workspace/Tests/RealTests/ElementaryFunctionChecks.swift -primary-file /Users/builder/builds/UKfvDsi8u/2/finestructure/swiftpackageindex-builder/spi-builder-workspace/Tests/RealTests/IntegerExponentTests.swift /Users/builder/builds/UKfvDsi8u/2/finestructure/swiftpackageindex-builder/spi-builder-workspace/Tests/RealTests/RelaxedArithmeticTests.swift -emit-dependencies-path /Users/builder/builds/UKfvDsi8u/2/finestructure/swiftpackageindex-builder/spi-builder-workspace/.derivedData/Build/Intermediates.noindex/swift-numerics.build/Debug-appletvos/RealTests.build/Objects-normal/arm64/IntegerExponentTests.d -emit-const-values-path /Users/builder/builds/UKfvDsi8u/2/finestructure/swiftpackageindex-builder/spi-builder-workspace/.derivedData/Build/Intermediates.noindex/swift-numerics.build/Debug-appletvos/RealTests.build/Objects-normal/arm64/IntegerExponentTests.swiftconstvalues -emit-reference-dependencies-path /Users/builder/builds/UKfvDsi8u/2/finestructure/swiftpackageindex-builder/spi-builder-workspace/.derivedData/Build/Intermediates.noindex/swift-numerics.build/Debug-appletvos/RealTests.build/Objects-normal/arm64/IntegerExponentTests.swiftdeps -serialize-diagnostics-path /Users/builder/builds/UKfvDsi8u/2/finestructure/swiftpackageindex-builder/spi-builder-workspace/.derivedData/Build/Intermediates.noindex/swift-numerics.build/Debug-appletvos/RealTests.build/Objects-normal/arm64/IntegerExponentTests.dia -target arm64-apple-tvos12.0 -Xllvm -aarch64-use-tbi -enable-objc-interop -sdk /Applications/Xcode-15.2.0.app/Contents/Developer/Platforms/AppleTVOS.platform/Developer/SDKs/AppleTVOS17.2.sdk -I /Users/builder/builds/UKfvDsi8u/2/finestructure/swiftpackageindex-builder/spi-builder-workspace/.derivedData/Build/Products/Debug-appletvos -I /Applications/Xcode-15.2.0.app/Contents/Developer/Platforms/AppleTVOS.platform/Developer/usr/lib -F /Users/builder/builds/UKfvDsi8u/2/finestructure/swiftpackageindex-builder/spi-builder-workspace/.derivedData/Build/Products/Debug-appletvos/PackageFrameworks -F /Users/builder/builds/UKfvDsi8u/2/finestructure/swiftpackageindex-builder/spi-builder-workspace/.derivedData/Build/Products/Debug-appletvos/PackageFrameworks -F /Users/builder/builds/UKfvDsi8u/2/finestructure/swiftpackageindex-builder/spi-builder-workspace/.derivedData/Build/Products/Debug-appletvos/PackageFrameworks -F /Users/builder/builds/UKfvDsi8u/2/finestructure/swiftpackageindex-builder/spi-builder-workspace/.derivedData/Build/Products/Debug-appletvos/PackageFrameworks -F /Users/builder/builds/UKfvDsi8u/2/finestructure/swiftpackageindex-builder/spi-builder-workspace/.derivedData/Build/Products/Debug-appletvos/PackageFrameworks -F /Users/builder/builds/UKfvDsi8u/2/finestructure/swiftpackageindex-builder/spi-builder-workspace/.derivedData/Build/Products/Debug-appletvos/PackageFrameworks -F /Users/builder/builds/UKfvDsi8u/2/finestructure/swiftpackageindex-builder/spi-builder-workspace/.derivedData/Build/Products/Debug-appletvos -F /Applications/Xcode-15.2.0.app/Contents/Developer/Platforms/AppleTVOS.platform/Developer/Library/Frameworks -F /Applications/Xcode-15.2.0.app/Contents/Developer/Platforms/AppleTVOS.platform/Developer/SDKs/AppleTVOS17.2.sdk/Developer/Library/Frameworks -no-color-diagnostics -enable-testing -g -module-cache-path /Users/builder/builds/UKfvDsi8u/2/finestructure/swiftpackageindex-builder/spi-builder-workspace/.derivedData/ModuleCache.noindex -profile-generate -profile-coverage-mapping -swift-version 5 -enforce-exclusivity\=checked -Onone -D SWIFT_PACKAGE -D DEBUG -D Xcode -serialize-debugging-options -const-gather-protocols-file /Users/builder/builds/UKfvDsi8u/2/finestructure/swiftpackageindex-builder/spi-builder-workspace/.derivedData/Build/Intermediates.noindex/swift-numerics.build/Debug-appletvos/RealTests.build/Objects-normal/arm64/RealTests_const_extract_protocols.json -empty-abi-descriptor -validate-clang-modules-once -clang-build-session-file /Users/builder/builds/UKfvDsi8u/2/finestructure/swiftpackageindex-builder/spi-builder-workspace/.derivedData/ModuleCache.noindex/Session.modulevalidation -Xcc -working-directory -Xcc /Users/builder/builds/UKfvDsi8u/2/finestructure/swiftpackageindex-builder/spi-builder-workspace -resource-dir /Applications/Xcode-15.2.0.app/Contents/Developer/Toolchains/XcodeDefault.xctoolchain/usr/lib/swift -enable-anonymous-context-mangled-names -Xcc -ivfsstatcache -Xcc /Users/builder/builds/UKfvDsi8u/2/finestructure/swiftpackageindex-builder/spi-builder-workspace/.derivedData/SDKStatCaches.noindex/appletvos17.2-21K354-d04792babcd4d6c925192122b83e5b58.sdkstatcache -Xcc -I/Users/builder/builds/UKfvDsi8u/2/finestructure/swiftpackageindex-builder/spi-builder-workspace/Sources/_NumericsShims/include -Xcc -I/Users/builder/builds/UKfvDsi8u/2/finestructure/swiftpackageindex-builder/spi-builder-workspace/.derivedData/Build/Products/Debug-appletvos/include -Xcc -I/Users/builder/builds/UKfvDsi8u/2/finestructure/swiftpackageindex-builder/spi-builder-workspace/.derivedData/Build/Intermediates.noindex/swift-numerics.build/Debug-appletvos/RealTests.build/DerivedSources-normal/arm64 -Xcc -I/Users/builder/builds/UKfvDsi8u/2/finestructure/swiftpackageindex-builder/spi-builder-workspace/.derivedData/Build/Intermediates.noindex/swift-numerics.build/Debug-appletvos/RealTests.build/DerivedSources/arm64 -Xcc -I/Users/builder/builds/UKfvDsi8u/2/finestructure/swiftpackageindex-builder/spi-builder-workspace/.derivedData/Build/Intermediates.noindex/swift-numerics.build/Debug-appletvos/RealTests.build/DerivedSources -Xcc -DSWIFT_PACKAGE -Xcc -DDEBUG\=1 -module-name RealTests -frontend-parseable-output -disable-clang-spi -target-sdk-version 17.2 -target-sdk-name appletvos17.2 -external-plugin-path /Applications/Xcode-15.2.0.app/Contents/Developer/Platforms/AppleTVOS.platform/Developer/SDKs/AppleTVOS17.2.sdk/usr/lib/swift/host/plugins\#/Applications/Xcode-15.2.0.app/Contents/Developer/Platforms/AppleTVOS.platform/Developer/SDKs/AppleTVOS17.2.sdk/usr/bin/swift-plugin-server -external-plugin-path /Applications/Xcode-15.2.0.app/Contents/Developer/Platforms/AppleTVOS.platform/Developer/SDKs/AppleTVOS17.2.sdk/usr/local/lib/swift/host/plugins\#/Applications/Xcode-15.2.0.app/Contents/Developer/Platforms/AppleTVOS.platform/Developer/SDKs/AppleTVOS17.2.sdk/usr/bin/swift-plugin-server -external-plugin-path /Applications/Xcode-15.2.0.app/Contents/Developer/Platforms/AppleTVOS.platform/Developer/usr/lib/swift/host/plugins\#/Applications/Xcode-15.2.0.app/Contents/Developer/Platforms/AppleTVOS.platform/Developer/usr/bin/swift-plugin-server -external-plugin-path /Applications/Xcode-15.2.0.app/Contents/Developer/Platforms/AppleTVOS.platform/Developer/usr/local/lib/swift/host/plugins\#/Applications/Xcode-15.2.0.app/Contents/Developer/Platforms/AppleTVOS.platform/Developer/usr/bin/swift-plugin-server -plugin-path /Applications/Xcode-15.2.0.app/Contents/Developer/Toolchains/XcodeDefault.xctoolchain/usr/lib/swift/host/plugins -plugin-path /Applications/Xcode-15.2.0.app/Contents/Developer/Toolchains/XcodeDefault.xctoolchain/usr/local/lib/swift/host/plugins -o /Users/builder/builds/UKfvDsi8u/2/finestructure/swiftpackageindex-builder/spi-builder-workspace/.derivedData/Build/Intermediates.noindex/swift-numerics.build/Debug-appletvos/RealTests.build/Objects-normal/arm64/IntegerExponentTests.o -index-unit-output-path /swift-numerics.build/Debug-appletvos/RealTests.build/Objects-normal/arm64/IntegerExponentTests.o -index-store-path /Users/builder/builds/UKfvDsi8u/2/finestructure/swiftpackageindex-builder/spi-builder-workspace/.derivedData/Index.noindex/DataStore -index-system-modules
SwiftCompile normal arm64 /Users/builder/builds/UKfvDsi8u/2/finestructure/swiftpackageindex-builder/spi-builder-workspace/Tests/RealTests/IntegerExponentTests.swift (in target 'RealTests' from project 'swift-numerics')
    cd /Users/builder/builds/UKfvDsi8u/2/finestructure/swiftpackageindex-builder/spi-builder-workspace
    /Applications/Xcode-15.2.0.app/Contents/Developer/Toolchains/XcodeDefault.xctoolchain/usr/bin/swift-frontend -c /Users/builder/builds/UKfvDsi8u/2/finestructure/swiftpackageindex-builder/spi-builder-workspace/Tests/RealTests/ApproximateEqualityTests.swift /Users/builder/builds/UKfvDsi8u/2/finestructure/swiftpackageindex-builder/spi-builder-workspace/Tests/RealTests/AugmentedArithmeticTests.swift /Users/builder/builds/UKfvDsi8u/2/finestructure/swiftpackageindex-builder/spi-builder-workspace/Tests/RealTests/ElementaryFunctionChecks.swift -primary-file /Users/builder/builds/UKfvDsi8u/2/finestructure/swiftpackageindex-builder/spi-builder-workspace/Tests/RealTests/IntegerExponentTests.swift /Users/builder/builds/UKfvDsi8u/2/finestructure/swiftpackageindex-builder/spi-builder-workspace/Tests/RealTests/RelaxedArithmeticTests.swift -emit-dependencies-path /Users/builder/builds/UKfvDsi8u/2/finestructure/swiftpackageindex-builder/spi-builder-workspace/.derivedData/Build/Intermediates.noindex/swift-numerics.build/Debug-appletvos/RealTests.build/Objects-normal/arm64/IntegerExponentTests.d -emit-const-values-path /Users/builder/builds/UKfvDsi8u/2/finestructure/swiftpackageindex-builder/spi-builder-workspace/.derivedData/Build/Intermediates.noindex/swift-numerics.build/Debug-appletvos/RealTests.build/Objects-normal/arm64/IntegerExponentTests.swiftconstvalues -emit-reference-dependencies-path /Users/builder/builds/UKfvDsi8u/2/finestructure/swiftpackageindex-builder/spi-builder-workspace/.derivedData/Build/Intermediates.noindex/swift-numerics.build/Debug-appletvos/RealTests.build/Objects-normal/arm64/IntegerExponentTests.swiftdeps -serialize-diagnostics-path /Users/builder/builds/UKfvDsi8u/2/finestructure/swiftpackageindex-builder/spi-builder-workspace/.derivedData/Build/Intermediates.noindex/swift-numerics.build/Debug-appletvos/RealTests.build/Objects-normal/arm64/IntegerExponentTests.dia -target arm64-apple-tvos12.0 -Xllvm -aarch64-use-tbi -enable-objc-interop -sdk /Applications/Xcode-15.2.0.app/Contents/Developer/Platforms/AppleTVOS.platform/Developer/SDKs/AppleTVOS17.2.sdk -I /Users/builder/builds/UKfvDsi8u/2/finestructure/swiftpackageindex-builder/spi-builder-workspace/.derivedData/Build/Products/Debug-appletvos -I /Applications/Xcode-15.2.0.app/Contents/Developer/Platforms/AppleTVOS.platform/Developer/usr/lib -F /Users/builder/builds/UKfvDsi8u/2/finestructure/swiftpackageindex-builder/spi-builder-workspace/.derivedData/Build/Products/Debug-appletvos/PackageFrameworks -F /Users/builder/builds/UKfvDsi8u/2/finestructure/swiftpackageindex-builder/spi-builder-workspace/.derivedData/Build/Products/Debug-appletvos/PackageFrameworks -F /Users/builder/builds/UKfvDsi8u/2/finestructure/swiftpackageindex-builder/spi-builder-workspace/.derivedData/Build/Products/Debug-appletvos/PackageFrameworks -F /Users/builder/builds/UKfvDsi8u/2/finestructure/swiftpackageindex-builder/spi-builder-workspace/.derivedData/Build/Products/Debug-appletvos/PackageFrameworks -F /Users/builder/builds/UKfvDsi8u/2/finestructure/swiftpackageindex-builder/spi-builder-workspace/.derivedData/Build/Products/Debug-appletvos/PackageFrameworks -F /Users/builder/builds/UKfvDsi8u/2/finestructure/swiftpackageindex-builder/spi-builder-workspace/.derivedData/Build/Products/Debug-appletvos/PackageFrameworks -F /Users/builder/builds/UKfvDsi8u/2/finestructure/swiftpackageindex-builder/spi-builder-workspace/.derivedData/Build/Products/Debug-appletvos -F /Applications/Xcode-15.2.0.app/Contents/Developer/Platforms/AppleTVOS.platform/Developer/Library/Frameworks -F /Applications/Xcode-15.2.0.app/Contents/Developer/Platforms/AppleTVOS.platform/Developer/SDKs/AppleTVOS17.2.sdk/Developer/Library/Frameworks -no-color-diagnostics -enable-testing -g -module-cache-path /Users/builder/builds/UKfvDsi8u/2/finestructure/swiftpackageindex-builder/spi-builder-workspace/.derivedData/ModuleCache.noindex -profile-generate -profile-coverage-mapping -swift-version 5 -enforce-exclusivity\=checked -Onone -D SWIFT_PACKAGE -D DEBUG -D Xcode -serialize-debugging-options -const-gather-protocols-file /Users/builder/builds/UKfvDsi8u/2/finestructure/swiftpackageindex-builder/spi-builder-workspace/.derivedData/Build/Intermediates.noindex/swift-numerics.build/Debug-appletvos/RealTests.build/Objects-normal/arm64/RealTests_const_extract_protocols.json -empty-abi-descriptor -validate-clang-modules-once -clang-build-session-file /Users/builder/builds/UKfvDsi8u/2/finestructure/swiftpackageindex-builder/spi-builder-workspace/.derivedData/ModuleCache.noindex/Session.modulevalidation -Xcc -working-directory -Xcc /Users/builder/builds/UKfvDsi8u/2/finestructure/swiftpackageindex-builder/spi-builder-workspace -resource-dir /Applications/Xcode-15.2.0.app/Contents/Developer/Toolchains/XcodeDefault.xctoolchain/usr/lib/swift -enable-anonymous-context-mangled-names -Xcc -ivfsstatcache -Xcc /Users/builder/builds/UKfvDsi8u/2/finestructure/swiftpackageindex-builder/spi-builder-workspace/.derivedData/SDKStatCaches.noindex/appletvos17.2-21K354-d04792babcd4d6c925192122b83e5b58.sdkstatcache -Xcc -I/Users/builder/builds/UKfvDsi8u/2/finestructure/swiftpackageindex-builder/spi-builder-workspace/Sources/_NumericsShims/include -Xcc -I/Users/builder/builds/UKfvDsi8u/2/finestructure/swiftpackageindex-builder/spi-builder-workspace/.derivedData/Build/Products/Debug-appletvos/include -Xcc -I/Users/builder/builds/UKfvDsi8u/2/finestructure/swiftpackageindex-builder/spi-builder-workspace/.derivedData/Build/Intermediates.noindex/swift-numerics.build/Debug-appletvos/RealTests.build/DerivedSources-normal/arm64 -Xcc -I/Users/builder/builds/UKfvDsi8u/2/finestructure/swiftpackageindex-builder/spi-builder-workspace/.derivedData/Build/Intermediates.noindex/swift-numerics.build/Debug-appletvos/RealTests.build/DerivedSources/arm64 -Xcc -I/Users/builder/builds/UKfvDsi8u/2/finestructure/swiftpackageindex-builder/spi-builder-workspace/.derivedData/Build/Intermediates.noindex/swift-numerics.build/Debug-appletvos/RealTests.build/DerivedSources -Xcc -DSWIFT_PACKAGE -Xcc -DDEBUG\=1 -module-name RealTests -frontend-parseable-output -disable-clang-spi -target-sdk-version 17.2 -target-sdk-name appletvos17.2 -external-plugin-path /Applications/Xcode-15.2.0.app/Contents/Developer/Platforms/AppleTVOS.platform/Developer/SDKs/AppleTVOS17.2.sdk/usr/lib/swift/host/plugins\#/Applications/Xcode-15.2.0.app/Contents/Developer/Platforms/AppleTVOS.platform/Developer/SDKs/AppleTVOS17.2.sdk/usr/bin/swift-plugin-server -external-plugin-path /Applications/Xcode-15.2.0.app/Contents/Developer/Platforms/AppleTVOS.platform/Developer/SDKs/AppleTVOS17.2.sdk/usr/local/lib/swift/host/plugins\#/Applications/Xcode-15.2.0.app/Contents/Developer/Platforms/AppleTVOS.platform/Developer/SDKs/AppleTVOS17.2.sdk/usr/bin/swift-plugin-server -external-plugin-path /Applications/Xcode-15.2.0.app/Contents/Developer/Platforms/AppleTVOS.platform/Developer/usr/lib/swift/host/plugins\#/Applications/Xcode-15.2.0.app/Contents/Developer/Platforms/AppleTVOS.platform/Developer/usr/bin/swift-plugin-server -external-plugin-path /Applications/Xcode-15.2.0.app/Contents/Developer/Platforms/AppleTVOS.platform/Developer/usr/local/lib/swift/host/plugins\#/Applications/Xcode-15.2.0.app/Contents/Developer/Platforms/AppleTVOS.platform/Developer/usr/bin/swift-plugin-server -plugin-path /Applications/Xcode-15.2.0.app/Contents/Developer/Toolchains/XcodeDefault.xctoolchain/usr/lib/swift/host/plugins -plugin-path /Applications/Xcode-15.2.0.app/Contents/Developer/Toolchains/XcodeDefault.xctoolchain/usr/local/lib/swift/host/plugins -o /Users/builder/builds/UKfvDsi8u/2/finestructure/swiftpackageindex-builder/spi-builder-workspace/.derivedData/Build/Intermediates.noindex/swift-numerics.build/Debug-appletvos/RealTests.build/Objects-normal/arm64/IntegerExponentTests.o -index-unit-output-path /swift-numerics.build/Debug-appletvos/RealTests.build/Objects-normal/arm64/IntegerExponentTests.o -index-store-path /Users/builder/builds/UKfvDsi8u/2/finestructure/swiftpackageindex-builder/spi-builder-workspace/.derivedData/Index.noindex/DataStore -index-system-modules
SwiftCompile normal arm64 Compiling\ ElementaryFunctionChecks.swift /Users/builder/builds/UKfvDsi8u/2/finestructure/swiftpackageindex-builder/spi-builder-workspace/Tests/RealTests/ElementaryFunctionChecks.swift (in target 'RealTests' from project 'swift-numerics')
    cd /Users/builder/builds/UKfvDsi8u/2/finestructure/swiftpackageindex-builder/spi-builder-workspace
    builtin-swiftTaskExecution -- /Applications/Xcode-15.2.0.app/Contents/Developer/Toolchains/XcodeDefault.xctoolchain/usr/bin/swift-frontend -frontend -c /Users/builder/builds/UKfvDsi8u/2/finestructure/swiftpackageindex-builder/spi-builder-workspace/Tests/RealTests/ApproximateEqualityTests.swift /Users/builder/builds/UKfvDsi8u/2/finestructure/swiftpackageindex-builder/spi-builder-workspace/Tests/RealTests/AugmentedArithmeticTests.swift -primary-file /Users/builder/builds/UKfvDsi8u/2/finestructure/swiftpackageindex-builder/spi-builder-workspace/Tests/RealTests/ElementaryFunctionChecks.swift /Users/builder/builds/UKfvDsi8u/2/finestructure/swiftpackageindex-builder/spi-builder-workspace/Tests/RealTests/IntegerExponentTests.swift /Users/builder/builds/UKfvDsi8u/2/finestructure/swiftpackageindex-builder/spi-builder-workspace/Tests/RealTests/RelaxedArithmeticTests.swift -emit-dependencies-path /Users/builder/builds/UKfvDsi8u/2/finestructure/swiftpackageindex-builder/spi-builder-workspace/.derivedData/Build/Intermediates.noindex/swift-numerics.build/Debug-appletvos/RealTests.build/Objects-normal/arm64/ElementaryFunctionChecks.d -emit-const-values-path /Users/builder/builds/UKfvDsi8u/2/finestructure/swiftpackageindex-builder/spi-builder-workspace/.derivedData/Build/Intermediates.noindex/swift-numerics.build/Debug-appletvos/RealTests.build/Objects-normal/arm64/ElementaryFunctionChecks.swiftconstvalues -emit-reference-dependencies-path /Users/builder/builds/UKfvDsi8u/2/finestructure/swiftpackageindex-builder/spi-builder-workspace/.derivedData/Build/Intermediates.noindex/swift-numerics.build/Debug-appletvos/RealTests.build/Objects-normal/arm64/ElementaryFunctionChecks.swiftdeps -serialize-diagnostics-path /Users/builder/builds/UKfvDsi8u/2/finestructure/swiftpackageindex-builder/spi-builder-workspace/.derivedData/Build/Intermediates.noindex/swift-numerics.build/Debug-appletvos/RealTests.build/Objects-normal/arm64/ElementaryFunctionChecks.dia -target arm64-apple-tvos12.0 -Xllvm -aarch64-use-tbi -enable-objc-interop -sdk /Applications/Xcode-15.2.0.app/Contents/Developer/Platforms/AppleTVOS.platform/Developer/SDKs/AppleTVOS17.2.sdk -I /Users/builder/builds/UKfvDsi8u/2/finestructure/swiftpackageindex-builder/spi-builder-workspace/.derivedData/Build/Products/Debug-appletvos -I /Applications/Xcode-15.2.0.app/Contents/Developer/Platforms/AppleTVOS.platform/Developer/usr/lib -F /Users/builder/builds/UKfvDsi8u/2/finestructure/swiftpackageindex-builder/spi-builder-workspace/.derivedData/Build/Products/Debug-appletvos/PackageFrameworks -F /Users/builder/builds/UKfvDsi8u/2/finestructure/swiftpackageindex-builder/spi-builder-workspace/.derivedData/Build/Products/Debug-appletvos/PackageFrameworks -F /Users/builder/builds/UKfvDsi8u/2/finestructure/swiftpackageindex-builder/spi-builder-workspace/.derivedData/Build/Products/Debug-appletvos/PackageFrameworks -F /Users/builder/builds/UKfvDsi8u/2/finestructure/swiftpackageindex-builder/spi-builder-workspace/.derivedData/Build/Products/Debug-appletvos/PackageFrameworks -F /Users/builder/builds/UKfvDsi8u/2/finestructure/swiftpackageindex-builder/spi-builder-workspace/.derivedData/Build/Products/Debug-appletvos/PackageFrameworks -F /Users/builder/builds/UKfvDsi8u/2/finestructure/swiftpackageindex-builder/spi-builder-workspace/.derivedData/Build/Products/Debug-appletvos/PackageFrameworks -F /Users/builder/builds/UKfvDsi8u/2/finestructure/swiftpackageindex-builder/spi-builder-workspace/.derivedData/Build/Products/Debug-appletvos -F /Applications/Xcode-15.2.0.app/Contents/Developer/Platforms/AppleTVOS.platform/Developer/Library/Frameworks -F /Applications/Xcode-15.2.0.app/Contents/Developer/Platforms/AppleTVOS.platform/Developer/SDKs/AppleTVOS17.2.sdk/Developer/Library/Frameworks -no-color-diagnostics -enable-testing -g -module-cache-path /Users/builder/builds/UKfvDsi8u/2/finestructure/swiftpackageindex-builder/spi-builder-workspace/.derivedData/ModuleCache.noindex -profile-generate -profile-coverage-mapping -swift-version 5 -enforce-exclusivity\=checked -Onone -D SWIFT_PACKAGE -D DEBUG -D Xcode -serialize-debugging-options -const-gather-protocols-file /Users/builder/builds/UKfvDsi8u/2/finestructure/swiftpackageindex-builder/spi-builder-workspace/.derivedData/Build/Intermediates.noindex/swift-numerics.build/Debug-appletvos/RealTests.build/Objects-normal/arm64/RealTests_const_extract_protocols.json -empty-abi-descriptor -validate-clang-modules-once -clang-build-session-file /Users/builder/builds/UKfvDsi8u/2/finestructure/swiftpackageindex-builder/spi-builder-workspace/.derivedData/ModuleCache.noindex/Session.modulevalidation -Xcc -working-directory -Xcc /Users/builder/builds/UKfvDsi8u/2/finestructure/swiftpackageindex-builder/spi-builder-workspace -resource-dir /Applications/Xcode-15.2.0.app/Contents/Developer/Toolchains/XcodeDefault.xctoolchain/usr/lib/swift -enable-anonymous-context-mangled-names -Xcc -ivfsstatcache -Xcc /Users/builder/builds/UKfvDsi8u/2/finestructure/swiftpackageindex-builder/spi-builder-workspace/.derivedData/SDKStatCaches.noindex/appletvos17.2-21K354-d04792babcd4d6c925192122b83e5b58.sdkstatcache -Xcc -I/Users/builder/builds/UKfvDsi8u/2/finestructure/swiftpackageindex-builder/spi-builder-workspace/Sources/_NumericsShims/include -Xcc -I/Users/builder/builds/UKfvDsi8u/2/finestructure/swiftpackageindex-builder/spi-builder-workspace/.derivedData/Build/Products/Debug-appletvos/include -Xcc -I/Users/builder/builds/UKfvDsi8u/2/finestructure/swiftpackageindex-builder/spi-builder-workspace/.derivedData/Build/Intermediates.noindex/swift-numerics.build/Debug-appletvos/RealTests.build/DerivedSources-normal/arm64 -Xcc -I/Users/builder/builds/UKfvDsi8u/2/finestructure/swiftpackageindex-builder/spi-builder-workspace/.derivedData/Build/Intermediates.noindex/swift-numerics.build/Debug-appletvos/RealTests.build/DerivedSources/arm64 -Xcc -I/Users/builder/builds/UKfvDsi8u/2/finestructure/swiftpackageindex-builder/spi-builder-workspace/.derivedData/Build/Intermediates.noindex/swift-numerics.build/Debug-appletvos/RealTests.build/DerivedSources -Xcc -DSWIFT_PACKAGE -Xcc -DDEBUG\=1 -module-name RealTests -frontend-parseable-output -disable-clang-spi -target-sdk-version 17.2 -target-sdk-name appletvos17.2 -external-plugin-path /Applications/Xcode-15.2.0.app/Contents/Developer/Platforms/AppleTVOS.platform/Developer/SDKs/AppleTVOS17.2.sdk/usr/lib/swift/host/plugins\#/Applications/Xcode-15.2.0.app/Contents/Developer/Platforms/AppleTVOS.platform/Developer/SDKs/AppleTVOS17.2.sdk/usr/bin/swift-plugin-server -external-plugin-path /Applications/Xcode-15.2.0.app/Contents/Developer/Platforms/AppleTVOS.platform/Developer/SDKs/AppleTVOS17.2.sdk/usr/local/lib/swift/host/plugins\#/Applications/Xcode-15.2.0.app/Contents/Developer/Platforms/AppleTVOS.platform/Developer/SDKs/AppleTVOS17.2.sdk/usr/bin/swift-plugin-server -external-plugin-path /Applications/Xcode-15.2.0.app/Contents/Developer/Platforms/AppleTVOS.platform/Developer/usr/lib/swift/host/plugins\#/Applications/Xcode-15.2.0.app/Contents/Developer/Platforms/AppleTVOS.platform/Developer/usr/bin/swift-plugin-server -external-plugin-path /Applications/Xcode-15.2.0.app/Contents/Developer/Platforms/AppleTVOS.platform/Developer/usr/local/lib/swift/host/plugins\#/Applications/Xcode-15.2.0.app/Contents/Developer/Platforms/AppleTVOS.platform/Developer/usr/bin/swift-plugin-server -plugin-path /Applications/Xcode-15.2.0.app/Contents/Developer/Toolchains/XcodeDefault.xctoolchain/usr/lib/swift/host/plugins -plugin-path /Applications/Xcode-15.2.0.app/Contents/Developer/Toolchains/XcodeDefault.xctoolchain/usr/local/lib/swift/host/plugins -o /Users/builder/builds/UKfvDsi8u/2/finestructure/swiftpackageindex-builder/spi-builder-workspace/.derivedData/Build/Intermediates.noindex/swift-numerics.build/Debug-appletvos/RealTests.build/Objects-normal/arm64/ElementaryFunctionChecks.o -index-unit-output-path /swift-numerics.build/Debug-appletvos/RealTests.build/Objects-normal/arm64/ElementaryFunctionChecks.o -index-store-path /Users/builder/builds/UKfvDsi8u/2/finestructure/swiftpackageindex-builder/spi-builder-workspace/.derivedData/Index.noindex/DataStore -index-system-modules
SwiftCompile normal arm64 /Users/builder/builds/UKfvDsi8u/2/finestructure/swiftpackageindex-builder/spi-builder-workspace/Tests/RealTests/ElementaryFunctionChecks.swift (in target 'RealTests' from project 'swift-numerics')
    cd /Users/builder/builds/UKfvDsi8u/2/finestructure/swiftpackageindex-builder/spi-builder-workspace
    /Applications/Xcode-15.2.0.app/Contents/Developer/Toolchains/XcodeDefault.xctoolchain/usr/bin/swift-frontend -c /Users/builder/builds/UKfvDsi8u/2/finestructure/swiftpackageindex-builder/spi-builder-workspace/Tests/RealTests/ApproximateEqualityTests.swift /Users/builder/builds/UKfvDsi8u/2/finestructure/swiftpackageindex-builder/spi-builder-workspace/Tests/RealTests/AugmentedArithmeticTests.swift -primary-file /Users/builder/builds/UKfvDsi8u/2/finestructure/swiftpackageindex-builder/spi-builder-workspace/Tests/RealTests/ElementaryFunctionChecks.swift /Users/builder/builds/UKfvDsi8u/2/finestructure/swiftpackageindex-builder/spi-builder-workspace/Tests/RealTests/IntegerExponentTests.swift /Users/builder/builds/UKfvDsi8u/2/finestructure/swiftpackageindex-builder/spi-builder-workspace/Tests/RealTests/RelaxedArithmeticTests.swift -emit-dependencies-path /Users/builder/builds/UKfvDsi8u/2/finestructure/swiftpackageindex-builder/spi-builder-workspace/.derivedData/Build/Intermediates.noindex/swift-numerics.build/Debug-appletvos/RealTests.build/Objects-normal/arm64/ElementaryFunctionChecks.d -emit-const-values-path /Users/builder/builds/UKfvDsi8u/2/finestructure/swiftpackageindex-builder/spi-builder-workspace/.derivedData/Build/Intermediates.noindex/swift-numerics.build/Debug-appletvos/RealTests.build/Objects-normal/arm64/ElementaryFunctionChecks.swiftconstvalues -emit-reference-dependencies-path /Users/builder/builds/UKfvDsi8u/2/finestructure/swiftpackageindex-builder/spi-builder-workspace/.derivedData/Build/Intermediates.noindex/swift-numerics.build/Debug-appletvos/RealTests.build/Objects-normal/arm64/ElementaryFunctionChecks.swiftdeps -serialize-diagnostics-path /Users/builder/builds/UKfvDsi8u/2/finestructure/swiftpackageindex-builder/spi-builder-workspace/.derivedData/Build/Intermediates.noindex/swift-numerics.build/Debug-appletvos/RealTests.build/Objects-normal/arm64/ElementaryFunctionChecks.dia -target arm64-apple-tvos12.0 -Xllvm -aarch64-use-tbi -enable-objc-interop -sdk /Applications/Xcode-15.2.0.app/Contents/Developer/Platforms/AppleTVOS.platform/Developer/SDKs/AppleTVOS17.2.sdk -I /Users/builder/builds/UKfvDsi8u/2/finestructure/swiftpackageindex-builder/spi-builder-workspace/.derivedData/Build/Products/Debug-appletvos -I /Applications/Xcode-15.2.0.app/Contents/Developer/Platforms/AppleTVOS.platform/Developer/usr/lib -F /Users/builder/builds/UKfvDsi8u/2/finestructure/swiftpackageindex-builder/spi-builder-workspace/.derivedData/Build/Products/Debug-appletvos/PackageFrameworks -F /Users/builder/builds/UKfvDsi8u/2/finestructure/swiftpackageindex-builder/spi-builder-workspace/.derivedData/Build/Products/Debug-appletvos/PackageFrameworks -F /Users/builder/builds/UKfvDsi8u/2/finestructure/swiftpackageindex-builder/spi-builder-workspace/.derivedData/Build/Products/Debug-appletvos/PackageFrameworks -F /Users/builder/builds/UKfvDsi8u/2/finestructure/swiftpackageindex-builder/spi-builder-workspace/.derivedData/Build/Products/Debug-appletvos/PackageFrameworks -F /Users/builder/builds/UKfvDsi8u/2/finestructure/swiftpackageindex-builder/spi-builder-workspace/.derivedData/Build/Products/Debug-appletvos/PackageFrameworks -F /Users/builder/builds/UKfvDsi8u/2/finestructure/swiftpackageindex-builder/spi-builder-workspace/.derivedData/Build/Products/Debug-appletvos/PackageFrameworks -F /Users/builder/builds/UKfvDsi8u/2/finestructure/swiftpackageindex-builder/spi-builder-workspace/.derivedData/Build/Products/Debug-appletvos -F /Applications/Xcode-15.2.0.app/Contents/Developer/Platforms/AppleTVOS.platform/Developer/Library/Frameworks -F /Applications/Xcode-15.2.0.app/Contents/Developer/Platforms/AppleTVOS.platform/Developer/SDKs/AppleTVOS17.2.sdk/Developer/Library/Frameworks -no-color-diagnostics -enable-testing -g -module-cache-path /Users/builder/builds/UKfvDsi8u/2/finestructure/swiftpackageindex-builder/spi-builder-workspace/.derivedData/ModuleCache.noindex -profile-generate -profile-coverage-mapping -swift-version 5 -enforce-exclusivity\=checked -Onone -D SWIFT_PACKAGE -D DEBUG -D Xcode -serialize-debugging-options -const-gather-protocols-file /Users/builder/builds/UKfvDsi8u/2/finestructure/swiftpackageindex-builder/spi-builder-workspace/.derivedData/Build/Intermediates.noindex/swift-numerics.build/Debug-appletvos/RealTests.build/Objects-normal/arm64/RealTests_const_extract_protocols.json -empty-abi-descriptor -validate-clang-modules-once -clang-build-session-file /Users/builder/builds/UKfvDsi8u/2/finestructure/swiftpackageindex-builder/spi-builder-workspace/.derivedData/ModuleCache.noindex/Session.modulevalidation -Xcc -working-directory -Xcc /Users/builder/builds/UKfvDsi8u/2/finestructure/swiftpackageindex-builder/spi-builder-workspace -resource-dir /Applications/Xcode-15.2.0.app/Contents/Developer/Toolchains/XcodeDefault.xctoolchain/usr/lib/swift -enable-anonymous-context-mangled-names -Xcc -ivfsstatcache -Xcc /Users/builder/builds/UKfvDsi8u/2/finestructure/swiftpackageindex-builder/spi-builder-workspace/.derivedData/SDKStatCaches.noindex/appletvos17.2-21K354-d04792babcd4d6c925192122b83e5b58.sdkstatcache -Xcc -I/Users/builder/builds/UKfvDsi8u/2/finestructure/swiftpackageindex-builder/spi-builder-workspace/Sources/_NumericsShims/include -Xcc -I/Users/builder/builds/UKfvDsi8u/2/finestructure/swiftpackageindex-builder/spi-builder-workspace/.derivedData/Build/Products/Debug-appletvos/include -Xcc -I/Users/builder/builds/UKfvDsi8u/2/finestructure/swiftpackageindex-builder/spi-builder-workspace/.derivedData/Build/Intermediates.noindex/swift-numerics.build/Debug-appletvos/RealTests.build/DerivedSources-normal/arm64 -Xcc -I/Users/builder/builds/UKfvDsi8u/2/finestructure/swiftpackageindex-builder/spi-builder-workspace/.derivedData/Build/Intermediates.noindex/swift-numerics.build/Debug-appletvos/RealTests.build/DerivedSources/arm64 -Xcc -I/Users/builder/builds/UKfvDsi8u/2/finestructure/swiftpackageindex-builder/spi-builder-workspace/.derivedData/Build/Intermediates.noindex/swift-numerics.build/Debug-appletvos/RealTests.build/DerivedSources -Xcc -DSWIFT_PACKAGE -Xcc -DDEBUG\=1 -module-name RealTests -frontend-parseable-output -disable-clang-spi -target-sdk-version 17.2 -target-sdk-name appletvos17.2 -external-plugin-path /Applications/Xcode-15.2.0.app/Contents/Developer/Platforms/AppleTVOS.platform/Developer/SDKs/AppleTVOS17.2.sdk/usr/lib/swift/host/plugins\#/Applications/Xcode-15.2.0.app/Contents/Developer/Platforms/AppleTVOS.platform/Developer/SDKs/AppleTVOS17.2.sdk/usr/bin/swift-plugin-server -external-plugin-path /Applications/Xcode-15.2.0.app/Contents/Developer/Platforms/AppleTVOS.platform/Developer/SDKs/AppleTVOS17.2.sdk/usr/local/lib/swift/host/plugins\#/Applications/Xcode-15.2.0.app/Contents/Developer/Platforms/AppleTVOS.platform/Developer/SDKs/AppleTVOS17.2.sdk/usr/bin/swift-plugin-server -external-plugin-path /Applications/Xcode-15.2.0.app/Contents/Developer/Platforms/AppleTVOS.platform/Developer/usr/lib/swift/host/plugins\#/Applications/Xcode-15.2.0.app/Contents/Developer/Platforms/AppleTVOS.platform/Developer/usr/bin/swift-plugin-server -external-plugin-path /Applications/Xcode-15.2.0.app/Contents/Developer/Platforms/AppleTVOS.platform/Developer/usr/local/lib/swift/host/plugins\#/Applications/Xcode-15.2.0.app/Contents/Developer/Platforms/AppleTVOS.platform/Developer/usr/bin/swift-plugin-server -plugin-path /Applications/Xcode-15.2.0.app/Contents/Developer/Toolchains/XcodeDefault.xctoolchain/usr/lib/swift/host/plugins -plugin-path /Applications/Xcode-15.2.0.app/Contents/Developer/Toolchains/XcodeDefault.xctoolchain/usr/local/lib/swift/host/plugins -o /Users/builder/builds/UKfvDsi8u/2/finestructure/swiftpackageindex-builder/spi-builder-workspace/.derivedData/Build/Intermediates.noindex/swift-numerics.build/Debug-appletvos/RealTests.build/Objects-normal/arm64/ElementaryFunctionChecks.o -index-unit-output-path /swift-numerics.build/Debug-appletvos/RealTests.build/Objects-normal/arm64/ElementaryFunctionChecks.o -index-store-path /Users/builder/builds/UKfvDsi8u/2/finestructure/swiftpackageindex-builder/spi-builder-workspace/.derivedData/Index.noindex/DataStore -index-system-modules
SwiftCompile normal arm64 Compiling\ ApproximateEqualityTests.swift /Users/builder/builds/UKfvDsi8u/2/finestructure/swiftpackageindex-builder/spi-builder-workspace/Tests/RealTests/ApproximateEqualityTests.swift (in target 'RealTests' from project 'swift-numerics')
    cd /Users/builder/builds/UKfvDsi8u/2/finestructure/swiftpackageindex-builder/spi-builder-workspace
    builtin-swiftTaskExecution -- /Applications/Xcode-15.2.0.app/Contents/Developer/Toolchains/XcodeDefault.xctoolchain/usr/bin/swift-frontend -frontend -c -primary-file /Users/builder/builds/UKfvDsi8u/2/finestructure/swiftpackageindex-builder/spi-builder-workspace/Tests/RealTests/ApproximateEqualityTests.swift /Users/builder/builds/UKfvDsi8u/2/finestructure/swiftpackageindex-builder/spi-builder-workspace/Tests/RealTests/AugmentedArithmeticTests.swift /Users/builder/builds/UKfvDsi8u/2/finestructure/swiftpackageindex-builder/spi-builder-workspace/Tests/RealTests/ElementaryFunctionChecks.swift /Users/builder/builds/UKfvDsi8u/2/finestructure/swiftpackageindex-builder/spi-builder-workspace/Tests/RealTests/IntegerExponentTests.swift /Users/builder/builds/UKfvDsi8u/2/finestructure/swiftpackageindex-builder/spi-builder-workspace/Tests/RealTests/RelaxedArithmeticTests.swift -emit-dependencies-path /Users/builder/builds/UKfvDsi8u/2/finestructure/swiftpackageindex-builder/spi-builder-workspace/.derivedData/Build/Intermediates.noindex/swift-numerics.build/Debug-appletvos/RealTests.build/Objects-normal/arm64/ApproximateEqualityTests.d -emit-const-values-path /Users/builder/builds/UKfvDsi8u/2/finestructure/swiftpackageindex-builder/spi-builder-workspace/.derivedData/Build/Intermediates.noindex/swift-numerics.build/Debug-appletvos/RealTests.build/Objects-normal/arm64/ApproximateEqualityTests.swiftconstvalues -emit-reference-dependencies-path /Users/builder/builds/UKfvDsi8u/2/finestructure/swiftpackageindex-builder/spi-builder-workspace/.derivedData/Build/Intermediates.noindex/swift-numerics.build/Debug-appletvos/RealTests.build/Objects-normal/arm64/ApproximateEqualityTests.swiftdeps -serialize-diagnostics-path /Users/builder/builds/UKfvDsi8u/2/finestructure/swiftpackageindex-builder/spi-builder-workspace/.derivedData/Build/Intermediates.noindex/swift-numerics.build/Debug-appletvos/RealTests.build/Objects-normal/arm64/ApproximateEqualityTests.dia -target arm64-apple-tvos12.0 -Xllvm -aarch64-use-tbi -enable-objc-interop -sdk /Applications/Xcode-15.2.0.app/Contents/Developer/Platforms/AppleTVOS.platform/Developer/SDKs/AppleTVOS17.2.sdk -I /Users/builder/builds/UKfvDsi8u/2/finestructure/swiftpackageindex-builder/spi-builder-workspace/.derivedData/Build/Products/Debug-appletvos -I /Applications/Xcode-15.2.0.app/Contents/Developer/Platforms/AppleTVOS.platform/Developer/usr/lib -F /Users/builder/builds/UKfvDsi8u/2/finestructure/swiftpackageindex-builder/spi-builder-workspace/.derivedData/Build/Products/Debug-appletvos/PackageFrameworks -F /Users/builder/builds/UKfvDsi8u/2/finestructure/swiftpackageindex-builder/spi-builder-workspace/.derivedData/Build/Products/Debug-appletvos/PackageFrameworks -F /Users/builder/builds/UKfvDsi8u/2/finestructure/swiftpackageindex-builder/spi-builder-workspace/.derivedData/Build/Products/Debug-appletvos/PackageFrameworks -F /Users/builder/builds/UKfvDsi8u/2/finestructure/swiftpackageindex-builder/spi-builder-workspace/.derivedData/Build/Products/Debug-appletvos/PackageFrameworks -F /Users/builder/builds/UKfvDsi8u/2/finestructure/swiftpackageindex-builder/spi-builder-workspace/.derivedData/Build/Products/Debug-appletvos/PackageFrameworks -F /Users/builder/builds/UKfvDsi8u/2/finestructure/swiftpackageindex-builder/spi-builder-workspace/.derivedData/Build/Products/Debug-appletvos/PackageFrameworks -F /Users/builder/builds/UKfvDsi8u/2/finestructure/swiftpackageindex-builder/spi-builder-workspace/.derivedData/Build/Products/Debug-appletvos -F /Applications/Xcode-15.2.0.app/Contents/Developer/Platforms/AppleTVOS.platform/Developer/Library/Frameworks -F /Applications/Xcode-15.2.0.app/Contents/Developer/Platforms/AppleTVOS.platform/Developer/SDKs/AppleTVOS17.2.sdk/Developer/Library/Frameworks -no-color-diagnostics -enable-testing -g -module-cache-path /Users/builder/builds/UKfvDsi8u/2/finestructure/swiftpackageindex-builder/spi-builder-workspace/.derivedData/ModuleCache.noindex -profile-generate -profile-coverage-mapping -swift-version 5 -enforce-exclusivity\=checked -Onone -D SWIFT_PACKAGE -D DEBUG -D Xcode -serialize-debugging-options -const-gather-protocols-file /Users/builder/builds/UKfvDsi8u/2/finestructure/swiftpackageindex-builder/spi-builder-workspace/.derivedData/Build/Intermediates.noindex/swift-numerics.build/Debug-appletvos/RealTests.build/Objects-normal/arm64/RealTests_const_extract_protocols.json -empty-abi-descriptor -validate-clang-modules-once -clang-build-session-file /Users/builder/builds/UKfvDsi8u/2/finestructure/swiftpackageindex-builder/spi-builder-workspace/.derivedData/ModuleCache.noindex/Session.modulevalidation -Xcc -working-directory -Xcc /Users/builder/builds/UKfvDsi8u/2/finestructure/swiftpackageindex-builder/spi-builder-workspace -resource-dir /Applications/Xcode-15.2.0.app/Contents/Developer/Toolchains/XcodeDefault.xctoolchain/usr/lib/swift -enable-anonymous-context-mangled-names -Xcc -ivfsstatcache -Xcc /Users/builder/builds/UKfvDsi8u/2/finestructure/swiftpackageindex-builder/spi-builder-workspace/.derivedData/SDKStatCaches.noindex/appletvos17.2-21K354-d04792babcd4d6c925192122b83e5b58.sdkstatcache -Xcc -I/Users/builder/builds/UKfvDsi8u/2/finestructure/swiftpackageindex-builder/spi-builder-workspace/Sources/_NumericsShims/include -Xcc -I/Users/builder/builds/UKfvDsi8u/2/finestructure/swiftpackageindex-builder/spi-builder-workspace/.derivedData/Build/Products/Debug-appletvos/include -Xcc -I/Users/builder/builds/UKfvDsi8u/2/finestructure/swiftpackageindex-builder/spi-builder-workspace/.derivedData/Build/Intermediates.noindex/swift-numerics.build/Debug-appletvos/RealTests.build/DerivedSources-normal/arm64 -Xcc -I/Users/builder/builds/UKfvDsi8u/2/finestructure/swiftpackageindex-builder/spi-builder-workspace/.derivedData/Build/Intermediates.noindex/swift-numerics.build/Debug-appletvos/RealTests.build/DerivedSources/arm64 -Xcc -I/Users/builder/builds/UKfvDsi8u/2/finestructure/swiftpackageindex-builder/spi-builder-workspace/.derivedData/Build/Intermediates.noindex/swift-numerics.build/Debug-appletvos/RealTests.build/DerivedSources -Xcc -DSWIFT_PACKAGE -Xcc -DDEBUG\=1 -module-name RealTests -frontend-parseable-output -disable-clang-spi -target-sdk-version 17.2 -target-sdk-name appletvos17.2 -external-plugin-path /Applications/Xcode-15.2.0.app/Contents/Developer/Platforms/AppleTVOS.platform/Developer/SDKs/AppleTVOS17.2.sdk/usr/lib/swift/host/plugins\#/Applications/Xcode-15.2.0.app/Contents/Developer/Platforms/AppleTVOS.platform/Developer/SDKs/AppleTVOS17.2.sdk/usr/bin/swift-plugin-server -external-plugin-path /Applications/Xcode-15.2.0.app/Contents/Developer/Platforms/AppleTVOS.platform/Developer/SDKs/AppleTVOS17.2.sdk/usr/local/lib/swift/host/plugins\#/Applications/Xcode-15.2.0.app/Contents/Developer/Platforms/AppleTVOS.platform/Developer/SDKs/AppleTVOS17.2.sdk/usr/bin/swift-plugin-server -external-plugin-path /Applications/Xcode-15.2.0.app/Contents/Developer/Platforms/AppleTVOS.platform/Developer/usr/lib/swift/host/plugins\#/Applications/Xcode-15.2.0.app/Contents/Developer/Platforms/AppleTVOS.platform/Developer/usr/bin/swift-plugin-server -external-plugin-path /Applications/Xcode-15.2.0.app/Contents/Developer/Platforms/AppleTVOS.platform/Developer/usr/local/lib/swift/host/plugins\#/Applications/Xcode-15.2.0.app/Contents/Developer/Platforms/AppleTVOS.platform/Developer/usr/bin/swift-plugin-server -plugin-path /Applications/Xcode-15.2.0.app/Contents/Developer/Toolchains/XcodeDefault.xctoolchain/usr/lib/swift/host/plugins -plugin-path /Applications/Xcode-15.2.0.app/Contents/Developer/Toolchains/XcodeDefault.xctoolchain/usr/local/lib/swift/host/plugins -o /Users/builder/builds/UKfvDsi8u/2/finestructure/swiftpackageindex-builder/spi-builder-workspace/.derivedData/Build/Intermediates.noindex/swift-numerics.build/Debug-appletvos/RealTests.build/Objects-normal/arm64/ApproximateEqualityTests.o -index-unit-output-path /swift-numerics.build/Debug-appletvos/RealTests.build/Objects-normal/arm64/ApproximateEqualityTests.o -index-store-path /Users/builder/builds/UKfvDsi8u/2/finestructure/swiftpackageindex-builder/spi-builder-workspace/.derivedData/Index.noindex/DataStore -index-system-modules
SwiftCompile normal arm64 /Users/builder/builds/UKfvDsi8u/2/finestructure/swiftpackageindex-builder/spi-builder-workspace/Tests/RealTests/ApproximateEqualityTests.swift (in target 'RealTests' from project 'swift-numerics')
    cd /Users/builder/builds/UKfvDsi8u/2/finestructure/swiftpackageindex-builder/spi-builder-workspace
    /Applications/Xcode-15.2.0.app/Contents/Developer/Toolchains/XcodeDefault.xctoolchain/usr/bin/swift-frontend -c -primary-file /Users/builder/builds/UKfvDsi8u/2/finestructure/swiftpackageindex-builder/spi-builder-workspace/Tests/RealTests/ApproximateEqualityTests.swift /Users/builder/builds/UKfvDsi8u/2/finestructure/swiftpackageindex-builder/spi-builder-workspace/Tests/RealTests/AugmentedArithmeticTests.swift /Users/builder/builds/UKfvDsi8u/2/finestructure/swiftpackageindex-builder/spi-builder-workspace/Tests/RealTests/ElementaryFunctionChecks.swift /Users/builder/builds/UKfvDsi8u/2/finestructure/swiftpackageindex-builder/spi-builder-workspace/Tests/RealTests/IntegerExponentTests.swift /Users/builder/builds/UKfvDsi8u/2/finestructure/swiftpackageindex-builder/spi-builder-workspace/Tests/RealTests/RelaxedArithmeticTests.swift -emit-dependencies-path /Users/builder/builds/UKfvDsi8u/2/finestructure/swiftpackageindex-builder/spi-builder-workspace/.derivedData/Build/Intermediates.noindex/swift-numerics.build/Debug-appletvos/RealTests.build/Objects-normal/arm64/ApproximateEqualityTests.d -emit-const-values-path /Users/builder/builds/UKfvDsi8u/2/finestructure/swiftpackageindex-builder/spi-builder-workspace/.derivedData/Build/Intermediates.noindex/swift-numerics.build/Debug-appletvos/RealTests.build/Objects-normal/arm64/ApproximateEqualityTests.swiftconstvalues -emit-reference-dependencies-path /Users/builder/builds/UKfvDsi8u/2/finestructure/swiftpackageindex-builder/spi-builder-workspace/.derivedData/Build/Intermediates.noindex/swift-numerics.build/Debug-appletvos/RealTests.build/Objects-normal/arm64/ApproximateEqualityTests.swiftdeps -serialize-diagnostics-path /Users/builder/builds/UKfvDsi8u/2/finestructure/swiftpackageindex-builder/spi-builder-workspace/.derivedData/Build/Intermediates.noindex/swift-numerics.build/Debug-appletvos/RealTests.build/Objects-normal/arm64/ApproximateEqualityTests.dia -target arm64-apple-tvos12.0 -Xllvm -aarch64-use-tbi -enable-objc-interop -sdk /Applications/Xcode-15.2.0.app/Contents/Developer/Platforms/AppleTVOS.platform/Developer/SDKs/AppleTVOS17.2.sdk -I /Users/builder/builds/UKfvDsi8u/2/finestructure/swiftpackageindex-builder/spi-builder-workspace/.derivedData/Build/Products/Debug-appletvos -I /Applications/Xcode-15.2.0.app/Contents/Developer/Platforms/AppleTVOS.platform/Developer/usr/lib -F /Users/builder/builds/UKfvDsi8u/2/finestructure/swiftpackageindex-builder/spi-builder-workspace/.derivedData/Build/Products/Debug-appletvos/PackageFrameworks -F /Users/builder/builds/UKfvDsi8u/2/finestructure/swiftpackageindex-builder/spi-builder-workspace/.derivedData/Build/Products/Debug-appletvos/PackageFrameworks -F /Users/builder/builds/UKfvDsi8u/2/finestructure/swiftpackageindex-builder/spi-builder-workspace/.derivedData/Build/Products/Debug-appletvos/PackageFrameworks -F /Users/builder/builds/UKfvDsi8u/2/finestructure/swiftpackageindex-builder/spi-builder-workspace/.derivedData/Build/Products/Debug-appletvos/PackageFrameworks -F /Users/builder/builds/UKfvDsi8u/2/finestructure/swiftpackageindex-builder/spi-builder-workspace/.derivedData/Build/Products/Debug-appletvos/PackageFrameworks -F /Users/builder/builds/UKfvDsi8u/2/finestructure/swiftpackageindex-builder/spi-builder-workspace/.derivedData/Build/Products/Debug-appletvos/PackageFrameworks -F /Users/builder/builds/UKfvDsi8u/2/finestructure/swiftpackageindex-builder/spi-builder-workspace/.derivedData/Build/Products/Debug-appletvos -F /Applications/Xcode-15.2.0.app/Contents/Developer/Platforms/AppleTVOS.platform/Developer/Library/Frameworks -F /Applications/Xcode-15.2.0.app/Contents/Developer/Platforms/AppleTVOS.platform/Developer/SDKs/AppleTVOS17.2.sdk/Developer/Library/Frameworks -no-color-diagnostics -enable-testing -g -module-cache-path /Users/builder/builds/UKfvDsi8u/2/finestructure/swiftpackageindex-builder/spi-builder-workspace/.derivedData/ModuleCache.noindex -profile-generate -profile-coverage-mapping -swift-version 5 -enforce-exclusivity\=checked -Onone -D SWIFT_PACKAGE -D DEBUG -D Xcode -serialize-debugging-options -const-gather-protocols-file /Users/builder/builds/UKfvDsi8u/2/finestructure/swiftpackageindex-builder/spi-builder-workspace/.derivedData/Build/Intermediates.noindex/swift-numerics.build/Debug-appletvos/RealTests.build/Objects-normal/arm64/RealTests_const_extract_protocols.json -empty-abi-descriptor -validate-clang-modules-once -clang-build-session-file /Users/builder/builds/UKfvDsi8u/2/finestructure/swiftpackageindex-builder/spi-builder-workspace/.derivedData/ModuleCache.noindex/Session.modulevalidation -Xcc -working-directory -Xcc /Users/builder/builds/UKfvDsi8u/2/finestructure/swiftpackageindex-builder/spi-builder-workspace -resource-dir /Applications/Xcode-15.2.0.app/Contents/Developer/Toolchains/XcodeDefault.xctoolchain/usr/lib/swift -enable-anonymous-context-mangled-names -Xcc -ivfsstatcache -Xcc /Users/builder/builds/UKfvDsi8u/2/finestructure/swiftpackageindex-builder/spi-builder-workspace/.derivedData/SDKStatCaches.noindex/appletvos17.2-21K354-d04792babcd4d6c925192122b83e5b58.sdkstatcache -Xcc -I/Users/builder/builds/UKfvDsi8u/2/finestructure/swiftpackageindex-builder/spi-builder-workspace/Sources/_NumericsShims/include -Xcc -I/Users/builder/builds/UKfvDsi8u/2/finestructure/swiftpackageindex-builder/spi-builder-workspace/.derivedData/Build/Products/Debug-appletvos/include -Xcc -I/Users/builder/builds/UKfvDsi8u/2/finestructure/swiftpackageindex-builder/spi-builder-workspace/.derivedData/Build/Intermediates.noindex/swift-numerics.build/Debug-appletvos/RealTests.build/DerivedSources-normal/arm64 -Xcc -I/Users/builder/builds/UKfvDsi8u/2/finestructure/swiftpackageindex-builder/spi-builder-workspace/.derivedData/Build/Intermediates.noindex/swift-numerics.build/Debug-appletvos/RealTests.build/DerivedSources/arm64 -Xcc -I/Users/builder/builds/UKfvDsi8u/2/finestructure/swiftpackageindex-builder/spi-builder-workspace/.derivedData/Build/Intermediates.noindex/swift-numerics.build/Debug-appletvos/RealTests.build/DerivedSources -Xcc -DSWIFT_PACKAGE -Xcc -DDEBUG\=1 -module-name RealTests -frontend-parseable-output -disable-clang-spi -target-sdk-version 17.2 -target-sdk-name appletvos17.2 -external-plugin-path /Applications/Xcode-15.2.0.app/Contents/Developer/Platforms/AppleTVOS.platform/Developer/SDKs/AppleTVOS17.2.sdk/usr/lib/swift/host/plugins\#/Applications/Xcode-15.2.0.app/Contents/Developer/Platforms/AppleTVOS.platform/Developer/SDKs/AppleTVOS17.2.sdk/usr/bin/swift-plugin-server -external-plugin-path /Applications/Xcode-15.2.0.app/Contents/Developer/Platforms/AppleTVOS.platform/Developer/SDKs/AppleTVOS17.2.sdk/usr/local/lib/swift/host/plugins\#/Applications/Xcode-15.2.0.app/Contents/Developer/Platforms/AppleTVOS.platform/Developer/SDKs/AppleTVOS17.2.sdk/usr/bin/swift-plugin-server -external-plugin-path /Applications/Xcode-15.2.0.app/Contents/Developer/Platforms/AppleTVOS.platform/Developer/usr/lib/swift/host/plugins\#/Applications/Xcode-15.2.0.app/Contents/Developer/Platforms/AppleTVOS.platform/Developer/usr/bin/swift-plugin-server -external-plugin-path /Applications/Xcode-15.2.0.app/Contents/Developer/Platforms/AppleTVOS.platform/Developer/usr/local/lib/swift/host/plugins\#/Applications/Xcode-15.2.0.app/Contents/Developer/Platforms/AppleTVOS.platform/Developer/usr/bin/swift-plugin-server -plugin-path /Applications/Xcode-15.2.0.app/Contents/Developer/Toolchains/XcodeDefault.xctoolchain/usr/lib/swift/host/plugins -plugin-path /Applications/Xcode-15.2.0.app/Contents/Developer/Toolchains/XcodeDefault.xctoolchain/usr/local/lib/swift/host/plugins -o /Users/builder/builds/UKfvDsi8u/2/finestructure/swiftpackageindex-builder/spi-builder-workspace/.derivedData/Build/Intermediates.noindex/swift-numerics.build/Debug-appletvos/RealTests.build/Objects-normal/arm64/ApproximateEqualityTests.o -index-unit-output-path /swift-numerics.build/Debug-appletvos/RealTests.build/Objects-normal/arm64/ApproximateEqualityTests.o -index-store-path /Users/builder/builds/UKfvDsi8u/2/finestructure/swiftpackageindex-builder/spi-builder-workspace/.derivedData/Index.noindex/DataStore -index-system-modules
SwiftEmitModule normal arm64 Emitting\ module\ for\ IntegerUtilitiesTests (in target 'IntegerUtilitiesTests' from project 'swift-numerics')
    cd /Users/builder/builds/UKfvDsi8u/2/finestructure/swiftpackageindex-builder/spi-builder-workspace
    builtin-swiftTaskExecution -- /Applications/Xcode-15.2.0.app/Contents/Developer/Toolchains/XcodeDefault.xctoolchain/usr/bin/swift-frontend -frontend -emit-module -experimental-skip-non-inlinable-function-bodies-without-types /Users/builder/builds/UKfvDsi8u/2/finestructure/swiftpackageindex-builder/spi-builder-workspace/Tests/IntegerUtilitiesTests/DivideTests.swift /Users/builder/builds/UKfvDsi8u/2/finestructure/swiftpackageindex-builder/spi-builder-workspace/Tests/IntegerUtilitiesTests/DoubleWidthTests.swift /Users/builder/builds/UKfvDsi8u/2/finestructure/swiftpackageindex-builder/spi-builder-workspace/Tests/IntegerUtilitiesTests/GCDTests.swift /Users/builder/builds/UKfvDsi8u/2/finestructure/swiftpackageindex-builder/spi-builder-workspace/Tests/IntegerUtilitiesTests/RotateTests.swift /Users/builder/builds/UKfvDsi8u/2/finestructure/swiftpackageindex-builder/spi-builder-workspace/Tests/IntegerUtilitiesTests/SaturatingArithmeticTests.swift /Users/builder/builds/UKfvDsi8u/2/finestructure/swiftpackageindex-builder/spi-builder-workspace/Tests/IntegerUtilitiesTests/ShiftTests.swift -target arm64-apple-tvos12.0 -Xllvm -aarch64-use-tbi -enable-objc-interop -sdk /Applications/Xcode-15.2.0.app/Contents/Developer/Platforms/AppleTVOS.platform/Developer/SDKs/AppleTVOS17.2.sdk -I /Users/builder/builds/UKfvDsi8u/2/finestructure/swiftpackageindex-builder/spi-builder-workspace/.derivedData/Build/Products/Debug-appletvos -I /Applications/Xcode-15.2.0.app/Contents/Developer/Platforms/AppleTVOS.platform/Developer/usr/lib -F /Users/builder/builds/UKfvDsi8u/2/finestructure/swiftpackageindex-builder/spi-builder-workspace/.derivedData/Build/Products/Debug-appletvos/PackageFrameworks -F /Users/builder/builds/UKfvDsi8u/2/finestructure/swiftpackageindex-builder/spi-builder-workspace/.derivedData/Build/Products/Debug-appletvos/PackageFrameworks -F /Users/builder/builds/UKfvDsi8u/2/finestructure/swiftpackageindex-builder/spi-builder-workspace/.derivedData/Build/Products/Debug-appletvos/PackageFrameworks -F /Users/builder/builds/UKfvDsi8u/2/finestructure/swiftpackageindex-builder/spi-builder-workspace/.derivedData/Build/Products/Debug-appletvos/PackageFrameworks -F /Users/builder/builds/UKfvDsi8u/2/finestructure/swiftpackageindex-builder/spi-builder-workspace/.derivedData/Build/Products/Debug-appletvos/PackageFrameworks -F /Users/builder/builds/UKfvDsi8u/2/finestructure/swiftpackageindex-builder/spi-builder-workspace/.derivedData/Build/Products/Debug-appletvos/PackageFrameworks -F /Users/builder/builds/UKfvDsi8u/2/finestructure/swiftpackageindex-builder/spi-builder-workspace/.derivedData/Build/Products/Debug-appletvos -F /Applications/Xcode-15.2.0.app/Contents/Developer/Platforms/AppleTVOS.platform/Developer/Library/Frameworks -F /Applications/Xcode-15.2.0.app/Contents/Developer/Platforms/AppleTVOS.platform/Developer/SDKs/AppleTVOS17.2.sdk/Developer/Library/Frameworks -no-color-diagnostics -enable-testing -g -module-cache-path /Users/builder/builds/UKfvDsi8u/2/finestructure/swiftpackageindex-builder/spi-builder-workspace/.derivedData/ModuleCache.noindex -profile-generate -profile-coverage-mapping -swift-version 5 -enforce-exclusivity\=checked -Onone -D SWIFT_PACKAGE -D DEBUG -D Xcode -serialize-debugging-options -const-gather-protocols-file /Users/builder/builds/UKfvDsi8u/2/finestructure/swiftpackageindex-builder/spi-builder-workspace/.derivedData/Build/Intermediates.noindex/swift-numerics.build/Debug-appletvos/IntegerUtilitiesTests.build/Objects-normal/arm64/IntegerUtilitiesTests_const_extract_protocols.json -empty-abi-descriptor -validate-clang-modules-once -clang-build-session-file /Users/builder/builds/UKfvDsi8u/2/finestructure/swiftpackageindex-builder/spi-builder-workspace/.derivedData/ModuleCache.noindex/Session.modulevalidation -Xcc -working-directory -Xcc /Users/builder/builds/UKfvDsi8u/2/finestructure/swiftpackageindex-builder/spi-builder-workspace -resource-dir /Applications/Xcode-15.2.0.app/Contents/Developer/Toolchains/XcodeDefault.xctoolchain/usr/lib/swift -enable-anonymous-context-mangled-names -Xcc -ivfsstatcache -Xcc /Users/builder/builds/UKfvDsi8u/2/finestructure/swiftpackageindex-builder/spi-builder-workspace/.derivedData/SDKStatCaches.noindex/appletvos17.2-21K354-d04792babcd4d6c925192122b83e5b58.sdkstatcache -Xcc -I/Users/builder/builds/UKfvDsi8u/2/finestructure/swiftpackageindex-builder/spi-builder-workspace/Sources/_NumericsShims/include -Xcc -I/Users/builder/builds/UKfvDsi8u/2/finestructure/swiftpackageindex-builder/spi-builder-workspace/.derivedData/Build/Products/Debug-appletvos/include -Xcc -I/Users/builder/builds/UKfvDsi8u/2/finestructure/swiftpackageindex-builder/spi-builder-workspace/.derivedData/Build/Intermediates.noindex/swift-numerics.build/Debug-appletvos/IntegerUtilitiesTests.build/DerivedSources-normal/arm64 -Xcc -I/Users/builder/builds/UKfvDsi8u/2/finestructure/swiftpackageindex-builder/spi-builder-workspace/.derivedData/Build/Intermediates.noindex/swift-numerics.build/Debug-appletvos/IntegerUtilitiesTests.build/DerivedSources/arm64 -Xcc -I/Users/builder/builds/UKfvDsi8u/2/finestructure/swiftpackageindex-builder/spi-builder-workspace/.derivedData/Build/Intermediates.noindex/swift-numerics.build/Debug-appletvos/IntegerUtilitiesTests.build/DerivedSources -Xcc -DSWIFT_PACKAGE -Xcc -DDEBUG\=1 -module-name IntegerUtilitiesTests -disable-clang-spi -target-sdk-version 17.2 -target-sdk-name appletvos17.2 -external-plugin-path /Applications/Xcode-15.2.0.app/Contents/Developer/Platforms/AppleTVOS.platform/Developer/SDKs/AppleTVOS17.2.sdk/usr/lib/swift/host/plugins\#/Applications/Xcode-15.2.0.app/Contents/Developer/Platforms/AppleTVOS.platform/Developer/SDKs/AppleTVOS17.2.sdk/usr/bin/swift-plugin-server -external-plugin-path /Applications/Xcode-15.2.0.app/Contents/Developer/Platforms/AppleTVOS.platform/Developer/SDKs/AppleTVOS17.2.sdk/usr/local/lib/swift/host/plugins\#/Applications/Xcode-15.2.0.app/Contents/Developer/Platforms/AppleTVOS.platform/Developer/SDKs/AppleTVOS17.2.sdk/usr/bin/swift-plugin-server -external-plugin-path /Applications/Xcode-15.2.0.app/Contents/Developer/Platforms/AppleTVOS.platform/Developer/usr/lib/swift/host/plugins\#/Applications/Xcode-15.2.0.app/Contents/Developer/Platforms/AppleTVOS.platform/Developer/usr/bin/swift-plugin-server -external-plugin-path /Applications/Xcode-15.2.0.app/Contents/Developer/Platforms/AppleTVOS.platform/Developer/usr/local/lib/swift/host/plugins\#/Applications/Xcode-15.2.0.app/Contents/Developer/Platforms/AppleTVOS.platform/Developer/usr/bin/swift-plugin-server -plugin-path /Applications/Xcode-15.2.0.app/Contents/Developer/Toolchains/XcodeDefault.xctoolchain/usr/lib/swift/host/plugins -plugin-path /Applications/Xcode-15.2.0.app/Contents/Developer/Toolchains/XcodeDefault.xctoolchain/usr/local/lib/swift/host/plugins -emit-module-doc-path /Users/builder/builds/UKfvDsi8u/2/finestructure/swiftpackageindex-builder/spi-builder-workspace/.derivedData/Build/Intermediates.noindex/swift-numerics.build/Debug-appletvos/IntegerUtilitiesTests.build/Objects-normal/arm64/IntegerUtilitiesTests.swiftdoc -emit-module-source-info-path /Users/builder/builds/UKfvDsi8u/2/finestructure/swiftpackageindex-builder/spi-builder-workspace/.derivedData/Build/Intermediates.noindex/swift-numerics.build/Debug-appletvos/IntegerUtilitiesTests.build/Objects-normal/arm64/IntegerUtilitiesTests.swiftsourceinfo -serialize-diagnostics-path /Users/builder/builds/UKfvDsi8u/2/finestructure/swiftpackageindex-builder/spi-builder-workspace/.derivedData/Build/Intermediates.noindex/swift-numerics.build/Debug-appletvos/IntegerUtilitiesTests.build/Objects-normal/arm64/IntegerUtilitiesTests-master-emit-module.dia -emit-dependencies-path /Users/builder/builds/UKfvDsi8u/2/finestructure/swiftpackageindex-builder/spi-builder-workspace/.derivedData/Build/Intermediates.noindex/swift-numerics.build/Debug-appletvos/IntegerUtilitiesTests.build/Objects-normal/arm64/IntegerUtilitiesTests-master-emit-module.d -o /Users/builder/builds/UKfvDsi8u/2/finestructure/swiftpackageindex-builder/spi-builder-workspace/.derivedData/Build/Intermediates.noindex/swift-numerics.build/Debug-appletvos/IntegerUtilitiesTests.build/Objects-normal/arm64/IntegerUtilitiesTests.swiftmodule -emit-abi-descriptor-path /Users/builder/builds/UKfvDsi8u/2/finestructure/swiftpackageindex-builder/spi-builder-workspace/.derivedData/Build/Intermediates.noindex/swift-numerics.build/Debug-appletvos/IntegerUtilitiesTests.build/Objects-normal/arm64/IntegerUtilitiesTests.abi.json
SwiftEmitModule normal arm64 Emitting\ module\ for\ ComplexTests (in target 'ComplexTests' from project 'swift-numerics')
    cd /Users/builder/builds/UKfvDsi8u/2/finestructure/swiftpackageindex-builder/spi-builder-workspace
    builtin-swiftTaskExecution -- /Applications/Xcode-15.2.0.app/Contents/Developer/Toolchains/XcodeDefault.xctoolchain/usr/bin/swift-frontend -frontend -emit-module -experimental-skip-non-inlinable-function-bodies-without-types /Users/builder/builds/UKfvDsi8u/2/finestructure/swiftpackageindex-builder/spi-builder-workspace/Tests/ComplexTests/ApproximateEqualityTests.swift /Users/builder/builds/UKfvDsi8u/2/finestructure/swiftpackageindex-builder/spi-builder-workspace/Tests/ComplexTests/ArithmeticTests.swift /Users/builder/builds/UKfvDsi8u/2/finestructure/swiftpackageindex-builder/spi-builder-workspace/Tests/ComplexTests/ElementaryFunctionTests.swift /Users/builder/builds/UKfvDsi8u/2/finestructure/swiftpackageindex-builder/spi-builder-workspace/Tests/ComplexTests/PropertyTests.swift -target arm64-apple-tvos12.0 -Xllvm -aarch64-use-tbi -enable-objc-interop -sdk /Applications/Xcode-15.2.0.app/Contents/Developer/Platforms/AppleTVOS.platform/Developer/SDKs/AppleTVOS17.2.sdk -I /Users/builder/builds/UKfvDsi8u/2/finestructure/swiftpackageindex-builder/spi-builder-workspace/.derivedData/Build/Products/Debug-appletvos -I /Applications/Xcode-15.2.0.app/Contents/Developer/Platforms/AppleTVOS.platform/Developer/usr/lib -F /Users/builder/builds/UKfvDsi8u/2/finestructure/swiftpackageindex-builder/spi-builder-workspace/.derivedData/Build/Products/Debug-appletvos/PackageFrameworks -F /Users/builder/builds/UKfvDsi8u/2/finestructure/swiftpackageindex-builder/spi-builder-workspace/.derivedData/Build/Products/Debug-appletvos/PackageFrameworks -F /Users/builder/builds/UKfvDsi8u/2/finestructure/swiftpackageindex-builder/spi-builder-workspace/.derivedData/Build/Products/Debug-appletvos/PackageFrameworks -F /Users/builder/builds/UKfvDsi8u/2/finestructure/swiftpackageindex-builder/spi-builder-workspace/.derivedData/Build/Products/Debug-appletvos/PackageFrameworks -F /Users/builder/builds/UKfvDsi8u/2/finestructure/swiftpackageindex-builder/spi-builder-workspace/.derivedData/Build/Products/Debug-appletvos/PackageFrameworks -F /Users/builder/builds/UKfvDsi8u/2/finestructure/swiftpackageindex-builder/spi-builder-workspace/.derivedData/Build/Products/Debug-appletvos/PackageFrameworks -F /Users/builder/builds/UKfvDsi8u/2/finestructure/swiftpackageindex-builder/spi-builder-workspace/.derivedData/Build/Products/Debug-appletvos -F /Applications/Xcode-15.2.0.app/Contents/Developer/Platforms/AppleTVOS.platform/Developer/Library/Frameworks -F /Applications/Xcode-15.2.0.app/Contents/Developer/Platforms/AppleTVOS.platform/Developer/SDKs/AppleTVOS17.2.sdk/Developer/Library/Frameworks -no-color-diagnostics -enable-testing -g -module-cache-path /Users/builder/builds/UKfvDsi8u/2/finestructure/swiftpackageindex-builder/spi-builder-workspace/.derivedData/ModuleCache.noindex -profile-generate -profile-coverage-mapping -swift-version 5 -enforce-exclusivity\=checked -Onone -D SWIFT_PACKAGE -D DEBUG -D Xcode -serialize-debugging-options -const-gather-protocols-file /Users/builder/builds/UKfvDsi8u/2/finestructure/swiftpackageindex-builder/spi-builder-workspace/.derivedData/Build/Intermediates.noindex/swift-numerics.build/Debug-appletvos/ComplexTests.build/Objects-normal/arm64/ComplexTests_const_extract_protocols.json -empty-abi-descriptor -validate-clang-modules-once -clang-build-session-file /Users/builder/builds/UKfvDsi8u/2/finestructure/swiftpackageindex-builder/spi-builder-workspace/.derivedData/ModuleCache.noindex/Session.modulevalidation -Xcc -working-directory -Xcc /Users/builder/builds/UKfvDsi8u/2/finestructure/swiftpackageindex-builder/spi-builder-workspace -resource-dir /Applications/Xcode-15.2.0.app/Contents/Developer/Toolchains/XcodeDefault.xctoolchain/usr/lib/swift -enable-anonymous-context-mangled-names -Xcc -ivfsstatcache -Xcc /Users/builder/builds/UKfvDsi8u/2/finestructure/swiftpackageindex-builder/spi-builder-workspace/.derivedData/SDKStatCaches.noindex/appletvos17.2-21K354-d04792babcd4d6c925192122b83e5b58.sdkstatcache -Xcc -I/Users/builder/builds/UKfvDsi8u/2/finestructure/swiftpackageindex-builder/spi-builder-workspace/Sources/_NumericsShims/include -Xcc -I/Users/builder/builds/UKfvDsi8u/2/finestructure/swiftpackageindex-builder/spi-builder-workspace/.derivedData/Build/Products/Debug-appletvos/include -Xcc -I/Users/builder/builds/UKfvDsi8u/2/finestructure/swiftpackageindex-builder/spi-builder-workspace/.derivedData/Build/Intermediates.noindex/swift-numerics.build/Debug-appletvos/ComplexTests.build/DerivedSources-normal/arm64 -Xcc -I/Users/builder/builds/UKfvDsi8u/2/finestructure/swiftpackageindex-builder/spi-builder-workspace/.derivedData/Build/Intermediates.noindex/swift-numerics.build/Debug-appletvos/ComplexTests.build/DerivedSources/arm64 -Xcc -I/Users/builder/builds/UKfvDsi8u/2/finestructure/swiftpackageindex-builder/spi-builder-workspace/.derivedData/Build/Intermediates.noindex/swift-numerics.build/Debug-appletvos/ComplexTests.build/DerivedSources -Xcc -DSWIFT_PACKAGE -Xcc -DDEBUG\=1 -module-name ComplexTests -disable-clang-spi -target-sdk-version 17.2 -target-sdk-name appletvos17.2 -external-plugin-path /Applications/Xcode-15.2.0.app/Contents/Developer/Platforms/AppleTVOS.platform/Developer/SDKs/AppleTVOS17.2.sdk/usr/lib/swift/host/plugins\#/Applications/Xcode-15.2.0.app/Contents/Developer/Platforms/AppleTVOS.platform/Developer/SDKs/AppleTVOS17.2.sdk/usr/bin/swift-plugin-server -external-plugin-path /Applications/Xcode-15.2.0.app/Contents/Developer/Platforms/AppleTVOS.platform/Developer/SDKs/AppleTVOS17.2.sdk/usr/local/lib/swift/host/plugins\#/Applications/Xcode-15.2.0.app/Contents/Developer/Platforms/AppleTVOS.platform/Developer/SDKs/AppleTVOS17.2.sdk/usr/bin/swift-plugin-server -external-plugin-path /Applications/Xcode-15.2.0.app/Contents/Developer/Platforms/AppleTVOS.platform/Developer/usr/lib/swift/host/plugins\#/Applications/Xcode-15.2.0.app/Contents/Developer/Platforms/AppleTVOS.platform/Developer/usr/bin/swift-plugin-server -external-plugin-path /Applications/Xcode-15.2.0.app/Contents/Developer/Platforms/AppleTVOS.platform/Developer/usr/local/lib/swift/host/plugins\#/Applications/Xcode-15.2.0.app/Contents/Developer/Platforms/AppleTVOS.platform/Developer/usr/bin/swift-plugin-server -plugin-path /Applications/Xcode-15.2.0.app/Contents/Developer/Toolchains/XcodeDefault.xctoolchain/usr/lib/swift/host/plugins -plugin-path /Applications/Xcode-15.2.0.app/Contents/Developer/Toolchains/XcodeDefault.xctoolchain/usr/local/lib/swift/host/plugins -emit-module-doc-path /Users/builder/builds/UKfvDsi8u/2/finestructure/swiftpackageindex-builder/spi-builder-workspace/.derivedData/Build/Intermediates.noindex/swift-numerics.build/Debug-appletvos/ComplexTests.build/Objects-normal/arm64/ComplexTests.swiftdoc -emit-module-source-info-path /Users/builder/builds/UKfvDsi8u/2/finestructure/swiftpackageindex-builder/spi-builder-workspace/.derivedData/Build/Intermediates.noindex/swift-numerics.build/Debug-appletvos/ComplexTests.build/Objects-normal/arm64/ComplexTests.swiftsourceinfo -serialize-diagnostics-path /Users/builder/builds/UKfvDsi8u/2/finestructure/swiftpackageindex-builder/spi-builder-workspace/.derivedData/Build/Intermediates.noindex/swift-numerics.build/Debug-appletvos/ComplexTests.build/Objects-normal/arm64/ComplexTests-master-emit-module.dia -emit-dependencies-path /Users/builder/builds/UKfvDsi8u/2/finestructure/swiftpackageindex-builder/spi-builder-workspace/.derivedData/Build/Intermediates.noindex/swift-numerics.build/Debug-appletvos/ComplexTests.build/Objects-normal/arm64/ComplexTests-master-emit-module.d -o /Users/builder/builds/UKfvDsi8u/2/finestructure/swiftpackageindex-builder/spi-builder-workspace/.derivedData/Build/Intermediates.noindex/swift-numerics.build/Debug-appletvos/ComplexTests.build/Objects-normal/arm64/ComplexTests.swiftmodule -emit-abi-descriptor-path /Users/builder/builds/UKfvDsi8u/2/finestructure/swiftpackageindex-builder/spi-builder-workspace/.derivedData/Build/Intermediates.noindex/swift-numerics.build/Debug-appletvos/ComplexTests.build/Objects-normal/arm64/ComplexTests.abi.json
SwiftCompile normal arm64 Compiling\ AugmentedArithmeticTests.swift /Users/builder/builds/UKfvDsi8u/2/finestructure/swiftpackageindex-builder/spi-builder-workspace/Tests/RealTests/AugmentedArithmeticTests.swift (in target 'RealTests' from project 'swift-numerics')
    cd /Users/builder/builds/UKfvDsi8u/2/finestructure/swiftpackageindex-builder/spi-builder-workspace
    builtin-swiftTaskExecution -- /Applications/Xcode-15.2.0.app/Contents/Developer/Toolchains/XcodeDefault.xctoolchain/usr/bin/swift-frontend -frontend -c /Users/builder/builds/UKfvDsi8u/2/finestructure/swiftpackageindex-builder/spi-builder-workspace/Tests/RealTests/ApproximateEqualityTests.swift -primary-file /Users/builder/builds/UKfvDsi8u/2/finestructure/swiftpackageindex-builder/spi-builder-workspace/Tests/RealTests/AugmentedArithmeticTests.swift /Users/builder/builds/UKfvDsi8u/2/finestructure/swiftpackageindex-builder/spi-builder-workspace/Tests/RealTests/ElementaryFunctionChecks.swift /Users/builder/builds/UKfvDsi8u/2/finestructure/swiftpackageindex-builder/spi-builder-workspace/Tests/RealTests/IntegerExponentTests.swift /Users/builder/builds/UKfvDsi8u/2/finestructure/swiftpackageindex-builder/spi-builder-workspace/Tests/RealTests/RelaxedArithmeticTests.swift -emit-dependencies-path /Users/builder/builds/UKfvDsi8u/2/finestructure/swiftpackageindex-builder/spi-builder-workspace/.derivedData/Build/Intermediates.noindex/swift-numerics.build/Debug-appletvos/RealTests.build/Objects-normal/arm64/AugmentedArithmeticTests.d -emit-const-values-path /Users/builder/builds/UKfvDsi8u/2/finestructure/swiftpackageindex-builder/spi-builder-workspace/.derivedData/Build/Intermediates.noindex/swift-numerics.build/Debug-appletvos/RealTests.build/Objects-normal/arm64/AugmentedArithmeticTests.swiftconstvalues -emit-reference-dependencies-path /Users/builder/builds/UKfvDsi8u/2/finestructure/swiftpackageindex-builder/spi-builder-workspace/.derivedData/Build/Intermediates.noindex/swift-numerics.build/Debug-appletvos/RealTests.build/Objects-normal/arm64/AugmentedArithmeticTests.swiftdeps -serialize-diagnostics-path /Users/builder/builds/UKfvDsi8u/2/finestructure/swiftpackageindex-builder/spi-builder-workspace/.derivedData/Build/Intermediates.noindex/swift-numerics.build/Debug-appletvos/RealTests.build/Objects-normal/arm64/AugmentedArithmeticTests.dia -target arm64-apple-tvos12.0 -Xllvm -aarch64-use-tbi -enable-objc-interop -sdk /Applications/Xcode-15.2.0.app/Contents/Developer/Platforms/AppleTVOS.platform/Developer/SDKs/AppleTVOS17.2.sdk -I /Users/builder/builds/UKfvDsi8u/2/finestructure/swiftpackageindex-builder/spi-builder-workspace/.derivedData/Build/Products/Debug-appletvos -I /Applications/Xcode-15.2.0.app/Contents/Developer/Platforms/AppleTVOS.platform/Developer/usr/lib -F /Users/builder/builds/UKfvDsi8u/2/finestructure/swiftpackageindex-builder/spi-builder-workspace/.derivedData/Build/Products/Debug-appletvos/PackageFrameworks -F /Users/builder/builds/UKfvDsi8u/2/finestructure/swiftpackageindex-builder/spi-builder-workspace/.derivedData/Build/Products/Debug-appletvos/PackageFrameworks -F /Users/builder/builds/UKfvDsi8u/2/finestructure/swiftpackageindex-builder/spi-builder-workspace/.derivedData/Build/Products/Debug-appletvos/PackageFrameworks -F /Users/builder/builds/UKfvDsi8u/2/finestructure/swiftpackageindex-builder/spi-builder-workspace/.derivedData/Build/Products/Debug-appletvos/PackageFrameworks -F /Users/builder/builds/UKfvDsi8u/2/finestructure/swiftpackageindex-builder/spi-builder-workspace/.derivedData/Build/Products/Debug-appletvos/PackageFrameworks -F /Users/builder/builds/UKfvDsi8u/2/finestructure/swiftpackageindex-builder/spi-builder-workspace/.derivedData/Build/Products/Debug-appletvos/PackageFrameworks -F /Users/builder/builds/UKfvDsi8u/2/finestructure/swiftpackageindex-builder/spi-builder-workspace/.derivedData/Build/Products/Debug-appletvos -F /Applications/Xcode-15.2.0.app/Contents/Developer/Platforms/AppleTVOS.platform/Developer/Library/Frameworks -F /Applications/Xcode-15.2.0.app/Contents/Developer/Platforms/AppleTVOS.platform/Developer/SDKs/AppleTVOS17.2.sdk/Developer/Library/Frameworks -no-color-diagnostics -enable-testing -g -module-cache-path /Users/builder/builds/UKfvDsi8u/2/finestructure/swiftpackageindex-builder/spi-builder-workspace/.derivedData/ModuleCache.noindex -profile-generate -profile-coverage-mapping -swift-version 5 -enforce-exclusivity\=checked -Onone -D SWIFT_PACKAGE -D DEBUG -D Xcode -serialize-debugging-options -const-gather-protocols-file /Users/builder/builds/UKfvDsi8u/2/finestructure/swiftpackageindex-builder/spi-builder-workspace/.derivedData/Build/Intermediates.noindex/swift-numerics.build/Debug-appletvos/RealTests.build/Objects-normal/arm64/RealTests_const_extract_protocols.json -empty-abi-descriptor -validate-clang-modules-once -clang-build-session-file /Users/builder/builds/UKfvDsi8u/2/finestructure/swiftpackageindex-builder/spi-builder-workspace/.derivedData/ModuleCache.noindex/Session.modulevalidation -Xcc -working-directory -Xcc /Users/builder/builds/UKfvDsi8u/2/finestructure/swiftpackageindex-builder/spi-builder-workspace -resource-dir /Applications/Xcode-15.2.0.app/Contents/Developer/Toolchains/XcodeDefault.xctoolchain/usr/lib/swift -enable-anonymous-context-mangled-names -Xcc -ivfsstatcache -Xcc /Users/builder/builds/UKfvDsi8u/2/finestructure/swiftpackageindex-builder/spi-builder-workspace/.derivedData/SDKStatCaches.noindex/appletvos17.2-21K354-d04792babcd4d6c925192122b83e5b58.sdkstatcache -Xcc -I/Users/builder/builds/UKfvDsi8u/2/finestructure/swiftpackageindex-builder/spi-builder-workspace/Sources/_NumericsShims/include -Xcc -I/Users/builder/builds/UKfvDsi8u/2/finestructure/swiftpackageindex-builder/spi-builder-workspace/.derivedData/Build/Products/Debug-appletvos/include -Xcc -I/Users/builder/builds/UKfvDsi8u/2/finestructure/swiftpackageindex-builder/spi-builder-workspace/.derivedData/Build/Intermediates.noindex/swift-numerics.build/Debug-appletvos/RealTests.build/DerivedSources-normal/arm64 -Xcc -I/Users/builder/builds/UKfvDsi8u/2/finestructure/swiftpackageindex-builder/spi-builder-workspace/.derivedData/Build/Intermediates.noindex/swift-numerics.build/Debug-appletvos/RealTests.build/DerivedSources/arm64 -Xcc -I/Users/builder/builds/UKfvDsi8u/2/finestructure/swiftpackageindex-builder/spi-builder-workspace/.derivedData/Build/Intermediates.noindex/swift-numerics.build/Debug-appletvos/RealTests.build/DerivedSources -Xcc -DSWIFT_PACKAGE -Xcc -DDEBUG\=1 -module-name RealTests -frontend-parseable-output -disable-clang-spi -target-sdk-version 17.2 -target-sdk-name appletvos17.2 -external-plugin-path /Applications/Xcode-15.2.0.app/Contents/Developer/Platforms/AppleTVOS.platform/Developer/SDKs/AppleTVOS17.2.sdk/usr/lib/swift/host/plugins\#/Applications/Xcode-15.2.0.app/Contents/Developer/Platforms/AppleTVOS.platform/Developer/SDKs/AppleTVOS17.2.sdk/usr/bin/swift-plugin-server -external-plugin-path /Applications/Xcode-15.2.0.app/Contents/Developer/Platforms/AppleTVOS.platform/Developer/SDKs/AppleTVOS17.2.sdk/usr/local/lib/swift/host/plugins\#/Applications/Xcode-15.2.0.app/Contents/Developer/Platforms/AppleTVOS.platform/Developer/SDKs/AppleTVOS17.2.sdk/usr/bin/swift-plugin-server -external-plugin-path /Applications/Xcode-15.2.0.app/Contents/Developer/Platforms/AppleTVOS.platform/Developer/usr/lib/swift/host/plugins\#/Applications/Xcode-15.2.0.app/Contents/Developer/Platforms/AppleTVOS.platform/Developer/usr/bin/swift-plugin-server -external-plugin-path /Applications/Xcode-15.2.0.app/Contents/Developer/Platforms/AppleTVOS.platform/Developer/usr/local/lib/swift/host/plugins\#/Applications/Xcode-15.2.0.app/Contents/Developer/Platforms/AppleTVOS.platform/Developer/usr/bin/swift-plugin-server -plugin-path /Applications/Xcode-15.2.0.app/Contents/Developer/Toolchains/XcodeDefault.xctoolchain/usr/lib/swift/host/plugins -plugin-path /Applications/Xcode-15.2.0.app/Contents/Developer/Toolchains/XcodeDefault.xctoolchain/usr/local/lib/swift/host/plugins -o /Users/builder/builds/UKfvDsi8u/2/finestructure/swiftpackageindex-builder/spi-builder-workspace/.derivedData/Build/Intermediates.noindex/swift-numerics.build/Debug-appletvos/RealTests.build/Objects-normal/arm64/AugmentedArithmeticTests.o -index-unit-output-path /swift-numerics.build/Debug-appletvos/RealTests.build/Objects-normal/arm64/AugmentedArithmeticTests.o -index-store-path /Users/builder/builds/UKfvDsi8u/2/finestructure/swiftpackageindex-builder/spi-builder-workspace/.derivedData/Index.noindex/DataStore -index-system-modules
SwiftCompile normal arm64 /Users/builder/builds/UKfvDsi8u/2/finestructure/swiftpackageindex-builder/spi-builder-workspace/Tests/RealTests/AugmentedArithmeticTests.swift (in target 'RealTests' from project 'swift-numerics')
    cd /Users/builder/builds/UKfvDsi8u/2/finestructure/swiftpackageindex-builder/spi-builder-workspace
    /Applications/Xcode-15.2.0.app/Contents/Developer/Toolchains/XcodeDefault.xctoolchain/usr/bin/swift-frontend -c /Users/builder/builds/UKfvDsi8u/2/finestructure/swiftpackageindex-builder/spi-builder-workspace/Tests/RealTests/ApproximateEqualityTests.swift -primary-file /Users/builder/builds/UKfvDsi8u/2/finestructure/swiftpackageindex-builder/spi-builder-workspace/Tests/RealTests/AugmentedArithmeticTests.swift /Users/builder/builds/UKfvDsi8u/2/finestructure/swiftpackageindex-builder/spi-builder-workspace/Tests/RealTests/ElementaryFunctionChecks.swift /Users/builder/builds/UKfvDsi8u/2/finestructure/swiftpackageindex-builder/spi-builder-workspace/Tests/RealTests/IntegerExponentTests.swift /Users/builder/builds/UKfvDsi8u/2/finestructure/swiftpackageindex-builder/spi-builder-workspace/Tests/RealTests/RelaxedArithmeticTests.swift -emit-dependencies-path /Users/builder/builds/UKfvDsi8u/2/finestructure/swiftpackageindex-builder/spi-builder-workspace/.derivedData/Build/Intermediates.noindex/swift-numerics.build/Debug-appletvos/RealTests.build/Objects-normal/arm64/AugmentedArithmeticTests.d -emit-const-values-path /Users/builder/builds/UKfvDsi8u/2/finestructure/swiftpackageindex-builder/spi-builder-workspace/.derivedData/Build/Intermediates.noindex/swift-numerics.build/Debug-appletvos/RealTests.build/Objects-normal/arm64/AugmentedArithmeticTests.swiftconstvalues -emit-reference-dependencies-path /Users/builder/builds/UKfvDsi8u/2/finestructure/swiftpackageindex-builder/spi-builder-workspace/.derivedData/Build/Intermediates.noindex/swift-numerics.build/Debug-appletvos/RealTests.build/Objects-normal/arm64/AugmentedArithmeticTests.swiftdeps -serialize-diagnostics-path /Users/builder/builds/UKfvDsi8u/2/finestructure/swiftpackageindex-builder/spi-builder-workspace/.derivedData/Build/Intermediates.noindex/swift-numerics.build/Debug-appletvos/RealTests.build/Objects-normal/arm64/AugmentedArithmeticTests.dia -target arm64-apple-tvos12.0 -Xllvm -aarch64-use-tbi -enable-objc-interop -sdk /Applications/Xcode-15.2.0.app/Contents/Developer/Platforms/AppleTVOS.platform/Developer/SDKs/AppleTVOS17.2.sdk -I /Users/builder/builds/UKfvDsi8u/2/finestructure/swiftpackageindex-builder/spi-builder-workspace/.derivedData/Build/Products/Debug-appletvos -I /Applications/Xcode-15.2.0.app/Contents/Developer/Platforms/AppleTVOS.platform/Developer/usr/lib -F /Users/builder/builds/UKfvDsi8u/2/finestructure/swiftpackageindex-builder/spi-builder-workspace/.derivedData/Build/Products/Debug-appletvos/PackageFrameworks -F /Users/builder/builds/UKfvDsi8u/2/finestructure/swiftpackageindex-builder/spi-builder-workspace/.derivedData/Build/Products/Debug-appletvos/PackageFrameworks -F /Users/builder/builds/UKfvDsi8u/2/finestructure/swiftpackageindex-builder/spi-builder-workspace/.derivedData/Build/Products/Debug-appletvos/PackageFrameworks -F /Users/builder/builds/UKfvDsi8u/2/finestructure/swiftpackageindex-builder/spi-builder-workspace/.derivedData/Build/Products/Debug-appletvos/PackageFrameworks -F /Users/builder/builds/UKfvDsi8u/2/finestructure/swiftpackageindex-builder/spi-builder-workspace/.derivedData/Build/Products/Debug-appletvos/PackageFrameworks -F /Users/builder/builds/UKfvDsi8u/2/finestructure/swiftpackageindex-builder/spi-builder-workspace/.derivedData/Build/Products/Debug-appletvos/PackageFrameworks -F /Users/builder/builds/UKfvDsi8u/2/finestructure/swiftpackageindex-builder/spi-builder-workspace/.derivedData/Build/Products/Debug-appletvos -F /Applications/Xcode-15.2.0.app/Contents/Developer/Platforms/AppleTVOS.platform/Developer/Library/Frameworks -F /Applications/Xcode-15.2.0.app/Contents/Developer/Platforms/AppleTVOS.platform/Developer/SDKs/AppleTVOS17.2.sdk/Developer/Library/Frameworks -no-color-diagnostics -enable-testing -g -module-cache-path /Users/builder/builds/UKfvDsi8u/2/finestructure/swiftpackageindex-builder/spi-builder-workspace/.derivedData/ModuleCache.noindex -profile-generate -profile-coverage-mapping -swift-version 5 -enforce-exclusivity\=checked -Onone -D SWIFT_PACKAGE -D DEBUG -D Xcode -serialize-debugging-options -const-gather-protocols-file /Users/builder/builds/UKfvDsi8u/2/finestructure/swiftpackageindex-builder/spi-builder-workspace/.derivedData/Build/Intermediates.noindex/swift-numerics.build/Debug-appletvos/RealTests.build/Objects-normal/arm64/RealTests_const_extract_protocols.json -empty-abi-descriptor -validate-clang-modules-once -clang-build-session-file /Users/builder/builds/UKfvDsi8u/2/finestructure/swiftpackageindex-builder/spi-builder-workspace/.derivedData/ModuleCache.noindex/Session.modulevalidation -Xcc -working-directory -Xcc /Users/builder/builds/UKfvDsi8u/2/finestructure/swiftpackageindex-builder/spi-builder-workspace -resource-dir /Applications/Xcode-15.2.0.app/Contents/Developer/Toolchains/XcodeDefault.xctoolchain/usr/lib/swift -enable-anonymous-context-mangled-names -Xcc -ivfsstatcache -Xcc /Users/builder/builds/UKfvDsi8u/2/finestructure/swiftpackageindex-builder/spi-builder-workspace/.derivedData/SDKStatCaches.noindex/appletvos17.2-21K354-d04792babcd4d6c925192122b83e5b58.sdkstatcache -Xcc -I/Users/builder/builds/UKfvDsi8u/2/finestructure/swiftpackageindex-builder/spi-builder-workspace/Sources/_NumericsShims/include -Xcc -I/Users/builder/builds/UKfvDsi8u/2/finestructure/swiftpackageindex-builder/spi-builder-workspace/.derivedData/Build/Products/Debug-appletvos/include -Xcc -I/Users/builder/builds/UKfvDsi8u/2/finestructure/swiftpackageindex-builder/spi-builder-workspace/.derivedData/Build/Intermediates.noindex/swift-numerics.build/Debug-appletvos/RealTests.build/DerivedSources-normal/arm64 -Xcc -I/Users/builder/builds/UKfvDsi8u/2/finestructure/swiftpackageindex-builder/spi-builder-workspace/.derivedData/Build/Intermediates.noindex/swift-numerics.build/Debug-appletvos/RealTests.build/DerivedSources/arm64 -Xcc -I/Users/builder/builds/UKfvDsi8u/2/finestructure/swiftpackageindex-builder/spi-builder-workspace/.derivedData/Build/Intermediates.noindex/swift-numerics.build/Debug-appletvos/RealTests.build/DerivedSources -Xcc -DSWIFT_PACKAGE -Xcc -DDEBUG\=1 -module-name RealTests -frontend-parseable-output -disable-clang-spi -target-sdk-version 17.2 -target-sdk-name appletvos17.2 -external-plugin-path /Applications/Xcode-15.2.0.app/Contents/Developer/Platforms/AppleTVOS.platform/Developer/SDKs/AppleTVOS17.2.sdk/usr/lib/swift/host/plugins\#/Applications/Xcode-15.2.0.app/Contents/Developer/Platforms/AppleTVOS.platform/Developer/SDKs/AppleTVOS17.2.sdk/usr/bin/swift-plugin-server -external-plugin-path /Applications/Xcode-15.2.0.app/Contents/Developer/Platforms/AppleTVOS.platform/Developer/SDKs/AppleTVOS17.2.sdk/usr/local/lib/swift/host/plugins\#/Applications/Xcode-15.2.0.app/Contents/Developer/Platforms/AppleTVOS.platform/Developer/SDKs/AppleTVOS17.2.sdk/usr/bin/swift-plugin-server -external-plugin-path /Applications/Xcode-15.2.0.app/Contents/Developer/Platforms/AppleTVOS.platform/Developer/usr/lib/swift/host/plugins\#/Applications/Xcode-15.2.0.app/Contents/Developer/Platforms/AppleTVOS.platform/Developer/usr/bin/swift-plugin-server -external-plugin-path /Applications/Xcode-15.2.0.app/Contents/Developer/Platforms/AppleTVOS.platform/Developer/usr/local/lib/swift/host/plugins\#/Applications/Xcode-15.2.0.app/Contents/Developer/Platforms/AppleTVOS.platform/Developer/usr/bin/swift-plugin-server -plugin-path /Applications/Xcode-15.2.0.app/Contents/Developer/Toolchains/XcodeDefault.xctoolchain/usr/lib/swift/host/plugins -plugin-path /Applications/Xcode-15.2.0.app/Contents/Developer/Toolchains/XcodeDefault.xctoolchain/usr/local/lib/swift/host/plugins -o /Users/builder/builds/UKfvDsi8u/2/finestructure/swiftpackageindex-builder/spi-builder-workspace/.derivedData/Build/Intermediates.noindex/swift-numerics.build/Debug-appletvos/RealTests.build/Objects-normal/arm64/AugmentedArithmeticTests.o -index-unit-output-path /swift-numerics.build/Debug-appletvos/RealTests.build/Objects-normal/arm64/AugmentedArithmeticTests.o -index-store-path /Users/builder/builds/UKfvDsi8u/2/finestructure/swiftpackageindex-builder/spi-builder-workspace/.derivedData/Index.noindex/DataStore -index-system-modules
SwiftDriverJobDiscovery normal arm64 Compiling main.swift (in target 'ComplexLog1p' from project 'swift-numerics')
SwiftDriverJobDiscovery normal arm64 Compiling main.swift (in target 'ComplexLog' from project 'swift-numerics')
SwiftCompile normal arm64 Compiling\ DivideTests.swift /Users/builder/builds/UKfvDsi8u/2/finestructure/swiftpackageindex-builder/spi-builder-workspace/Tests/IntegerUtilitiesTests/DivideTests.swift (in target 'IntegerUtilitiesTests' from project 'swift-numerics')
    cd /Users/builder/builds/UKfvDsi8u/2/finestructure/swiftpackageindex-builder/spi-builder-workspace
    builtin-swiftTaskExecution -- /Applications/Xcode-15.2.0.app/Contents/Developer/Toolchains/XcodeDefault.xctoolchain/usr/bin/swift-frontend -frontend -c -primary-file /Users/builder/builds/UKfvDsi8u/2/finestructure/swiftpackageindex-builder/spi-builder-workspace/Tests/IntegerUtilitiesTests/DivideTests.swift /Users/builder/builds/UKfvDsi8u/2/finestructure/swiftpackageindex-builder/spi-builder-workspace/Tests/IntegerUtilitiesTests/DoubleWidthTests.swift /Users/builder/builds/UKfvDsi8u/2/finestructure/swiftpackageindex-builder/spi-builder-workspace/Tests/IntegerUtilitiesTests/GCDTests.swift /Users/builder/builds/UKfvDsi8u/2/finestructure/swiftpackageindex-builder/spi-builder-workspace/Tests/IntegerUtilitiesTests/RotateTests.swift /Users/builder/builds/UKfvDsi8u/2/finestructure/swiftpackageindex-builder/spi-builder-workspace/Tests/IntegerUtilitiesTests/SaturatingArithmeticTests.swift /Users/builder/builds/UKfvDsi8u/2/finestructure/swiftpackageindex-builder/spi-builder-workspace/Tests/IntegerUtilitiesTests/ShiftTests.swift -emit-dependencies-path /Users/builder/builds/UKfvDsi8u/2/finestructure/swiftpackageindex-builder/spi-builder-workspace/.derivedData/Build/Intermediates.noindex/swift-numerics.build/Debug-appletvos/IntegerUtilitiesTests.build/Objects-normal/arm64/DivideTests.d -emit-const-values-path /Users/builder/builds/UKfvDsi8u/2/finestructure/swiftpackageindex-builder/spi-builder-workspace/.derivedData/Build/Intermediates.noindex/swift-numerics.build/Debug-appletvos/IntegerUtilitiesTests.build/Objects-normal/arm64/DivideTests.swiftconstvalues -emit-reference-dependencies-path /Users/builder/builds/UKfvDsi8u/2/finestructure/swiftpackageindex-builder/spi-builder-workspace/.derivedData/Build/Intermediates.noindex/swift-numerics.build/Debug-appletvos/IntegerUtilitiesTests.build/Objects-normal/arm64/DivideTests.swiftdeps -serialize-diagnostics-path /Users/builder/builds/UKfvDsi8u/2/finestructure/swiftpackageindex-builder/spi-builder-workspace/.derivedData/Build/Intermediates.noindex/swift-numerics.build/Debug-appletvos/IntegerUtilitiesTests.build/Objects-normal/arm64/DivideTests.dia -target arm64-apple-tvos12.0 -Xllvm -aarch64-use-tbi -enable-objc-interop -sdk /Applications/Xcode-15.2.0.app/Contents/Developer/Platforms/AppleTVOS.platform/Developer/SDKs/AppleTVOS17.2.sdk -I /Users/builder/builds/UKfvDsi8u/2/finestructure/swiftpackageindex-builder/spi-builder-workspace/.derivedData/Build/Products/Debug-appletvos -I /Applications/Xcode-15.2.0.app/Contents/Developer/Platforms/AppleTVOS.platform/Developer/usr/lib -F /Users/builder/builds/UKfvDsi8u/2/finestructure/swiftpackageindex-builder/spi-builder-workspace/.derivedData/Build/Products/Debug-appletvos/PackageFrameworks -F /Users/builder/builds/UKfvDsi8u/2/finestructure/swiftpackageindex-builder/spi-builder-workspace/.derivedData/Build/Products/Debug-appletvos/PackageFrameworks -F /Users/builder/builds/UKfvDsi8u/2/finestructure/swiftpackageindex-builder/spi-builder-workspace/.derivedData/Build/Products/Debug-appletvos/PackageFrameworks -F /Users/builder/builds/UKfvDsi8u/2/finestructure/swiftpackageindex-builder/spi-builder-workspace/.derivedData/Build/Products/Debug-appletvos/PackageFrameworks -F /Users/builder/builds/UKfvDsi8u/2/finestructure/swiftpackageindex-builder/spi-builder-workspace/.derivedData/Build/Products/Debug-appletvos/PackageFrameworks -F /Users/builder/builds/UKfvDsi8u/2/finestructure/swiftpackageindex-builder/spi-builder-workspace/.derivedData/Build/Products/Debug-appletvos/PackageFrameworks -F /Users/builder/builds/UKfvDsi8u/2/finestructure/swiftpackageindex-builder/spi-builder-workspace/.derivedData/Build/Products/Debug-appletvos -F /Applications/Xcode-15.2.0.app/Contents/Developer/Platforms/AppleTVOS.platform/Developer/Library/Frameworks -F /Applications/Xcode-15.2.0.app/Contents/Developer/Platforms/AppleTVOS.platform/Developer/SDKs/AppleTVOS17.2.sdk/Developer/Library/Frameworks -no-color-diagnostics -enable-testing -g -module-cache-path /Users/builder/builds/UKfvDsi8u/2/finestructure/swiftpackageindex-builder/spi-builder-workspace/.derivedData/ModuleCache.noindex -profile-generate -profile-coverage-mapping -swift-version 5 -enforce-exclusivity\=checked -Onone -D SWIFT_PACKAGE -D DEBUG -D Xcode -serialize-debugging-options -const-gather-protocols-file /Users/builder/builds/UKfvDsi8u/2/finestructure/swiftpackageindex-builder/spi-builder-workspace/.derivedData/Build/Intermediates.noindex/swift-numerics.build/Debug-appletvos/IntegerUtilitiesTests.build/Objects-normal/arm64/IntegerUtilitiesTests_const_extract_protocols.json -empty-abi-descriptor -validate-clang-modules-once -clang-build-session-file /Users/builder/builds/UKfvDsi8u/2/finestructure/swiftpackageindex-builder/spi-builder-workspace/.derivedData/ModuleCache.noindex/Session.modulevalidation -Xcc -working-directory -Xcc /Users/builder/builds/UKfvDsi8u/2/finestructure/swiftpackageindex-builder/spi-builder-workspace -resource-dir /Applications/Xcode-15.2.0.app/Contents/Developer/Toolchains/XcodeDefault.xctoolchain/usr/lib/swift -enable-anonymous-context-mangled-names -Xcc -ivfsstatcache -Xcc /Users/builder/builds/UKfvDsi8u/2/finestructure/swiftpackageindex-builder/spi-builder-workspace/.derivedData/SDKStatCaches.noindex/appletvos17.2-21K354-d04792babcd4d6c925192122b83e5b58.sdkstatcache -Xcc -I/Users/builder/builds/UKfvDsi8u/2/finestructure/swiftpackageindex-builder/spi-builder-workspace/Sources/_NumericsShims/include -Xcc -I/Users/builder/builds/UKfvDsi8u/2/finestructure/swiftpackageindex-builder/spi-builder-workspace/.derivedData/Build/Products/Debug-appletvos/include -Xcc -I/Users/builder/builds/UKfvDsi8u/2/finestructure/swiftpackageindex-builder/spi-builder-workspace/.derivedData/Build/Intermediates.noindex/swift-numerics.build/Debug-appletvos/IntegerUtilitiesTests.build/DerivedSources-normal/arm64 -Xcc -I/Users/builder/builds/UKfvDsi8u/2/finestructure/swiftpackageindex-builder/spi-builder-workspace/.derivedData/Build/Intermediates.noindex/swift-numerics.build/Debug-appletvos/IntegerUtilitiesTests.build/DerivedSources/arm64 -Xcc -I/Users/builder/builds/UKfvDsi8u/2/finestructure/swiftpackageindex-builder/spi-builder-workspace/.derivedData/Build/Intermediates.noindex/swift-numerics.build/Debug-appletvos/IntegerUtilitiesTests.build/DerivedSources -Xcc -DSWIFT_PACKAGE -Xcc -DDEBUG\=1 -module-name IntegerUtilitiesTests -frontend-parseable-output -disable-clang-spi -target-sdk-version 17.2 -target-sdk-name appletvos17.2 -external-plugin-path /Applications/Xcode-15.2.0.app/Contents/Developer/Platforms/AppleTVOS.platform/Developer/SDKs/AppleTVOS17.2.sdk/usr/lib/swift/host/plugins\#/Applications/Xcode-15.2.0.app/Contents/Developer/Platforms/AppleTVOS.platform/Developer/SDKs/AppleTVOS17.2.sdk/usr/bin/swift-plugin-server -external-plugin-path /Applications/Xcode-15.2.0.app/Contents/Developer/Platforms/AppleTVOS.platform/Developer/SDKs/AppleTVOS17.2.sdk/usr/local/lib/swift/host/plugins\#/Applications/Xcode-15.2.0.app/Contents/Developer/Platforms/AppleTVOS.platform/Developer/SDKs/AppleTVOS17.2.sdk/usr/bin/swift-plugin-server -external-plugin-path /Applications/Xcode-15.2.0.app/Contents/Developer/Platforms/AppleTVOS.platform/Developer/usr/lib/swift/host/plugins\#/Applications/Xcode-15.2.0.app/Contents/Developer/Platforms/AppleTVOS.platform/Developer/usr/bin/swift-plugin-server -external-plugin-path /Applications/Xcode-15.2.0.app/Contents/Developer/Platforms/AppleTVOS.platform/Developer/usr/local/lib/swift/host/plugins\#/Applications/Xcode-15.2.0.app/Contents/Developer/Platforms/AppleTVOS.platform/Developer/usr/bin/swift-plugin-server -plugin-path /Applications/Xcode-15.2.0.app/Contents/Developer/Toolchains/XcodeDefault.xctoolchain/usr/lib/swift/host/plugins -plugin-path /Applications/Xcode-15.2.0.app/Contents/Developer/Toolchains/XcodeDefault.xctoolchain/usr/local/lib/swift/host/plugins -o /Users/builder/builds/UKfvDsi8u/2/finestructure/swiftpackageindex-builder/spi-builder-workspace/.derivedData/Build/Intermediates.noindex/swift-numerics.build/Debug-appletvos/IntegerUtilitiesTests.build/Objects-normal/arm64/DivideTests.o -index-unit-output-path /swift-numerics.build/Debug-appletvos/IntegerUtilitiesTests.build/Objects-normal/arm64/DivideTests.o -index-store-path /Users/builder/builds/UKfvDsi8u/2/finestructure/swiftpackageindex-builder/spi-builder-workspace/.derivedData/Index.noindex/DataStore -index-system-modules
Command SwiftCompile failed with a nonzero exit code
SwiftDriver\ Compilation\ Requirements RealTests normal arm64 com.apple.xcode.tools.swift.compiler (in target 'RealTests' from project 'swift-numerics')
    cd /Users/builder/builds/UKfvDsi8u/2/finestructure/swiftpackageindex-builder/spi-builder-workspace
    builtin-Swift-Compilation-Requirements -- /Applications/Xcode-15.2.0.app/Contents/Developer/Toolchains/XcodeDefault.xctoolchain/usr/bin/swiftc -module-name RealTests -Onone -enforce-exclusivity\=checked @/Users/builder/builds/UKfvDsi8u/2/finestructure/swiftpackageindex-builder/spi-builder-workspace/.derivedData/Build/Intermediates.noindex/swift-numerics.build/Debug-appletvos/RealTests.build/Objects-normal/arm64/RealTests.SwiftFileList -DSWIFT_PACKAGE -DDEBUG -DXcode -sdk /Applications/Xcode-15.2.0.app/Contents/Developer/Platforms/AppleTVOS.platform/Developer/SDKs/AppleTVOS17.2.sdk -target arm64-apple-tvos12.0 -g -module-cache-path /Users/builder/builds/UKfvDsi8u/2/finestructure/swiftpackageindex-builder/spi-builder-workspace/.derivedData/ModuleCache.noindex -Xfrontend -serialize-debugging-options -profile-coverage-mapping -profile-generate -enable-testing -index-store-path /Users/builder/builds/UKfvDsi8u/2/finestructure/swiftpackageindex-builder/spi-builder-workspace/.derivedData/Index.noindex/DataStore -swift-version 5 -I /Users/builder/builds/UKfvDsi8u/2/finestructure/swiftpackageindex-builder/spi-builder-workspace/.derivedData/Build/Products/Debug-appletvos -I /Applications/Xcode-15.2.0.app/Contents/Developer/Platforms/AppleTVOS.platform/Developer/usr/lib -F /Users/builder/builds/UKfvDsi8u/2/finestructure/swiftpackageindex-builder/spi-builder-workspace/.derivedData/Build/Products/Debug-appletvos/PackageFrameworks -F /Users/builder/builds/UKfvDsi8u/2/finestructure/swiftpackageindex-builder/spi-builder-workspace/.derivedData/Build/Products/Debug-appletvos/PackageFrameworks -F /Users/builder/builds/UKfvDsi8u/2/finestructure/swiftpackageindex-builder/spi-builder-workspace/.derivedData/Build/Products/Debug-appletvos/PackageFrameworks -F /Users/builder/builds/UKfvDsi8u/2/finestructure/swiftpackageindex-builder/spi-builder-workspace/.derivedData/Build/Products/Debug-appletvos/PackageFrameworks -F /Users/builder/builds/UKfvDsi8u/2/finestructure/swiftpackageindex-builder/spi-builder-workspace/.derivedData/Build/Products/Debug-appletvos/PackageFrameworks -F /Users/builder/builds/UKfvDsi8u/2/finestructure/swiftpackageindex-builder/spi-builder-workspace/.derivedData/Build/Products/Debug-appletvos/PackageFrameworks -F /Users/builder/builds/UKfvDsi8u/2/finestructure/swiftpackageindex-builder/spi-builder-workspace/.derivedData/Build/Products/Debug-appletvos -F /Applications/Xcode-15.2.0.app/Contents/Developer/Platforms/AppleTVOS.platform/Developer/Library/Frameworks -F /Applications/Xcode-15.2.0.app/Contents/Developer/Platforms/AppleTVOS.platform/Developer/SDKs/AppleTVOS17.2.sdk/Developer/Library/Frameworks -c -j8 -enable-batch-mode -incremental -Xcc -ivfsstatcache -Xcc /Users/builder/builds/UKfvDsi8u/2/finestructure/swiftpackageindex-builder/spi-builder-workspace/.derivedData/SDKStatCaches.noindex/appletvos17.2-21K354-d04792babcd4d6c925192122b83e5b58.sdkstatcache -output-file-map /Users/builder/builds/UKfvDsi8u/2/finestructure/swiftpackageindex-builder/spi-builder-workspace/.derivedData/Build/Intermediates.noindex/swift-numerics.build/Debug-appletvos/RealTests.build/Objects-normal/arm64/RealTests-OutputFileMap.json -use-frontend-parseable-output -save-temps -no-color-diagnostics -serialize-diagnostics -emit-dependencies -emit-module -emit-module-path /Users/builder/builds/UKfvDsi8u/2/finestructure/swiftpackageindex-builder/spi-builder-workspace/.derivedData/Build/Intermediates.noindex/swift-numerics.build/Debug-appletvos/RealTests.build/Objects-normal/arm64/RealTests.swiftmodule -validate-clang-modules-once -clang-build-session-file /Users/builder/builds/UKfvDsi8u/2/finestructure/swiftpackageindex-builder/spi-builder-workspace/.derivedData/ModuleCache.noindex/Session.modulevalidation -emit-const-values -Xfrontend -const-gather-protocols-file -Xfrontend /Users/builder/builds/UKfvDsi8u/2/finestructure/swiftpackageindex-builder/spi-builder-workspace/.derivedData/Build/Intermediates.noindex/swift-numerics.build/Debug-appletvos/RealTests.build/Objects-normal/arm64/RealTests_const_extract_protocols.json -Xcc -I/Users/builder/builds/UKfvDsi8u/2/finestructure/swiftpackageindex-builder/spi-builder-workspace/Sources/_NumericsShims/include -Xcc -I/Users/builder/builds/UKfvDsi8u/2/finestructure/swiftpackageindex-builder/spi-builder-workspace/.derivedData/Build/Products/Debug-appletvos/include -Xcc -I/Users/builder/builds/UKfvDsi8u/2/finestructure/swiftpackageindex-builder/spi-builder-workspace/.derivedData/Build/Intermediates.noindex/swift-numerics.build/Debug-appletvos/RealTests.build/DerivedSources-normal/arm64 -Xcc -I/Users/builder/builds/UKfvDsi8u/2/finestructure/swiftpackageindex-builder/spi-builder-workspace/.derivedData/Build/Intermediates.noindex/swift-numerics.build/Debug-appletvos/RealTests.build/DerivedSources/arm64 -Xcc -I/Users/builder/builds/UKfvDsi8u/2/finestructure/swiftpackageindex-builder/spi-builder-workspace/.derivedData/Build/Intermediates.noindex/swift-numerics.build/Debug-appletvos/RealTests.build/DerivedSources -Xcc -DSWIFT_PACKAGE -Xcc -DDEBUG\=1 -working-directory /Users/builder/builds/UKfvDsi8u/2/finestructure/swiftpackageindex-builder/spi-builder-workspace -experimental-emit-module-separately -disable-cmo
objc[51040]: Class XROS1_1SimRuntime is implemented in both /Library/Developer/CoreSimulator/Volumes/xrOS_21O209/Library/Developer/CoreSimulator/Profiles/Runtimes/xrOS 1.1.simruntime/Contents/MacOS/xrOS 1.1 (0x10b3980e0) and /Library/Developer/CoreSimulator/Volumes/xrOS_21O5181e/Library/Developer/CoreSimulator/Profiles/Runtimes/xrOS 1.1.simruntime/Contents/MacOS/xrOS 1.1 (0x10b5fc0e0). One of the two will be used. Which one is undefined.
** BUILD FAILED **
The following build commands failed:
	SwiftEmitModule normal arm64 Emitting\ module\ for\ RealTests (in target 'RealTests' from project 'swift-numerics')
	SwiftCompile normal arm64 Compiling\ DivideTests.swift /Users/builder/builds/UKfvDsi8u/2/finestructure/swiftpackageindex-builder/spi-builder-workspace/Tests/IntegerUtilitiesTests/DivideTests.swift (in target 'IntegerUtilitiesTests' from project 'swift-numerics')
(2 failures)
BUILD FAILURE 5.9 tvOS

Build Machine: Mac 7