The Swift Package Index logo.Swift Package Index

Build Information

Failed to build SwifQL with Swift 5.10 for Linux.

Build Command

bash -c docker run --rm -v "checkouts-4609320-0":/host -w "$workDir" registry.gitlab.com/finestructure/spi-images:basic-5.10-latest swift build 2>&1

Build Log

========================================
RunAll
========================================
Builder version: 4.29.0
Interrupt handler set up.
========================================
Checkout
========================================
Clone URL: https://github.com/SwifQL/SwifQL.git
Reference: master
Initialized empty Git repository in /host/spi-builder-workspace/.git/
hint: Using 'master' as the name for the initial branch. This default branch name
hint: is subject to change. To configure the initial branch name to use in all
hint: of your new repositories, which will suppress this warning, call:
hint:
hint: 	git config --global init.defaultBranch <name>
hint:
hint: Names commonly chosen instead of 'master' are 'main', 'trunk' and
hint: 'development'. The just-created branch can be renamed via this command:
hint:
hint: 	git branch -m <name>
From https://github.com/SwifQL/SwifQL
 * branch            master     -> FETCH_HEAD
 * [new branch]      master     -> origin/master
HEAD is now at 6ce13b9 🐼 Describe Update in Readme (#55) by @tierracero
Cloned https://github.com/SwifQL/SwifQL.git
Revision (git rev-parse @):
6ce13b9c8077fa9421ea38c6fbffe9e401478586
SUCCESS checkout https://github.com/SwifQL/SwifQL.git at master
========================================
Build
========================================
Selected platform:         linux
Swift version:             5.10
Building package at path:  $workDir
https://github.com/SwifQL/SwifQL.git
Running build ...
bash -c docker run --rm -v "checkouts-4609320-0":/host -w "$workDir" registry.gitlab.com/finestructure/spi-images:basic-5.10-latest swift build 2>&1
Building for debugging...
[0/2] Write sources
[1/2] Write swift-version-24593BA9C3E375BF.txt
[3/163] Emitting module SwifQL
/host/spi-builder-workspace/Sources/SwifQL/Builders/QueryBuilder.swift:27:2: warning: '@_functionBuilder' has been renamed to '@resultBuilder'
@_functionBuilder public struct QueryBuilder {
 ^~~~~~~~~~~~~~~~
 resultBuilder
/host/spi-builder-workspace/Sources/SwifQL/QueryBuilderable.swift:10:35: warning: using 'class' keyword to define a class-constrained protocol is deprecated; use 'AnyObject' instead
public protocol QueryBuilderable: class {
                                  ^~~~~
                                  AnyObject
[4/185] Compiling SwifQL SwifQLable+Offset.swift
[5/185] Compiling SwifQL SwifQLable+On.swift
[6/185] Compiling SwifQL SwifQLable+Or.swift
[7/185] Compiling SwifQL SwifQLable+OrderBy.swift
[8/185] Compiling SwifQL SwifQLable+Over.swift
[9/185] Compiling SwifQL SwifQLable+Overlaps.swift
[10/185] Compiling SwifQL SwifQLable+Owner.swift
[11/185] Compiling SwifQL SwifQLable+PartitionBy.swift
[12/185] Compiling SwifQL SwifQLable+Primary.swift
[13/185] Compiling SwifQL SwifQLable+Raw.swift
[14/185] Compiling SwifQL SwifQLable+References.swift
[15/185] Compiling SwifQL SwifQLable+Rename.swift
[16/185] Compiling SwifQL SwifQLable+Restrict.swift
[17/185] Compiling SwifQL SwifQLable+Return.swift
[18/185] Compiling SwifQL SwifQLable+Returning.swift
[19/185] Compiling SwifQL SwifQLable+Rollback.swift
[20/185] Compiling SwifQL SwifQLable+Schema.swift
[21/185] Compiling SwifQL SwifQLable+Select.swift
[22/185] Compiling SwifQL SwifQLable+Semicolon.swift
[23/185] Compiling SwifQL SwifQLable+Set.swift
[24/185] Compiling SwifQL SwifQLable+Space.swift
[25/185] Compiling SwifQL SwifQLable+Subscript.swift
[26/185] Compiling SwifQL SwifQLable+Asterisk.swift
[27/185] Compiling SwifQL SwifQLable+Before.swift
[28/185] Compiling SwifQL SwifQLable+Begin.swift
[29/185] Compiling SwifQL SwifQLable+Between.swift
[30/185] Compiling SwifQL SwifQLable+Cascade.swift
[31/185] Compiling SwifQL SwifQLable+Check.swift
[32/185] Compiling SwifQL SwifQLable+Column.swift
[33/185] Compiling SwifQL SwifQLable+Commit.swift
[34/185] Compiling SwifQL SwifQLable+Conflict.swift
[35/185] Compiling SwifQL SwifQLable+Constraint.swift
[36/185] Compiling SwifQL SwifQLable+Create.swift
[37/185] Compiling SwifQL SwifQLable+Default.swift
[38/185] Compiling SwifQL SwifQLable+Delete.swift
[39/185] Compiling SwifQL SwifQLable+Distinct.swift
[40/185] Compiling SwifQL SwifQLable+Do.swift
[41/185] Compiling SwifQL SwifQLable+Drop.swift
[42/185] Compiling SwifQL SwifQLable+End.swift
[43/185] Compiling SwifQL SwifQLable+Epoch.swift
[44/185] Compiling SwifQL SwifQLable+Exists.swift
[45/185] Compiling SwifQL SwifQLable+Filter.swift
[46/185] Compiling SwifQL SwifQLable+From.swift
[47/185] Compiling SwifQL SwifQLable+Fulltext.swift
[48/185] Compiling SwifQL SwifQLable+Function.swift
[49/185] Compiling SwifQL SwifQLable+GroupBy.swift
[50/185] Compiling SwifQL SwifQLable+Having.swift
[51/185] Compiling SwifQL SwifQLable+ILike.swift
[52/185] Compiling SwifQL SwifQLable+If.swift
[53/185] Compiling SwifQL SwifQLable+In.swift
[54/185] Compiling SwifQL SwifQLable+InsertInto.swift
[55/185] Compiling SwifQL SwifQLable+Interval.swift
[56/185] Compiling SwifQL SwifQLable+IsNotNull.swift
[57/185] Compiling SwifQL SwifQLable+IsNull.swift
[58/185] Compiling SwifQL SwifQLable+Items.swift
[59/185] Compiling SwifQL SwifQLable+Join.swift
[60/185] Compiling SwifQL SwifQLable+Key.swift
[61/185] Compiling SwifQL SwifQLable+Like.swift
[62/185] Compiling SwifQL SwifQLable+Limit.swift
[63/185] Compiling SwifQL SwifQLable+No.swift
[64/185] Compiling SwifQL SwifQLable+Not.swift
[65/185] Compiling SwifQL SwifQLable+NotBetween.swift
[66/185] Compiling SwifQL SwifQLable+NotExists.swift
[67/185] Compiling SwifQL SwifQLable+NotILike.swift
[68/185] Compiling SwifQL SwifQLable+NotIn.swift
[69/185] Compiling SwifQL SwifQLable+NotLike.swift
[70/185] Compiling SwifQL SwifQLable+Nothing.swift
[71/185] Compiling SwifQL SwifQLable+Null.swift
[72/185] Compiling SwifQL Dialect+Postgres.swift
[73/185] Compiling SwifQL Dialect.swift
[74/185] Compiling SwifQL Enum.swift
[75/185] Compiling SwifQL Array+SwifQLable.swift
[76/185] Compiling SwifQL Column+AutoType.swift
[77/185] Compiling SwifQL Decodable+Table.swift
[78/185] Compiling SwifQL StringExtensions.swift
[79/185] Compiling SwifQL ExtractFieldValue.swift
[80/185] Compiling SwifQL FluentKitFieldable.swift
[81/185] Compiling SwifQL FormattedKeyPath.swift
[82/185] Compiling SwifQL Formatter.swift
[83/185] Compiling SwifQL SwifQLableFunctionBuilder.swift
[84/185] Compiling SwifQL Functions+Array.swift
[85/185] Compiling SwifQL Functions+General.swift
[86/185] Compiling SwifQL Functions+MySQL.swift
[87/185] Compiling SwifQL Functions+Numeric.swift
[88/185] Compiling SwifQL Functions+PostgresBool.swift
[89/185] Compiling SwifQL Functions+PostgresJSON.swift
[90/185] Compiling SwifQL Functions+PostgresJSONB.swift
[91/185] Compiling SwifQL Functions+PostgresSeries.swift
[92/185] Compiling SwifQL Functions+PostgresTime.swift
[93/185] Compiling SwifQL Functions+String.swift
[94/185] Compiling SwifQL Functions+TextSearch.swift
[95/185] Compiling SwifQL Alias.swift
/host/spi-builder-workspace/Sources/SwifQL/Builders/QueryBuilder.swift:27:2: warning: '@_functionBuilder' has been renamed to '@resultBuilder'
@_functionBuilder public struct QueryBuilder {
 ^~~~~~~~~~~~~~~~
 resultBuilder
[96/185] Compiling SwifQL CaseWhen.swift
/host/spi-builder-workspace/Sources/SwifQL/Builders/QueryBuilder.swift:27:2: warning: '@_functionBuilder' has been renamed to '@resultBuilder'
@_functionBuilder public struct QueryBuilder {
 ^~~~~~~~~~~~~~~~
 resultBuilder
[97/185] Compiling SwifQL Distinct.swift
/host/spi-builder-workspace/Sources/SwifQL/Builders/QueryBuilder.swift:27:2: warning: '@_functionBuilder' has been renamed to '@resultBuilder'
@_functionBuilder public struct QueryBuilder {
 ^~~~~~~~~~~~~~~~
 resultBuilder
[98/185] Compiling SwifQL GenericTableSelector.swift
/host/spi-builder-workspace/Sources/SwifQL/Builders/QueryBuilder.swift:27:2: warning: '@_functionBuilder' has been renamed to '@resultBuilder'
@_functionBuilder public struct QueryBuilder {
 ^~~~~~~~~~~~~~~~
 resultBuilder
[99/185] Compiling SwifQL NewColumn.swift
/host/spi-builder-workspace/Sources/SwifQL/Builders/QueryBuilder.swift:27:2: warning: '@_functionBuilder' has been renamed to '@resultBuilder'
@_functionBuilder public struct QueryBuilder {
 ^~~~~~~~~~~~~~~~
 resultBuilder
[100/185] Compiling SwifQL PostgresArray.swift
/host/spi-builder-workspace/Sources/SwifQL/Builders/QueryBuilder.swift:27:2: warning: '@_functionBuilder' has been renamed to '@resultBuilder'
@_functionBuilder public struct QueryBuilder {
 ^~~~~~~~~~~~~~~~
 resultBuilder
[101/185] Compiling SwifQL PostgresJsonObject.swift
/host/spi-builder-workspace/Sources/SwifQL/Builders/QueryBuilder.swift:27:2: warning: '@_functionBuilder' has been renamed to '@resultBuilder'
@_functionBuilder public struct QueryBuilder {
 ^~~~~~~~~~~~~~~~
 resultBuilder
[102/185] Compiling SwifQL QueryBuilder.swift
/host/spi-builder-workspace/Sources/SwifQL/Builders/QueryBuilder.swift:27:2: warning: '@_functionBuilder' has been renamed to '@resultBuilder'
@_functionBuilder public struct QueryBuilder {
 ^~~~~~~~~~~~~~~~
 resultBuilder
[103/185] Compiling SwifQL CreateSchemaBuilder.swift
/host/spi-builder-workspace/Sources/SwifQL/Builders/QueryBuilder.swift:27:2: warning: '@_functionBuilder' has been renamed to '@resultBuilder'
@_functionBuilder public struct QueryBuilder {
 ^~~~~~~~~~~~~~~~
 resultBuilder
[104/185] Compiling SwifQL DropSchemaBuilder.swift
/host/spi-builder-workspace/Sources/SwifQL/Builders/QueryBuilder.swift:27:2: warning: '@_functionBuilder' has been renamed to '@resultBuilder'
@_functionBuilder public struct QueryBuilder {
 ^~~~~~~~~~~~~~~~
 resultBuilder
[105/185] Compiling SwifQL UpdateSchemaChangeOwner.swift
/host/spi-builder-workspace/Sources/SwifQL/Builders/QueryBuilder.swift:27:2: warning: '@_functionBuilder' has been renamed to '@resultBuilder'
@_functionBuilder public struct QueryBuilder {
 ^~~~~~~~~~~~~~~~
 resultBuilder
[106/185] Compiling SwifQL UpdateSchemaRename.swift
/host/spi-builder-workspace/Sources/SwifQL/Builders/QueryBuilder.swift:27:2: warning: '@_functionBuilder' has been renamed to '@resultBuilder'
@_functionBuilder public struct QueryBuilder {
 ^~~~~~~~~~~~~~~~
 resultBuilder
[107/185] Compiling SwifQL SwifQLJoinBuilder.swift
/host/spi-builder-workspace/Sources/SwifQL/Builders/QueryBuilder.swift:27:2: warning: '@_functionBuilder' has been renamed to '@resultBuilder'
@_functionBuilder public struct QueryBuilder {
 ^~~~~~~~~~~~~~~~
 resultBuilder
[108/185] Compiling SwifQL SwifQLSelectBuilder.swift
/host/spi-builder-workspace/Sources/SwifQL/Builders/QueryBuilder.swift:27:2: warning: '@_functionBuilder' has been renamed to '@resultBuilder'
@_functionBuilder public struct QueryBuilder {
 ^~~~~~~~~~~~~~~~
 resultBuilder
[109/185] Compiling SwifQL CreateTableBuilder.swift
/host/spi-builder-workspace/Sources/SwifQL/Builders/QueryBuilder.swift:27:2: warning: '@_functionBuilder' has been renamed to '@resultBuilder'
@_functionBuilder public struct QueryBuilder {
 ^~~~~~~~~~~~~~~~
 resultBuilder
[110/185] Compiling SwifQL DropTableBuilder.swift
/host/spi-builder-workspace/Sources/SwifQL/Builders/QueryBuilder.swift:27:2: warning: '@_functionBuilder' has been renamed to '@resultBuilder'
@_functionBuilder public struct QueryBuilder {
 ^~~~~~~~~~~~~~~~
 resultBuilder
[111/185] Compiling SwifQL UpdateTableBuilder.swift
/host/spi-builder-workspace/Sources/SwifQL/Builders/QueryBuilder.swift:27:2: warning: '@_functionBuilder' has been renamed to '@resultBuilder'
@_functionBuilder public struct QueryBuilder {
 ^~~~~~~~~~~~~~~~
 resultBuilder
[112/185] Compiling SwifQL Union.swift
/host/spi-builder-workspace/Sources/SwifQL/Builders/QueryBuilder.swift:27:2: warning: '@_functionBuilder' has been renamed to '@resultBuilder'
@_functionBuilder public struct QueryBuilder {
 ^~~~~~~~~~~~~~~~
 resultBuilder
[113/185] Compiling SwifQL With.swift
/host/spi-builder-workspace/Sources/SwifQL/Builders/QueryBuilder.swift:27:2: warning: '@_functionBuilder' has been renamed to '@resultBuilder'
@_functionBuilder public struct QueryBuilder {
 ^~~~~~~~~~~~~~~~
 resultBuilder
[114/185] Compiling SwifQL Codable.swift
/host/spi-builder-workspace/Sources/SwifQL/Builders/QueryBuilder.swift:27:2: warning: '@_functionBuilder' has been renamed to '@resultBuilder'
@_functionBuilder public struct QueryBuilder {
 ^~~~~~~~~~~~~~~~
 resultBuilder
[115/185] Compiling SwifQL Column.swift
/host/spi-builder-workspace/Sources/SwifQL/Builders/QueryBuilder.swift:27:2: warning: '@_functionBuilder' has been renamed to '@resultBuilder'
@_functionBuilder public struct QueryBuilder {
 ^~~~~~~~~~~~~~~~
 resultBuilder
[116/185] Compiling SwifQL Constraint.swift
/host/spi-builder-workspace/Sources/SwifQL/Builders/QueryBuilder.swift:27:2: warning: '@_functionBuilder' has been renamed to '@resultBuilder'
@_functionBuilder public struct QueryBuilder {
 ^~~~~~~~~~~~~~~~
 resultBuilder
[117/185] Compiling SwifQL Dialect+MySQL.swift
/host/spi-builder-workspace/Sources/SwifQL/Builders/QueryBuilder.swift:27:2: warning: '@_functionBuilder' has been renamed to '@resultBuilder'
@_functionBuilder public struct QueryBuilder {
 ^~~~~~~~~~~~~~~~
 resultBuilder
[118/185] Compiling SwifQL SwifQLable+Table.swift
[119/185] Compiling SwifQL SwifQLable+Timestamp.swift
[120/185] Compiling SwifQL SwifQLable+To.swift
[121/185] Compiling SwifQL SwifQLable+Type.swift
[122/185] Compiling SwifQL SwifQLable+Union.swift
[123/185] Compiling SwifQL SwifQLable+Unique.swift
[124/185] Compiling SwifQL SwifQLable+Update.swift
[125/185] Compiling SwifQL SwifQLable+Value.swift
[126/185] Compiling SwifQL SwifQLable+Values.swift
[127/185] Compiling SwifQL SwifQLable+Where.swift
[128/185] Compiling SwifQL SwifQLable+WhereExists.swift
[129/185] Compiling SwifQL SwifQLable+WhereNotExists.swift
[130/185] Compiling SwifQL SwifQLable+Window.swift
[131/185] Compiling SwifQL SwifQLable+With.swift
[132/185] Compiling SwifQL SwifQLable.swift
[133/185] Compiling SwifQL SwifQLableArraySeparator.swift
[134/185] Compiling SwifQL Table.swift
[135/185] Compiling SwifQL TableAlias.swift
[136/185] Compiling SwifQL Type+Autodetect.swift
[137/185] Compiling SwifQL Type+SwifQLable.swift
[138/185] Compiling SwifQL Type.swift
[139/185] Compiling SwifQL _Todo.swift
[140/185] Compiling SwifQL Path+SchemaWithTable.swift
/host/spi-builder-workspace/Sources/SwifQL/QueryBuilderable.swift:10:35: warning: using 'class' keyword to define a class-constrained protocol is deprecated; use 'AnyObject' instead
public protocol QueryBuilderable: class {
                                  ^~~~~
                                  AnyObject
[141/185] Compiling SwifQL Path+SchemaWithTableAndColumn.swift
/host/spi-builder-workspace/Sources/SwifQL/QueryBuilderable.swift:10:35: warning: using 'class' keyword to define a class-constrained protocol is deprecated; use 'AnyObject' instead
public protocol QueryBuilderable: class {
                                  ^~~~~
                                  AnyObject
[142/185] Compiling SwifQL Path+Table.swift
/host/spi-builder-workspace/Sources/SwifQL/QueryBuilderable.swift:10:35: warning: using 'class' keyword to define a class-constrained protocol is deprecated; use 'AnyObject' instead
public protocol QueryBuilderable: class {
                                  ^~~~~
                                  AnyObject
[143/185] Compiling SwifQL Path+TableWithColumn.swift
/host/spi-builder-workspace/Sources/SwifQL/QueryBuilderable.swift:10:35: warning: using 'class' keyword to define a class-constrained protocol is deprecated; use 'AnyObject' instead
public protocol QueryBuilderable: class {
                                  ^~~~~
                                  AnyObject
[144/185] Compiling SwifQL Path.swift
/host/spi-builder-workspace/Sources/SwifQL/QueryBuilderable.swift:10:35: warning: using 'class' keyword to define a class-constrained protocol is deprecated; use 'AnyObject' instead
public protocol QueryBuilderable: class {
                                  ^~~~~
                                  AnyObject
[145/185] Compiling SwifQL Predicates.swift
/host/spi-builder-workspace/Sources/SwifQL/QueryBuilderable.swift:10:35: warning: using 'class' keyword to define a class-constrained protocol is deprecated; use 'AnyObject' instead
public protocol QueryBuilderable: class {
                                  ^~~~~
                                  AnyObject
[146/185] Compiling SwifQL Prepared.swift
/host/spi-builder-workspace/Sources/SwifQL/QueryBuilderable.swift:10:35: warning: using 'class' keyword to define a class-constrained protocol is deprecated; use 'AnyObject' instead
public protocol QueryBuilderable: class {
                                  ^~~~~
                                  AnyObject
[147/185] Compiling SwifQL QueryBuilderable.swift
/host/spi-builder-workspace/Sources/SwifQL/QueryBuilderable.swift:10:35: warning: using 'class' keyword to define a class-constrained protocol is deprecated; use 'AnyObject' instead
public protocol QueryBuilderable: class {
                                  ^~~~~
                                  AnyObject
[148/185] Compiling SwifQL QueryParts.swift
/host/spi-builder-workspace/Sources/SwifQL/QueryBuilderable.swift:10:35: warning: using 'class' keyword to define a class-constrained protocol is deprecated; use 'AnyObject' instead
public protocol QueryBuilderable: class {
                                  ^~~~~
                                  AnyObject
[149/185] Compiling SwifQL ReferentialAction.swift
/host/spi-builder-workspace/Sources/SwifQL/QueryBuilderable.swift:10:35: warning: using 'class' keyword to define a class-constrained protocol is deprecated; use 'AnyObject' instead
public protocol QueryBuilderable: class {
                                  ^~~~~
                                  AnyObject
[150/185] Compiling SwifQL Schema.swift
/host/spi-builder-workspace/Sources/SwifQL/QueryBuilderable.swift:10:35: warning: using 'class' keyword to define a class-constrained protocol is deprecated; use 'AnyObject' instead
public protocol QueryBuilderable: class {
                                  ^~~~~
                                  AnyObject
[151/185] Compiling SwifQL Schemable.swift
/host/spi-builder-workspace/Sources/SwifQL/QueryBuilderable.swift:10:35: warning: using 'class' keyword to define a class-constrained protocol is deprecated; use 'AnyObject' instead
public protocol QueryBuilderable: class {
                                  ^~~~~
                                  AnyObject
[152/185] Compiling SwifQL SplittedQuery.swift
/host/spi-builder-workspace/Sources/SwifQL/QueryBuilderable.swift:10:35: warning: using 'class' keyword to define a class-constrained protocol is deprecated; use 'AnyObject' instead
public protocol QueryBuilderable: class {
                                  ^~~~~
                                  AnyObject
[153/185] Compiling SwifQL SwifQL.swift
/host/spi-builder-workspace/Sources/SwifQL/QueryBuilderable.swift:10:35: warning: using 'class' keyword to define a class-constrained protocol is deprecated; use 'AnyObject' instead
public protocol QueryBuilderable: class {
                                  ^~~~~
                                  AnyObject
[154/185] Compiling SwifQL SwifQLable+Action.swift
/host/spi-builder-workspace/Sources/SwifQL/QueryBuilderable.swift:10:35: warning: using 'class' keyword to define a class-constrained protocol is deprecated; use 'AnyObject' instead
public protocol QueryBuilderable: class {
                                  ^~~~~
                                  AnyObject
[155/185] Compiling SwifQL SwifQLable+Add.swift
/host/spi-builder-workspace/Sources/SwifQL/QueryBuilderable.swift:10:35: warning: using 'class' keyword to define a class-constrained protocol is deprecated; use 'AnyObject' instead
public protocol QueryBuilderable: class {
                                  ^~~~~
                                  AnyObject
[156/185] Compiling SwifQL SwifQLable+AddQuery.swift
/host/spi-builder-workspace/Sources/SwifQL/QueryBuilderable.swift:10:35: warning: using 'class' keyword to define a class-constrained protocol is deprecated; use 'AnyObject' instead
public protocol QueryBuilderable: class {
                                  ^~~~~
                                  AnyObject
[157/185] Compiling SwifQL SwifQLable+After.swift
/host/spi-builder-workspace/Sources/SwifQL/QueryBuilderable.swift:10:35: warning: using 'class' keyword to define a class-constrained protocol is deprecated; use 'AnyObject' instead
public protocol QueryBuilderable: class {
                                  ^~~~~
                                  AnyObject
[158/185] Compiling SwifQL SwifQLable+All.swift
/host/spi-builder-workspace/Sources/SwifQL/QueryBuilderable.swift:10:35: warning: using 'class' keyword to define a class-constrained protocol is deprecated; use 'AnyObject' instead
public protocol QueryBuilderable: class {
                                  ^~~~~
                                  AnyObject
[159/185] Compiling SwifQL SwifQLable+Alter.swift
/host/spi-builder-workspace/Sources/SwifQL/QueryBuilderable.swift:10:35: warning: using 'class' keyword to define a class-constrained protocol is deprecated; use 'AnyObject' instead
public protocol QueryBuilderable: class {
                                  ^~~~~
                                  AnyObject
[160/185] Compiling SwifQL SwifQLable+And.swift
/host/spi-builder-workspace/Sources/SwifQL/QueryBuilderable.swift:10:35: warning: using 'class' keyword to define a class-constrained protocol is deprecated; use 'AnyObject' instead
public protocol QueryBuilderable: class {
                                  ^~~~~
                                  AnyObject
[161/185] Compiling SwifQL SwifQLable+Any.swift
/host/spi-builder-workspace/Sources/SwifQL/QueryBuilderable.swift:10:35: warning: using 'class' keyword to define a class-constrained protocol is deprecated; use 'AnyObject' instead
public protocol QueryBuilderable: class {
                                  ^~~~~
                                  AnyObject
[162/185] Compiling SwifQL SwifQLable+As.swift
/host/spi-builder-workspace/Sources/SwifQL/QueryBuilderable.swift:10:35: warning: using 'class' keyword to define a class-constrained protocol is deprecated; use 'AnyObject' instead
public protocol QueryBuilderable: class {
                                  ^~~~~
                                  AnyObject
[163/185] Compiling SwifQL Functions+Window.swift
/host/spi-builder-workspace/Sources/SwifQL/Operators.swift:344:42: error: expected name in member access
    public var `_`: Result { concatWith(._) }
                                         ^
/host/spi-builder-workspace/Sources/SwifQL/Operators.swift:344:42: note: insert name
    public var `_`: Result { concatWith(._) }
                                         ^
                                         <#identifier#>
/host/spi-builder-workspace/Sources/SwifQL/Operators.swift:344:42: error: unexpected code '_' in function call
    public var `_`: Result { concatWith(._) }
                                         ^
/host/spi-builder-workspace/Sources/SwifQL/Operators.swift:1:1: error: new Swift parser generated errors for code that C++ parser accepted
//
^
[164/185] Compiling SwifQL Functions.swift
/host/spi-builder-workspace/Sources/SwifQL/Operators.swift:344:42: error: expected name in member access
    public var `_`: Result { concatWith(._) }
                                         ^
/host/spi-builder-workspace/Sources/SwifQL/Operators.swift:344:42: note: insert name
    public var `_`: Result { concatWith(._) }
                                         ^
                                         <#identifier#>
/host/spi-builder-workspace/Sources/SwifQL/Operators.swift:344:42: error: unexpected code '_' in function call
    public var `_`: Result { concatWith(._) }
                                         ^
/host/spi-builder-workspace/Sources/SwifQL/Operators.swift:1:1: error: new Swift parser generated errors for code that C++ parser accepted
//
^
[165/185] Compiling SwifQL HybridOperator.swift
/host/spi-builder-workspace/Sources/SwifQL/Operators.swift:344:42: error: expected name in member access
    public var `_`: Result { concatWith(._) }
                                         ^
/host/spi-builder-workspace/Sources/SwifQL/Operators.swift:344:42: note: insert name
    public var `_`: Result { concatWith(._) }
                                         ^
                                         <#identifier#>
/host/spi-builder-workspace/Sources/SwifQL/Operators.swift:344:42: error: unexpected code '_' in function call
    public var `_`: Result { concatWith(._) }
                                         ^
/host/spi-builder-workspace/Sources/SwifQL/Operators.swift:1:1: error: new Swift parser generated errors for code that C++ parser accepted
//
^
[166/185] Compiling SwifQL IndexItem.swift
/host/spi-builder-workspace/Sources/SwifQL/Operators.swift:344:42: error: expected name in member access
    public var `_`: Result { concatWith(._) }
                                         ^
/host/spi-builder-workspace/Sources/SwifQL/Operators.swift:344:42: note: insert name
    public var `_`: Result { concatWith(._) }
                                         ^
                                         <#identifier#>
/host/spi-builder-workspace/Sources/SwifQL/Operators.swift:344:42: error: unexpected code '_' in function call
    public var `_`: Result { concatWith(._) }
                                         ^
/host/spi-builder-workspace/Sources/SwifQL/Operators.swift:1:1: error: new Swift parser generated errors for code that C++ parser accepted
//
^
[167/185] Compiling SwifQL IndexType.swift
/host/spi-builder-workspace/Sources/SwifQL/Operators.swift:344:42: error: expected name in member access
    public var `_`: Result { concatWith(._) }
                                         ^
/host/spi-builder-workspace/Sources/SwifQL/Operators.swift:344:42: note: insert name
    public var `_`: Result { concatWith(._) }
                                         ^
                                         <#identifier#>
/host/spi-builder-workspace/Sources/SwifQL/Operators.swift:344:42: error: unexpected code '_' in function call
    public var `_`: Result { concatWith(._) }
                                         ^
/host/spi-builder-workspace/Sources/SwifQL/Operators.swift:1:1: error: new Swift parser generated errors for code that C++ parser accepted
//
^
[168/185] Compiling SwifQL KeyPath.swift
/host/spi-builder-workspace/Sources/SwifQL/Operators.swift:344:42: error: expected name in member access
    public var `_`: Result { concatWith(._) }
                                         ^
/host/spi-builder-workspace/Sources/SwifQL/Operators.swift:344:42: note: insert name
    public var `_`: Result { concatWith(._) }
                                         ^
                                         <#identifier#>
/host/spi-builder-workspace/Sources/SwifQL/Operators.swift:344:42: error: unexpected code '_' in function call
    public var `_`: Result { concatWith(._) }
                                         ^
/host/spi-builder-workspace/Sources/SwifQL/Operators.swift:1:1: error: new Swift parser generated errors for code that C++ parser accepted
//
^
[169/185] Compiling SwifQL Keypathable.swift
/host/spi-builder-workspace/Sources/SwifQL/Operators.swift:344:42: error: expected name in member access
    public var `_`: Result { concatWith(._) }
                                         ^
/host/spi-builder-workspace/Sources/SwifQL/Operators.swift:344:42: note: insert name
    public var `_`: Result { concatWith(._) }
                                         ^
                                         <#identifier#>
/host/spi-builder-workspace/Sources/SwifQL/Operators.swift:344:42: error: unexpected code '_' in function call
    public var `_`: Result { concatWith(._) }
                                         ^
/host/spi-builder-workspace/Sources/SwifQL/Operators.swift:1:1: error: new Swift parser generated errors for code that C++ parser accepted
//
^
[170/185] Compiling SwifQL Operators.swift
/host/spi-builder-workspace/Sources/SwifQL/Operators.swift:344:42: error: expected name in member access
    public var `_`: Result { concatWith(._) }
                                         ^
/host/spi-builder-workspace/Sources/SwifQL/Operators.swift:344:42: note: insert name
    public var `_`: Result { concatWith(._) }
                                         ^
                                         <#identifier#>
/host/spi-builder-workspace/Sources/SwifQL/Operators.swift:344:42: error: unexpected code '_' in function call
    public var `_`: Result { concatWith(._) }
                                         ^
/host/spi-builder-workspace/Sources/SwifQL/Operators.swift:1:1: error: new Swift parser generated errors for code that C++ parser accepted
//
^
[171/185] Compiling SwifQL AliasPart.swift
/host/spi-builder-workspace/Sources/SwifQL/Operators.swift:344:42: error: expected name in member access
    public var `_`: Result { concatWith(._) }
                                         ^
/host/spi-builder-workspace/Sources/SwifQL/Operators.swift:344:42: note: insert name
    public var `_`: Result { concatWith(._) }
                                         ^
                                         <#identifier#>
/host/spi-builder-workspace/Sources/SwifQL/Operators.swift:344:42: error: unexpected code '_' in function call
    public var `_`: Result { concatWith(._) }
                                         ^
/host/spi-builder-workspace/Sources/SwifQL/Operators.swift:1:1: error: new Swift parser generated errors for code that C++ parser accepted
//
^
[172/185] Compiling SwifQL ArrayPart.swift
/host/spi-builder-workspace/Sources/SwifQL/Operators.swift:344:42: error: expected name in member access
    public var `_`: Result { concatWith(._) }
                                         ^
/host/spi-builder-workspace/Sources/SwifQL/Operators.swift:344:42: note: insert name
    public var `_`: Result { concatWith(._) }
                                         ^
                                         <#identifier#>
/host/spi-builder-workspace/Sources/SwifQL/Operators.swift:344:42: error: unexpected code '_' in function call
    public var `_`: Result { concatWith(._) }
                                         ^
/host/spi-builder-workspace/Sources/SwifQL/Operators.swift:1:1: error: new Swift parser generated errors for code that C++ parser accepted
//
^
[173/185] Compiling SwifQL BoolPart.swift
/host/spi-builder-workspace/Sources/SwifQL/Operators.swift:344:42: error: expected name in member access
    public var `_`: Result { concatWith(._) }
                                         ^
/host/spi-builder-workspace/Sources/SwifQL/Operators.swift:344:42: note: insert name
    public var `_`: Result { concatWith(._) }
                                         ^
                                         <#identifier#>
/host/spi-builder-workspace/Sources/SwifQL/Operators.swift:344:42: error: unexpected code '_' in function call
    public var `_`: Result { concatWith(._) }
                                         ^
/host/spi-builder-workspace/Sources/SwifQL/Operators.swift:1:1: error: new Swift parser generated errors for code that C++ parser accepted
//
^
[174/185] Compiling SwifQL ColumnPart.swift
/host/spi-builder-workspace/Sources/SwifQL/Operators.swift:344:42: error: expected name in member access
    public var `_`: Result { concatWith(._) }
                                         ^
/host/spi-builder-workspace/Sources/SwifQL/Operators.swift:344:42: note: insert name
    public var `_`: Result { concatWith(._) }
                                         ^
                                         <#identifier#>
/host/spi-builder-workspace/Sources/SwifQL/Operators.swift:344:42: error: unexpected code '_' in function call
    public var `_`: Result { concatWith(._) }
                                         ^
/host/spi-builder-workspace/Sources/SwifQL/Operators.swift:1:1: error: new Swift parser generated errors for code that C++ parser accepted
//
^
[175/185] Compiling SwifQL DatePart.swift
/host/spi-builder-workspace/Sources/SwifQL/Operators.swift:344:42: error: expected name in member access
    public var `_`: Result { concatWith(._) }
                                         ^
/host/spi-builder-workspace/Sources/SwifQL/Operators.swift:344:42: note: insert name
    public var `_`: Result { concatWith(._) }
                                         ^
                                         <#identifier#>
/host/spi-builder-workspace/Sources/SwifQL/Operators.swift:344:42: error: unexpected code '_' in function call
    public var `_`: Result { concatWith(._) }
                                         ^
/host/spi-builder-workspace/Sources/SwifQL/Operators.swift:1:1: error: new Swift parser generated errors for code that C++ parser accepted
//
^
[176/185] Compiling SwifQL HybridOperatorPart.swift
/host/spi-builder-workspace/Sources/SwifQL/Operators.swift:344:42: error: expected name in member access
    public var `_`: Result { concatWith(._) }
                                         ^
/host/spi-builder-workspace/Sources/SwifQL/Operators.swift:344:42: note: insert name
    public var `_`: Result { concatWith(._) }
                                         ^
                                         <#identifier#>
/host/spi-builder-workspace/Sources/SwifQL/Operators.swift:344:42: error: unexpected code '_' in function call
    public var `_`: Result { concatWith(._) }
                                         ^
/host/spi-builder-workspace/Sources/SwifQL/Operators.swift:1:1: error: new Swift parser generated errors for code that C++ parser accepted
//
^
[177/185] Compiling SwifQL KeyPathPart.swift
/host/spi-builder-workspace/Sources/SwifQL/Operators.swift:344:42: error: expected name in member access
    public var `_`: Result { concatWith(._) }
                                         ^
/host/spi-builder-workspace/Sources/SwifQL/Operators.swift:344:42: note: insert name
    public var `_`: Result { concatWith(._) }
                                         ^
                                         <#identifier#>
/host/spi-builder-workspace/Sources/SwifQL/Operators.swift:344:42: error: unexpected code '_' in function call
    public var `_`: Result { concatWith(._) }
                                         ^
/host/spi-builder-workspace/Sources/SwifQL/Operators.swift:1:1: error: new Swift parser generated errors for code that C++ parser accepted
//
^
[178/185] Compiling SwifQL NullPart.swift
/host/spi-builder-workspace/Sources/SwifQL/Operators.swift:344:42: error: expected name in member access
    public var `_`: Result { concatWith(._) }
                                         ^
/host/spi-builder-workspace/Sources/SwifQL/Operators.swift:344:42: note: insert name
    public var `_`: Result { concatWith(._) }
                                         ^
                                         <#identifier#>
/host/spi-builder-workspace/Sources/SwifQL/Operators.swift:344:42: error: unexpected code '_' in function call
    public var `_`: Result { concatWith(._) }
                                         ^
/host/spi-builder-workspace/Sources/SwifQL/Operators.swift:1:1: error: new Swift parser generated errors for code that C++ parser accepted
//
^
[179/185] Compiling SwifQL OperatorPart.swift
/host/spi-builder-workspace/Sources/SwifQL/Operators.swift:344:42: error: expected name in member access
    public var `_`: Result { concatWith(._) }
                                         ^
/host/spi-builder-workspace/Sources/SwifQL/Operators.swift:344:42: note: insert name
    public var `_`: Result { concatWith(._) }
                                         ^
                                         <#identifier#>
/host/spi-builder-workspace/Sources/SwifQL/Operators.swift:344:42: error: unexpected code '_' in function call
    public var `_`: Result { concatWith(._) }
                                         ^
/host/spi-builder-workspace/Sources/SwifQL/Operators.swift:1:1: error: new Swift parser generated errors for code that C++ parser accepted
//
^
[180/185] Compiling SwifQL SafeValuePart.swift
/host/spi-builder-workspace/Sources/SwifQL/Operators.swift:344:42: error: expected name in member access
    public var `_`: Result { concatWith(._) }
                                         ^
/host/spi-builder-workspace/Sources/SwifQL/Operators.swift:344:42: note: insert name
    public var `_`: Result { concatWith(._) }
                                         ^
                                         <#identifier#>
/host/spi-builder-workspace/Sources/SwifQL/Operators.swift:344:42: error: unexpected code '_' in function call
    public var `_`: Result { concatWith(._) }
                                         ^
/host/spi-builder-workspace/Sources/SwifQL/Operators.swift:1:1: error: new Swift parser generated errors for code that C++ parser accepted
//
^
[181/185] Compiling SwifQL TablePart.swift
/host/spi-builder-workspace/Sources/SwifQL/Operators.swift:344:42: error: expected name in member access
    public var `_`: Result { concatWith(._) }
                                         ^
/host/spi-builder-workspace/Sources/SwifQL/Operators.swift:344:42: note: insert name
    public var `_`: Result { concatWith(._) }
                                         ^
                                         <#identifier#>
/host/spi-builder-workspace/Sources/SwifQL/Operators.swift:344:42: error: unexpected code '_' in function call
    public var `_`: Result { concatWith(._) }
                                         ^
/host/spi-builder-workspace/Sources/SwifQL/Operators.swift:1:1: error: new Swift parser generated errors for code that C++ parser accepted
//
^
[182/185] Compiling SwifQL TableWithAliasPart.swift
/host/spi-builder-workspace/Sources/SwifQL/Operators.swift:344:42: error: expected name in member access
    public var `_`: Result { concatWith(._) }
                                         ^
/host/spi-builder-workspace/Sources/SwifQL/Operators.swift:344:42: note: insert name
    public var `_`: Result { concatWith(._) }
                                         ^
                                         <#identifier#>
/host/spi-builder-workspace/Sources/SwifQL/Operators.swift:344:42: error: unexpected code '_' in function call
    public var `_`: Result { concatWith(._) }
                                         ^
/host/spi-builder-workspace/Sources/SwifQL/Operators.swift:1:1: error: new Swift parser generated errors for code that C++ parser accepted
//
^
[183/185] Compiling SwifQL UnsafeValuePart.swift
/host/spi-builder-workspace/Sources/SwifQL/Operators.swift:344:42: error: expected name in member access
    public var `_`: Result { concatWith(._) }
                                         ^
/host/spi-builder-workspace/Sources/SwifQL/Operators.swift:344:42: note: insert name
    public var `_`: Result { concatWith(._) }
                                         ^
                                         <#identifier#>
/host/spi-builder-workspace/Sources/SwifQL/Operators.swift:344:42: error: unexpected code '_' in function call
    public var `_`: Result { concatWith(._) }
                                         ^
/host/spi-builder-workspace/Sources/SwifQL/Operators.swift:1:1: error: new Swift parser generated errors for code that C++ parser accepted
//
^
[184/185] Compiling SwifQL Path+Column.swift
/host/spi-builder-workspace/Sources/SwifQL/Operators.swift:344:42: error: expected name in member access
    public var `_`: Result { concatWith(._) }
                                         ^
/host/spi-builder-workspace/Sources/SwifQL/Operators.swift:344:42: note: insert name
    public var `_`: Result { concatWith(._) }
                                         ^
                                         <#identifier#>
/host/spi-builder-workspace/Sources/SwifQL/Operators.swift:344:42: error: unexpected code '_' in function call
    public var `_`: Result { concatWith(._) }
                                         ^
/host/spi-builder-workspace/Sources/SwifQL/Operators.swift:1:1: error: new Swift parser generated errors for code that C++ parser accepted
//
^
[185/185] Compiling SwifQL Path+Schema.swift
/host/spi-builder-workspace/Sources/SwifQL/Operators.swift:344:42: error: expected name in member access
    public var `_`: Result { concatWith(._) }
                                         ^
/host/spi-builder-workspace/Sources/SwifQL/Operators.swift:344:42: note: insert name
    public var `_`: Result { concatWith(._) }
                                         ^
                                         <#identifier#>
/host/spi-builder-workspace/Sources/SwifQL/Operators.swift:344:42: error: unexpected code '_' in function call
    public var `_`: Result { concatWith(._) }
                                         ^
/host/spi-builder-workspace/Sources/SwifQL/Operators.swift:1:1: error: new Swift parser generated errors for code that C++ parser accepted
//
^
error: fatalError
[0/1] Planning build
Building for debugging...
[0/1] Write swift-version-24593BA9C3E375BF.txt
[2/23] Compiling SwifQL ArrayPart.swift
[3/23] Compiling SwifQL BoolPart.swift
[4/23] Compiling SwifQL ColumnPart.swift
[5/25] Compiling SwifQL TablePart.swift
[6/25] Compiling SwifQL TableWithAliasPart.swift
[7/25] Compiling SwifQL UnsafeValuePart.swift
[8/42] Compiling SwifQL NullPart.swift
[9/42] Compiling SwifQL OperatorPart.swift
[10/42] Compiling SwifQL SafeValuePart.swift
[11/42] Compiling SwifQL DatePart.swift
[12/42] Compiling SwifQL HybridOperatorPart.swift
[13/42] Compiling SwifQL KeyPathPart.swift
[14/76] Compiling SwifQL Keypathable.swift
/host/spi-builder-workspace/Sources/SwifQL/Operators.swift:344:42: error: expected name in member access
    public var `_`: Result { concatWith(._) }
                                         ^
/host/spi-builder-workspace/Sources/SwifQL/Operators.swift:344:42: note: insert name
    public var `_`: Result { concatWith(._) }
                                         ^
                                         <#identifier#>
/host/spi-builder-workspace/Sources/SwifQL/Operators.swift:344:42: error: unexpected code '_' in function call
    public var `_`: Result { concatWith(._) }
                                         ^
/host/spi-builder-workspace/Sources/SwifQL/Operators.swift:1:1: error: new Swift parser generated errors for code that C++ parser accepted
//
^
[15/76] Compiling SwifQL Operators.swift
/host/spi-builder-workspace/Sources/SwifQL/Operators.swift:344:42: error: expected name in member access
    public var `_`: Result { concatWith(._) }
                                         ^
/host/spi-builder-workspace/Sources/SwifQL/Operators.swift:344:42: note: insert name
    public var `_`: Result { concatWith(._) }
                                         ^
                                         <#identifier#>
/host/spi-builder-workspace/Sources/SwifQL/Operators.swift:344:42: error: unexpected code '_' in function call
    public var `_`: Result { concatWith(._) }
                                         ^
/host/spi-builder-workspace/Sources/SwifQL/Operators.swift:1:1: error: new Swift parser generated errors for code that C++ parser accepted
//
^
[16/76] Compiling SwifQL AliasPart.swift
/host/spi-builder-workspace/Sources/SwifQL/Operators.swift:344:42: error: expected name in member access
    public var `_`: Result { concatWith(._) }
                                         ^
/host/spi-builder-workspace/Sources/SwifQL/Operators.swift:344:42: note: insert name
    public var `_`: Result { concatWith(._) }
                                         ^
                                         <#identifier#>
/host/spi-builder-workspace/Sources/SwifQL/Operators.swift:344:42: error: unexpected code '_' in function call
    public var `_`: Result { concatWith(._) }
                                         ^
/host/spi-builder-workspace/Sources/SwifQL/Operators.swift:1:1: error: new Swift parser generated errors for code that C++ parser accepted
//
^
[17/93] Compiling SwifQL Path+Column.swift
[18/93] Compiling SwifQL Path+Schema.swift
[19/110] Compiling SwifQL Functions+Window.swift
[20/110] Compiling SwifQL Functions.swift
[21/110] Compiling SwifQL HybridOperator.swift
[22/110] Compiling SwifQL IndexItem.swift
[23/110] Compiling SwifQL IndexType.swift
[24/110] Compiling SwifQL KeyPath.swift
[25/143] Compiling SwifQL SwifQLable+Begin.swift
[26/143] Compiling SwifQL SwifQLable+Between.swift
[27/143] Compiling SwifQL SwifQLable+Cascade.swift
[28/143] Compiling SwifQL SwifQLable+Check.swift
[29/143] Compiling SwifQL SwifQLable+Column.swift
[30/143] Compiling SwifQL SwifQLable+Commit.swift
[31/143] Compiling SwifQL SwifQLable+Conflict.swift
[32/143] Compiling SwifQL SwifQLable+Constraint.swift
[33/143] Compiling SwifQL SwifQLable+Create.swift
[34/143] Compiling SwifQL SwifQLable+Default.swift
[35/143] Compiling SwifQL SwifQLable+Delete.swift
[36/143] Compiling SwifQL SwifQLable+Distinct.swift
[37/143] Compiling SwifQL SwifQLable+Do.swift
[38/143] Compiling SwifQL SwifQLable+Drop.swift
[39/143] Compiling SwifQL SwifQLable+End.swift
[40/143] Compiling SwifQL SwifQLable+Epoch.swift
[41/143] Compiling SwifQL SwifQLable+Exists.swift
[42/159] Compiling SwifQL SwifQLable+Primary.swift
[43/159] Compiling SwifQL SwifQLable+Raw.swift
[44/159] Compiling SwifQL SwifQLable+References.swift
[45/159] Compiling SwifQL SwifQLable+Rename.swift
[46/159] Compiling SwifQL SwifQLable+Restrict.swift
[47/159] Compiling SwifQL SwifQLable+Return.swift
[48/159] Compiling SwifQL SwifQLable+Returning.swift
[49/159] Compiling SwifQL SwifQLable+Rollback.swift
[50/159] Compiling SwifQL SwifQLable+Schema.swift
[51/159] Compiling SwifQL SwifQLable+Select.swift
[52/159] Compiling SwifQL SwifQLable+Semicolon.swift
[53/159] Compiling SwifQL SwifQLable+Set.swift
[54/159] Compiling SwifQL SwifQLable+Space.swift
[55/159] Compiling SwifQL SwifQLable+Subscript.swift
[56/159] Compiling SwifQL SwifQLable+Table.swift
[57/159] Compiling SwifQL SwifQLable+Timestamp.swift
[58/160] Compiling SwifQL Path+TableWithColumn.swift
/host/spi-builder-workspace/Sources/SwifQL/QueryBuilderable.swift:10:35: warning: using 'class' keyword to define a class-constrained protocol is deprecated; use 'AnyObject' instead
public protocol QueryBuilderable: class {
                                  ^~~~~
                                  AnyObject
[59/160] Compiling SwifQL Predicates.swift
/host/spi-builder-workspace/Sources/SwifQL/QueryBuilderable.swift:10:35: warning: using 'class' keyword to define a class-constrained protocol is deprecated; use 'AnyObject' instead
public protocol QueryBuilderable: class {
                                  ^~~~~
                                  AnyObject
[60/160] Compiling SwifQL Prepared.swift
/host/spi-builder-workspace/Sources/SwifQL/QueryBuilderable.swift:10:35: warning: using 'class' keyword to define a class-constrained protocol is deprecated; use 'AnyObject' instead
public protocol QueryBuilderable: class {
                                  ^~~~~
                                  AnyObject
[61/160] Compiling SwifQL QueryBuilderable.swift
/host/spi-builder-workspace/Sources/SwifQL/QueryBuilderable.swift:10:35: warning: using 'class' keyword to define a class-constrained protocol is deprecated; use 'AnyObject' instead
public protocol QueryBuilderable: class {
                                  ^~~~~
                                  AnyObject
[62/160] Compiling SwifQL QueryParts.swift
/host/spi-builder-workspace/Sources/SwifQL/QueryBuilderable.swift:10:35: warning: using 'class' keyword to define a class-constrained protocol is deprecated; use 'AnyObject' instead
public protocol QueryBuilderable: class {
                                  ^~~~~
                                  AnyObject
[63/160] Compiling SwifQL SwifQL.swift
/host/spi-builder-workspace/Sources/SwifQL/QueryBuilderable.swift:10:35: warning: using 'class' keyword to define a class-constrained protocol is deprecated; use 'AnyObject' instead
public protocol QueryBuilderable: class {
                                  ^~~~~
                                  AnyObject
[64/160] Compiling SwifQL SwifQLable+Action.swift
/host/spi-builder-workspace/Sources/SwifQL/QueryBuilderable.swift:10:35: warning: using 'class' keyword to define a class-constrained protocol is deprecated; use 'AnyObject' instead
public protocol QueryBuilderable: class {
                                  ^~~~~
                                  AnyObject
[65/160] Compiling SwifQL SwifQLable+Add.swift
/host/spi-builder-workspace/Sources/SwifQL/QueryBuilderable.swift:10:35: warning: using 'class' keyword to define a class-constrained protocol is deprecated; use 'AnyObject' instead
public protocol QueryBuilderable: class {
                                  ^~~~~
                                  AnyObject
[66/160] Compiling SwifQL SwifQLable+AddQuery.swift
/host/spi-builder-workspace/Sources/SwifQL/QueryBuilderable.swift:10:35: warning: using 'class' keyword to define a class-constrained protocol is deprecated; use 'AnyObject' instead
public protocol QueryBuilderable: class {
                                  ^~~~~
                                  AnyObject
[67/160] Compiling SwifQL SwifQLable+After.swift
/host/spi-builder-workspace/Sources/SwifQL/QueryBuilderable.swift:10:35: warning: using 'class' keyword to define a class-constrained protocol is deprecated; use 'AnyObject' instead
public protocol QueryBuilderable: class {
                                  ^~~~~
                                  AnyObject
[68/160] Compiling SwifQL SwifQLable+All.swift
/host/spi-builder-workspace/Sources/SwifQL/QueryBuilderable.swift:10:35: warning: using 'class' keyword to define a class-constrained protocol is deprecated; use 'AnyObject' instead
public protocol QueryBuilderable: class {
                                  ^~~~~
                                  AnyObject
[69/160] Compiling SwifQL SwifQLable+Alter.swift
/host/spi-builder-workspace/Sources/SwifQL/QueryBuilderable.swift:10:35: warning: using 'class' keyword to define a class-constrained protocol is deprecated; use 'AnyObject' instead
public protocol QueryBuilderable: class {
                                  ^~~~~
                                  AnyObject
[70/160] Compiling SwifQL SwifQLable+And.swift
/host/spi-builder-workspace/Sources/SwifQL/QueryBuilderable.swift:10:35: warning: using 'class' keyword to define a class-constrained protocol is deprecated; use 'AnyObject' instead
public protocol QueryBuilderable: class {
                                  ^~~~~
                                  AnyObject
[71/160] Compiling SwifQL SwifQLable+Any.swift
/host/spi-builder-workspace/Sources/SwifQL/QueryBuilderable.swift:10:35: warning: using 'class' keyword to define a class-constrained protocol is deprecated; use 'AnyObject' instead
public protocol QueryBuilderable: class {
                                  ^~~~~
                                  AnyObject
[72/160] Compiling SwifQL SwifQLable+As.swift
/host/spi-builder-workspace/Sources/SwifQL/QueryBuilderable.swift:10:35: warning: using 'class' keyword to define a class-constrained protocol is deprecated; use 'AnyObject' instead
public protocol QueryBuilderable: class {
                                  ^~~~~
                                  AnyObject
[73/160] Compiling SwifQL SwifQLable+Asterisk.swift
/host/spi-builder-workspace/Sources/SwifQL/QueryBuilderable.swift:10:35: warning: using 'class' keyword to define a class-constrained protocol is deprecated; use 'AnyObject' instead
public protocol QueryBuilderable: class {
                                  ^~~~~
                                  AnyObject
[74/160] Compiling SwifQL SwifQLable+Before.swift
/host/spi-builder-workspace/Sources/SwifQL/QueryBuilderable.swift:10:35: warning: using 'class' keyword to define a class-constrained protocol is deprecated; use 'AnyObject' instead
public protocol QueryBuilderable: class {
                                  ^~~~~
                                  AnyObject
[75/161] Compiling SwifQL SwifQLable+Filter.swift
[76/161] Compiling SwifQL SwifQLable+From.swift
[77/161] Compiling SwifQL SwifQLable+Fulltext.swift
[78/161] Compiling SwifQL SwifQLable+Function.swift
[79/161] Compiling SwifQL SwifQLable+GroupBy.swift
[80/161] Compiling SwifQL SwifQLable+Having.swift
[81/161] Compiling SwifQL SwifQLable+ILike.swift
[82/161] Compiling SwifQL SwifQLable+If.swift
[83/161] Compiling SwifQL SwifQLable+In.swift
[84/161] Compiling SwifQL SwifQLable+InsertInto.swift
[85/161] Compiling SwifQL SwifQLable+Interval.swift
[86/161] Compiling SwifQL SwifQLable+IsNotNull.swift
[87/161] Compiling SwifQL SwifQLable+IsNull.swift
[88/161] Compiling SwifQL SwifQLable+Items.swift
[89/161] Compiling SwifQL SwifQLable+Join.swift
[90/161] Compiling SwifQL SwifQLable+Key.swift
[91/161] Compiling SwifQL SwifQLable+Like.swift
[92/162] Compiling SwifQL SwifQLable+Limit.swift
[93/162] Compiling SwifQL SwifQLable+No.swift
[94/162] Compiling SwifQL SwifQLable+Not.swift
[95/162] Compiling SwifQL SwifQLable+NotExists.swift
[96/162] Compiling SwifQL SwifQLable+NotILike.swift
[97/162] Compiling SwifQL SwifQLable+NotIn.swift
[98/162] Compiling SwifQL SwifQLable+NotLike.swift
[99/162] Compiling SwifQL SwifQLable+Nothing.swift
[100/162] Compiling SwifQL SwifQLable+Null.swift
[101/162] Compiling SwifQL SwifQLable+Offset.swift
[102/162] Compiling SwifQL SwifQLable+On.swift
[103/162] Compiling SwifQL SwifQLable+Or.swift
[104/162] Compiling SwifQL SwifQLable+OrderBy.swift
[105/162] Compiling SwifQL SwifQLable+Over.swift
[106/162] Compiling SwifQL SwifQLable+Overlaps.swift
[107/162] Compiling SwifQL SwifQLable+Owner.swift
[108/162] Compiling SwifQL SwifQLable+PartitionBy.swift
[109/163] Compiling SwifQL Codable.swift
[110/164] Compiling SwifQL SwifQLableArraySeparator.swift
[111/165] Compiling SwifQL Path+Table.swift
[112/167] Compiling SwifQL Schema.swift
[113/167] Emitting module SwifQL
/host/spi-builder-workspace/Sources/SwifQL/Builders/QueryBuilder.swift:27:2: warning: '@_functionBuilder' has been renamed to '@resultBuilder'
@_functionBuilder public struct QueryBuilder {
 ^~~~~~~~~~~~~~~~
 resultBuilder
/host/spi-builder-workspace/Sources/SwifQL/QueryBuilderable.swift:10:35: warning: using 'class' keyword to define a class-constrained protocol is deprecated; use 'AnyObject' instead
public protocol QueryBuilderable: class {
                                  ^~~~~
                                  AnyObject
[114/169] Compiling SwifQL Type+SwifQLable.swift
[115/170] Compiling SwifQL Dialect.swift
[116/171] Compiling SwifQL UpdateSchemaChangeOwner.swift
[117/171] Compiling SwifQL UpdateSchemaRename.swift
[118/173] Compiling SwifQL CreateSchemaBuilder.swift
[119/173] Compiling SwifQL DropSchemaBuilder.swift
[120/174] Compiling SwifQL Decodable+Table.swift
[121/174] Compiling SwifQL Constraint.swift
[122/174] Compiling SwifQL DropTableBuilder.swift
[123/177] Compiling SwifQL Path.swift
[124/178] Compiling SwifQL Schemable.swift
[125/179] Compiling SwifQL ReferentialAction.swift
[126/180] Compiling SwifQL ExtractFieldValue.swift
[127/180] Compiling SwifQL Functions+PostgresBool.swift
[128/181] Compiling SwifQL SplittedQuery.swift
[129/181] Compiling SwifQL StringExtensions.swift
[130/181] Compiling SwifQL SwifQLable+NotBetween.swift
[131/181] Compiling SwifQL SwifQLable+To.swift
[132/181] Compiling SwifQL SwifQLable+Type.swift
[133/181] Compiling SwifQL SwifQLable+Union.swift
[134/181] Compiling SwifQL SwifQLable+Unique.swift
[135/181] Compiling SwifQL SwifQLable+Update.swift
[136/181] Compiling SwifQL SwifQLable+Value.swift
[137/181] Compiling SwifQL SwifQLable+Values.swift
[138/181] Compiling SwifQL SwifQLable+Where.swift
[139/181] Compiling SwifQL SwifQLable+WhereExists.swift
[140/181] Compiling SwifQL SwifQLable+WhereNotExists.swift
[141/181] Compiling SwifQL SwifQLable+Window.swift
[142/181] Compiling SwifQL SwifQLable+With.swift
[143/181] Compiling SwifQL SwifQLable.swift
[144/181] Compiling SwifQL Table.swift
[145/181] Compiling SwifQL TableAlias.swift
[146/181] Compiling SwifQL Type+Autodetect.swift
[147/181] Compiling SwifQL Type.swift
[148/181] Compiling SwifQL Enum.swift
[149/181] Compiling SwifQL Array+SwifQLable.swift
[150/181] Compiling SwifQL Column+AutoType.swift
[151/181] Compiling SwifQL FormattedKeyPath.swift
[152/181] Compiling SwifQL Formatter.swift
[153/181] Compiling SwifQL Functions+Array.swift
[154/181] Compiling SwifQL Functions+General.swift
[155/181] Compiling SwifQL Functions+MySQL.swift
[156/181] Compiling SwifQL Functions+Numeric.swift
[157/181] Compiling SwifQL Functions+PostgresJSON.swift
[158/181] Compiling SwifQL Functions+PostgresJSONB.swift
[159/181] Compiling SwifQL Functions+PostgresSeries.swift
[160/181] Compiling SwifQL Functions+PostgresTime.swift
[161/181] Compiling SwifQL Functions+String.swift
[162/181] Compiling SwifQL Functions+TextSearch.swift
[163/181] Compiling SwifQL Path+SchemaWithTable.swift
[164/181] Compiling SwifQL Path+SchemaWithTableAndColumn.swift
[165/181] Compiling SwifQL Alias.swift
/host/spi-builder-workspace/Sources/SwifQL/Builders/QueryBuilder.swift:27:2: warning: '@_functionBuilder' has been renamed to '@resultBuilder'
@_functionBuilder public struct QueryBuilder {
 ^~~~~~~~~~~~~~~~
 resultBuilder
[166/181] Compiling SwifQL CaseWhen.swift
/host/spi-builder-workspace/Sources/SwifQL/Builders/QueryBuilder.swift:27:2: warning: '@_functionBuilder' has been renamed to '@resultBuilder'
@_functionBuilder public struct QueryBuilder {
 ^~~~~~~~~~~~~~~~
 resultBuilder
[167/181] Compiling SwifQL Distinct.swift
/host/spi-builder-workspace/Sources/SwifQL/Builders/QueryBuilder.swift:27:2: warning: '@_functionBuilder' has been renamed to '@resultBuilder'
@_functionBuilder public struct QueryBuilder {
 ^~~~~~~~~~~~~~~~
 resultBuilder
[168/181] Compiling SwifQL GenericTableSelector.swift
/host/spi-builder-workspace/Sources/SwifQL/Builders/QueryBuilder.swift:27:2: warning: '@_functionBuilder' has been renamed to '@resultBuilder'
@_functionBuilder public struct QueryBuilder {
 ^~~~~~~~~~~~~~~~
 resultBuilder
[169/181] Compiling SwifQL NewColumn.swift
/host/spi-builder-workspace/Sources/SwifQL/Builders/QueryBuilder.swift:27:2: warning: '@_functionBuilder' has been renamed to '@resultBuilder'
@_functionBuilder public struct QueryBuilder {
 ^~~~~~~~~~~~~~~~
 resultBuilder
[170/181] Compiling SwifQL PostgresArray.swift
/host/spi-builder-workspace/Sources/SwifQL/Builders/QueryBuilder.swift:27:2: warning: '@_functionBuilder' has been renamed to '@resultBuilder'
@_functionBuilder public struct QueryBuilder {
 ^~~~~~~~~~~~~~~~
 resultBuilder
[171/181] Compiling SwifQL PostgresJsonObject.swift
/host/spi-builder-workspace/Sources/SwifQL/Builders/QueryBuilder.swift:27:2: warning: '@_functionBuilder' has been renamed to '@resultBuilder'
@_functionBuilder public struct QueryBuilder {
 ^~~~~~~~~~~~~~~~
 resultBuilder
[172/181] Compiling SwifQL QueryBuilder.swift
/host/spi-builder-workspace/Sources/SwifQL/Builders/QueryBuilder.swift:27:2: warning: '@_functionBuilder' has been renamed to '@resultBuilder'
@_functionBuilder public struct QueryBuilder {
 ^~~~~~~~~~~~~~~~
 resultBuilder
[173/181] Compiling SwifQL SwifQLJoinBuilder.swift
/host/spi-builder-workspace/Sources/SwifQL/Builders/QueryBuilder.swift:27:2: warning: '@_functionBuilder' has been renamed to '@resultBuilder'
@_functionBuilder public struct QueryBuilder {
 ^~~~~~~~~~~~~~~~
 resultBuilder
[174/181] Compiling SwifQL SwifQLSelectBuilder.swift
/host/spi-builder-workspace/Sources/SwifQL/Builders/QueryBuilder.swift:27:2: warning: '@_functionBuilder' has been renamed to '@resultBuilder'
@_functionBuilder public struct QueryBuilder {
 ^~~~~~~~~~~~~~~~
 resultBuilder
[175/181] Compiling SwifQL CreateTableBuilder.swift
/host/spi-builder-workspace/Sources/SwifQL/Builders/QueryBuilder.swift:27:2: warning: '@_functionBuilder' has been renamed to '@resultBuilder'
@_functionBuilder public struct QueryBuilder {
 ^~~~~~~~~~~~~~~~
 resultBuilder
[176/181] Compiling SwifQL UpdateTableBuilder.swift
/host/spi-builder-workspace/Sources/SwifQL/Builders/QueryBuilder.swift:27:2: warning: '@_functionBuilder' has been renamed to '@resultBuilder'
@_functionBuilder public struct QueryBuilder {
 ^~~~~~~~~~~~~~~~
 resultBuilder
[177/181] Compiling SwifQL Union.swift
/host/spi-builder-workspace/Sources/SwifQL/Builders/QueryBuilder.swift:27:2: warning: '@_functionBuilder' has been renamed to '@resultBuilder'
@_functionBuilder public struct QueryBuilder {
 ^~~~~~~~~~~~~~~~
 resultBuilder
[178/181] Compiling SwifQL With.swift
/host/spi-builder-workspace/Sources/SwifQL/Builders/QueryBuilder.swift:27:2: warning: '@_functionBuilder' has been renamed to '@resultBuilder'
@_functionBuilder public struct QueryBuilder {
 ^~~~~~~~~~~~~~~~
 resultBuilder
[179/181] Compiling SwifQL Column.swift
/host/spi-builder-workspace/Sources/SwifQL/Builders/QueryBuilder.swift:27:2: warning: '@_functionBuilder' has been renamed to '@resultBuilder'
@_functionBuilder public struct QueryBuilder {
 ^~~~~~~~~~~~~~~~
 resultBuilder
[180/181] Compiling SwifQL Dialect+MySQL.swift
/host/spi-builder-workspace/Sources/SwifQL/Builders/QueryBuilder.swift:27:2: warning: '@_functionBuilder' has been renamed to '@resultBuilder'
@_functionBuilder public struct QueryBuilder {
 ^~~~~~~~~~~~~~~~
 resultBuilder
[181/181] Compiling SwifQL Dialect+Postgres.swift
/host/spi-builder-workspace/Sources/SwifQL/Builders/QueryBuilder.swift:27:2: warning: '@_functionBuilder' has been renamed to '@resultBuilder'
@_functionBuilder public struct QueryBuilder {
 ^~~~~~~~~~~~~~~~
 resultBuilder
error: fatalError
BUILD FAILURE 5.10 linux

Build Machine: Linux 2