The Swift Package Index logo.Swift Package Index

Build Information

Failed to build Physical with Swift 5.7 for Linux.

Build Command

Build command unavailable

Build Log

========================================
RunAll
========================================
Builder version: 4.28.0
Interrupt handler set up.
========================================
Checkout
========================================
Clone URL: https://github.com/hyperjeff/Physical.git
Reference: main
Initialized empty Git repository in /host/spi-builder-workspace/.git/
hint: Using 'master' as the name for the initial branch. This default branch name
hint: is subject to change. To configure the initial branch name to use in all
hint: of your new repositories, which will suppress this warning, call:
hint:
hint: 	git config --global init.defaultBranch <name>
hint:
hint: Names commonly chosen instead of 'master' are 'main', 'trunk' and
hint: 'development'. The just-created branch can be renamed via this command:
hint:
hint: 	git branch -m <name>
From https://github.com/hyperjeff/Physical
 * branch            main       -> FETCH_HEAD
 * [new branch]      main       -> origin/main
HEAD is now at 88718ab Added temperature and decibel basic documentation
Cloned https://github.com/hyperjeff/Physical.git
Revision (git rev-parse @):
88718ab1301dddfe72e36418e9c29a6ed0f4b2b3
SUCCESS checkout https://github.com/hyperjeff/Physical.git at main
========================================
Build
========================================
Selected platform:         linux
Swift version:             5.7
Building package at path:  $PWD/checkout
Running build ...
bash -c docker run --rm -v "checkouts-4606859-1":/host -w "$PWD/checkout" registry.gitlab.com/finestructure/spi-images:basic-5.7-latest swift build 2>&1
Building for debugging...
error: emit-module command failed with exit code 1 (use -v to see invocation)[1/26] Emitting module Physical
/host/spi-builder-workspace/Sources/Physical/Core/Numerics.swift:2:8: error: no such module 'Accelerate'
import Accelerate
       ^
[2/29] Compiling Physical Equatable.swift
/host/spi-builder-workspace/Sources/Physical/Core/Numerics.swift:2:8: error: no such module 'Accelerate'
import Accelerate
       ^
[3/29] Compiling Physical Inits.swift
/host/spi-builder-workspace/Sources/Physical/Core/Numerics.swift:2:8: error: no such module 'Accelerate'
import Accelerate
       ^
[4/29] Compiling Physical Miscellaneous.swift
/host/spi-builder-workspace/Sources/Physical/Core/Numerics.swift:2:8: error: no such module 'Accelerate'
import Accelerate
       ^
[5/29] Compiling Physical NotAThing.swift
/host/spi-builder-workspace/Sources/Physical/Core/Numerics.swift:2:8: error: no such module 'Accelerate'
import Accelerate
       ^
[6/29] Compiling Physical PhysicalStatistics.swift
/host/spi-builder-workspace/Sources/Physical/Core/Numerics.swift:2:8: error: no such module 'Accelerate'
import Accelerate
       ^
[7/29] Compiling Physical UnitStructs.swift
/host/spi-builder-workspace/Sources/Physical/Core/Numerics.swift:2:8: error: no such module 'Accelerate'
import Accelerate
       ^
[8/29] Compiling Physical dB.swift
/host/spi-builder-workspace/Sources/Physical/Core/Numerics.swift:2:8: error: no such module 'Accelerate'
import Accelerate
       ^
[9/29] Compiling Physical Constants.swift
/host/spi-builder-workspace/Sources/Physical/Core/Numerics.swift:2:8: error: no such module 'Accelerate'
import Accelerate
       ^
[10/29] Compiling Physical Experiments.swift
/host/spi-builder-workspace/Sources/Physical/Core/Numerics.swift:2:8: error: no such module 'Accelerate'
import Accelerate
       ^
[11/29] Compiling Physical Globals.swift
/host/spi-builder-workspace/Sources/Physical/Core/Numerics.swift:2:8: error: no such module 'Accelerate'
import Accelerate
       ^
[12/29] Compiling Physical TieredNumber.swift
/host/spi-builder-workspace/Sources/Physical/Core/Numerics.swift:2:8: error: no such module 'Accelerate'
import Accelerate
       ^
[13/29] Compiling Physical Dimension.swift
/host/spi-builder-workspace/Sources/Physical/Core/Numerics.swift:2:8: error: no such module 'Accelerate'
import Accelerate
       ^
[14/29] Compiling Physical Units.swift
/host/spi-builder-workspace/Sources/Physical/Core/Numerics.swift:2:8: error: no such module 'Accelerate'
import Accelerate
       ^
[15/29] Compiling Physical Metadata.swift
/host/spi-builder-workspace/Sources/Physical/Core/Numerics.swift:2:8: error: no such module 'Accelerate'
import Accelerate
       ^
[16/29] Compiling Physical PhysicalArrays.swift
/host/spi-builder-workspace/Sources/Physical/Core/Numerics.swift:2:8: error: no such module 'Accelerate'
import Accelerate
       ^
[17/29] Compiling Physical PhysicalFunctions.swift
/host/spi-builder-workspace/Sources/Physical/Core/Numerics.swift:2:8: error: no such module 'Accelerate'
import Accelerate
       ^
[18/29] Compiling Physical Operators.swift
/host/spi-builder-workspace/Sources/Physical/Core/Numerics.swift:2:8: error: no such module 'Accelerate'
import Accelerate
       ^
[19/29] Compiling Physical Physical.swift
/host/spi-builder-workspace/Sources/Physical/Core/Numerics.swift:2:8: error: no such module 'Accelerate'
import Accelerate
       ^
[20/29] Compiling Physical Algebra.swift
/host/spi-builder-workspace/Sources/Physical/Core/Numerics.swift:2:8: error: no such module 'Accelerate'
import Accelerate
       ^
[21/29] Compiling Physical Arrays.swift
/host/spi-builder-workspace/Sources/Physical/Core/Numerics.swift:2:8: error: no such module 'Accelerate'
import Accelerate
       ^
[22/29] Compiling Physical Comparable.swift
/host/spi-builder-workspace/Sources/Physical/Core/Numerics.swift:2:8: error: no such module 'Accelerate'
import Accelerate
       ^
[23/29] Compiling Physical Composition.swift
/host/spi-builder-workspace/Sources/Physical/Core/Numerics.swift:2:8: error: no such module 'Accelerate'
import Accelerate
       ^
[24/29] Compiling Physical Conversions.swift
/host/spi-builder-workspace/Sources/Physical/Core/Numerics.swift:2:8: error: no such module 'Accelerate'
import Accelerate
       ^
[25/29] Compiling Physical Description.swift
/host/spi-builder-workspace/Sources/Physical/Core/Numerics.swift:2:8: error: no such module 'Accelerate'
import Accelerate
       ^
[26/29] Compiling Physical FloatingPointUnits.swift
/host/spi-builder-workspace/Sources/Physical/Core/Numerics.swift:2:8: error: no such module 'Accelerate'
import Accelerate
       ^
[27/29] Compiling Physical PhysicalConversionType.swift
/host/spi-builder-workspace/Sources/Physical/Core/Numerics.swift:2:8: error: no such module 'Accelerate'
import Accelerate
       ^
[28/29] Compiling Physical PhysicalUnits.swift
/host/spi-builder-workspace/Sources/Physical/Core/Numerics.swift:2:8: error: no such module 'Accelerate'
import Accelerate
       ^
[29/29] Compiling Physical Numerics.swift
/host/spi-builder-workspace/Sources/Physical/Core/Numerics.swift:2:8: error: no such module 'Accelerate'
import Accelerate
       ^
[0/1] Planning build
Building for debugging...
error: emit-module command failed with exit code 1 (use -v to see invocation)[1/26] Emitting module Physical
/host/spi-builder-workspace/Sources/Physical/Core/Numerics.swift:2:8: error: no such module 'Accelerate'
import Accelerate
       ^
[2/29] Compiling Physical Operators.swift
/host/spi-builder-workspace/Sources/Physical/Core/Numerics.swift:2:8: error: no such module 'Accelerate'
import Accelerate
       ^
[3/29] Compiling Physical Physical.swift
/host/spi-builder-workspace/Sources/Physical/Core/Numerics.swift:2:8: error: no such module 'Accelerate'
import Accelerate
       ^
[4/29] Compiling Physical Algebra.swift
/host/spi-builder-workspace/Sources/Physical/Core/Numerics.swift:2:8: error: no such module 'Accelerate'
import Accelerate
       ^
[5/29] Compiling Physical Arrays.swift
/host/spi-builder-workspace/Sources/Physical/Core/Numerics.swift:2:8: error: no such module 'Accelerate'
import Accelerate
       ^
[6/29] Compiling Physical TieredNumber.swift
/host/spi-builder-workspace/Sources/Physical/Core/Numerics.swift:2:8: error: no such module 'Accelerate'
import Accelerate
       ^
[7/29] Compiling Physical Dimension.swift
/host/spi-builder-workspace/Sources/Physical/Core/Numerics.swift:2:8: error: no such module 'Accelerate'
import Accelerate
       ^
[8/29] Compiling Physical Units.swift
/host/spi-builder-workspace/Sources/Physical/Core/Numerics.swift:2:8: error: no such module 'Accelerate'
import Accelerate
       ^
[9/29] Compiling Physical Constants.swift
/host/spi-builder-workspace/Sources/Physical/Core/Numerics.swift:2:8: error: no such module 'Accelerate'
import Accelerate
       ^
[10/29] Compiling Physical Experiments.swift
/host/spi-builder-workspace/Sources/Physical/Core/Numerics.swift:2:8: error: no such module 'Accelerate'
import Accelerate
       ^
[11/29] Compiling Physical Globals.swift
/host/spi-builder-workspace/Sources/Physical/Core/Numerics.swift:2:8: error: no such module 'Accelerate'
import Accelerate
       ^
[12/29] Compiling Physical Comparable.swift
/host/spi-builder-workspace/Sources/Physical/Core/Numerics.swift:2:8: error: no such module 'Accelerate'
import Accelerate
       ^
[13/29] Compiling Physical Composition.swift
/host/spi-builder-workspace/Sources/Physical/Core/Numerics.swift:2:8: error: no such module 'Accelerate'
import Accelerate
       ^
[14/29] Compiling Physical Conversions.swift
/host/spi-builder-workspace/Sources/Physical/Core/Numerics.swift:2:8: error: no such module 'Accelerate'
import Accelerate
       ^
[15/29] Compiling Physical Description.swift
/host/spi-builder-workspace/Sources/Physical/Core/Numerics.swift:2:8: error: no such module 'Accelerate'
import Accelerate
       ^
[16/29] Compiling Physical Equatable.swift
/host/spi-builder-workspace/Sources/Physical/Core/Numerics.swift:2:8: error: no such module 'Accelerate'
import Accelerate
       ^
[17/29] Compiling Physical Inits.swift
/host/spi-builder-workspace/Sources/Physical/Core/Numerics.swift:2:8: error: no such module 'Accelerate'
import Accelerate
       ^
[18/29] Compiling Physical Miscellaneous.swift
/host/spi-builder-workspace/Sources/Physical/Core/Numerics.swift:2:8: error: no such module 'Accelerate'
import Accelerate
       ^
[19/29] Compiling Physical NotAThing.swift
/host/spi-builder-workspace/Sources/Physical/Core/Numerics.swift:2:8: error: no such module 'Accelerate'
import Accelerate
       ^
[20/29] Compiling Physical Metadata.swift
/host/spi-builder-workspace/Sources/Physical/Core/Numerics.swift:2:8: error: no such module 'Accelerate'
import Accelerate
       ^
[21/29] Compiling Physical PhysicalArrays.swift
/host/spi-builder-workspace/Sources/Physical/Core/Numerics.swift:2:8: error: no such module 'Accelerate'
import Accelerate
       ^
[22/29] Compiling Physical PhysicalFunctions.swift
/host/spi-builder-workspace/Sources/Physical/Core/Numerics.swift:2:8: error: no such module 'Accelerate'
import Accelerate
       ^
[23/29] Compiling Physical PhysicalStatistics.swift
/host/spi-builder-workspace/Sources/Physical/Core/Numerics.swift:2:8: error: no such module 'Accelerate'
import Accelerate
       ^
[24/29] Compiling Physical UnitStructs.swift
/host/spi-builder-workspace/Sources/Physical/Core/Numerics.swift:2:8: error: no such module 'Accelerate'
import Accelerate
       ^
[25/29] Compiling Physical dB.swift
/host/spi-builder-workspace/Sources/Physical/Core/Numerics.swift:2:8: error: no such module 'Accelerate'
import Accelerate
       ^
[26/29] Compiling Physical FloatingPointUnits.swift
/host/spi-builder-workspace/Sources/Physical/Core/Numerics.swift:2:8: error: no such module 'Accelerate'
import Accelerate
       ^
[27/29] Compiling Physical PhysicalConversionType.swift
/host/spi-builder-workspace/Sources/Physical/Core/Numerics.swift:2:8: error: no such module 'Accelerate'
import Accelerate
       ^
[28/29] Compiling Physical PhysicalUnits.swift
/host/spi-builder-workspace/Sources/Physical/Core/Numerics.swift:2:8: error: no such module 'Accelerate'
import Accelerate
       ^
[29/29] Compiling Physical Numerics.swift
/host/spi-builder-workspace/Sources/Physical/Core/Numerics.swift:2:8: error: no such module 'Accelerate'
import Accelerate
       ^
BUILD FAILURE 5.7 linux

Build Machine: Linux 1