The Swift Package Index logo.Swift Package Index

Track the adoption of Swift 6 strict concurrency checks for data race safety. How many packages are Ready for Swift 6?

Build Information

Failed to build VaporRecaptcha with Swift 6.0 (beta) for Linux (427900) on 10 Jul 2024 20:57:49 UTC.

Build Command

bash -c docker run --pull=always --rm -v "checkouts-4606859-0":/host -w "$workDir" registry.gitlab.com/finestructure/spi-images:basic-6.0-latest swift build --triple x86_64-unknown-linux-gnu -Xswiftc -Xfrontend -Xswiftc -stats-output-dir -Xswiftc -Xfrontend -Xswiftc .stats -Xswiftc -strict-concurrency=complete 2>&1

Build Log

========================================
RunAll
========================================
Builder version: 4.46.0
Interrupt handler set up.
========================================
Checkout
========================================
Clone URL: https://github.com/gotranseo/vapor-recaptcha.git
Reference: master
Initialized empty Git repository in /host/spi-builder-workspace/.git/
hint: Using 'master' as the name for the initial branch. This default branch name
hint: is subject to change. To configure the initial branch name to use in all
hint: of your new repositories, which will suppress this warning, call:
hint:
hint: 	git config --global init.defaultBranch <name>
hint:
hint: Names commonly chosen instead of 'master' are 'main', 'trunk' and
hint: 'development'. The just-created branch can be renamed via this command:
hint:
hint: 	git branch -m <name>
From https://github.com/gotranseo/vapor-recaptcha
 * branch            master     -> FETCH_HEAD
 * [new branch]      master     -> origin/master
HEAD is now at 4279004 make public
Cloned https://github.com/gotranseo/vapor-recaptcha.git
Revision (git rev-parse @):
4279004fde30e4b0be2300bc122d7a659ec16924
SUCCESS checkout https://github.com/gotranseo/vapor-recaptcha.git at master
========================================
Build
========================================
Selected platform:         linux
Swift version:             6.0
Building package at path:  $workDir
https://github.com/gotranseo/vapor-recaptcha.git
Running build ...
bash -c docker run --pull=always --rm -v "checkouts-4606859-0":/host -w "$workDir" registry.gitlab.com/finestructure/spi-images:basic-6.0-latest swift build --triple x86_64-unknown-linux-gnu -Xswiftc -Xfrontend -Xswiftc -stats-output-dir -Xswiftc -Xfrontend -Xswiftc .stats -Xswiftc -strict-concurrency=complete 2>&1
basic-6.0-latest: Pulling from finestructure/spi-images
Digest: sha256:939bcf47aaf06a33919ac1ec1df3a4704fc37493bc970719b13df1c85d27e20a
Status: Image is up to date for registry.gitlab.com/finestructure/spi-images:basic-6.0-latest
Fetching https://github.com/apple/swift-nio-ssl.git
Fetching https://github.com/vapor/routing.git
Fetching https://github.com/vapor/template-kit.git
Fetching https://github.com/vapor/url-encoded-form.git
Fetching https://github.com/vapor/database-kit.git
Fetching https://github.com/vapor/core.git
[1/381] Fetching url-encoded-form
[21/1562] Fetching url-encoded-form, database-kit
[507/21705] Fetching url-encoded-form, database-kit, core
[1966/42395] Fetching url-encoded-form, database-kit, core, routing
[3388/43677] Fetching url-encoded-form, database-kit, core, routing, template-kit
[34892/55977] Fetching url-encoded-form, database-kit, core, routing, template-kit, swift-nio-ssl
Fetched https://github.com/vapor/database-kit.git from cache (0.84s)
Fetching https://github.com/vapor/http.git
[49999/54796] Fetching url-encoded-form, core, routing, template-kit, swift-nio-ssl
Fetched https://github.com/vapor/routing.git from cache (0.86s)
Fetching https://github.com/apple/swift-nio.git
[32507/34106] Fetching url-encoded-form, core, template-kit, swift-nio-ssl
[34107/59573] Fetching url-encoded-form, core, template-kit, swift-nio-ssl, http
[55245/126000] Fetching url-encoded-form, core, template-kit, swift-nio-ssl, http, swift-nio
Fetched https://github.com/vapor/url-encoded-form.git from cache (1.36s)
Fetching https://github.com/vapor/vapor.git
Fetched https://github.com/vapor/template-kit.git from cache (1.36s)
Fetching https://github.com/vapor/validation.git
[54091/124337] Fetching core, swift-nio-ssl, http, swift-nio
Fetched https://github.com/vapor/core.git from cache (1.38s)
Fetching https://github.com/vapor/service.git
Fetched https://github.com/apple/swift-nio-ssl.git from cache (1.38s)
Fetching https://github.com/vapor/multipart.git
[24604/91894] Fetching http, swift-nio
[30118/92813] Fetching http, swift-nio, service
[33030/93392] Fetching http, swift-nio, service, validation
[33366/95237] Fetching http, swift-nio, service, validation, multipart
Fetched https://github.com/vapor/validation.git from cache (0.29s)
Fetching https://github.com/vapor/crypto.git
[39508/163610] Fetching http, swift-nio, service, multipart, vapor
Fetched https://github.com/vapor/http.git from cache (0.90s)
Fetching https://github.com/vapor/websocket.git
[32202/138143] Fetching swift-nio, service, multipart, vapor
[47120/140929] Fetching swift-nio, service, multipart, vapor, crypto
[51899/143402] Fetching swift-nio, service, multipart, vapor, crypto, websocket
Fetched https://github.com/vapor/crypto.git from cache (0.36s)
Fetching https://github.com/apple/swift-nio-zlib-support.git
[54957/140616] Fetching swift-nio, service, multipart, vapor, websocket
Fetched https://github.com/vapor/websocket.git from cache (0.29s)
Fetching https://github.com/apple/swift-nio-ssl-support.git
[55881/138143] Fetching swift-nio, service, multipart, vapor
[59944/138158] Fetching swift-nio, service, multipart, vapor, swift-nio-zlib-support
[59959/138174] Fetching swift-nio, service, multipart, vapor, swift-nio-zlib-support, swift-nio-ssl-support
Fetched https://github.com/apple/swift-nio-zlib-support.git from cache (0.24s)
Fetching https://github.com/vapor/console.git
Fetched https://github.com/apple/swift-nio-ssl-support.git from cache (0.22s)
[68191/138143] Fetching swift-nio, service, multipart, vapor
[101189/143575] Fetching swift-nio, service, multipart, vapor, console
Fetched https://github.com/vapor/console.git from cache (0.36s)
[117551/138143] Fetching swift-nio, service, multipart, vapor
Fetched https://github.com/vapor/service.git from cache (1.50s)
[120618/137224] Fetching swift-nio, multipart, vapor
Fetched https://github.com/vapor/multipart.git from cache (1.56s)
[119437/135379] Fetching swift-nio, vapor
Fetched https://github.com/vapor/vapor.git from cache (1.90s)
Computing version for https://github.com/vapor/vapor.git
Computed https://github.com/vapor/vapor.git at 3.0.1 (0.52s)
Computing version for https://github.com/vapor/websocket.git
Computed https://github.com/vapor/websocket.git at 1.0.0 (0.61s)
Fetched https://github.com/apple/swift-nio.git from cache (4.34s)
Computing version for https://github.com/vapor/validation.git
Computed https://github.com/vapor/validation.git at 2.0.0 (2.08s)
Computing version for https://github.com/vapor/url-encoded-form.git
Computed https://github.com/vapor/url-encoded-form.git at 1.0.2 (0.42s)
Computing version for https://github.com/vapor/template-kit.git
Computed https://github.com/vapor/template-kit.git at 1.0.1 (0.58s)
Computing version for https://github.com/vapor/service.git
Computed https://github.com/vapor/service.git at 1.0.0 (0.42s)
Computing version for https://github.com/vapor/routing.git
Computed https://github.com/vapor/routing.git at 3.0.1 (0.43s)
Computing version for https://github.com/vapor/multipart.git
Computed https://github.com/vapor/multipart.git at 3.0.1 (0.94s)
Computing version for https://github.com/vapor/http.git
Computed https://github.com/vapor/http.git at 3.0.5 (0.45s)
Computing version for https://github.com/vapor/database-kit.git
Computed https://github.com/vapor/database-kit.git at 1.0.1 (0.43s)
Computing version for https://github.com/vapor/crypto.git
Computed https://github.com/vapor/crypto.git at 3.1.2 (0.42s)
Computing version for https://github.com/vapor/core.git
Computed https://github.com/vapor/core.git at 3.1.6 (0.42s)
Computing version for https://github.com/vapor/console.git
Computed https://github.com/vapor/console.git at 3.0.2 (0.43s)
Computing version for https://github.com/apple/swift-nio-ssl.git
Computed https://github.com/apple/swift-nio-ssl.git at 1.1.0 (1.00s)
Computing version for https://github.com/apple/swift-nio.git
Computed https://github.com/apple/swift-nio.git at 1.6.1 (0.58s)
Computing version for https://github.com/apple/swift-nio-ssl-support.git
Computed https://github.com/apple/swift-nio-ssl-support.git at 1.0.0 (0.65s)
Computing version for https://github.com/apple/swift-nio-zlib-support.git
Computed https://github.com/apple/swift-nio-zlib-support.git at 1.0.0 (0.40s)
Creating working copy for https://github.com/vapor/websocket.git
Working copy of https://github.com/vapor/websocket.git resolved at 1.0.0
Creating working copy for https://github.com/vapor/routing.git
Working copy of https://github.com/vapor/routing.git resolved at 3.0.1
Creating working copy for https://github.com/vapor/multipart.git
Working copy of https://github.com/vapor/multipart.git resolved at 3.0.1
Creating working copy for https://github.com/apple/swift-nio-ssl-support.git
Working copy of https://github.com/apple/swift-nio-ssl-support.git resolved at 1.0.0
Creating working copy for https://github.com/vapor/service.git
Working copy of https://github.com/vapor/service.git resolved at 1.0.0
Creating working copy for https://github.com/vapor/http.git
Working copy of https://github.com/vapor/http.git resolved at 3.0.5
Creating working copy for https://github.com/vapor/database-kit.git
Working copy of https://github.com/vapor/database-kit.git resolved at 1.0.1
Creating working copy for https://github.com/vapor/template-kit.git
Working copy of https://github.com/vapor/template-kit.git resolved at 1.0.1
Creating working copy for https://github.com/vapor/url-encoded-form.git
Working copy of https://github.com/vapor/url-encoded-form.git resolved at 1.0.2
Creating working copy for https://github.com/apple/swift-nio.git
Working copy of https://github.com/apple/swift-nio.git resolved at 1.6.1
Creating working copy for https://github.com/apple/swift-nio-ssl.git
Working copy of https://github.com/apple/swift-nio-ssl.git resolved at 1.1.0
Creating working copy for https://github.com/vapor/vapor.git
Working copy of https://github.com/vapor/vapor.git resolved at 3.0.1
Creating working copy for https://github.com/vapor/console.git
Working copy of https://github.com/vapor/console.git resolved at 3.0.2
Creating working copy for https://github.com/vapor/core.git
Working copy of https://github.com/vapor/core.git resolved at 3.1.6
Creating working copy for https://github.com/apple/swift-nio-zlib-support.git
Working copy of https://github.com/apple/swift-nio-zlib-support.git resolved at 1.0.0
Creating working copy for https://github.com/vapor/crypto.git
Working copy of https://github.com/vapor/crypto.git resolved at 3.1.2
Creating working copy for https://github.com/vapor/validation.git
Working copy of https://github.com/vapor/validation.git resolved at 2.0.0
warning: 'swift-nio-ssl-support': ignoring declared target(s) 'swift-nio-ssl-support' in the system package
warning: 'swift-nio-zlib-support': ignoring declared target(s) 'swift-nio-zlib-support' in the system package
Building for debugging...
[0/39] Write sources
[27/39] Compiling CNIOZlib empty.c
[28/39] Compiling CNIOOpenSSL empty.c
[29/39] Compiling CNIODarwin shim.c
[29/39] Write sources
[32/39] Compiling CNIOSHA1 c_nio_sha1.c
[33/39] Compiling CNIOLinux shim.c
[34/39] Compiling libbcrypt bcrypt.c
[35/39] Compiling CNIOHTTPParser c_nio_http_parser.c
[36/39] Compiling libbcrypt blf.c
[37/39] Write swift-version-24593BA9C3E375BF.txt
[39/48] Emitting module NIOPriorityQueue
[40/48] Emitting module Debugging
[40/48] Compiling c-atomics.c
[42/51] Compiling NIOPriorityQueue PriorityQueue.swift
[43/51] Compiling Debugging SourceLocation.swift
[44/51] Emitting module COperatingSystem
[45/51] Compiling COperatingSystem libc.swift
[46/52] Emitting module NIOConcurrencyHelpers
[47/52] Compiling NIOConcurrencyHelpers atomics.swift
[48/52] Compiling NIOConcurrencyHelpers lock.swift
[49/53] Compiling NIOPriorityQueue Heap.swift
[53/100] Compiling NIO IO.swift
/host/spi-builder-workspace/.build/checkouts/swift-nio/Sources/NIO/Linux.swift:77:32: error: module 'CNIOLinux' has no member named 'ENOENT'
 75 |     public static let EPOLLHUP = CNIOLinux.EPOLLHUP
 76 |     public static let EPOLLET = CNIOLinux.EPOLLET
 77 |     public static let ENOENT = CNIOLinux.ENOENT
    |                                `- error: module 'CNIOLinux' has no member named 'ENOENT'
 78 |
 79 |     @inline(never)
[54/100] Compiling NIO IOData.swift
/host/spi-builder-workspace/.build/checkouts/swift-nio/Sources/NIO/Linux.swift:77:32: error: module 'CNIOLinux' has no member named 'ENOENT'
 75 |     public static let EPOLLHUP = CNIOLinux.EPOLLHUP
 76 |     public static let EPOLLET = CNIOLinux.EPOLLET
 77 |     public static let ENOENT = CNIOLinux.ENOENT
    |                                `- error: module 'CNIOLinux' has no member named 'ENOENT'
 78 |
 79 |     @inline(never)
[55/100] Compiling NIO IntegerTypes.swift
/host/spi-builder-workspace/.build/checkouts/swift-nio/Sources/NIO/Linux.swift:77:32: error: module 'CNIOLinux' has no member named 'ENOENT'
 75 |     public static let EPOLLHUP = CNIOLinux.EPOLLHUP
 76 |     public static let EPOLLET = CNIOLinux.EPOLLET
 77 |     public static let ENOENT = CNIOLinux.ENOENT
    |                                `- error: module 'CNIOLinux' has no member named 'ENOENT'
 78 |
 79 |     @inline(never)
[56/100] Compiling NIO Interfaces.swift
/host/spi-builder-workspace/.build/checkouts/swift-nio/Sources/NIO/Linux.swift:77:32: error: module 'CNIOLinux' has no member named 'ENOENT'
 75 |     public static let EPOLLHUP = CNIOLinux.EPOLLHUP
 76 |     public static let EPOLLET = CNIOLinux.EPOLLET
 77 |     public static let ENOENT = CNIOLinux.ENOENT
    |                                `- error: module 'CNIOLinux' has no member named 'ENOENT'
 78 |
 79 |     @inline(never)
[57/100] Compiling NIO Linux.swift
/host/spi-builder-workspace/.build/checkouts/swift-nio/Sources/NIO/Linux.swift:77:32: error: module 'CNIOLinux' has no member named 'ENOENT'
 75 |     public static let EPOLLHUP = CNIOLinux.EPOLLHUP
 76 |     public static let EPOLLET = CNIOLinux.EPOLLET
 77 |     public static let ENOENT = CNIOLinux.ENOENT
    |                                `- error: module 'CNIOLinux' has no member named 'ENOENT'
 78 |
 79 |     @inline(never)
[58/100] Compiling NIO LinuxCPUSet.swift
/host/spi-builder-workspace/.build/checkouts/swift-nio/Sources/NIO/Linux.swift:77:32: error: module 'CNIOLinux' has no member named 'ENOENT'
 75 |     public static let EPOLLHUP = CNIOLinux.EPOLLHUP
 76 |     public static let EPOLLET = CNIOLinux.EPOLLET
 77 |     public static let ENOENT = CNIOLinux.ENOENT
    |                                `- error: module 'CNIOLinux' has no member named 'ENOENT'
 78 |
 79 |     @inline(never)
[59/106] Compiling Debugging Demangler.swift
[60/106] Compiling Debugging Debuggable.swift
error: emit-module command failed with exit code 1 (use -v to see invocation)
[62/107] Emitting module NIO
/host/spi-builder-workspace/.build/checkouts/swift-nio/Sources/NIO/ByteBuffer-core.swift:651:1: error: type 'StaticString' does not conform to protocol 'Collection'
649 | }
650 |
651 | extension StaticString: Collection {
    | `- error: type 'StaticString' does not conform to protocol 'Collection'
652 |     public typealias Element = UInt8
653 |     public typealias SubSequence = ArraySlice<UInt8>
/host/spi-builder-workspace/.build/checkouts/swift-nio/Sources/NIO/ByteBuffer-core.swift:651:1: error: unavailable subscript 'subscript(_:)' was used to satisfy a requirement of protocol 'Collection'
649 | }
650 |
651 | extension StaticString: Collection {
    | `- error: unavailable subscript 'subscript(_:)' was used to satisfy a requirement of protocol 'Collection'
652 |     public typealias Element = UInt8
653 |     public typealias SubSequence = ArraySlice<UInt8>
Swift.Collection:3:12: note: 'subscript(_:)' declared here
1 | extension Collection {
2 |     @available(*, unavailable)
3 |     public subscript(bounds: Range<Self.Index>) -> Self.SubSequence { get }
  |            `- note: 'subscript(_:)' declared here
4 | }
Swift.Collection:14:5: note: requirement 'subscript(_:)' declared here
12 |     associatedtype SubSequence : Collection = Slice<Self> where Self.Element == Self.SubSequence.Element, Self.SubSequence == Self.SubSequence.SubSequence
13 |     subscript(position: Self.Index) -> Self.Element { get }
14 |     subscript(bounds: Range<Self.Index>) -> Self.SubSequence { get }
   |     `- note: requirement 'subscript(_:)' declared here
15 |     associatedtype Indices : Collection = DefaultIndices<Self> where Self.Indices == Self.Indices.SubSequence
16 |     var indices: Self.Indices { get }
/host/spi-builder-workspace/.build/checkouts/swift-nio/Sources/NIO/Linux.swift:77:32: error: module 'CNIOLinux' has no member named 'ENOENT'
 75 |     public static let EPOLLHUP = CNIOLinux.EPOLLHUP
 76 |     public static let EPOLLET = CNIOLinux.EPOLLET
 77 |     public static let ENOENT = CNIOLinux.ENOENT
    |                                `- error: module 'CNIOLinux' has no member named 'ENOENT'
 78 |
 79 |     @inline(never)
[63/107] Compiling NIO AddressedEnvelope.swift
/host/spi-builder-workspace/.build/checkouts/swift-nio/Sources/NIO/ByteBuffer-core.swift:651:1: error: type 'StaticString' does not conform to protocol 'Collection'
649 | }
650 |
651 | extension StaticString: Collection {
    | `- error: type 'StaticString' does not conform to protocol 'Collection'
652 |     public typealias Element = UInt8
653 |     public typealias SubSequence = ArraySlice<UInt8>
/host/spi-builder-workspace/.build/checkouts/swift-nio/Sources/NIO/ByteBuffer-core.swift:651:1: error: unavailable subscript 'subscript(_:)' was used to satisfy a requirement of protocol 'Collection'
649 | }
650 |
651 | extension StaticString: Collection {
    | `- error: unavailable subscript 'subscript(_:)' was used to satisfy a requirement of protocol 'Collection'
652 |     public typealias Element = UInt8
653 |     public typealias SubSequence = ArraySlice<UInt8>
Swift.Collection:3:12: note: 'subscript(_:)' declared here
1 | extension Collection {
2 |     @available(*, unavailable)
3 |     public subscript(bounds: Range<Self.Index>) -> Self.SubSequence { get }
  |            `- note: 'subscript(_:)' declared here
4 | }
Swift.Collection:14:5: note: requirement 'subscript(_:)' declared here
12 |     associatedtype SubSequence : Collection = Slice<Self> where Self.Element == Self.SubSequence.Element, Self.SubSequence == Self.SubSequence.SubSequence
13 |     subscript(position: Self.Index) -> Self.Element { get }
14 |     subscript(bounds: Range<Self.Index>) -> Self.SubSequence { get }
   |     `- note: requirement 'subscript(_:)' declared here
15 |     associatedtype Indices : Collection = DefaultIndices<Self> where Self.Indices == Self.Indices.SubSequence
16 |     var indices: Self.Indices { get }
[64/107] Compiling NIO BaseSocket.swift
/host/spi-builder-workspace/.build/checkouts/swift-nio/Sources/NIO/ByteBuffer-core.swift:651:1: error: type 'StaticString' does not conform to protocol 'Collection'
649 | }
650 |
651 | extension StaticString: Collection {
    | `- error: type 'StaticString' does not conform to protocol 'Collection'
652 |     public typealias Element = UInt8
653 |     public typealias SubSequence = ArraySlice<UInt8>
/host/spi-builder-workspace/.build/checkouts/swift-nio/Sources/NIO/ByteBuffer-core.swift:651:1: error: unavailable subscript 'subscript(_:)' was used to satisfy a requirement of protocol 'Collection'
649 | }
650 |
651 | extension StaticString: Collection {
    | `- error: unavailable subscript 'subscript(_:)' was used to satisfy a requirement of protocol 'Collection'
652 |     public typealias Element = UInt8
653 |     public typealias SubSequence = ArraySlice<UInt8>
Swift.Collection:3:12: note: 'subscript(_:)' declared here
1 | extension Collection {
2 |     @available(*, unavailable)
3 |     public subscript(bounds: Range<Self.Index>) -> Self.SubSequence { get }
  |            `- note: 'subscript(_:)' declared here
4 | }
Swift.Collection:14:5: note: requirement 'subscript(_:)' declared here
12 |     associatedtype SubSequence : Collection = Slice<Self> where Self.Element == Self.SubSequence.Element, Self.SubSequence == Self.SubSequence.SubSequence
13 |     subscript(position: Self.Index) -> Self.Element { get }
14 |     subscript(bounds: Range<Self.Index>) -> Self.SubSequence { get }
   |     `- note: requirement 'subscript(_:)' declared here
15 |     associatedtype Indices : Collection = DefaultIndices<Self> where Self.Indices == Self.Indices.SubSequence
16 |     var indices: Self.Indices { get }
[65/107] Compiling NIO BaseSocketChannel.swift
/host/spi-builder-workspace/.build/checkouts/swift-nio/Sources/NIO/ByteBuffer-core.swift:651:1: error: type 'StaticString' does not conform to protocol 'Collection'
649 | }
650 |
651 | extension StaticString: Collection {
    | `- error: type 'StaticString' does not conform to protocol 'Collection'
652 |     public typealias Element = UInt8
653 |     public typealias SubSequence = ArraySlice<UInt8>
/host/spi-builder-workspace/.build/checkouts/swift-nio/Sources/NIO/ByteBuffer-core.swift:651:1: error: unavailable subscript 'subscript(_:)' was used to satisfy a requirement of protocol 'Collection'
649 | }
650 |
651 | extension StaticString: Collection {
    | `- error: unavailable subscript 'subscript(_:)' was used to satisfy a requirement of protocol 'Collection'
652 |     public typealias Element = UInt8
653 |     public typealias SubSequence = ArraySlice<UInt8>
Swift.Collection:3:12: note: 'subscript(_:)' declared here
1 | extension Collection {
2 |     @available(*, unavailable)
3 |     public subscript(bounds: Range<Self.Index>) -> Self.SubSequence { get }
  |            `- note: 'subscript(_:)' declared here
4 | }
Swift.Collection:14:5: note: requirement 'subscript(_:)' declared here
12 |     associatedtype SubSequence : Collection = Slice<Self> where Self.Element == Self.SubSequence.Element, Self.SubSequence == Self.SubSequence.SubSequence
13 |     subscript(position: Self.Index) -> Self.Element { get }
14 |     subscript(bounds: Range<Self.Index>) -> Self.SubSequence { get }
   |     `- note: requirement 'subscript(_:)' declared here
15 |     associatedtype Indices : Collection = DefaultIndices<Self> where Self.Indices == Self.Indices.SubSequence
16 |     var indices: Self.Indices { get }
[66/107] Compiling NIO BlockingIOThreadPool.swift
/host/spi-builder-workspace/.build/checkouts/swift-nio/Sources/NIO/ByteBuffer-core.swift:651:1: error: type 'StaticString' does not conform to protocol 'Collection'
649 | }
650 |
651 | extension StaticString: Collection {
    | `- error: type 'StaticString' does not conform to protocol 'Collection'
652 |     public typealias Element = UInt8
653 |     public typealias SubSequence = ArraySlice<UInt8>
/host/spi-builder-workspace/.build/checkouts/swift-nio/Sources/NIO/ByteBuffer-core.swift:651:1: error: unavailable subscript 'subscript(_:)' was used to satisfy a requirement of protocol 'Collection'
649 | }
650 |
651 | extension StaticString: Collection {
    | `- error: unavailable subscript 'subscript(_:)' was used to satisfy a requirement of protocol 'Collection'
652 |     public typealias Element = UInt8
653 |     public typealias SubSequence = ArraySlice<UInt8>
Swift.Collection:3:12: note: 'subscript(_:)' declared here
1 | extension Collection {
2 |     @available(*, unavailable)
3 |     public subscript(bounds: Range<Self.Index>) -> Self.SubSequence { get }
  |            `- note: 'subscript(_:)' declared here
4 | }
Swift.Collection:14:5: note: requirement 'subscript(_:)' declared here
12 |     associatedtype SubSequence : Collection = Slice<Self> where Self.Element == Self.SubSequence.Element, Self.SubSequence == Self.SubSequence.SubSequence
13 |     subscript(position: Self.Index) -> Self.Element { get }
14 |     subscript(bounds: Range<Self.Index>) -> Self.SubSequence { get }
   |     `- note: requirement 'subscript(_:)' declared here
15 |     associatedtype Indices : Collection = DefaultIndices<Self> where Self.Indices == Self.Indices.SubSequence
16 |     var indices: Self.Indices { get }
[67/107] Compiling NIO Bootstrap.swift
/host/spi-builder-workspace/.build/checkouts/swift-nio/Sources/NIO/ByteBuffer-core.swift:651:1: error: type 'StaticString' does not conform to protocol 'Collection'
649 | }
650 |
651 | extension StaticString: Collection {
    | `- error: type 'StaticString' does not conform to protocol 'Collection'
652 |     public typealias Element = UInt8
653 |     public typealias SubSequence = ArraySlice<UInt8>
/host/spi-builder-workspace/.build/checkouts/swift-nio/Sources/NIO/ByteBuffer-core.swift:651:1: error: unavailable subscript 'subscript(_:)' was used to satisfy a requirement of protocol 'Collection'
649 | }
650 |
651 | extension StaticString: Collection {
    | `- error: unavailable subscript 'subscript(_:)' was used to satisfy a requirement of protocol 'Collection'
652 |     public typealias Element = UInt8
653 |     public typealias SubSequence = ArraySlice<UInt8>
Swift.Collection:3:12: note: 'subscript(_:)' declared here
1 | extension Collection {
2 |     @available(*, unavailable)
3 |     public subscript(bounds: Range<Self.Index>) -> Self.SubSequence { get }
  |            `- note: 'subscript(_:)' declared here
4 | }
Swift.Collection:14:5: note: requirement 'subscript(_:)' declared here
12 |     associatedtype SubSequence : Collection = Slice<Self> where Self.Element == Self.SubSequence.Element, Self.SubSequence == Self.SubSequence.SubSequence
13 |     subscript(position: Self.Index) -> Self.Element { get }
14 |     subscript(bounds: Range<Self.Index>) -> Self.SubSequence { get }
   |     `- note: requirement 'subscript(_:)' declared here
15 |     associatedtype Indices : Collection = DefaultIndices<Self> where Self.Indices == Self.Indices.SubSequence
16 |     var indices: Self.Indices { get }
[68/107] Compiling NIO ByteBuffer-aux.swift
/host/spi-builder-workspace/.build/checkouts/swift-nio/Sources/NIO/ByteBuffer-core.swift:651:1: error: type 'StaticString' does not conform to protocol 'Collection'
649 | }
650 |
651 | extension StaticString: Collection {
    | `- error: type 'StaticString' does not conform to protocol 'Collection'
652 |     public typealias Element = UInt8
653 |     public typealias SubSequence = ArraySlice<UInt8>
/host/spi-builder-workspace/.build/checkouts/swift-nio/Sources/NIO/ByteBuffer-core.swift:651:1: error: unavailable subscript 'subscript(_:)' was used to satisfy a requirement of protocol 'Collection'
649 | }
650 |
651 | extension StaticString: Collection {
    | `- error: unavailable subscript 'subscript(_:)' was used to satisfy a requirement of protocol 'Collection'
652 |     public typealias Element = UInt8
653 |     public typealias SubSequence = ArraySlice<UInt8>
Swift.Collection:3:12: note: 'subscript(_:)' declared here
1 | extension Collection {
2 |     @available(*, unavailable)
3 |     public subscript(bounds: Range<Self.Index>) -> Self.SubSequence { get }
  |            `- note: 'subscript(_:)' declared here
4 | }
Swift.Collection:14:5: note: requirement 'subscript(_:)' declared here
12 |     associatedtype SubSequence : Collection = Slice<Self> where Self.Element == Self.SubSequence.Element, Self.SubSequence == Self.SubSequence.SubSequence
13 |     subscript(position: Self.Index) -> Self.Element { get }
14 |     subscript(bounds: Range<Self.Index>) -> Self.SubSequence { get }
   |     `- note: requirement 'subscript(_:)' declared here
15 |     associatedtype Indices : Collection = DefaultIndices<Self> where Self.Indices == Self.Indices.SubSequence
16 |     var indices: Self.Indices { get }
[69/107] Compiling NIO ByteBuffer-core.swift
/host/spi-builder-workspace/.build/checkouts/swift-nio/Sources/NIO/ByteBuffer-core.swift:651:1: error: type 'StaticString' does not conform to protocol 'Collection'
649 | }
650 |
651 | extension StaticString: Collection {
    | `- error: type 'StaticString' does not conform to protocol 'Collection'
652 |     public typealias Element = UInt8
653 |     public typealias SubSequence = ArraySlice<UInt8>
/host/spi-builder-workspace/.build/checkouts/swift-nio/Sources/NIO/ByteBuffer-core.swift:651:1: error: unavailable subscript 'subscript(_:)' was used to satisfy a requirement of protocol 'Collection'
649 | }
650 |
651 | extension StaticString: Collection {
    | `- error: unavailable subscript 'subscript(_:)' was used to satisfy a requirement of protocol 'Collection'
652 |     public typealias Element = UInt8
653 |     public typealias SubSequence = ArraySlice<UInt8>
Swift.Collection:3:12: note: 'subscript(_:)' declared here
1 | extension Collection {
2 |     @available(*, unavailable)
3 |     public subscript(bounds: Range<Self.Index>) -> Self.SubSequence { get }
  |            `- note: 'subscript(_:)' declared here
4 | }
Swift.Collection:14:5: note: requirement 'subscript(_:)' declared here
12 |     associatedtype SubSequence : Collection = Slice<Self> where Self.Element == Self.SubSequence.Element, Self.SubSequence == Self.SubSequence.SubSequence
13 |     subscript(position: Self.Index) -> Self.Element { get }
14 |     subscript(bounds: Range<Self.Index>) -> Self.SubSequence { get }
   |     `- note: requirement 'subscript(_:)' declared here
15 |     associatedtype Indices : Collection = DefaultIndices<Self> where Self.Indices == Self.Indices.SubSequence
16 |     var indices: Self.Indices { get }
[70/107] Compiling NIO FileDescriptor.swift
[71/107] Compiling NIO FileHandle.swift
[72/107] Compiling NIO FileRegion.swift
[73/107] Compiling NIO GetaddrinfoResolver.swift
[74/107] Compiling NIO HappyEyeballs.swift
[75/107] Compiling NIO Heap.swift
[76/107] Compiling NIO MarkedCircularBuffer.swift
[77/107] Compiling NIO NIOAny.swift
[78/107] Compiling NIO NonBlockingFileIO.swift
[79/107] Compiling NIO PendingDatagramWritesManager.swift
[80/107] Compiling NIO PendingWritesManager.swift
[81/107] Compiling NIO PriorityQueue.swift
[82/107] Compiling NIO CircularBuffer.swift
[83/107] Compiling NIO Codec.swift
[84/107] Compiling NIO CompositeError.swift
[85/107] Compiling NIO DeadChannel.swift
[86/107] Compiling NIO Embedded.swift
[87/107] Compiling NIO EventLoop.swift
[88/107] Compiling NIO EventLoopFuture.swift
[89/107] Compiling NIO ByteBuffer-int.swift
[90/107] Compiling NIO Channel.swift
[91/107] Compiling NIO ChannelHandler.swift
[92/107] Compiling NIO ChannelHandlers.swift
[93/107] Compiling NIO ChannelInvoker.swift
[94/107] Compiling NIO ChannelOption.swift
[95/107] Compiling NIO ChannelPipeline.swift
[96/107] Compiling NIO RecvByteBufferAllocator.swift
/host/spi-builder-workspace/.build/checkouts/swift-nio/Sources/NIO/Selector.swift:535:27: error: cannot convert value of type 'SelectorEventSet' to expected argument type '(any Any.Type)?'
533 |                     selectorEvent = selectorEvent.intersection(registration.interested)
534 |
535 |                     guard selectorEvent != .none else {
    |                           `- error: cannot convert value of type 'SelectorEventSet' to expected argument type '(any Any.Type)?'
536 |                         continue
537 |                     }
[97/107] Compiling NIO Resolver.swift
/host/spi-builder-workspace/.build/checkouts/swift-nio/Sources/NIO/Selector.swift:535:27: error: cannot convert value of type 'SelectorEventSet' to expected argument type '(any Any.Type)?'
533 |                     selectorEvent = selectorEvent.intersection(registration.interested)
534 |
535 |                     guard selectorEvent != .none else {
    |                           `- error: cannot convert value of type 'SelectorEventSet' to expected argument type '(any Any.Type)?'
536 |                         continue
537 |                     }
[98/107] Compiling NIO Selectable.swift
/host/spi-builder-workspace/.build/checkouts/swift-nio/Sources/NIO/Selector.swift:535:27: error: cannot convert value of type 'SelectorEventSet' to expected argument type '(any Any.Type)?'
533 |                     selectorEvent = selectorEvent.intersection(registration.interested)
534 |
535 |                     guard selectorEvent != .none else {
    |                           `- error: cannot convert value of type 'SelectorEventSet' to expected argument type '(any Any.Type)?'
536 |                         continue
537 |                     }
[99/107] Compiling NIO Selector.swift
/host/spi-builder-workspace/.build/checkouts/swift-nio/Sources/NIO/Selector.swift:535:27: error: cannot convert value of type 'SelectorEventSet' to expected argument type '(any Any.Type)?'
533 |                     selectorEvent = selectorEvent.intersection(registration.interested)
534 |
535 |                     guard selectorEvent != .none else {
    |                           `- error: cannot convert value of type 'SelectorEventSet' to expected argument type '(any Any.Type)?'
536 |                         continue
537 |                     }
[100/107] Compiling NIO ServerSocket.swift
/host/spi-builder-workspace/.build/checkouts/swift-nio/Sources/NIO/Selector.swift:535:27: error: cannot convert value of type 'SelectorEventSet' to expected argument type '(any Any.Type)?'
533 |                     selectorEvent = selectorEvent.intersection(registration.interested)
534 |
535 |                     guard selectorEvent != .none else {
    |                           `- error: cannot convert value of type 'SelectorEventSet' to expected argument type '(any Any.Type)?'
536 |                         continue
537 |                     }
[101/107] Compiling NIO Socket.swift
/host/spi-builder-workspace/.build/checkouts/swift-nio/Sources/NIO/Selector.swift:535:27: error: cannot convert value of type 'SelectorEventSet' to expected argument type '(any Any.Type)?'
533 |                     selectorEvent = selectorEvent.intersection(registration.interested)
534 |
535 |                     guard selectorEvent != .none else {
    |                           `- error: cannot convert value of type 'SelectorEventSet' to expected argument type '(any Any.Type)?'
536 |                         continue
537 |                     }
[102/107] Compiling NIO SocketAddresses.swift
[103/107] Compiling NIO SocketChannel.swift
[104/107] Compiling NIO System.swift
[105/107] Compiling NIO Thread.swift
[106/107] Compiling NIO TypeAssistedChannelHandler.swift
[107/107] Compiling NIO Utilities.swift
BUILD FAILURE 6.0 linux