The Swift Package Index logo.Swift Package Index

Track the adoption of Swift 6 strict concurrency checks for data race safety. How many packages are Ready for Swift 6?

Build Information

Failed to build AerisWeather with Swift 5.10 for visionOS using Xcode 15.4.

Build Command

env DEVELOPER_DIR=/Applications/Xcode-15.3.0-Beta.2.app xcrun xcodebuild -IDEClonedSourcePackagesDirPathOverride=$workDir/.dependencies -skipMacroValidation -skipPackagePluginValidation -derivedDataPath $workDir/.derivedData build -scheme AerisWeather-Package -destination generic/platform=xros

Build Log

========================================
RunAll
========================================
Builder version: 4.29.0
Interrupt handler set up.
========================================
Checkout
========================================
Clone URL: https://github.com/aerisweather/aerisweather-ios.git
Reference: v3.4.1
Initialized empty Git repository in /Users/builder/builds/UKfvDsi8u/0/finestructure/swiftpackageindex-builder/spi-builder-workspace/.git/
From https://github.com/aerisweather/aerisweather-ios
 * tag               v3.4.1     -> FETCH_HEAD
HEAD is now at f2c36f5 chore: Updated to SDK 3.4.1
Cloned https://github.com/aerisweather/aerisweather-ios.git
Revision (git rev-parse @):
f2c36f5d946a15edd02f127bfaca4679fa3eebe0
SUCCESS checkout https://github.com/aerisweather/aerisweather-ios.git at v3.4.1
========================================
Build
========================================
Selected platform:         visionOS
Swift version:             5.10
Building package at path:  $workDir
https://github.com/aerisweather/aerisweather-ios.git
Command line invocation:
    /Applications/Xcode-15.3.0-Beta.2.app/Contents/Developer/usr/bin/xcodebuild -IDEClonedSourcePackagesDirPathOverride=/Users/builder/builds/UKfvDsi8u/0/finestructure/swiftpackageindex-builder/spi-builder-workspace/.dependencies -resolvePackageDependencies
User defaults from command line:
    IDEClonedSourcePackagesDirPathOverride = /Users/builder/builds/UKfvDsi8u/0/finestructure/swiftpackageindex-builder/spi-builder-workspace/.dependencies
    IDEPackageSupportUseBuiltinSCM = YES
Resolve Package Graph
Resolved source packages:
  AerisWeather: /Users/builder/builds/UKfvDsi8u/0/finestructure/swiftpackageindex-builder/spi-builder-workspace
resolved source packages: AerisWeather
2024-02-17 17:15:23.527 xcodebuild[74930:39354243] Requested but did not find extension point with identifier Xcode.DVTDeviceFoundation.Aspect for extension Xcode.IDEiOSSupportCore.Aspect.NBDD of plug-in com.apple.dt.IDE.IDEiOSSupportCore
2024-02-17 17:15:23.853 xcodebuild[74930:39354243] [MT] DVTPlugInQuery: Requested but did not find extension point with identifier 'Xcode.DVTDeviceFoundation.CompatibleDeviceFamilyPair'. This is programmer error; code should only request extension points that are defined by itself or its dependencies.
{
  "workspace" : {
    "name" : "spi-builder-workspace",
    "schemes" : [
      "AerisCore",
      "AerisCoreUI",
      "AerisMapKit",
      "AerisWeather-Package",
      "AerisWeatherKit"
    ]
  }
}
2024-02-17 17:15:24.146 xcodebuild[74935:39354301] Requested but did not find extension point with identifier Xcode.DVTDeviceFoundation.Aspect for extension Xcode.IDEiOSSupportCore.Aspect.NBDD of plug-in com.apple.dt.IDE.IDEiOSSupportCore
2024-02-17 17:15:24.476 xcodebuild[74935:39354301] [MT] DVTPlugInQuery: Requested but did not find extension point with identifier 'Xcode.DVTDeviceFoundation.CompatibleDeviceFamilyPair'. This is programmer error; code should only request extension points that are defined by itself or its dependencies.
{
  "workspace" : {
    "name" : "spi-builder-workspace",
    "schemes" : [
      "AerisCore",
      "AerisCoreUI",
      "AerisMapKit",
      "AerisWeather-Package",
      "AerisWeatherKit"
    ]
  }
}
2024-02-17 17:15:24.778 xcodebuild[74976:39354434] Requested but did not find extension point with identifier Xcode.DVTDeviceFoundation.Aspect for extension Xcode.IDEiOSSupportCore.Aspect.NBDD of plug-in com.apple.dt.IDE.IDEiOSSupportCore
2024-02-17 17:15:25.123 xcodebuild[74976:39354434] [MT] DVTPlugInQuery: Requested but did not find extension point with identifier 'Xcode.DVTDeviceFoundation.CompatibleDeviceFamilyPair'. This is programmer error; code should only request extension points that are defined by itself or its dependencies.
Running build ...
env DEVELOPER_DIR=/Applications/Xcode-15.3.0-Beta.2.app xcrun xcodebuild -IDEClonedSourcePackagesDirPathOverride=$workDir/.dependencies -skipMacroValidation -skipPackagePluginValidation -derivedDataPath $workDir/.derivedData build -scheme AerisWeather-Package -destination generic/platform=xros
Command line invocation:
    /Applications/Xcode-15.3.0-Beta.2.app/Contents/Developer/usr/bin/xcodebuild -IDEClonedSourcePackagesDirPathOverride=/Users/builder/builds/UKfvDsi8u/0/finestructure/swiftpackageindex-builder/spi-builder-workspace/.dependencies -skipMacroValidation -skipPackagePluginValidation -derivedDataPath /Users/builder/builds/UKfvDsi8u/0/finestructure/swiftpackageindex-builder/spi-builder-workspace/.derivedData build -scheme AerisWeather-Package -destination generic/platform=xros
User defaults from command line:
    IDEClonedSourcePackagesDirPathOverride = /Users/builder/builds/UKfvDsi8u/0/finestructure/swiftpackageindex-builder/spi-builder-workspace/.dependencies
    IDEDerivedDataPathOverride = /Users/builder/builds/UKfvDsi8u/0/finestructure/swiftpackageindex-builder/spi-builder-workspace/.derivedData
    IDEPackageSupportUseBuiltinSCM = YES
Resolve Package Graph
Resolved source packages:
  AerisWeather: /Users/builder/builds/UKfvDsi8u/0/finestructure/swiftpackageindex-builder/spi-builder-workspace
Prepare packages
ComputeTargetDependencyGraph
note: Building targets in dependency order
note: Target dependency graph (4 targets)
    Target 'AerisWeatherKit' in project 'AerisWeather' (no dependencies)
    Target 'AerisMapKit' in project 'AerisWeather' (no dependencies)
    Target 'AerisCoreUI' in project 'AerisWeather' (no dependencies)
    Target 'AerisCore' in project 'AerisWeather' (no dependencies)
GatherProvisioningInputs
CreateBuildDescription
ExecuteExternalTool /Applications/Xcode-15.3.0-Beta.2.app/Contents/Developer/Toolchains/XcodeDefault.xctoolchain/usr/bin/clang -v -E -dM -isysroot /Applications/Xcode-15.3.0-Beta.2.app/Contents/Developer/Platforms/XROS.platform/Developer/SDKs/XROS1.1.sdk -x c -c /dev/null
Build description signature: ba780f908f08faa70f8bb9c2d7e8f16d
Build description path: /Users/builder/builds/UKfvDsi8u/0/finestructure/swiftpackageindex-builder/spi-builder-workspace/.derivedData/Build/Intermediates.noindex/XCBuildData/ba780f908f08faa70f8bb9c2d7e8f16d.xcbuilddata
/Users/builder/builds/UKfvDsi8u/0/finestructure/swiftpackageindex-builder/spi-builder-workspace/lib/AerisMapKit.xcframework:1:1: error: While building for visionOS, no library for this platform was found in '/Users/builder/builds/UKfvDsi8u/0/finestructure/swiftpackageindex-builder/spi-builder-workspace/lib/AerisMapKit.xcframework'. (in target 'AerisMapKit' from project 'AerisWeather')
/Users/builder/builds/UKfvDsi8u/0/finestructure/swiftpackageindex-builder/spi-builder-workspace/lib/AerisWeatherKit.xcframework:1:1: error: While building for visionOS, no library for this platform was found in '/Users/builder/builds/UKfvDsi8u/0/finestructure/swiftpackageindex-builder/spi-builder-workspace/lib/AerisWeatherKit.xcframework'. (in target 'AerisWeatherKit' from project 'AerisWeather')
/Users/builder/builds/UKfvDsi8u/0/finestructure/swiftpackageindex-builder/spi-builder-workspace/lib/AerisCoreUI.xcframework:1:1: error: While building for visionOS, no library for this platform was found in '/Users/builder/builds/UKfvDsi8u/0/finestructure/swiftpackageindex-builder/spi-builder-workspace/lib/AerisCoreUI.xcframework'. (in target 'AerisCoreUI' from project 'AerisWeather')
/Users/builder/builds/UKfvDsi8u/0/finestructure/swiftpackageindex-builder/spi-builder-workspace/lib/AerisCore.xcframework:1:1: error: While building for visionOS, no library for this platform was found in '/Users/builder/builds/UKfvDsi8u/0/finestructure/swiftpackageindex-builder/spi-builder-workspace/lib/AerisCore.xcframework'. (in target 'AerisCore' from project 'AerisWeather')
2024-02-17 17:15:25.424 xcodebuild[74986:39354491] Requested but did not find extension point with identifier Xcode.DVTDeviceFoundation.Aspect for extension Xcode.IDEiOSSupportCore.Aspect.NBDD of plug-in com.apple.dt.IDE.IDEiOSSupportCore
2024-02-17 17:15:25.765 xcodebuild[74986:39354491] [MT] DVTPlugInQuery: Requested but did not find extension point with identifier 'Xcode.DVTDeviceFoundation.CompatibleDeviceFamilyPair'. This is programmer error; code should only request extension points that are defined by itself or its dependencies.
** BUILD FAILED **
Command line invocation:
    /Applications/Xcode-15.3.0-Beta.2.app/Contents/Developer/usr/bin/xcodebuild -IDEClonedSourcePackagesDirPathOverride=/Users/builder/builds/UKfvDsi8u/0/finestructure/swiftpackageindex-builder/spi-builder-workspace/.dependencies -skipMacroValidation -skipPackagePluginValidation -derivedDataPath /Users/builder/builds/UKfvDsi8u/0/finestructure/swiftpackageindex-builder/spi-builder-workspace/.derivedData build -scheme AerisWeather-Package -destination generic/platform=xros
User defaults from command line:
    IDEClonedSourcePackagesDirPathOverride = /Users/builder/builds/UKfvDsi8u/0/finestructure/swiftpackageindex-builder/spi-builder-workspace/.dependencies
    IDEDerivedDataPathOverride = /Users/builder/builds/UKfvDsi8u/0/finestructure/swiftpackageindex-builder/spi-builder-workspace/.derivedData
    IDEPackageSupportUseBuiltinSCM = YES
Resolve Package Graph
Resolved source packages:
  AerisWeather: /Users/builder/builds/UKfvDsi8u/0/finestructure/swiftpackageindex-builder/spi-builder-workspace
Prepare packages
ComputeTargetDependencyGraph
note: Building targets in dependency order
note: Target dependency graph (4 targets)
    Target 'AerisWeatherKit' in project 'AerisWeather' (no dependencies)
    Target 'AerisMapKit' in project 'AerisWeather' (no dependencies)
    Target 'AerisCoreUI' in project 'AerisWeather' (no dependencies)
    Target 'AerisCore' in project 'AerisWeather' (no dependencies)
GatherProvisioningInputs
CreateBuildDescription
/Users/builder/builds/UKfvDsi8u/0/finestructure/swiftpackageindex-builder/spi-builder-workspace/lib/AerisCoreUI.xcframework:1:1: error: While building for visionOS, no library for this platform was found in '/Users/builder/builds/UKfvDsi8u/0/finestructure/swiftpackageindex-builder/spi-builder-workspace/lib/AerisCoreUI.xcframework'. (in target 'AerisCoreUI' from project 'AerisWeather')
/Users/builder/builds/UKfvDsi8u/0/finestructure/swiftpackageindex-builder/spi-builder-workspace/lib/AerisWeatherKit.xcframework:1:1: error: While building for visionOS, no library for this platform was found in '/Users/builder/builds/UKfvDsi8u/0/finestructure/swiftpackageindex-builder/spi-builder-workspace/lib/AerisWeatherKit.xcframework'. (in target 'AerisWeatherKit' from project 'AerisWeather')
/Users/builder/builds/UKfvDsi8u/0/finestructure/swiftpackageindex-builder/spi-builder-workspace/lib/AerisCore.xcframework:1:1: error: While building for visionOS, no library for this platform was found in '/Users/builder/builds/UKfvDsi8u/0/finestructure/swiftpackageindex-builder/spi-builder-workspace/lib/AerisCore.xcframework'. (in target 'AerisCore' from project 'AerisWeather')
/Users/builder/builds/UKfvDsi8u/0/finestructure/swiftpackageindex-builder/spi-builder-workspace/lib/AerisMapKit.xcframework:1:1: error: While building for visionOS, no library for this platform was found in '/Users/builder/builds/UKfvDsi8u/0/finestructure/swiftpackageindex-builder/spi-builder-workspace/lib/AerisMapKit.xcframework'. (in target 'AerisMapKit' from project 'AerisWeather')
2024-02-17 17:15:26.468 xcodebuild[75016:39354627] Requested but did not find extension point with identifier Xcode.DVTDeviceFoundation.Aspect for extension Xcode.IDEiOSSupportCore.Aspect.NBDD of plug-in com.apple.dt.IDE.IDEiOSSupportCore
2024-02-17 17:15:26.794 xcodebuild[75016:39354627] [MT] DVTPlugInQuery: Requested but did not find extension point with identifier 'Xcode.DVTDeviceFoundation.CompatibleDeviceFamilyPair'. This is programmer error; code should only request extension points that are defined by itself or its dependencies.
** BUILD FAILED **
BUILD FAILURE 5.10 visionOS