The Swift Package Index logo.Swift Package Index

Track the adoption of Swift 6 strict concurrency checks for data race safety. How many packages are Ready for Swift 6?

Build Information

Failed to build lottie-spm with Swift 5.8 for watchOS using Xcode 14.3 at main.

Build Command

env DEVELOPER_DIR=/Applications/Xcode-14.3.1.app xcrun xcodebuild -IDEClonedSourcePackagesDirPathOverride=$workDir/.dependencies -skipPackagePluginValidation -derivedDataPath $workDir/.derivedData build -scheme Lottie -destination generic/platform=watchos

Build Log

========================================
RunAll
========================================
Builder version: 4.28.9
Interrupt handler set up.
========================================
Checkout
========================================
Clone URL: https://github.com/airbnb/lottie-spm.git
Reference: main
Initialized empty Git repository in /Users/admin/builds/vMd7uqzK/0/finestructure/swiftpackageindex-builder/spi-builder-workspace/.git/
From https://github.com/airbnb/lottie-spm
 * branch            main       -> FETCH_HEAD
 * [new branch]      main       -> origin/main
HEAD is now at caeb693 Update Package.swift to explicitly not support Linux
Cloned https://github.com/airbnb/lottie-spm.git
Revision (git rev-parse @):
caeb693cac69cfb7392cb183236209e36de14da0
SUCCESS checkout https://github.com/airbnb/lottie-spm.git at main
========================================
Build
========================================
Selected platform:         watchOS
Swift version:             5.8
Building package at path:  $workDir
https://github.com/airbnb/lottie-spm.git
Command line invocation:
    /Applications/Xcode-14.3.1.app/Contents/Developer/usr/bin/xcodebuild -IDEClonedSourcePackagesDirPathOverride=/Users/admin/builds/vMd7uqzK/0/finestructure/swiftpackageindex-builder/spi-builder-workspace/.dependencies -resolvePackageDependencies
User defaults from command line:
    IDEClonedSourcePackagesDirPathOverride = /Users/admin/builds/vMd7uqzK/0/finestructure/swiftpackageindex-builder/spi-builder-workspace/.dependencies
    IDEPackageSupportUseBuiltinSCM = YES
Resolve Package Graph
Resolve Package Graph
Resolved source packages:
  Lottie: /Users/admin/builds/vMd7uqzK/0/finestructure/swiftpackageindex-builder/spi-builder-workspace
resolved source packages: Lottie
2024-01-29 17:33:48.908 xcodebuild[92535:38927705] DVTCoreDeviceEnabledState: DVTCoreDeviceEnabledState_Disabled set via user default (DVTEnableCoreDevice=disabled)
{
  "workspace" : {
    "name" : "spi-builder-workspace",
    "schemes" : [
      "Lottie"
    ]
  }
}
2024-01-29 17:33:57.142 xcodebuild[92745:38928280] DVTCoreDeviceEnabledState: DVTCoreDeviceEnabledState_Disabled set via user default (DVTEnableCoreDevice=disabled)
Running build ...
env DEVELOPER_DIR=/Applications/Xcode-14.3.1.app xcrun xcodebuild -IDEClonedSourcePackagesDirPathOverride=$workDir/.dependencies -skipPackagePluginValidation -derivedDataPath $workDir/.derivedData build -scheme Lottie -destination generic/platform=watchos
Command line invocation:
    /Applications/Xcode-14.3.1.app/Contents/Developer/usr/bin/xcodebuild -IDEClonedSourcePackagesDirPathOverride=/Users/admin/builds/vMd7uqzK/0/finestructure/swiftpackageindex-builder/spi-builder-workspace/.dependencies -skipPackagePluginValidation -derivedDataPath /Users/admin/builds/vMd7uqzK/0/finestructure/swiftpackageindex-builder/spi-builder-workspace/.derivedData build -scheme Lottie -destination generic/platform=watchos
User defaults from command line:
    IDEClonedSourcePackagesDirPathOverride = /Users/admin/builds/vMd7uqzK/0/finestructure/swiftpackageindex-builder/spi-builder-workspace/.dependencies
    IDEDerivedDataPathOverride = /Users/admin/builds/vMd7uqzK/0/finestructure/swiftpackageindex-builder/spi-builder-workspace/.derivedData
    IDEPackageSupportUseBuiltinSCM = YES
Resolve Package Graph
Resolve Package Graph
Resolved source packages:
  Lottie: /Users/admin/builds/vMd7uqzK/0/finestructure/swiftpackageindex-builder/spi-builder-workspace
Prepare packages
Computing target dependency graph and provisioning inputs
Create build description
Build description signature: 3600ea53bc7f149cb2f90f8065433b25
Build description path: /Users/admin/builds/vMd7uqzK/0/finestructure/swiftpackageindex-builder/spi-builder-workspace/.derivedData/Build/Intermediates.noindex/XCBuildData/3600ea53bc7f149cb2f90f8065433b25.xcbuilddata
note: Building targets in dependency order
/Users/admin/builds/vMd7uqzK/0/finestructure/swiftpackageindex-builder/spi-builder-workspace/.dependencies/artifacts/spi-builder-workspace/Lottie/Lottie.xcframework:1:1: error: While building for watchOS, no library for this platform was found in '/Users/admin/builds/vMd7uqzK/0/finestructure/swiftpackageindex-builder/spi-builder-workspace/.dependencies/artifacts/spi-builder-workspace/Lottie/Lottie.xcframework'. (in target 'LottieTests' from project 'Lottie')
/Users/admin/builds/vMd7uqzK/0/finestructure/swiftpackageindex-builder/spi-builder-workspace/.dependencies/artifacts/spi-builder-workspace/Lottie/Lottie.xcframework:1:1: error: While building for watchOS, no library for this platform was found in '/Users/admin/builds/vMd7uqzK/0/finestructure/swiftpackageindex-builder/spi-builder-workspace/.dependencies/artifacts/spi-builder-workspace/Lottie/Lottie.xcframework'. (in target 'Lottie' from project 'Lottie')
2024-01-29 17:33:59.008 xcodebuild[92748:38928323] DVTCoreDeviceEnabledState: DVTCoreDeviceEnabledState_Disabled set via user default (DVTEnableCoreDevice=disabled)
** BUILD FAILED **
Command line invocation:
    /Applications/Xcode-14.3.1.app/Contents/Developer/usr/bin/xcodebuild -IDEClonedSourcePackagesDirPathOverride=/Users/admin/builds/vMd7uqzK/0/finestructure/swiftpackageindex-builder/spi-builder-workspace/.dependencies -skipPackagePluginValidation -derivedDataPath /Users/admin/builds/vMd7uqzK/0/finestructure/swiftpackageindex-builder/spi-builder-workspace/.derivedData build -scheme Lottie -destination generic/platform=watchos
User defaults from command line:
    IDEClonedSourcePackagesDirPathOverride = /Users/admin/builds/vMd7uqzK/0/finestructure/swiftpackageindex-builder/spi-builder-workspace/.dependencies
    IDEDerivedDataPathOverride = /Users/admin/builds/vMd7uqzK/0/finestructure/swiftpackageindex-builder/spi-builder-workspace/.derivedData
    IDEPackageSupportUseBuiltinSCM = YES
Resolve Package Graph
Resolved source packages:
  Lottie: /Users/admin/builds/vMd7uqzK/0/finestructure/swiftpackageindex-builder/spi-builder-workspace
Prepare packages
Computing target dependency graph and provisioning inputs
Create build description
Build description signature: 3600ea53bc7f149cb2f90f8065433b25
Build description path: /Users/admin/builds/vMd7uqzK/0/finestructure/swiftpackageindex-builder/spi-builder-workspace/.derivedData/Build/Intermediates.noindex/XCBuildData/3600ea53bc7f149cb2f90f8065433b25.xcbuilddata
note: Building targets in dependency order
/Users/admin/builds/vMd7uqzK/0/finestructure/swiftpackageindex-builder/spi-builder-workspace/.dependencies/artifacts/spi-builder-workspace/Lottie/Lottie.xcframework:1:1: error: While building for watchOS, no library for this platform was found in '/Users/admin/builds/vMd7uqzK/0/finestructure/swiftpackageindex-builder/spi-builder-workspace/.dependencies/artifacts/spi-builder-workspace/Lottie/Lottie.xcframework'. (in target 'LottieTests' from project 'Lottie')
/Users/admin/builds/vMd7uqzK/0/finestructure/swiftpackageindex-builder/spi-builder-workspace/.dependencies/artifacts/spi-builder-workspace/Lottie/Lottie.xcframework:1:1: error: While building for watchOS, no library for this platform was found in '/Users/admin/builds/vMd7uqzK/0/finestructure/swiftpackageindex-builder/spi-builder-workspace/.dependencies/artifacts/spi-builder-workspace/Lottie/Lottie.xcframework'. (in target 'Lottie' from project 'Lottie')
2024-01-29 17:34:04.479 xcodebuild[92906:38928794] DVTCoreDeviceEnabledState: DVTCoreDeviceEnabledState_Disabled set via user default (DVTEnableCoreDevice=disabled)
** BUILD FAILED **
BUILD FAILURE 5.8 watchOS