The Swift Package Index logo.Swift Package Index

Build Information

Failed to build Fluidable, reference 3.0.0 (25770b), with Swift 6.3 for macOS (SPM) on 20 Aug 2026 10:25:09 UTC.

Build Command

env DEVELOPER_DIR=/Applications/Xcode-26.5.0.app xcrun swift build --arch arm64

Build Log

========================================
RunAll
========================================
Builder version: 5.0.2
Interrupt handler set up.
========================================
Checkout
========================================
Clone URL: https://github.com/futamura/Fluidable.git
Reference: 3.0.0
Initialized empty Git repository in /Users/admin/builder/spi-builder-workspace/.git/
From https://github.com/futamura/Fluidable
 * tag               3.0.0      -> FETCH_HEAD
HEAD is now at 25770bc Merge pull request #52 from futamura/develop
Cloned https://github.com/futamura/Fluidable.git
Revision (git rev-parse @):
25770bc04f5979dd9bd4c92bc5c2ab8f00be3d70
SPI manifest file found: $PWD/.spi.yml
SUCCESS checkout https://github.com/futamura/Fluidable.git at 3.0.0
Fetching https://github.com/Quick/Nimble.git
Fetching https://github.com/mattgallagher/CwlCatchException.git
Fetching https://github.com/swiftlang/swift-docc-symbolkit
Fetching https://github.com/apple/swift-argument-parser.git
Fetching https://github.com/swiftlang/swift-docc-plugin
Fetching https://github.com/mattgallagher/CwlPreconditionTesting.git
Fetching https://github.com/apple/swift-numerics.git
[1/460] Fetching cwlcatchexception
[29/2805] Fetching cwlcatchexception, swift-docc-plugin
[355/9358] Fetching cwlcatchexception, swift-docc-plugin, swift-numerics
[936/27684] Fetching cwlcatchexception, swift-docc-plugin, swift-numerics, swift-argument-parser
[2037/28941] Fetching cwlcatchexception, swift-docc-plugin, swift-numerics, swift-argument-parser, cwlpreconditiontesting
[3255/32750] Fetching cwlcatchexception, swift-docc-plugin, swift-numerics, swift-argument-parser, cwlpreconditiontesting, swift-docc-symbolkit
[4093/52729] Fetching cwlcatchexception, swift-docc-plugin, swift-numerics, swift-argument-parser, cwlpreconditiontesting, swift-docc-symbolkit, nimble
Fetched https://github.com/swiftlang/swift-docc-plugin from cache (1.56s)
[25141/50384] Fetching cwlcatchexception, swift-numerics, swift-argument-parser, cwlpreconditiontesting, swift-docc-symbolkit, nimble
Fetched https://github.com/mattgallagher/CwlCatchException.git from cache (1.56s)
Fetched https://github.com/apple/swift-numerics.git from cache (1.56s)
Fetched https://github.com/mattgallagher/CwlPreconditionTesting.git from cache (1.56s)
[17421/42114] Fetching swift-argument-parser, swift-docc-symbolkit, nimble
Fetching https://github.com/apple/swift-algorithms.git
Fetching https://github.com/Quick/Quick.git
Fetched https://github.com/apple/swift-argument-parser.git from cache (1.90s)
Fetched https://github.com/swiftlang/swift-docc-symbolkit from cache (1.90s)
[3397/19979] Fetching nimble
[19980/26077] Fetching nimble, swift-algorithms
[20102/41002] Fetching nimble, swift-algorithms, quick
Fetched https://github.com/Quick/Nimble.git from cache (2.53s)
[184/21023] Fetching swift-algorithms, quick
Fetched https://github.com/Quick/Quick.git from cache (1.65s)
Computing version for https://github.com/swiftlang/swift-docc-plugin
Fetched https://github.com/apple/swift-algorithms.git from cache (1.65s)
Computed https://github.com/swiftlang/swift-docc-plugin at 1.5.0 (6.58s)
Computing version for https://github.com/Quick/Nimble.git
warning: 'nimble': /Package.swift:4:15: warning: 'init(name:defaultLocalization:platforms:pkgConfig:providers:products:dependencies:targets:swiftLanguageVersions:cLanguageStandard:cxxLanguageStandard:)' is deprecated: replaced by 'init(name:defaultLocalization:platforms:pkgConfig:providers:products:dependencies:targets:swiftLanguageModes:cLanguageStandard:cxxLanguageStandard:)' [#DeprecatedDeclaration]
 2 | import PackageDescription
 3 |
 4 | let package = Package(
   |               |- warning: 'init(name:defaultLocalization:platforms:pkgConfig:providers:products:dependencies:targets:swiftLanguageVersions:cLanguageStandard:cxxLanguageStandard:)' is deprecated: replaced by 'init(name:defaultLocalization:platforms:pkgConfig:providers:products:dependencies:targets:swiftLanguageModes:cLanguageStandard:cxxLanguageStandard:)' [#DeprecatedDeclaration]
   |               `- note: use 'init(name:defaultLocalization:platforms:pkgConfig:providers:products:dependencies:targets:swiftLanguageModes:cLanguageStandard:cxxLanguageStandard:)' instead
 5 |     name: "Nimble",
 6 |     platforms: [
[#DeprecatedDeclaration]: <https://docs.swift.org/compiler/documentation/diagnostics/deprecated-declaration>
Computed https://github.com/Quick/Nimble.git at 14.0.0 (0.47s)
Computing version for https://github.com/Quick/Quick.git
Computed https://github.com/Quick/Quick.git at 7.6.2 (0.47s)
Computing version for https://github.com/swiftlang/swift-docc-symbolkit
Computed https://github.com/swiftlang/swift-docc-symbolkit at 1.0.0 (0.58s)
Computing version for https://github.com/mattgallagher/CwlPreconditionTesting.git
Computed https://github.com/mattgallagher/CwlPreconditionTesting.git at 2.2.2 (0.54s)
Computing version for https://github.com/apple/swift-algorithms.git
Computed https://github.com/apple/swift-algorithms.git at 1.2.1 (0.54s)
Computing version for https://github.com/apple/swift-argument-parser.git
Computed https://github.com/apple/swift-argument-parser.git at 1.7.1 (0.47s)
Computing version for https://github.com/mattgallagher/CwlCatchException.git
Computed https://github.com/mattgallagher/CwlCatchException.git at 2.2.1 (0.53s)
Computing version for https://github.com/apple/swift-numerics.git
Computed https://github.com/apple/swift-numerics.git at 1.1.1 (0.45s)
Creating working copy for https://github.com/mattgallagher/CwlPreconditionTesting.git
Working copy of https://github.com/mattgallagher/CwlPreconditionTesting.git resolved at 2.2.2
Creating working copy for https://github.com/apple/swift-numerics.git
Working copy of https://github.com/apple/swift-numerics.git resolved at 1.1.1
Creating working copy for https://github.com/Quick/Nimble.git
Working copy of https://github.com/Quick/Nimble.git resolved at 14.0.0
Creating working copy for https://github.com/swiftlang/swift-docc-symbolkit
Working copy of https://github.com/swiftlang/swift-docc-symbolkit resolved at 1.0.0
Creating working copy for https://github.com/swiftlang/swift-docc-plugin
Working copy of https://github.com/swiftlang/swift-docc-plugin resolved at 1.5.0
Creating working copy for https://github.com/mattgallagher/CwlCatchException.git
Working copy of https://github.com/mattgallagher/CwlCatchException.git resolved at 2.2.1
Creating working copy for https://github.com/Quick/Quick.git
Working copy of https://github.com/Quick/Quick.git resolved at 7.6.2
Creating working copy for https://github.com/apple/swift-algorithms.git
Working copy of https://github.com/apple/swift-algorithms.git resolved at 1.2.1
Creating working copy for https://github.com/apple/swift-argument-parser.git
Working copy of https://github.com/apple/swift-argument-parser.git resolved at 1.7.1
warning: 'nimble': /Users/admin/builder/spi-builder-workspace/.build/checkouts/Nimble/Package.swift:4:15: warning: 'init(name:defaultLocalization:platforms:pkgConfig:providers:products:dependencies:targets:swiftLanguageVersions:cLanguageStandard:cxxLanguageStandard:)' is deprecated: replaced by 'init(name:defaultLocalization:platforms:pkgConfig:providers:products:dependencies:targets:swiftLanguageModes:cLanguageStandard:cxxLanguageStandard:)' [#DeprecatedDeclaration]
 2 | import PackageDescription
 3 |
 4 | let package = Package(
   |               |- warning: 'init(name:defaultLocalization:platforms:pkgConfig:providers:products:dependencies:targets:swiftLanguageVersions:cLanguageStandard:cxxLanguageStandard:)' is deprecated: replaced by 'init(name:defaultLocalization:platforms:pkgConfig:providers:products:dependencies:targets:swiftLanguageModes:cLanguageStandard:cxxLanguageStandard:)' [#DeprecatedDeclaration]
   |               `- note: use 'init(name:defaultLocalization:platforms:pkgConfig:providers:products:dependencies:targets:swiftLanguageModes:cLanguageStandard:cxxLanguageStandard:)' instead
 5 |     name: "Nimble",
 6 |     platforms: [
[#DeprecatedDeclaration]: <https://docs.swift.org/compiler/documentation/diagnostics/deprecated-declaration>
========================================
ResolveProductDependencies
========================================
Resolving dependencies ...
{
  "identity": ".resolve-product-dependencies",
  "name": "resolve-dependencies",
  "url": "/Users/admin/builder/spi-builder-workspace/.resolve-product-dependencies",
  "version": "unspecified",
  "path": "/Users/admin/builder/spi-builder-workspace/.resolve-product-dependencies",
  "traits": [
    "default"
  ],
  "dependencies": [
    {
      "identity": "fluidable",
      "name": "Fluidable",
      "url": "https://github.com/futamura/Fluidable.git",
      "version": "unspecified",
      "path": "/Users/admin/builder/spi-builder-workspace/.resolve-product-dependencies/.build/checkouts/Fluidable",
      "traits": [
        "default"
      ],
      "dependencies": [
      ]
    }
  ]
}
Fetching https://github.com/futamura/Fluidable.git
[1/8280] Fetching fluidable
Fetched https://github.com/futamura/Fluidable.git from cache (1.96s)
Creating working copy for https://github.com/futamura/Fluidable.git
Working copy of https://github.com/futamura/Fluidable.git resolved at 3.0.0 (25770bc)
warning: '.resolve-product-dependencies': dependency 'fluidable' is not used by any target
Found 0 product dependencies
========================================
Build
========================================
Selected platform:         macosSpm
Swift version:             6.3
Building package at path:  $PWD
https://github.com/futamura/Fluidable.git
Running build ...
env DEVELOPER_DIR=/Applications/Xcode-26.5.0.app xcrun swift build --arch arm64
[1/1] Compiling plugin Swift-DocC Preview
[2/2] Compiling plugin Swift-DocC
[3/3] Compiling plugin LintCommandPlugin
[4/4] Compiling plugin LintWarning
[5/5] Compiling plugin LintError
[6/6] Compiling plugin DefocusCommandPlugin
[7/7] Compiling plugin GenerateManual
[8/8] Compiling plugin GenerateDoccReference
Building for debugging...
[8/11] Copying PrivacyInfo.xcprivacy
[9/11] Write sources
[10/11] Write swift-version-69A768CDF2A0BEE1.txt
[12/135] Compiling Fluidable FluidConst.swift
/Users/admin/builder/spi-builder-workspace/Sources/Core/Animator/Implementation/FluidNavigationViewAnimator+Animated.swift:10:8: error: no such module 'UIKit'
 8 |
 9 | import Foundation
10 | import UIKit
   |        `- error: no such module 'UIKit'
11 |
12 | extension FluidNavigationViewAnimator {
[13/135] Compiling Fluidable FluidCoreAnimatorOption.swift
/Users/admin/builder/spi-builder-workspace/Sources/Core/Animator/Implementation/FluidNavigationViewAnimator+Animated.swift:10:8: error: no such module 'UIKit'
 8 |
 9 | import Foundation
10 | import UIKit
   |        `- error: no such module 'UIKit'
11 |
12 | extension FluidNavigationViewAnimator {
[14/135] Compiling Fluidable FluidFrameDimension+Implementation.swift
/Users/admin/builder/spi-builder-workspace/Sources/Core/Animator/Implementation/FluidNavigationViewAnimator+Animated.swift:10:8: error: no such module 'UIKit'
 8 |
 9 | import Foundation
10 | import UIKit
   |        `- error: no such module 'UIKit'
11 |
12 | extension FluidNavigationViewAnimator {
[15/135] Compiling Fluidable FluidFrameDimension.swift
/Users/admin/builder/spi-builder-workspace/Sources/Core/Animator/Implementation/FluidNavigationViewAnimator+Animated.swift:10:8: error: no such module 'UIKit'
 8 |
 9 | import Foundation
10 | import UIKit
   |        `- error: no such module 'UIKit'
11 |
12 | extension FluidNavigationViewAnimator {
[16/135] Compiling Fluidable FluidFrameStyle+Implementation.swift
/Users/admin/builder/spi-builder-workspace/Sources/Core/Animator/Implementation/FluidNavigationViewAnimator+Animated.swift:10:8: error: no such module 'UIKit'
 8 |
 9 | import Foundation
10 | import UIKit
   |        `- error: no such module 'UIKit'
11 |
12 | extension FluidNavigationViewAnimator {
[17/135] Compiling Fluidable FluidFrameStyle.swift
/Users/admin/builder/spi-builder-workspace/Sources/Core/Animator/Implementation/FluidNavigationViewAnimator+Animated.swift:10:8: error: no such module 'UIKit'
 8 |
 9 | import Foundation
10 | import UIKit
   |        `- error: no such module 'UIKit'
11 |
12 | extension FluidNavigationViewAnimator {
[18/135] Compiling Fluidable FluidInteractionType.swift
/Users/admin/builder/spi-builder-workspace/Sources/Core/Animator/Implementation/FluidNavigationViewAnimator+Animated.swift:10:8: error: no such module 'UIKit'
 8 |
 9 | import Foundation
10 | import UIKit
   |        `- error: no such module 'UIKit'
11 |
12 | extension FluidNavigationViewAnimator {
[19/135] Compiling Fluidable FluidNavigationStyle.swift
/Users/admin/builder/spi-builder-workspace/Sources/Core/Animator/Implementation/FluidNavigationViewAnimator+Animated.swift:10:8: error: no such module 'UIKit'
 8 |
 9 | import Foundation
10 | import UIKit
   |        `- error: no such module 'UIKit'
11 |
12 | extension FluidNavigationViewAnimator {
[20/135] Compiling Fluidable FluidPresentationStyle.swift
/Users/admin/builder/spi-builder-workspace/Sources/Core/Animator/Implementation/FluidNavigationViewAnimator+Animated.swift:10:8: error: no such module 'UIKit'
 8 |
 9 | import Foundation
10 | import UIKit
   |        `- error: no such module 'UIKit'
11 |
12 | extension FluidNavigationViewAnimator {
[21/135] Compiling Fluidable FluidProgressState.swift
/Users/admin/builder/spi-builder-workspace/Sources/Core/Animator/Implementation/FluidNavigationViewAnimator+Animated.swift:10:8: error: no such module 'UIKit'
 8 |
 9 | import Foundation
10 | import UIKit
   |        `- error: no such module 'UIKit'
11 |
12 | extension FluidNavigationViewAnimator {
[22/135] Compiling Fluidable FluidRoundCornerStyle.swift
/Users/admin/builder/spi-builder-workspace/Sources/Core/Animator/Implementation/FluidNavigationViewAnimator+Animated.swift:10:8: error: no such module 'UIKit'
 8 |
 9 | import Foundation
10 | import UIKit
   |        `- error: no such module 'UIKit'
11 |
12 | extension FluidNavigationViewAnimator {
[23/135] Compiling Fluidable FluidTransitionStyle.swift
/Users/admin/builder/spi-builder-workspace/Sources/Core/Animator/Implementation/FluidNavigationViewAnimator+Animated.swift:10:8: error: no such module 'UIKit'
 8 |
 9 | import Foundation
10 | import UIKit
   |        `- error: no such module 'UIKit'
11 |
12 | extension FluidNavigationViewAnimator {
[24/135] Compiling Fluidable FluidNavigationGestureObserver.swift
/Users/admin/builder/spi-builder-workspace/Sources/Core/Animator/Implementation/FluidNavigationViewAnimator+Animated.swift:10:8: error: no such module 'UIKit'
 8 |
 9 | import Foundation
10 | import UIKit
   |        `- error: no such module 'UIKit'
11 |
12 | extension FluidNavigationViewAnimator {
[25/135] Compiling Fluidable FluidNavigationScrollObserver.swift
/Users/admin/builder/spi-builder-workspace/Sources/Core/Animator/Implementation/FluidNavigationViewAnimator+Animated.swift:10:8: error: no such module 'UIKit'
 8 |
 9 | import Foundation
10 | import UIKit
   |        `- error: no such module 'UIKit'
11 |
12 | extension FluidNavigationViewAnimator {
[26/135] Compiling Fluidable FluidTransitionGestureObserver.swift
/Users/admin/builder/spi-builder-workspace/Sources/Core/Animator/Implementation/FluidNavigationViewAnimator+Animated.swift:10:8: error: no such module 'UIKit'
 8 |
 9 | import Foundation
10 | import UIKit
   |        `- error: no such module 'UIKit'
11 |
12 | extension FluidNavigationViewAnimator {
[27/135] Compiling Fluidable FluidTransitionScrollObserver.swift
/Users/admin/builder/spi-builder-workspace/Sources/Core/Animator/Implementation/FluidNavigationViewAnimator+Animated.swift:10:8: error: no such module 'UIKit'
 8 |
 9 | import Foundation
10 | import UIKit
   |        `- error: no such module 'UIKit'
11 |
12 | extension FluidNavigationViewAnimator {
[28/135] Compiling Fluidable FluidGestureAxis.swift
/Users/admin/builder/spi-builder-workspace/Sources/Core/Animator/Implementation/FluidNavigationViewAnimator+Animated.swift:10:8: error: no such module 'UIKit'
 8 |
 9 | import Foundation
10 | import UIKit
   |        `- error: no such module 'UIKit'
11 |
12 | extension FluidNavigationViewAnimator {
[29/135] Compiling Fluidable FluidGestureDelegate.swift
/Users/admin/builder/spi-builder-workspace/Sources/Core/Animator/Implementation/FluidNavigationViewAnimator+Animated.swift:10:8: error: no such module 'UIKit'
 8 |
 9 | import Foundation
10 | import UIKit
   |        `- error: no such module 'UIKit'
11 |
12 | extension FluidNavigationViewAnimator {
[30/135] Compiling Fluidable FluidGestureDirection.swift
/Users/admin/builder/spi-builder-workspace/Sources/Core/Animator/Implementation/FluidNavigationViewAnimator+Animated.swift:10:8: error: no such module 'UIKit'
 8 |
 9 | import Foundation
10 | import UIKit
   |        `- error: no such module 'UIKit'
11 |
12 | extension FluidNavigationViewAnimator {
[31/135] Compiling Fluidable FluidGestureInfo.swift
/Users/admin/builder/spi-builder-workspace/Sources/Core/Animator/Implementation/FluidNavigationViewAnimator+Animated.swift:10:8: error: no such module 'UIKit'
 8 |
 9 | import Foundation
10 | import UIKit
   |        `- error: no such module 'UIKit'
11 |
12 | extension FluidNavigationViewAnimator {
[32/135] Compiling Fluidable FluidGestureObservable.swift
/Users/admin/builder/spi-builder-workspace/Sources/Core/Animator/Implementation/FluidNavigationViewAnimator+Animated.swift:10:8: error: no such module 'UIKit'
 8 |
 9 | import Foundation
10 | import UIKit
   |        `- error: no such module 'UIKit'
11 |
12 | extension FluidNavigationViewAnimator {
[33/135] Compiling Fluidable FluidScrollObservable.swift
/Users/admin/builder/spi-builder-workspace/Sources/Core/Animator/Implementation/FluidNavigationViewAnimator+Animated.swift:10:8: error: no such module 'UIKit'
 8 |
 9 | import Foundation
10 | import UIKit
   |        `- error: no such module 'UIKit'
11 |
12 | extension FluidNavigationViewAnimator {
[34/135] Compiling Fluidable FluidNavigationParameters+Configuration.swift
/Users/admin/builder/spi-builder-workspace/Sources/Core/Animator/Implementation/FluidNavigationViewAnimator+Animated.swift:10:8: error: no such module 'UIKit'
 8 |
 9 | import Foundation
10 | import UIKit
   |        `- error: no such module 'UIKit'
11 |
12 | extension FluidNavigationViewAnimator {
[35/135] Compiling Fluidable FluidNavigationParameters.swift
/Users/admin/builder/spi-builder-workspace/Sources/Core/Animator/Implementation/FluidNavigationViewAnimator+Animated.swift:10:8: error: no such module 'UIKit'
 8 |
 9 | import Foundation
10 | import UIKit
   |        `- error: no such module 'UIKit'
11 |
12 | extension FluidNavigationViewAnimator {
[36/135] Compiling Fluidable FluidTransitionParameters+Configuration.swift
/Users/admin/builder/spi-builder-workspace/Sources/Core/Animator/Implementation/FluidNavigationViewAnimator+Animated.swift:10:8: error: no such module 'UIKit'
 8 |
 9 | import Foundation
10 | import UIKit
   |        `- error: no such module 'UIKit'
11 |
12 | extension FluidNavigationViewAnimator {
[37/135] Compiling Fluidable FluidTransitionParameters.swift
/Users/admin/builder/spi-builder-workspace/Sources/Core/Animator/Implementation/FluidNavigationViewAnimator+Animated.swift:10:8: error: no such module 'UIKit'
 8 |
 9 | import Foundation
10 | import UIKit
   |        `- error: no such module 'UIKit'
11 |
12 | extension FluidNavigationViewAnimator {
[38/135] Compiling Fluidable FluidParametersAccessible.swift
/Users/admin/builder/spi-builder-workspace/Sources/Core/Animator/Implementation/FluidNavigationViewAnimator+Animated.swift:10:8: error: no such module 'UIKit'
 8 |
 9 | import Foundation
10 | import UIKit
   |        `- error: no such module 'UIKit'
11 |
12 | extension FluidNavigationViewAnimator {
[39/135] Compiling Fluidable FluidParametersCompatible+Configuration.swift
/Users/admin/builder/spi-builder-workspace/Sources/Core/Animator/Implementation/FluidNavigationViewAnimator+Animated.swift:10:8: error: no such module 'UIKit'
 8 |
 9 | import Foundation
10 | import UIKit
   |        `- error: no such module 'UIKit'
11 |
12 | extension FluidNavigationViewAnimator {
[40/148] Compiling Fluidable FluidPropertyAnimator+Unavailable.swift
/Users/admin/builder/spi-builder-workspace/Sources/Core/Animator/Implementation/FluidNavigationViewAnimator+Animated.swift:10:8: error: no such module 'UIKit'
 8 |
 9 | import Foundation
10 | import UIKit
   |        `- error: no such module 'UIKit'
11 |
12 | extension FluidNavigationViewAnimator {
[41/148] Compiling Fluidable FluidPropertyAnimator.swift
/Users/admin/builder/spi-builder-workspace/Sources/Core/Animator/Implementation/FluidNavigationViewAnimator+Animated.swift:10:8: error: no such module 'UIKit'
 8 |
 9 | import Foundation
10 | import UIKit
   |        `- error: no such module 'UIKit'
11 |
12 | extension FluidNavigationViewAnimator {
[42/148] Compiling Fluidable UIViewAnimating+Extension.swift
/Users/admin/builder/spi-builder-workspace/Sources/Core/Animator/Implementation/FluidNavigationViewAnimator+Animated.swift:10:8: error: no such module 'UIKit'
 8 |
 9 | import Foundation
10 | import UIKit
   |        `- error: no such module 'UIKit'
11 |
12 | extension FluidNavigationViewAnimator {
[43/148] Compiling Fluidable PennerEasing.swift
/Users/admin/builder/spi-builder-workspace/Sources/Core/Animator/Implementation/FluidNavigationViewAnimator+Animated.swift:10:8: error: no such module 'UIKit'
 8 |
 9 | import Foundation
10 | import UIKit
   |        `- error: no such module 'UIKit'
11 |
12 | extension FluidNavigationViewAnimator {
[44/148] Compiling Fluidable PennerEasingFunction.swift
/Users/admin/builder/spi-builder-workspace/Sources/Core/Animator/Implementation/FluidNavigationViewAnimator+Animated.swift:10:8: error: no such module 'UIKit'
 8 |
 9 | import Foundation
10 | import UIKit
   |        `- error: no such module 'UIKit'
11 |
12 | extension FluidNavigationViewAnimator {
[45/148] Compiling Fluidable CoreGraphics+Ext.swift
/Users/admin/builder/spi-builder-workspace/Sources/Core/Animator/Implementation/FluidNavigationViewAnimator+Animated.swift:10:8: error: no such module 'UIKit'
 8 |
 9 | import Foundation
10 | import UIKit
   |        `- error: no such module 'UIKit'
11 |
12 | extension FluidNavigationViewAnimator {
[46/148] Compiling Fluidable Foundation+Ext.swift
/Users/admin/builder/spi-builder-workspace/Sources/Core/Animator/Implementation/FluidNavigationViewAnimator+Animated.swift:10:8: error: no such module 'UIKit'
 8 |
 9 | import Foundation
10 | import UIKit
   |        `- error: no such module 'UIKit'
11 |
12 | extension FluidNavigationViewAnimator {
[47/148] Compiling Fluidable QuartzCore+Ext.swift
/Users/admin/builder/spi-builder-workspace/Sources/Core/Animator/Implementation/FluidNavigationViewAnimator+Animated.swift:10:8: error: no such module 'UIKit'
 8 |
 9 | import Foundation
10 | import UIKit
   |        `- error: no such module 'UIKit'
11 |
12 | extension FluidNavigationViewAnimator {
[48/148] Compiling Fluidable UIKit+Ext.swift
/Users/admin/builder/spi-builder-workspace/Sources/Core/Animator/Implementation/FluidNavigationViewAnimator+Animated.swift:10:8: error: no such module 'UIKit'
 8 |
 9 | import Foundation
10 | import UIKit
   |        `- error: no such module 'UIKit'
11 |
12 | extension FluidNavigationViewAnimator {
[49/148] Compiling Fluidable VectorMath.swift
/Users/admin/builder/spi-builder-workspace/Sources/Core/Animator/Implementation/FluidNavigationViewAnimator+Animated.swift:10:8: error: no such module 'UIKit'
 8 |
 9 | import Foundation
10 | import UIKit
   |        `- error: no such module 'UIKit'
11 |
12 | extension FluidNavigationViewAnimator {
[50/148] Compiling Fluidable AssociatedObject.swift
/Users/admin/builder/spi-builder-workspace/Sources/Core/Animator/Implementation/FluidNavigationViewAnimator+Animated.swift:10:8: error: no such module 'UIKit'
 8 |
 9 | import Foundation
10 | import UIKit
   |        `- error: no such module 'UIKit'
11 |
12 | extension FluidNavigationViewAnimator {
[51/148] Compiling Fluidable Swizzle.swift
/Users/admin/builder/spi-builder-workspace/Sources/Core/Animator/Implementation/FluidNavigationViewAnimator+Animated.swift:10:8: error: no such module 'UIKit'
 8 |
 9 | import Foundation
10 | import UIKit
   |        `- error: no such module 'UIKit'
11 |
12 | extension FluidNavigationViewAnimator {
[52/148] Compiling Fluidable FluidLayout+Generator.swift
/Users/admin/builder/spi-builder-workspace/Sources/Core/Animator/Implementation/FluidNavigationViewAnimator+Animated.swift:10:8: error: no such module 'UIKit'
 8 |
 9 | import Foundation
10 | import UIKit
   |        `- error: no such module 'UIKit'
11 |
12 | extension FluidNavigationViewAnimator {
[53/148] Compiling Fluidable FluidDelegate.swift
/Users/admin/builder/spi-builder-workspace/Sources/Core/Animator/Implementation/FluidNavigationViewAnimator+Animated.swift:10:8: error: no such module 'UIKit'
 8 |
 9 | import Foundation
10 | import UIKit
   |        `- error: no such module 'UIKit'
11 |
12 | extension FluidNavigationViewAnimator {
[54/148] Compiling Fluidable FluidNavigationControllerDelegate.swift
/Users/admin/builder/spi-builder-workspace/Sources/Core/Animator/Implementation/FluidNavigationViewAnimator+Animated.swift:10:8: error: no such module 'UIKit'
 8 |
 9 | import Foundation
10 | import UIKit
   |        `- error: no such module 'UIKit'
11 |
12 | extension FluidNavigationViewAnimator {
[55/148] Compiling Fluidable FluidNavigationDelegate+Implemenation.swift
/Users/admin/builder/spi-builder-workspace/Sources/Core/Animator/Implementation/FluidNavigationViewAnimator+Animated.swift:10:8: error: no such module 'UIKit'
 8 |
 9 | import Foundation
10 | import UIKit
   |        `- error: no such module 'UIKit'
11 |
12 | extension FluidNavigationViewAnimator {
[56/148] Compiling Fluidable FluidNavigationDelegate.swift
/Users/admin/builder/spi-builder-workspace/Sources/Core/Animator/Implementation/FluidNavigationViewAnimator+Animated.swift:10:8: error: no such module 'UIKit'
 8 |
 9 | import Foundation
10 | import UIKit
   |        `- error: no such module 'UIKit'
11 |
12 | extension FluidNavigationViewAnimator {
[57/148] Compiling Fluidable FluidResizableTransitionDelegate.swift
/Users/admin/builder/spi-builder-workspace/Sources/Core/Animator/Implementation/FluidNavigationViewAnimator+Animated.swift:10:8: error: no such module 'UIKit'
 8 |
 9 | import Foundation
10 | import UIKit
   |        `- error: no such module 'UIKit'
11 |
12 | extension FluidNavigationViewAnimator {
[58/148] Compiling Fluidable FluidTransitionDelegate+Implementation.swift
/Users/admin/builder/spi-builder-workspace/Sources/Core/Animator/Implementation/FluidNavigationViewAnimator+Animated.swift:10:8: error: no such module 'UIKit'
 8 |
 9 | import Foundation
10 | import UIKit
   |        `- error: no such module 'UIKit'
11 |
12 | extension FluidNavigationViewAnimator {
[59/148] Compiling Fluidable FluidTransitionDelegate.swift
/Users/admin/builder/spi-builder-workspace/Sources/Core/Animator/Implementation/FluidNavigationViewAnimator+Animated.swift:10:8: error: no such module 'UIKit'
 8 |
 9 | import Foundation
10 | import UIKit
   |        `- error: no such module 'UIKit'
11 |
12 | extension FluidNavigationViewAnimator {
[60/148] Compiling Fluidable FluidViewControllerTransitioningDelegate.swift
/Users/admin/builder/spi-builder-workspace/Sources/Core/Animator/Implementation/FluidNavigationViewAnimator+Animated.swift:10:8: error: no such module 'UIKit'
 8 |
 9 | import Foundation
10 | import UIKit
   |        `- error: no such module 'UIKit'
11 |
12 | extension FluidNavigationViewAnimator {
[61/148] Compiling Fluidable Typealias.swift
/Users/admin/builder/spi-builder-workspace/Sources/Core/Animator/Implementation/FluidNavigationViewAnimator+Animated.swift:10:8: error: no such module 'UIKit'
 8 |
 9 | import Foundation
10 | import UIKit
   |        `- error: no such module 'UIKit'
11 |
12 | extension FluidNavigationViewAnimator {
[62/148] Compiling Fluidable FluidNavigationDismissDriver.swift
/Users/admin/builder/spi-builder-workspace/Sources/Core/Animator/Implementation/FluidNavigationViewAnimator+Animated.swift:10:8: error: no such module 'UIKit'
 8 |
 9 | import Foundation
10 | import UIKit
   |        `- error: no such module 'UIKit'
11 |
12 | extension FluidNavigationViewAnimator {
[63/148] Compiling Fluidable FluidNavigationPresentDriver.swift
/Users/admin/builder/spi-builder-workspace/Sources/Core/Animator/Implementation/FluidNavigationViewAnimator+Animated.swift:10:8: error: no such module 'UIKit'
 8 |
 9 | import Foundation
10 | import UIKit
   |        `- error: no such module 'UIKit'
11 |
12 | extension FluidNavigationViewAnimator {
[64/148] Compiling Fluidable FluidTransitionDismissDriver.swift
/Users/admin/builder/spi-builder-workspace/Sources/Core/Animator/Implementation/FluidNavigationViewAnimator+Animated.swift:10:8: error: no such module 'UIKit'
 8 |
 9 | import Foundation
10 | import UIKit
   |        `- error: no such module 'UIKit'
11 |
12 | extension FluidNavigationViewAnimator {
[65/148] Compiling Fluidable FluidTransitionPresentDriver.swift
/Users/admin/builder/spi-builder-workspace/Sources/Core/Animator/Implementation/FluidNavigationViewAnimator+Animated.swift:10:8: error: no such module 'UIKit'
 8 |
 9 | import Foundation
10 | import UIKit
   |        `- error: no such module 'UIKit'
11 |
12 | extension FluidNavigationViewAnimator {
[66/148] Compiling Fluidable FluidDismissDriverCompatible+Animated.swift
/Users/admin/builder/spi-builder-workspace/Sources/Core/Animator/Implementation/FluidNavigationViewAnimator+Animated.swift:10:8: error: no such module 'UIKit'
 8 |
 9 | import Foundation
10 | import UIKit
   |        `- error: no such module 'UIKit'
11 |
12 | extension FluidNavigationViewAnimator {
[67/148] Compiling Fluidable FluidLayout.swift
/Users/admin/builder/spi-builder-workspace/Sources/Core/Animator/Implementation/FluidNavigationViewAnimator+Animated.swift:10:8: error: no such module 'UIKit'
 8 |
 9 | import Foundation
10 | import UIKit
   |        `- error: no such module 'UIKit'
11 |
12 | extension FluidNavigationViewAnimator {
[68/148] Compiling Fluidable FluidLayoutConstant.swift
/Users/admin/builder/spi-builder-workspace/Sources/Core/Animator/Implementation/FluidNavigationViewAnimator+Animated.swift:10:8: error: no such module 'UIKit'
 8 |
 9 | import Foundation
10 | import UIKit
   |        `- error: no such module 'UIKit'
11 |
12 | extension FluidNavigationViewAnimator {
[69/148] Compiling Fluidable Debug.swift
/Users/admin/builder/spi-builder-workspace/Sources/Core/Animator/Implementation/FluidNavigationViewAnimator+Animated.swift:10:8: error: no such module 'UIKit'
 8 |
 9 | import Foundation
10 | import UIKit
   |        `- error: no such module 'UIKit'
11 |
12 | extension FluidNavigationViewAnimator {
[70/148] Compiling Fluidable NSObject+Ext.swift
/Users/admin/builder/spi-builder-workspace/Sources/Core/Animator/Implementation/FluidNavigationViewAnimator+Animated.swift:10:8: error: no such module 'UIKit'
 8 |
 9 | import Foundation
10 | import UIKit
   |        `- error: no such module 'UIKit'
11 |
12 | extension FluidNavigationViewAnimator {
[71/148] Compiling Fluidable UITestEnv.swift
/Users/admin/builder/spi-builder-workspace/Sources/Core/Animator/Implementation/FluidNavigationViewAnimator+Animated.swift:10:8: error: no such module 'UIKit'
 8 |
 9 | import Foundation
10 | import UIKit
   |        `- error: no such module 'UIKit'
11 |
12 | extension FluidNavigationViewAnimator {
[72/148] Compiling Fluidable FluidBackgroundView.swift
/Users/admin/builder/spi-builder-workspace/Sources/Core/Animator/Implementation/FluidNavigationViewAnimator+Animated.swift:10:8: error: no such module 'UIKit'
 8 |
 9 | import Foundation
10 | import UIKit
   |        `- error: no such module 'UIKit'
11 |
12 | extension FluidNavigationViewAnimator {
[73/148] Compiling Fluidable FluidCornerMaskLayer.swift
/Users/admin/builder/spi-builder-workspace/Sources/Core/Animator/Implementation/FluidNavigationViewAnimator+Animated.swift:10:8: error: no such module 'UIKit'
 8 |
 9 | import Foundation
10 | import UIKit
   |        `- error: no such module 'UIKit'
11 |
12 | extension FluidNavigationViewAnimator {
[74/148] Compiling Fluidable FluidInteractiveView.swift
/Users/admin/builder/spi-builder-workspace/Sources/Core/Animator/Implementation/FluidNavigationViewAnimator+Animated.swift:10:8: error: no such module 'UIKit'
 8 |
 9 | import Foundation
10 | import UIKit
   |        `- error: no such module 'UIKit'
11 |
12 | extension FluidNavigationViewAnimator {
[75/148] Compiling Fluidable FluidInterruptibleView.swift
/Users/admin/builder/spi-builder-workspace/Sources/Core/Animator/Implementation/FluidNavigationViewAnimator+Animated.swift:10:8: error: no such module 'UIKit'
 8 |
 9 | import Foundation
10 | import UIKit
   |        `- error: no such module 'UIKit'
11 |
12 | extension FluidNavigationViewAnimator {
[76/148] Compiling Fluidable FluidProgressView.swift
/Users/admin/builder/spi-builder-workspace/Sources/Core/Animator/Implementation/FluidNavigationViewAnimator+Animated.swift:10:8: error: no such module 'UIKit'
 8 |
 9 | import Foundation
10 | import UIKit
   |        `- error: no such module 'UIKit'
11 |
12 | extension FluidNavigationViewAnimator {
[77/148] Compiling Fluidable FluidShadowLayer.swift
/Users/admin/builder/spi-builder-workspace/Sources/Core/Animator/Implementation/FluidNavigationViewAnimator+Animated.swift:10:8: error: no such module 'UIKit'
 8 |
 9 | import Foundation
10 | import UIKit
   |        `- error: no such module 'UIKit'
11 |
12 | extension FluidNavigationViewAnimator {
[78/148] Compiling Fluidable FluidShadowView.swift
/Users/admin/builder/spi-builder-workspace/Sources/Core/Animator/Implementation/FluidNavigationViewAnimator+Animated.swift:10:8: error: no such module 'UIKit'
 8 |
 9 | import Foundation
10 | import UIKit
   |        `- error: no such module 'UIKit'
11 |
12 | extension FluidNavigationViewAnimator {
[79/148] Compiling Fluidable resource_bundle_accessor.swift
/Users/admin/builder/spi-builder-workspace/Sources/Core/Animator/Implementation/FluidNavigationViewAnimator+Animated.swift:10:8: error: no such module 'UIKit'
 8 |
 9 | import Foundation
10 | import UIKit
   |        `- error: no such module 'UIKit'
11 |
12 | extension FluidNavigationViewAnimator {
error: emit-module command failed with exit code 1 (use -v to see invocation)
[80/148] Emitting module Fluidable
/Users/admin/builder/spi-builder-workspace/Sources/Core/Animator/Implementation/FluidNavigationViewAnimator+Animated.swift:10:8: error: no such module 'UIKit'
 8 |
 9 | import Foundation
10 | import UIKit
   |        `- error: no such module 'UIKit'
11 |
12 | extension FluidNavigationViewAnimator {
[81/148] Compiling Fluidable FluidCoreAnimator.swift
/Users/admin/builder/spi-builder-workspace/Sources/Core/Animator/Implementation/FluidNavigationViewAnimator+Animated.swift:10:8: error: no such module 'UIKit'
 8 |
 9 | import Foundation
10 | import UIKit
   |        `- error: no such module 'UIKit'
11 |
12 | extension FluidNavigationViewAnimator {
[82/148] Compiling Fluidable FluidCoreAnimatorError.swift
/Users/admin/builder/spi-builder-workspace/Sources/Core/Animator/Implementation/FluidNavigationViewAnimator+Animated.swift:10:8: error: no such module 'UIKit'
 8 |
 9 | import Foundation
10 | import UIKit
   |        `- error: no such module 'UIKit'
11 |
12 | extension FluidNavigationViewAnimator {
[83/148] Compiling Fluidable FluidCoreAnimatorKeyPath.swift
/Users/admin/builder/spi-builder-workspace/Sources/Core/Animator/Implementation/FluidNavigationViewAnimator+Animated.swift:10:8: error: no such module 'UIKit'
 8 |
 9 | import Foundation
10 | import UIKit
   |        `- error: no such module 'UIKit'
11 |
12 | extension FluidNavigationViewAnimator {
[84/148] Compiling Fluidable FluidCoreAnimatorLayerConvertible.swift
/Users/admin/builder/spi-builder-workspace/Sources/Core/Animator/Implementation/FluidNavigationViewAnimator+Animated.swift:10:8: error: no such module 'UIKit'
 8 |
 9 | import Foundation
10 | import UIKit
   |        `- error: no such module 'UIKit'
11 |
12 | extension FluidNavigationViewAnimator {
[85/148] Compiling Fluidable FluidCoreAnimatorTransitionType.swift
/Users/admin/builder/spi-builder-workspace/Sources/Core/Animator/Implementation/FluidNavigationViewAnimator+Animated.swift:10:8: error: no such module 'UIKit'
 8 |
 9 | import Foundation
10 | import UIKit
   |        `- error: no such module 'UIKit'
11 |
12 | extension FluidNavigationViewAnimator {
[86/148] Compiling Fluidable FluidCoreAnimatorValidator.swift
/Users/admin/builder/spi-builder-workspace/Sources/Core/Animator/Implementation/FluidNavigationViewAnimator+Animated.swift:10:8: error: no such module 'UIKit'
 8 |
 9 | import Foundation
10 | import UIKit
   |        `- error: no such module 'UIKit'
11 |
12 | extension FluidNavigationViewAnimator {
[87/148] Compiling Fluidable FluidAnimatorCompatible.swift
/Users/admin/builder/spi-builder-workspace/Sources/Core/Animator/Implementation/FluidNavigationViewAnimator+Animated.swift:10:8: error: no such module 'UIKit'
 8 |
 9 | import Foundation
10 | import UIKit
   |        `- error: no such module 'UIKit'
11 |
12 | extension FluidNavigationViewAnimator {
[88/148] Compiling Fluidable FluidAnimatorEasing.swift
/Users/admin/builder/spi-builder-workspace/Sources/Core/Animator/Implementation/FluidNavigationViewAnimator+Animated.swift:10:8: error: no such module 'UIKit'
 8 |
 9 | import Foundation
10 | import UIKit
   |        `- error: no such module 'UIKit'
11 |
12 | extension FluidNavigationViewAnimator {
[89/148] Compiling Fluidable FluidAnimatorState.swift
/Users/admin/builder/spi-builder-workspace/Sources/Core/Animator/Implementation/FluidNavigationViewAnimator+Animated.swift:10:8: error: no such module 'UIKit'
 8 |
 9 | import Foundation
10 | import UIKit
   |        `- error: no such module 'UIKit'
11 |
12 | extension FluidNavigationViewAnimator {
[90/148] Compiling Fluidable FluidInterruptibleAnimator.swift
/Users/admin/builder/spi-builder-workspace/Sources/Core/Animator/Implementation/FluidNavigationViewAnimator+Animated.swift:10:8: error: no such module 'UIKit'
 8 |
 9 | import Foundation
10 | import UIKit
   |        `- error: no such module 'UIKit'
11 |
12 | extension FluidNavigationViewAnimator {
[91/148] Compiling Fluidable FluidPropertyAnimator+Core.swift
/Users/admin/builder/spi-builder-workspace/Sources/Core/Animator/Implementation/FluidNavigationViewAnimator+Animated.swift:10:8: error: no such module 'UIKit'
 8 |
 9 | import Foundation
10 | import UIKit
   |        `- error: no such module 'UIKit'
11 |
12 | extension FluidNavigationViewAnimator {
[92/148] Compiling Fluidable FluidPropertyAnimator+Initializer.swift
/Users/admin/builder/spi-builder-workspace/Sources/Core/Animator/Implementation/FluidNavigationViewAnimator+Animated.swift:10:8: error: no such module 'UIKit'
 8 |
 9 | import Foundation
10 | import UIKit
   |        `- error: no such module 'UIKit'
11 |
12 | extension FluidNavigationViewAnimator {
[93/148] Compiling Fluidable FluidPropertyAnimator+Observing.swift
/Users/admin/builder/spi-builder-workspace/Sources/Core/Animator/Implementation/FluidNavigationViewAnimator+Animated.swift:10:8: error: no such module 'UIKit'
 8 |
 9 | import Foundation
10 | import UIKit
   |        `- error: no such module 'UIKit'
11 |
12 | extension FluidNavigationViewAnimator {
[94/148] Compiling Fluidable FluidParametersCompatible.swift
/Users/admin/builder/spi-builder-workspace/Sources/Core/Animator/Implementation/FluidNavigationViewAnimator+Animated.swift:10:8: error: no such module 'UIKit'
 8 |
 9 | import Foundation
10 | import UIKit
   |        `- error: no such module 'UIKit'
11 |
12 | extension FluidNavigationViewAnimator {
[95/148] Compiling Fluidable FluidCompatible.swift
/Users/admin/builder/spi-builder-workspace/Sources/Core/Animator/Implementation/FluidNavigationViewAnimator+Animated.swift:10:8: error: no such module 'UIKit'
 8 |
 9 | import Foundation
10 | import UIKit
   |        `- error: no such module 'UIKit'
11 |
12 | extension FluidNavigationViewAnimator {
[96/148] Compiling Fluidable FluidProxy+UIViewController.swift
/Users/admin/builder/spi-builder-workspace/Sources/Core/Animator/Implementation/FluidNavigationViewAnimator+Animated.swift:10:8: error: no such module 'UIKit'
 8 |
 9 | import Foundation
10 | import UIKit
   |        `- error: no such module 'UIKit'
11 |
12 | extension FluidNavigationViewAnimator {
[97/148] Compiling Fluidable FluidProxy.swift
/Users/admin/builder/spi-builder-workspace/Sources/Core/Animator/Implementation/FluidNavigationViewAnimator+Animated.swift:10:8: error: no such module 'UIKit'
 8 |
 9 | import Foundation
10 | import UIKit
   |        `- error: no such module 'UIKit'
11 |
12 | extension FluidNavigationViewAnimator {
[98/148] Compiling Fluidable FluidError.swift
/Users/admin/builder/spi-builder-workspace/Sources/Core/Animator/Implementation/FluidNavigationViewAnimator+Animated.swift:10:8: error: no such module 'UIKit'
 8 |
 9 | import Foundation
10 | import UIKit
   |        `- error: no such module 'UIKit'
11 |
12 | extension FluidNavigationViewAnimator {
[99/148] Compiling Fluidable FluidResizable.swift
/Users/admin/builder/spi-builder-workspace/Sources/Core/Animator/Implementation/FluidNavigationViewAnimator+Animated.swift:10:8: error: no such module 'UIKit'
 8 |
 9 | import Foundation
10 | import UIKit
   |        `- error: no such module 'UIKit'
11 |
12 | extension FluidNavigationViewAnimator {
[100/148] Compiling Fluidable Fluidable+SafeArea.swift
/Users/admin/builder/spi-builder-workspace/Sources/Core/Animator/Implementation/FluidNavigationViewAnimator+Animated.swift:10:8: error: no such module 'UIKit'
 8 |
 9 | import Foundation
10 | import UIKit
   |        `- error: no such module 'UIKit'
11 |
12 | extension FluidNavigationViewAnimator {
[101/148] Compiling Fluidable Fluidable+Swizzle.swift
/Users/admin/builder/spi-builder-workspace/Sources/Core/Animator/Implementation/FluidNavigationViewAnimator+Animated.swift:10:8: error: no such module 'UIKit'
 8 |
 9 | import Foundation
10 | import UIKit
   |        `- error: no such module 'UIKit'
11 |
12 | extension FluidNavigationViewAnimator {
[102/148] Compiling Fluidable Fluidable.swift
/Users/admin/builder/spi-builder-workspace/Sources/Core/Animator/Implementation/FluidNavigationViewAnimator+Animated.swift:10:8: error: no such module 'UIKit'
 8 |
 9 | import Foundation
10 | import UIKit
   |        `- error: no such module 'UIKit'
11 |
12 | extension FluidNavigationViewAnimator {
[103/148] Compiling Fluidable DisplayGamut.swift
/Users/admin/builder/spi-builder-workspace/Sources/Core/Animator/Implementation/FluidNavigationViewAnimator+Animated.swift:10:8: error: no such module 'UIKit'
 8 |
 9 | import Foundation
10 | import UIKit
   |        `- error: no such module 'UIKit'
11 |
12 | extension FluidNavigationViewAnimator {
[104/148] Compiling Fluidable ForceTouch.swift
/Users/admin/builder/spi-builder-workspace/Sources/Core/Animator/Implementation/FluidNavigationViewAnimator+Animated.swift:10:8: error: no such module 'UIKit'
 8 |
 9 | import Foundation
10 | import UIKit
   |        `- error: no such module 'UIKit'
11 |
12 | extension FluidNavigationViewAnimator {
[105/148] Compiling Fluidable Idiom.swift
/Users/admin/builder/spi-builder-workspace/Sources/Core/Animator/Implementation/FluidNavigationViewAnimator+Animated.swift:10:8: error: no such module 'UIKit'
 8 |
 9 | import Foundation
10 | import UIKit
   |        `- error: no such module 'UIKit'
11 |
12 | extension FluidNavigationViewAnimator {
[106/148] Compiling Fluidable LayoutDirection.swift
/Users/admin/builder/spi-builder-workspace/Sources/Core/Animator/Implementation/FluidNavigationViewAnimator+Animated.swift:10:8: error: no such module 'UIKit'
 8 |
 9 | import Foundation
10 | import UIKit
   |        `- error: no such module 'UIKit'
11 |
12 | extension FluidNavigationViewAnimator {
[107/148] Compiling Fluidable Scale.swift
/Users/admin/builder/spi-builder-workspace/Sources/Core/Animator/Implementation/FluidNavigationViewAnimator+Animated.swift:10:8: error: no such module 'UIKit'
 8 |
 9 | import Foundation
10 | import UIKit
   |        `- error: no such module 'UIKit'
11 |
12 | extension FluidNavigationViewAnimator {
[108/148] Compiling Fluidable SizeCategory.swift
/Users/admin/builder/spi-builder-workspace/Sources/Core/Animator/Implementation/FluidNavigationViewAnimator+Animated.swift:10:8: error: no such module 'UIKit'
 8 |
 9 | import Foundation
10 | import UIKit
   |        `- error: no such module 'UIKit'
11 |
12 | extension FluidNavigationViewAnimator {
[109/148] Compiling Fluidable SizeClass.swift
/Users/admin/builder/spi-builder-workspace/Sources/Core/Animator/Implementation/FluidNavigationViewAnimator+Animated.swift:10:8: error: no such module 'UIKit'
 8 |
 9 | import Foundation
10 | import UIKit
   |        `- error: no such module 'UIKit'
11 |
12 | extension FluidNavigationViewAnimator {
[110/148] Compiling Fluidable AdaptiveBehavior.swift
/Users/admin/builder/spi-builder-workspace/Sources/Core/Animator/Implementation/FluidNavigationViewAnimator+Animated.swift:10:8: error: no such module 'UIKit'
 8 |
 9 | import Foundation
10 | import UIKit
   |        `- error: no such module 'UIKit'
11 |
12 | extension FluidNavigationViewAnimator {
[111/148] Compiling Fluidable AdaptiveConstraintContainer.swift
/Users/admin/builder/spi-builder-workspace/Sources/Core/Animator/Implementation/FluidNavigationViewAnimator+Animated.swift:10:8: error: no such module 'UIKit'
 8 |
 9 | import Foundation
10 | import UIKit
   |        `- error: no such module 'UIKit'
11 |
12 | extension FluidNavigationViewAnimator {
[112/148] Compiling Fluidable AdaptiveViewContainer.swift
/Users/admin/builder/spi-builder-workspace/Sources/Core/Animator/Implementation/FluidNavigationViewAnimator+Animated.swift:10:8: error: no such module 'UIKit'
 8 |
 9 | import Foundation
10 | import UIKit
   |        `- error: no such module 'UIKit'
11 |
12 | extension FluidNavigationViewAnimator {
[113/148] Compiling Fluidable UITraitCollection+Adaptive.swift
/Users/admin/builder/spi-builder-workspace/Sources/Core/Animator/Implementation/FluidNavigationViewAnimator+Animated.swift:10:8: error: no such module 'UIKit'
 8 |
 9 | import Foundation
10 | import UIKit
   |        `- error: no such module 'UIKit'
11 |
12 | extension FluidNavigationViewAnimator {
[114/148] Compiling Fluidable AdaptiveAttribute.swift
/Users/admin/builder/spi-builder-workspace/Sources/Core/Animator/Implementation/FluidNavigationViewAnimator+Animated.swift:10:8: error: no such module 'UIKit'
 8 |
 9 | import Foundation
10 | import UIKit
   |        `- error: no such module 'UIKit'
11 |
12 | extension FluidNavigationViewAnimator {
[115/148] Compiling Fluidable AdaptiveElement.swift
/Users/admin/builder/spi-builder-workspace/Sources/Core/Animator/Implementation/FluidNavigationViewAnimator+Animated.swift:10:8: error: no such module 'UIKit'
 8 |
 9 | import Foundation
10 | import UIKit
   |        `- error: no such module 'UIKit'
11 |
12 | extension FluidNavigationViewAnimator {
[116/148] Compiling Fluidable AdaptiveInterface.swift
/Users/admin/builder/spi-builder-workspace/Sources/Core/Animator/Implementation/FluidNavigationViewAnimator+Animated.swift:10:8: error: no such module 'UIKit'
 8 |
 9 | import Foundation
10 | import UIKit
   |        `- error: no such module 'UIKit'
11 |
12 | extension FluidNavigationViewAnimator {
[117/148] Compiling Fluidable CAProgressLayer.swift
/Users/admin/builder/spi-builder-workspace/Sources/Core/Animator/Implementation/FluidNavigationViewAnimator+Animated.swift:10:8: error: no such module 'UIKit'
 8 |
 9 | import Foundation
10 | import UIKit
   |        `- error: no such module 'UIKit'
11 |
12 | extension FluidNavigationViewAnimator {
[118/148] Compiling Fluidable FluidCoreAnimator+Core.swift
/Users/admin/builder/spi-builder-workspace/Sources/Core/Animator/Implementation/FluidNavigationViewAnimator+Animated.swift:10:8: error: no such module 'UIKit'
 8 |
 9 | import Foundation
10 | import UIKit
   |        `- error: no such module 'UIKit'
11 |
12 | extension FluidNavigationViewAnimator {
[119/148] Compiling Fluidable FluidCoreAnimator+Helper.swift
/Users/admin/builder/spi-builder-workspace/Sources/Core/Animator/Implementation/FluidNavigationViewAnimator+Animated.swift:10:8: error: no such module 'UIKit'
 8 |
 9 | import Foundation
10 | import UIKit
   |        `- error: no such module 'UIKit'
11 |
12 | extension FluidNavigationViewAnimator {
[120/148] Compiling Fluidable FluidCoreAnimator+Initializer.swift
/Users/admin/builder/spi-builder-workspace/Sources/Core/Animator/Implementation/FluidNavigationViewAnimator+Animated.swift:10:8: error: no such module 'UIKit'
 8 |
 9 | import Foundation
10 | import UIKit
   |        `- error: no such module 'UIKit'
11 |
12 | extension FluidNavigationViewAnimator {
[121/148] Compiling Fluidable FluidDismissDriverCompatible+Delegate.swift
/Users/admin/builder/spi-builder-workspace/Sources/Core/Animator/Implementation/FluidNavigationViewAnimator+Animated.swift:10:8: error: no such module 'UIKit'
 8 |
 9 | import Foundation
10 | import UIKit
   |        `- error: no such module 'UIKit'
11 |
12 | extension FluidNavigationViewAnimator {
[122/148] Compiling Fluidable FluidDismissDriverCompatible+Interactive.swift
/Users/admin/builder/spi-builder-workspace/Sources/Core/Animator/Implementation/FluidNavigationViewAnimator+Animated.swift:10:8: error: no such module 'UIKit'
 8 |
 9 | import Foundation
10 | import UIKit
   |        `- error: no such module 'UIKit'
11 |
12 | extension FluidNavigationViewAnimator {
[123/148] Compiling Fluidable FluidDismissDriverCompatible.swift
/Users/admin/builder/spi-builder-workspace/Sources/Core/Animator/Implementation/FluidNavigationViewAnimator+Animated.swift:10:8: error: no such module 'UIKit'
 8 |
 9 | import Foundation
10 | import UIKit
   |        `- error: no such module 'UIKit'
11 |
12 | extension FluidNavigationViewAnimator {
[124/148] Compiling Fluidable FluidDriverCompatible+Animated.swift
/Users/admin/builder/spi-builder-workspace/Sources/Core/Animator/Implementation/FluidNavigationViewAnimator+Animated.swift:10:8: error: no such module 'UIKit'
 8 |
 9 | import Foundation
10 | import UIKit
   |        `- error: no such module 'UIKit'
11 |
12 | extension FluidNavigationViewAnimator {
[125/148] Compiling Fluidable FluidDriverCompatible+Configuration.swift
/Users/admin/builder/spi-builder-workspace/Sources/Core/Animator/Implementation/FluidNavigationViewAnimator+Animated.swift:10:8: error: no such module 'UIKit'
 8 |
 9 | import Foundation
10 | import UIKit
   |        `- error: no such module 'UIKit'
11 |
12 | extension FluidNavigationViewAnimator {
[126/148] Compiling Fluidable FluidDriverCompatible+Interactive.swift
/Users/admin/builder/spi-builder-workspace/Sources/Core/Animator/Implementation/FluidNavigationViewAnimator+Animated.swift:10:8: error: no such module 'UIKit'
 8 |
 9 | import Foundation
10 | import UIKit
   |        `- error: no such module 'UIKit'
11 |
12 | extension FluidNavigationViewAnimator {
[127/148] Compiling Fluidable FluidDriverCompatible.swift
/Users/admin/builder/spi-builder-workspace/Sources/Core/Animator/Implementation/FluidNavigationViewAnimator+Animated.swift:10:8: error: no such module 'UIKit'
 8 |
 9 | import Foundation
10 | import UIKit
   |        `- error: no such module 'UIKit'
11 |
12 | extension FluidNavigationViewAnimator {
[128/148] Compiling Fluidable FluidDriverType.swift
/Users/admin/builder/spi-builder-workspace/Sources/Core/Animator/Implementation/FluidNavigationViewAnimator+Animated.swift:10:8: error: no such module 'UIKit'
 8 |
 9 | import Foundation
10 | import UIKit
   |        `- error: no such module 'UIKit'
11 |
12 | extension FluidNavigationViewAnimator {
[129/148] Compiling Fluidable FluidPresentDriverCompatible+Animated.swift
/Users/admin/builder/spi-builder-workspace/Sources/Core/Animator/Implementation/FluidNavigationViewAnimator+Animated.swift:10:8: error: no such module 'UIKit'
 8 |
 9 | import Foundation
10 | import UIKit
   |        `- error: no such module 'UIKit'
11 |
12 | extension FluidNavigationViewAnimator {
[130/148] Compiling Fluidable FluidPresentDriverCompatible+Delegate.swift
/Users/admin/builder/spi-builder-workspace/Sources/Core/Animator/Implementation/FluidNavigationViewAnimator+Animated.swift:10:8: error: no such module 'UIKit'
 8 |
 9 | import Foundation
10 | import UIKit
   |        `- error: no such module 'UIKit'
11 |
12 | extension FluidNavigationViewAnimator {
[131/148] Compiling Fluidable FluidPresentDriverCompatible+Interactive.swift
/Users/admin/builder/spi-builder-workspace/Sources/Core/Animator/Implementation/FluidNavigationViewAnimator+Animated.swift:10:8: error: no such module 'UIKit'
 8 |
 9 | import Foundation
10 | import UIKit
   |        `- error: no such module 'UIKit'
11 |
12 | extension FluidNavigationViewAnimator {
[132/148] Compiling Fluidable FluidPresentDriverCompatible.swift
/Users/admin/builder/spi-builder-workspace/Sources/Core/Animator/Implementation/FluidNavigationViewAnimator+Animated.swift:10:8: error: no such module 'UIKit'
 8 |
 9 | import Foundation
10 | import UIKit
   |        `- error: no such module 'UIKit'
11 |
12 | extension FluidNavigationViewAnimator {
[133/148] Compiling Fluidable FluidAnimationType.swift
/Users/admin/builder/spi-builder-workspace/Sources/Core/Animator/Implementation/FluidNavigationViewAnimator+Animated.swift:10:8: error: no such module 'UIKit'
 8 |
 9 | import Foundation
10 | import UIKit
   |        `- error: no such module 'UIKit'
11 |
12 | extension FluidNavigationViewAnimator {
[134/148] Compiling Fluidable FluidBackgroundStyle.swift
/Users/admin/builder/spi-builder-workspace/Sources/Core/Animator/Implementation/FluidNavigationViewAnimator+Animated.swift:10:8: error: no such module 'UIKit'
 8 |
 9 | import Foundation
10 | import UIKit
   |        `- error: no such module 'UIKit'
11 |
12 | extension FluidNavigationViewAnimator {
[135/148] Compiling Fluidable FluidNavigationViewAnimator+Animated.swift
/Users/admin/builder/spi-builder-workspace/Sources/Core/Animator/Implementation/FluidNavigationViewAnimator+Animated.swift:10:8: error: no such module 'UIKit'
 8 |
 9 | import Foundation
10 | import UIKit
   |        `- error: no such module 'UIKit'
11 |
12 | extension FluidNavigationViewAnimator {
[136/148] Compiling Fluidable FluidNavigationViewAnimator+Configuration.swift
/Users/admin/builder/spi-builder-workspace/Sources/Core/Animator/Implementation/FluidNavigationViewAnimator+Animated.swift:10:8: error: no such module 'UIKit'
 8 |
 9 | import Foundation
10 | import UIKit
   |        `- error: no such module 'UIKit'
11 |
12 | extension FluidNavigationViewAnimator {
[137/148] Compiling Fluidable FluidNavigationViewAnimator+Interactive.swift
/Users/admin/builder/spi-builder-workspace/Sources/Core/Animator/Implementation/FluidNavigationViewAnimator+Animated.swift:10:8: error: no such module 'UIKit'
 8 |
 9 | import Foundation
10 | import UIKit
   |        `- error: no such module 'UIKit'
11 |
12 | extension FluidNavigationViewAnimator {
[138/148] Compiling Fluidable FluidNavigationViewAnimator.swift
/Users/admin/builder/spi-builder-workspace/Sources/Core/Animator/Implementation/FluidNavigationViewAnimator+Animated.swift:10:8: error: no such module 'UIKit'
 8 |
 9 | import Foundation
10 | import UIKit
   |        `- error: no such module 'UIKit'
11 |
12 | extension FluidNavigationViewAnimator {
[139/148] Compiling Fluidable FluidTransitionViewAnimator+Animated.swift
/Users/admin/builder/spi-builder-workspace/Sources/Core/Animator/Implementation/FluidNavigationViewAnimator+Animated.swift:10:8: error: no such module 'UIKit'
 8 |
 9 | import Foundation
10 | import UIKit
   |        `- error: no such module 'UIKit'
11 |
12 | extension FluidNavigationViewAnimator {
[140/148] Compiling Fluidable FluidTransitionViewAnimator+Configuration.swift
/Users/admin/builder/spi-builder-workspace/Sources/Core/Animator/Implementation/FluidNavigationViewAnimator+Animated.swift:10:8: error: no such module 'UIKit'
 8 |
 9 | import Foundation
10 | import UIKit
   |        `- error: no such module 'UIKit'
11 |
12 | extension FluidNavigationViewAnimator {
[141/148] Compiling Fluidable FluidTransitionViewAnimator+Interactive.swift
/Users/admin/builder/spi-builder-workspace/Sources/Core/Animator/Implementation/FluidNavigationViewAnimator+Animated.swift:10:8: error: no such module 'UIKit'
 8 |
 9 | import Foundation
10 | import UIKit
   |        `- error: no such module 'UIKit'
11 |
12 | extension FluidNavigationViewAnimator {
[142/148] Compiling Fluidable FluidTransitionViewAnimator.swift
/Users/admin/builder/spi-builder-workspace/Sources/Core/Animator/Implementation/FluidNavigationViewAnimator+Animated.swift:10:8: error: no such module 'UIKit'
 8 |
 9 | import Foundation
10 | import UIKit
   |        `- error: no such module 'UIKit'
11 |
12 | extension FluidNavigationViewAnimator {
[143/148] Compiling Fluidable FluidViewAnimatorCompatible+Configuration.swift
/Users/admin/builder/spi-builder-workspace/Sources/Core/Animator/Implementation/FluidNavigationViewAnimator+Animated.swift:10:8: error: no such module 'UIKit'
 8 |
 9 | import Foundation
10 | import UIKit
   |        `- error: no such module 'UIKit'
11 |
12 | extension FluidNavigationViewAnimator {
[144/148] Compiling Fluidable FluidViewAnimatorCompatible+Core.swift
/Users/admin/builder/spi-builder-workspace/Sources/Core/Animator/Implementation/FluidNavigationViewAnimator+Animated.swift:10:8: error: no such module 'UIKit'
 8 |
 9 | import Foundation
10 | import UIKit
   |        `- error: no such module 'UIKit'
11 |
12 | extension FluidNavigationViewAnimator {
[145/148] Compiling Fluidable FluidViewAnimatorCompatible+Helper.swift
/Users/admin/builder/spi-builder-workspace/Sources/Core/Animator/Implementation/FluidNavigationViewAnimator+Animated.swift:10:8: error: no such module 'UIKit'
 8 |
 9 | import Foundation
10 | import UIKit
   |        `- error: no such module 'UIKit'
11 |
12 | extension FluidNavigationViewAnimator {
[146/148] Compiling Fluidable FluidViewAnimatorCompatible.swift
/Users/admin/builder/spi-builder-workspace/Sources/Core/Animator/Implementation/FluidNavigationViewAnimator+Animated.swift:10:8: error: no such module 'UIKit'
 8 |
 9 | import Foundation
10 | import UIKit
   |        `- error: no such module 'UIKit'
11 |
12 | extension FluidNavigationViewAnimator {
[147/148] Compiling Fluidable FluidViewAnimatorTimer.swift
/Users/admin/builder/spi-builder-workspace/Sources/Core/Animator/Implementation/FluidNavigationViewAnimator+Animated.swift:10:8: error: no such module 'UIKit'
 8 |
 9 | import Foundation
10 | import UIKit
   |        `- error: no such module 'UIKit'
11 |
12 | extension FluidNavigationViewAnimator {
[148/148] Compiling Fluidable FluidControllerDelegateCompatible.swift
/Users/admin/builder/spi-builder-workspace/Sources/Core/Animator/Implementation/FluidNavigationViewAnimator+Animated.swift:10:8: error: no such module 'UIKit'
 8 |
 9 | import Foundation
10 | import UIKit
   |        `- error: no such module 'UIKit'
11 |
12 | extension FluidNavigationViewAnimator {
warning: 'nimble': /Users/admin/builder/spi-builder-workspace/.build/checkouts/Nimble/Package.swift:4:15: warning: 'init(name:defaultLocalization:platforms:pkgConfig:providers:products:dependencies:targets:swiftLanguageVersions:cLanguageStandard:cxxLanguageStandard:)' is deprecated: replaced by 'init(name:defaultLocalization:platforms:pkgConfig:providers:products:dependencies:targets:swiftLanguageModes:cLanguageStandard:cxxLanguageStandard:)' [#DeprecatedDeclaration]
 2 | import PackageDescription
 3 |
 4 | let package = Package(
   |               |- warning: 'init(name:defaultLocalization:platforms:pkgConfig:providers:products:dependencies:targets:swiftLanguageVersions:cLanguageStandard:cxxLanguageStandard:)' is deprecated: replaced by 'init(name:defaultLocalization:platforms:pkgConfig:providers:products:dependencies:targets:swiftLanguageModes:cLanguageStandard:cxxLanguageStandard:)' [#DeprecatedDeclaration]
   |               `- note: use 'init(name:defaultLocalization:platforms:pkgConfig:providers:products:dependencies:targets:swiftLanguageModes:cLanguageStandard:cxxLanguageStandard:)' instead
 5 |     name: "Nimble",
 6 |     platforms: [
[#DeprecatedDeclaration]: <https://docs.swift.org/compiler/documentation/diagnostics/deprecated-declaration>
warning: 'quick': found 1 file(s) which are unhandled; explicitly declare them as resources or exclude from the target
    /Users/admin/builder/spi-builder-workspace/.build/checkouts/Quick/Sources/Quick/PrivacyInfo.xcprivacy
BUILD FAILURE 6.3 macosSpm