Build Information
Failed to build WWAppLifeCycleManager, reference main (3164d1), with Swift 6.1 for watchOS using Xcode 16.3 on 4 Sep 2026 17:00:31 UTC.
Build Command
env DEVELOPER_DIR=/Applications/Xcode-16.3.0.app xcrun xcodebuild -IDEClonedSourcePackagesDirPathOverride=$PWD/.dependencies -skipMacroValidation -skipPackagePluginValidation -derivedDataPath $PWD/.derivedData build -scheme WWAppLifeCycleManager -destination generic/platform=watchOSBuild Log
========================================
RunAll
========================================
Builder version: 5.0.2
Interrupt handler set up.
========================================
Checkout
========================================
Clone URL: https://github.com/William-Weng/WWAppLifeCycleManager.git
Reference: main
Initialized empty Git repository in /Users/admin/builder/spi-builder-workspace/.git/
From https://github.com/William-Weng/WWAppLifeCycleManager
* branch main -> FETCH_HEAD
* [new branch] main -> origin/main
HEAD is now at 3164d1a Update README.en.md
Cloned https://github.com/William-Weng/WWAppLifeCycleManager.git
Revision (git rev-parse @):
3164d1a241fc9323c8216da0cca55950f8b72436
SUCCESS checkout https://github.com/William-Weng/WWAppLifeCycleManager.git at main
========================================
Build
========================================
Selected platform: watchOS
Swift version: 6.1
Building package at path: $PWD
https://github.com/William-Weng/WWAppLifeCycleManager.git
https://github.com/William-Weng/WWAppLifeCycleManager.git
{
"dependencies" : [
],
"manifest_display_name" : "WWAppLifeCycleManager",
"name" : "WWAppLifeCycleManager",
"path" : "/Users/admin/builder/spi-builder-workspace",
"platforms" : [
{
"name" : "ios",
"version" : "17.0"
}
],
"products" : [
{
"name" : "WWAppLifeCycleManager",
"targets" : [
"WWAppLifeCycleManager"
],
"type" : {
"library" : [
"automatic"
]
}
}
],
"targets" : [
{
"c99name" : "WWAppLifeCycleManager",
"module_type" : "SwiftTarget",
"name" : "WWAppLifeCycleManager",
"path" : "Sources",
"product_memberships" : [
"WWAppLifeCycleManager"
],
"resources" : [
{
"path" : "/Users/admin/builder/spi-builder-workspace/Sources/Privacy",
"rule" : {
"copy" : {
}
}
}
],
"sources" : [
"WWAppLifeCycleManager/Delegate/WWAppDelegate.swift",
"WWAppLifeCycleManager/Delegate/WWSceneDelegate.swift",
"WWAppLifeCycleManager/Utility/Enum.swift",
"WWAppLifeCycleManager/Utility/RemoteNotificationsAuthorization.swift",
"WWAppLifeCycleManager/WWAppLifeCycleManager.swift"
],
"type" : "library"
}
],
"tools_version" : "5.10"
}
Command line invocation:
/Applications/Xcode-16.3.0.app/Contents/Developer/usr/bin/xcodebuild -IDEClonedSourcePackagesDirPathOverride=/Users/admin/builder/spi-builder-workspace/.dependencies -resolvePackageDependencies
Resolve Package Graph
Resolve Package Graph
Resolved source packages:
WWAppLifeCycleManager: /Users/admin/builder/spi-builder-workspace
resolved source packages: WWAppLifeCycleManager
{
"dependencies" : [
],
"manifest_display_name" : "WWAppLifeCycleManager",
"name" : "WWAppLifeCycleManager",
"path" : "/Users/admin/builder/spi-builder-workspace",
"platforms" : [
{
"name" : "ios",
"version" : "17.0"
}
],
"products" : [
{
"name" : "WWAppLifeCycleManager",
"targets" : [
"WWAppLifeCycleManager"
],
"type" : {
"library" : [
"automatic"
]
}
}
],
"targets" : [
{
"c99name" : "WWAppLifeCycleManager",
"module_type" : "SwiftTarget",
"name" : "WWAppLifeCycleManager",
"path" : "Sources",
"product_memberships" : [
"WWAppLifeCycleManager"
],
"resources" : [
{
"path" : "/Users/admin/builder/spi-builder-workspace/Sources/Privacy",
"rule" : {
"copy" : {
}
}
}
],
"sources" : [
"WWAppLifeCycleManager/Delegate/WWAppDelegate.swift",
"WWAppLifeCycleManager/Delegate/WWSceneDelegate.swift",
"WWAppLifeCycleManager/Utility/Enum.swift",
"WWAppLifeCycleManager/Utility/RemoteNotificationsAuthorization.swift",
"WWAppLifeCycleManager/WWAppLifeCycleManager.swift"
],
"type" : "library"
}
],
"tools_version" : "5.10"
}
{
"workspace" : {
"name" : "spi-builder-workspace",
"schemes" : [
"WWAppLifeCycleManager"
]
}
}
Running build ...
env DEVELOPER_DIR=/Applications/Xcode-16.3.0.app xcrun xcodebuild -IDEClonedSourcePackagesDirPathOverride=$PWD/.dependencies -skipMacroValidation -skipPackagePluginValidation -derivedDataPath $PWD/.derivedData build -scheme WWAppLifeCycleManager -destination generic/platform=watchOS OTHER_SWIFT_FLAGS=-stats-output-dir .stats -strict-concurrency=complete -enable-upcoming-feature StrictConcurrency -enable-upcoming-feature DisableOutwardActorInference -enable-upcoming-feature GlobalActorIsolatedTypesUsability -enable-upcoming-feature InferSendableFromCaptures
Command line invocation:
/Applications/Xcode-16.3.0.app/Contents/Developer/usr/bin/xcodebuild -IDEClonedSourcePackagesDirPathOverride=/Users/admin/builder/spi-builder-workspace/.dependencies -skipMacroValidation -skipPackagePluginValidation -derivedDataPath /Users/admin/builder/spi-builder-workspace/.derivedData build -scheme WWAppLifeCycleManager -destination generic/platform=watchOS "OTHER_SWIFT_FLAGS=-stats-output-dir .stats -strict-concurrency=complete -enable-upcoming-feature StrictConcurrency -enable-upcoming-feature DisableOutwardActorInference -enable-upcoming-feature GlobalActorIsolatedTypesUsability -enable-upcoming-feature InferSendableFromCaptures"
Build settings from command line:
OTHER_SWIFT_FLAGS = -stats-output-dir .stats -strict-concurrency=complete -enable-upcoming-feature StrictConcurrency -enable-upcoming-feature DisableOutwardActorInference -enable-upcoming-feature GlobalActorIsolatedTypesUsability -enable-upcoming-feature InferSendableFromCaptures
Resolve Package Graph
Resolved source packages:
WWAppLifeCycleManager: /Users/admin/builder/spi-builder-workspace
ComputePackagePrebuildTargetDependencyGraph
Prepare packages
CreateBuildRequest
SendProjectDescription
CreateBuildOperation
ComputeTargetDependencyGraph
note: Building targets in dependency order
note: Target dependency graph (3 targets)
Target 'WWAppLifeCycleManager' in project 'WWAppLifeCycleManager'
➜ Explicit dependency on target 'WWAppLifeCycleManager' in project 'WWAppLifeCycleManager'
➜ Explicit dependency on target 'WWAppLifeCycleManager_WWAppLifeCycleManager' in project 'WWAppLifeCycleManager'
Target 'WWAppLifeCycleManager' in project 'WWAppLifeCycleManager'
➜ Explicit dependency on target 'WWAppLifeCycleManager_WWAppLifeCycleManager' in project 'WWAppLifeCycleManager'
Target 'WWAppLifeCycleManager_WWAppLifeCycleManager' in project 'WWAppLifeCycleManager' (no dependencies)
GatherProvisioningInputs
CreateBuildDescription
ExecuteExternalTool /Applications/Xcode-16.3.0.app/Contents/Developer/Toolchains/XcodeDefault.xctoolchain/usr/bin/clang -v -E -dM -isysroot /Applications/Xcode-16.3.0.app/Contents/Developer/Platforms/WatchOS.platform/Developer/SDKs/WatchOS11.4.sdk -x c -c /dev/null
ExecuteExternalTool /Applications/Xcode-16.3.0.app/Contents/Developer/Toolchains/XcodeDefault.xctoolchain/usr/bin/swiftc --version
ExecuteExternalTool /Applications/Xcode-16.3.0.app/Contents/Developer/Toolchains/XcodeDefault.xctoolchain/usr/bin/ld -version_details
Build description signature: a9688b08a6e953930b62a38ecad69ab3
Build description path: /Users/admin/builder/spi-builder-workspace/.derivedData/Build/Intermediates.noindex/XCBuildData/a9688b08a6e953930b62a38ecad69ab3.xcbuilddata
CreateBuildDirectory /Users/admin/builder/spi-builder-workspace/.derivedData/Build/Intermediates.noindex
cd /Users/admin/builder/spi-builder-workspace/.swiftpm/xcode
builtin-create-build-directory /Users/admin/builder/spi-builder-workspace/.derivedData/Build/Intermediates.noindex
CreateBuildDirectory /Users/admin/builder/spi-builder-workspace/.derivedData/Build/Products
cd /Users/admin/builder/spi-builder-workspace/.swiftpm/xcode
builtin-create-build-directory /Users/admin/builder/spi-builder-workspace/.derivedData/Build/Products
ClangStatCache /Applications/Xcode-16.3.0.app/Contents/Developer/Toolchains/XcodeDefault.xctoolchain/usr/bin/clang-stat-cache /Applications/Xcode-16.3.0.app/Contents/Developer/Platforms/WatchOS.platform/Developer/SDKs/WatchOS11.4.sdk /Users/admin/builder/spi-builder-workspace/.derivedData/SDKStatCaches.noindex/watchos11.4-22T246-43efb940ff07ba2497b70ec94253f576.sdkstatcache
cd /Users/admin/builder/spi-builder-workspace/.swiftpm/xcode
/Applications/Xcode-16.3.0.app/Contents/Developer/Toolchains/XcodeDefault.xctoolchain/usr/bin/clang-stat-cache /Applications/Xcode-16.3.0.app/Contents/Developer/Platforms/WatchOS.platform/Developer/SDKs/WatchOS11.4.sdk -o /Users/admin/builder/spi-builder-workspace/.derivedData/SDKStatCaches.noindex/watchos11.4-22T246-43efb940ff07ba2497b70ec94253f576.sdkstatcache
CreateBuildDirectory /Users/admin/builder/spi-builder-workspace/.derivedData/Build/Products/Debug-watchos
cd /Users/admin/builder/spi-builder-workspace/.swiftpm/xcode
builtin-create-build-directory /Users/admin/builder/spi-builder-workspace/.derivedData/Build/Products/Debug-watchos
CreateBuildDirectory /Users/admin/builder/spi-builder-workspace/.derivedData/Build/Intermediates.noindex/EagerLinkingTBDs/Debug-watchos
cd /Users/admin/builder/spi-builder-workspace/.swiftpm/xcode
builtin-create-build-directory /Users/admin/builder/spi-builder-workspace/.derivedData/Build/Intermediates.noindex/EagerLinkingTBDs/Debug-watchos
CreateBuildDirectory /Users/admin/builder/spi-builder-workspace/.derivedData/Build/Products/Debug-watchos/PackageFrameworks
cd /Users/admin/builder/spi-builder-workspace/.swiftpm/xcode
builtin-create-build-directory /Users/admin/builder/spi-builder-workspace/.derivedData/Build/Products/Debug-watchos/PackageFrameworks
MkDir /Users/admin/builder/spi-builder-workspace/.derivedData/Build/Products/Debug-watchos/WWAppLifeCycleManager_WWAppLifeCycleManager.bundle (in target 'WWAppLifeCycleManager_WWAppLifeCycleManager' from project 'WWAppLifeCycleManager')
cd /Users/admin/builder/spi-builder-workspace
/bin/mkdir -p /Users/admin/builder/spi-builder-workspace/.derivedData/Build/Products/Debug-watchos/WWAppLifeCycleManager_WWAppLifeCycleManager.bundle
WriteAuxiliaryFile /Users/admin/builder/spi-builder-workspace/.derivedData/Build/Intermediates.noindex/WWAppLifeCycleManager.build/Debug-watchos/WWAppLifeCycleManager_WWAppLifeCycleManager.build/WWAppLifeCycleManager_WWAppLifeCycleManager.DependencyMetadataFileList (in target 'WWAppLifeCycleManager_WWAppLifeCycleManager' from project 'WWAppLifeCycleManager')
cd /Users/admin/builder/spi-builder-workspace
write-file /Users/admin/builder/spi-builder-workspace/.derivedData/Build/Intermediates.noindex/WWAppLifeCycleManager.build/Debug-watchos/WWAppLifeCycleManager_WWAppLifeCycleManager.build/WWAppLifeCycleManager_WWAppLifeCycleManager.DependencyMetadataFileList
WriteAuxiliaryFile /Users/admin/builder/spi-builder-workspace/.derivedData/Build/Intermediates.noindex/WWAppLifeCycleManager.build/Debug-watchos/WWAppLifeCycleManager.build/WWAppLifeCycleManager.DependencyMetadataFileList (in target 'WWAppLifeCycleManager' from project 'WWAppLifeCycleManager')
cd /Users/admin/builder/spi-builder-workspace
write-file /Users/admin/builder/spi-builder-workspace/.derivedData/Build/Intermediates.noindex/WWAppLifeCycleManager.build/Debug-watchos/WWAppLifeCycleManager.build/WWAppLifeCycleManager.DependencyMetadataFileList
WriteAuxiliaryFile /Users/admin/builder/spi-builder-workspace/.derivedData/Build/Intermediates.noindex/WWAppLifeCycleManager.build/Debug-watchos/WWAppLifeCycleManager.build/WWAppLifeCycleManager.modulemap (in target 'WWAppLifeCycleManager' from project 'WWAppLifeCycleManager')
cd /Users/admin/builder/spi-builder-workspace
write-file /Users/admin/builder/spi-builder-workspace/.derivedData/Build/Intermediates.noindex/WWAppLifeCycleManager.build/Debug-watchos/WWAppLifeCycleManager.build/WWAppLifeCycleManager.modulemap
WriteAuxiliaryFile /Users/admin/builder/spi-builder-workspace/.derivedData/Build/Intermediates.noindex/WWAppLifeCycleManager.build/Debug-watchos/WWAppLifeCycleManager_WWAppLifeCycleManager.build/empty-WWAppLifeCycleManager_WWAppLifeCycleManager.plist (in target 'WWAppLifeCycleManager_WWAppLifeCycleManager' from project 'WWAppLifeCycleManager')
cd /Users/admin/builder/spi-builder-workspace
write-file /Users/admin/builder/spi-builder-workspace/.derivedData/Build/Intermediates.noindex/WWAppLifeCycleManager.build/Debug-watchos/WWAppLifeCycleManager_WWAppLifeCycleManager.build/empty-WWAppLifeCycleManager_WWAppLifeCycleManager.plist
WriteAuxiliaryFile /Users/admin/builder/spi-builder-workspace/.derivedData/Build/Intermediates.noindex/WWAppLifeCycleManager.build/Debug-watchos/WWAppLifeCycleManager.build/WWAppLifeCycleManager.DependencyStaticMetadataFileList (in target 'WWAppLifeCycleManager' from project 'WWAppLifeCycleManager')
cd /Users/admin/builder/spi-builder-workspace
write-file /Users/admin/builder/spi-builder-workspace/.derivedData/Build/Intermediates.noindex/WWAppLifeCycleManager.build/Debug-watchos/WWAppLifeCycleManager.build/WWAppLifeCycleManager.DependencyStaticMetadataFileList
WriteAuxiliaryFile /Users/admin/builder/spi-builder-workspace/.derivedData/Build/Intermediates.noindex/WWAppLifeCycleManager.build/Debug-watchos/WWAppLifeCycleManager_WWAppLifeCycleManager.build/WWAppLifeCycleManager_WWAppLifeCycleManager.DependencyStaticMetadataFileList (in target 'WWAppLifeCycleManager_WWAppLifeCycleManager' from project 'WWAppLifeCycleManager')
cd /Users/admin/builder/spi-builder-workspace
write-file /Users/admin/builder/spi-builder-workspace/.derivedData/Build/Intermediates.noindex/WWAppLifeCycleManager.build/Debug-watchos/WWAppLifeCycleManager_WWAppLifeCycleManager.build/WWAppLifeCycleManager_WWAppLifeCycleManager.DependencyStaticMetadataFileList
WriteAuxiliaryFile /Users/admin/builder/spi-builder-workspace/.derivedData/Build/Intermediates.noindex/WWAppLifeCycleManager.build/Debug-watchos/WWAppLifeCycleManager.build/Objects-normal/arm64_32/WWAppLifeCycleManager.SwiftConstValuesFileList (in target 'WWAppLifeCycleManager' from project 'WWAppLifeCycleManager')
cd /Users/admin/builder/spi-builder-workspace
write-file /Users/admin/builder/spi-builder-workspace/.derivedData/Build/Intermediates.noindex/WWAppLifeCycleManager.build/Debug-watchos/WWAppLifeCycleManager.build/Objects-normal/arm64_32/WWAppLifeCycleManager.SwiftConstValuesFileList
WriteAuxiliaryFile /Users/admin/builder/spi-builder-workspace/.derivedData/Build/Intermediates.noindex/WWAppLifeCycleManager.build/Debug-watchos/WWAppLifeCycleManager.build/Objects-normal/arm64_32/WWAppLifeCycleManager.SwiftFileList (in target 'WWAppLifeCycleManager' from project 'WWAppLifeCycleManager')
cd /Users/admin/builder/spi-builder-workspace
write-file /Users/admin/builder/spi-builder-workspace/.derivedData/Build/Intermediates.noindex/WWAppLifeCycleManager.build/Debug-watchos/WWAppLifeCycleManager.build/Objects-normal/arm64_32/WWAppLifeCycleManager.SwiftFileList
WriteAuxiliaryFile /Users/admin/builder/spi-builder-workspace/.derivedData/Build/Intermediates.noindex/WWAppLifeCycleManager.build/Debug-watchos/WWAppLifeCycleManager.build/Objects-normal/arm64_32/WWAppLifeCycleManager_const_extract_protocols.json (in target 'WWAppLifeCycleManager' from project 'WWAppLifeCycleManager')
cd /Users/admin/builder/spi-builder-workspace
write-file /Users/admin/builder/spi-builder-workspace/.derivedData/Build/Intermediates.noindex/WWAppLifeCycleManager.build/Debug-watchos/WWAppLifeCycleManager.build/Objects-normal/arm64_32/WWAppLifeCycleManager_const_extract_protocols.json
WriteAuxiliaryFile /Users/admin/builder/spi-builder-workspace/.derivedData/Build/Intermediates.noindex/WWAppLifeCycleManager.build/Debug-watchos/WWAppLifeCycleManager.build/Objects-normal/arm64_32/WWAppLifeCycleManager.LinkFileList (in target 'WWAppLifeCycleManager' from project 'WWAppLifeCycleManager')
cd /Users/admin/builder/spi-builder-workspace
write-file /Users/admin/builder/spi-builder-workspace/.derivedData/Build/Intermediates.noindex/WWAppLifeCycleManager.build/Debug-watchos/WWAppLifeCycleManager.build/Objects-normal/arm64_32/WWAppLifeCycleManager.LinkFileList
WriteAuxiliaryFile /Users/admin/builder/spi-builder-workspace/.derivedData/Build/Intermediates.noindex/WWAppLifeCycleManager.build/Debug-watchos/WWAppLifeCycleManager.build/Objects-normal/arm64_32/WWAppLifeCycleManager-OutputFileMap.json (in target 'WWAppLifeCycleManager' from project 'WWAppLifeCycleManager')
cd /Users/admin/builder/spi-builder-workspace
write-file /Users/admin/builder/spi-builder-workspace/.derivedData/Build/Intermediates.noindex/WWAppLifeCycleManager.build/Debug-watchos/WWAppLifeCycleManager.build/Objects-normal/arm64_32/WWAppLifeCycleManager-OutputFileMap.json
WriteAuxiliaryFile /Users/admin/builder/spi-builder-workspace/.derivedData/Build/Intermediates.noindex/WWAppLifeCycleManager.build/Debug-watchos/WWAppLifeCycleManager.build/Objects-normal/arm64/WWAppLifeCycleManager_const_extract_protocols.json (in target 'WWAppLifeCycleManager' from project 'WWAppLifeCycleManager')
cd /Users/admin/builder/spi-builder-workspace
write-file /Users/admin/builder/spi-builder-workspace/.derivedData/Build/Intermediates.noindex/WWAppLifeCycleManager.build/Debug-watchos/WWAppLifeCycleManager.build/Objects-normal/arm64/WWAppLifeCycleManager_const_extract_protocols.json
WriteAuxiliaryFile /Users/admin/builder/spi-builder-workspace/.derivedData/Build/Intermediates.noindex/WWAppLifeCycleManager.build/Debug-watchos/WWAppLifeCycleManager.build/Objects-normal/arm64/WWAppLifeCycleManager.SwiftConstValuesFileList (in target 'WWAppLifeCycleManager' from project 'WWAppLifeCycleManager')
cd /Users/admin/builder/spi-builder-workspace
write-file /Users/admin/builder/spi-builder-workspace/.derivedData/Build/Intermediates.noindex/WWAppLifeCycleManager.build/Debug-watchos/WWAppLifeCycleManager.build/Objects-normal/arm64/WWAppLifeCycleManager.SwiftConstValuesFileList
WriteAuxiliaryFile /Users/admin/builder/spi-builder-workspace/.derivedData/Build/Intermediates.noindex/WWAppLifeCycleManager.build/Debug-watchos/WWAppLifeCycleManager.build/Objects-normal/arm64/WWAppLifeCycleManager.SwiftFileList (in target 'WWAppLifeCycleManager' from project 'WWAppLifeCycleManager')
cd /Users/admin/builder/spi-builder-workspace
write-file /Users/admin/builder/spi-builder-workspace/.derivedData/Build/Intermediates.noindex/WWAppLifeCycleManager.build/Debug-watchos/WWAppLifeCycleManager.build/Objects-normal/arm64/WWAppLifeCycleManager.SwiftFileList
WriteAuxiliaryFile /Users/admin/builder/spi-builder-workspace/.derivedData/Build/Intermediates.noindex/WWAppLifeCycleManager.build/Debug-watchos/WWAppLifeCycleManager.build/Objects-normal/arm64/WWAppLifeCycleManager.LinkFileList (in target 'WWAppLifeCycleManager' from project 'WWAppLifeCycleManager')
cd /Users/admin/builder/spi-builder-workspace
write-file /Users/admin/builder/spi-builder-workspace/.derivedData/Build/Intermediates.noindex/WWAppLifeCycleManager.build/Debug-watchos/WWAppLifeCycleManager.build/Objects-normal/arm64/WWAppLifeCycleManager.LinkFileList
WriteAuxiliaryFile /Users/admin/builder/spi-builder-workspace/.derivedData/Build/Intermediates.noindex/WWAppLifeCycleManager.build/Debug-watchos/WWAppLifeCycleManager.build/Objects-normal/arm64/WWAppLifeCycleManager-OutputFileMap.json (in target 'WWAppLifeCycleManager' from project 'WWAppLifeCycleManager')
cd /Users/admin/builder/spi-builder-workspace
write-file /Users/admin/builder/spi-builder-workspace/.derivedData/Build/Intermediates.noindex/WWAppLifeCycleManager.build/Debug-watchos/WWAppLifeCycleManager.build/Objects-normal/arm64/WWAppLifeCycleManager-OutputFileMap.json
WriteAuxiliaryFile /Users/admin/builder/spi-builder-workspace/.derivedData/Build/Intermediates.noindex/WWAppLifeCycleManager.build/Debug-watchos/WWAppLifeCycleManager.build/DerivedSources/resource_bundle_accessor.swift (in target 'WWAppLifeCycleManager' from project 'WWAppLifeCycleManager')
cd /Users/admin/builder/spi-builder-workspace
write-file /Users/admin/builder/spi-builder-workspace/.derivedData/Build/Intermediates.noindex/WWAppLifeCycleManager.build/Debug-watchos/WWAppLifeCycleManager.build/DerivedSources/resource_bundle_accessor.swift
Copy /Users/admin/builder/spi-builder-workspace/.derivedData/Build/Intermediates.noindex/GeneratedModuleMaps-watchos/WWAppLifeCycleManager.modulemap /Users/admin/builder/spi-builder-workspace/.derivedData/Build/Intermediates.noindex/WWAppLifeCycleManager.build/Debug-watchos/WWAppLifeCycleManager.build/WWAppLifeCycleManager.modulemap (in target 'WWAppLifeCycleManager' from project 'WWAppLifeCycleManager')
cd /Users/admin/builder/spi-builder-workspace
builtin-copy -exclude .DS_Store -exclude CVS -exclude .svn -exclude .git -exclude .hg -resolve-src-symlinks /Users/admin/builder/spi-builder-workspace/.derivedData/Build/Intermediates.noindex/WWAppLifeCycleManager.build/Debug-watchos/WWAppLifeCycleManager.build/WWAppLifeCycleManager.modulemap /Users/admin/builder/spi-builder-workspace/.derivedData/Build/Intermediates.noindex/GeneratedModuleMaps-watchos
ProcessInfoPlistFile /Users/admin/builder/spi-builder-workspace/.derivedData/Build/Products/Debug-watchos/WWAppLifeCycleManager_WWAppLifeCycleManager.bundle/Info.plist /Users/admin/builder/spi-builder-workspace/.derivedData/Build/Intermediates.noindex/WWAppLifeCycleManager.build/Debug-watchos/WWAppLifeCycleManager_WWAppLifeCycleManager.build/empty-WWAppLifeCycleManager_WWAppLifeCycleManager.plist (in target 'WWAppLifeCycleManager_WWAppLifeCycleManager' from project 'WWAppLifeCycleManager')
cd /Users/admin/builder/spi-builder-workspace
builtin-infoPlistUtility /Users/admin/builder/spi-builder-workspace/.derivedData/Build/Intermediates.noindex/WWAppLifeCycleManager.build/Debug-watchos/WWAppLifeCycleManager_WWAppLifeCycleManager.build/empty-WWAppLifeCycleManager_WWAppLifeCycleManager.plist -producttype com.apple.product-type.bundle -expandbuildsettings -format binary -platform watchos -o /Users/admin/builder/spi-builder-workspace/.derivedData/Build/Products/Debug-watchos/WWAppLifeCycleManager_WWAppLifeCycleManager.bundle/Info.plist
CpResource /Users/admin/builder/spi-builder-workspace/.derivedData/Build/Products/Debug-watchos/WWAppLifeCycleManager_WWAppLifeCycleManager.bundle/Privacy /Users/admin/builder/spi-builder-workspace/Sources/Privacy (in target 'WWAppLifeCycleManager_WWAppLifeCycleManager' from project 'WWAppLifeCycleManager')
cd /Users/admin/builder/spi-builder-workspace
builtin-copy -exclude .DS_Store -exclude CVS -exclude .svn -exclude .git -exclude .hg -resolve-src-symlinks /Users/admin/builder/spi-builder-workspace/Sources/Privacy /Users/admin/builder/spi-builder-workspace/.derivedData/Build/Products/Debug-watchos/WWAppLifeCycleManager_WWAppLifeCycleManager.bundle
RegisterExecutionPolicyException /Users/admin/builder/spi-builder-workspace/.derivedData/Build/Products/Debug-watchos/WWAppLifeCycleManager_WWAppLifeCycleManager.bundle (in target 'WWAppLifeCycleManager_WWAppLifeCycleManager' from project 'WWAppLifeCycleManager')
cd /Users/admin/builder/spi-builder-workspace
builtin-RegisterExecutionPolicyException /Users/admin/builder/spi-builder-workspace/.derivedData/Build/Products/Debug-watchos/WWAppLifeCycleManager_WWAppLifeCycleManager.bundle
Touch /Users/admin/builder/spi-builder-workspace/.derivedData/Build/Products/Debug-watchos/WWAppLifeCycleManager_WWAppLifeCycleManager.bundle (in target 'WWAppLifeCycleManager_WWAppLifeCycleManager' from project 'WWAppLifeCycleManager')
cd /Users/admin/builder/spi-builder-workspace
/usr/bin/touch -c /Users/admin/builder/spi-builder-workspace/.derivedData/Build/Products/Debug-watchos/WWAppLifeCycleManager_WWAppLifeCycleManager.bundle
SwiftDriver WWAppLifeCycleManager normal arm64_32 com.apple.xcode.tools.swift.compiler (in target 'WWAppLifeCycleManager' from project 'WWAppLifeCycleManager')
cd /Users/admin/builder/spi-builder-workspace/.swiftpm/xcode
builtin-SwiftDriver -- /Applications/Xcode-16.3.0.app/Contents/Developer/Toolchains/XcodeDefault.xctoolchain/usr/bin/swiftc -module-name WWAppLifeCycleManager -Onone -enforce-exclusivity\=checked @/Users/admin/builder/spi-builder-workspace/.derivedData/Build/Intermediates.noindex/WWAppLifeCycleManager.build/Debug-watchos/WWAppLifeCycleManager.build/Objects-normal/arm64_32/WWAppLifeCycleManager.SwiftFileList -DSWIFT_PACKAGE -DDEBUG -stats-output-dir .stats -strict-concurrency\=complete -enable-upcoming-feature StrictConcurrency -enable-upcoming-feature DisableOutwardActorInference -enable-upcoming-feature GlobalActorIsolatedTypesUsability -enable-upcoming-feature InferSendableFromCaptures -plugin-path /Applications/Xcode-16.3.0.app/Contents/Developer/Toolchains/XcodeDefault.xctoolchain/usr/lib/swift/host/plugins/testing -enable-experimental-feature DebugDescriptionMacro -sdk /Applications/Xcode-16.3.0.app/Contents/Developer/Platforms/WatchOS.platform/Developer/SDKs/WatchOS11.4.sdk -target arm64_32-apple-watchos10.0 -g -module-cache-path /Users/admin/builder/spi-builder-workspace/.derivedData/ModuleCache.noindex -Xfrontend -serialize-debugging-options -enable-testing -index-store-path /Users/admin/builder/spi-builder-workspace/.derivedData/Index.noindex/DataStore -swift-version 5 -I /Users/admin/builder/spi-builder-workspace/.derivedData/Build/Products/Debug-watchos -I /Applications/Xcode-16.3.0.app/Contents/Developer/Platforms/WatchOS.platform/Developer/usr/lib -F /Users/admin/builder/spi-builder-workspace/.derivedData/Build/Products/Debug-watchos -F /Applications/Xcode-16.3.0.app/Contents/Developer/Platforms/WatchOS.platform/Developer/Library/Frameworks -F /Applications/Xcode-16.3.0.app/Contents/Developer/Platforms/WatchOS.platform/Developer/SDKs/WatchOS11.4.sdk/Developer/Library/Frameworks -c -j10 -enable-batch-mode -incremental -Xcc -ivfsstatcache -Xcc /Users/admin/builder/spi-builder-workspace/.derivedData/SDKStatCaches.noindex/watchos11.4-22T246-43efb940ff07ba2497b70ec94253f576.sdkstatcache -output-file-map /Users/admin/builder/spi-builder-workspace/.derivedData/Build/Intermediates.noindex/WWAppLifeCycleManager.build/Debug-watchos/WWAppLifeCycleManager.build/Objects-normal/arm64_32/WWAppLifeCycleManager-OutputFileMap.json -use-frontend-parseable-output -save-temps -no-color-diagnostics -serialize-diagnostics -emit-dependencies -emit-module -emit-module-path /Users/admin/builder/spi-builder-workspace/.derivedData/Build/Intermediates.noindex/WWAppLifeCycleManager.build/Debug-watchos/WWAppLifeCycleManager.build/Objects-normal/arm64_32/WWAppLifeCycleManager.swiftmodule -validate-clang-modules-once -clang-build-session-file /Users/admin/builder/spi-builder-workspace/.derivedData/ModuleCache.noindex/Session.modulevalidation -package-name spi_builder_workspace -Xcc -I/Users/admin/builder/spi-builder-workspace/.derivedData/Build/Intermediates.noindex/WWAppLifeCycleManager.build/Debug-watchos/WWAppLifeCycleManager.build/swift-overrides.hmap -emit-const-values -Xfrontend -const-gather-protocols-file -Xfrontend /Users/admin/builder/spi-builder-workspace/.derivedData/Build/Intermediates.noindex/WWAppLifeCycleManager.build/Debug-watchos/WWAppLifeCycleManager.build/Objects-normal/arm64_32/WWAppLifeCycleManager_const_extract_protocols.json -Xcc -I/Users/admin/builder/spi-builder-workspace/.derivedData/Build/Products/Debug-watchos/include -Xcc -I/Users/admin/builder/spi-builder-workspace/.derivedData/Build/Intermediates.noindex/WWAppLifeCycleManager.build/Debug-watchos/WWAppLifeCycleManager.build/DerivedSources-normal/arm64_32 -Xcc -I/Users/admin/builder/spi-builder-workspace/.derivedData/Build/Intermediates.noindex/WWAppLifeCycleManager.build/Debug-watchos/WWAppLifeCycleManager.build/DerivedSources/arm64_32 -Xcc -I/Users/admin/builder/spi-builder-workspace/.derivedData/Build/Intermediates.noindex/WWAppLifeCycleManager.build/Debug-watchos/WWAppLifeCycleManager.build/DerivedSources -Xcc -DSWIFT_PACKAGE -Xcc -DDEBUG\=1 -emit-objc-header -emit-objc-header-path /Users/admin/builder/spi-builder-workspace/.derivedData/Build/Intermediates.noindex/WWAppLifeCycleManager.build/Debug-watchos/WWAppLifeCycleManager.build/Objects-normal/arm64_32/WWAppLifeCycleManager-Swift.h -working-directory /Users/admin/builder/spi-builder-workspace/.swiftpm/xcode -experimental-emit-module-separately -disable-cmo
SwiftDriver WWAppLifeCycleManager normal arm64 com.apple.xcode.tools.swift.compiler (in target 'WWAppLifeCycleManager' from project 'WWAppLifeCycleManager')
cd /Users/admin/builder/spi-builder-workspace/.swiftpm/xcode
builtin-SwiftDriver -- /Applications/Xcode-16.3.0.app/Contents/Developer/Toolchains/XcodeDefault.xctoolchain/usr/bin/swiftc -module-name WWAppLifeCycleManager -Onone -enforce-exclusivity\=checked @/Users/admin/builder/spi-builder-workspace/.derivedData/Build/Intermediates.noindex/WWAppLifeCycleManager.build/Debug-watchos/WWAppLifeCycleManager.build/Objects-normal/arm64/WWAppLifeCycleManager.SwiftFileList -DSWIFT_PACKAGE -DDEBUG -stats-output-dir .stats -strict-concurrency\=complete -enable-upcoming-feature StrictConcurrency -enable-upcoming-feature DisableOutwardActorInference -enable-upcoming-feature GlobalActorIsolatedTypesUsability -enable-upcoming-feature InferSendableFromCaptures -plugin-path /Applications/Xcode-16.3.0.app/Contents/Developer/Toolchains/XcodeDefault.xctoolchain/usr/lib/swift/host/plugins/testing -enable-experimental-feature DebugDescriptionMacro -sdk /Applications/Xcode-16.3.0.app/Contents/Developer/Platforms/WatchOS.platform/Developer/SDKs/WatchOS11.4.sdk -target arm64-apple-watchos10.0 -g -module-cache-path /Users/admin/builder/spi-builder-workspace/.derivedData/ModuleCache.noindex -Xfrontend -serialize-debugging-options -enable-testing -index-store-path /Users/admin/builder/spi-builder-workspace/.derivedData/Index.noindex/DataStore -swift-version 5 -I /Users/admin/builder/spi-builder-workspace/.derivedData/Build/Products/Debug-watchos -I /Applications/Xcode-16.3.0.app/Contents/Developer/Platforms/WatchOS.platform/Developer/usr/lib -F /Users/admin/builder/spi-builder-workspace/.derivedData/Build/Products/Debug-watchos -F /Applications/Xcode-16.3.0.app/Contents/Developer/Platforms/WatchOS.platform/Developer/Library/Frameworks -F /Applications/Xcode-16.3.0.app/Contents/Developer/Platforms/WatchOS.platform/Developer/SDKs/WatchOS11.4.sdk/Developer/Library/Frameworks -c -j10 -enable-batch-mode -incremental -Xcc -ivfsstatcache -Xcc /Users/admin/builder/spi-builder-workspace/.derivedData/SDKStatCaches.noindex/watchos11.4-22T246-43efb940ff07ba2497b70ec94253f576.sdkstatcache -output-file-map /Users/admin/builder/spi-builder-workspace/.derivedData/Build/Intermediates.noindex/WWAppLifeCycleManager.build/Debug-watchos/WWAppLifeCycleManager.build/Objects-normal/arm64/WWAppLifeCycleManager-OutputFileMap.json -use-frontend-parseable-output -save-temps -no-color-diagnostics -serialize-diagnostics -emit-dependencies -emit-module -emit-module-path /Users/admin/builder/spi-builder-workspace/.derivedData/Build/Intermediates.noindex/WWAppLifeCycleManager.build/Debug-watchos/WWAppLifeCycleManager.build/Objects-normal/arm64/WWAppLifeCycleManager.swiftmodule -validate-clang-modules-once -clang-build-session-file /Users/admin/builder/spi-builder-workspace/.derivedData/ModuleCache.noindex/Session.modulevalidation -package-name spi_builder_workspace -Xcc -I/Users/admin/builder/spi-builder-workspace/.derivedData/Build/Intermediates.noindex/WWAppLifeCycleManager.build/Debug-watchos/WWAppLifeCycleManager.build/swift-overrides.hmap -emit-const-values -Xfrontend -const-gather-protocols-file -Xfrontend /Users/admin/builder/spi-builder-workspace/.derivedData/Build/Intermediates.noindex/WWAppLifeCycleManager.build/Debug-watchos/WWAppLifeCycleManager.build/Objects-normal/arm64/WWAppLifeCycleManager_const_extract_protocols.json -Xcc -I/Users/admin/builder/spi-builder-workspace/.derivedData/Build/Products/Debug-watchos/include -Xcc -I/Users/admin/builder/spi-builder-workspace/.derivedData/Build/Intermediates.noindex/WWAppLifeCycleManager.build/Debug-watchos/WWAppLifeCycleManager.build/DerivedSources-normal/arm64 -Xcc -I/Users/admin/builder/spi-builder-workspace/.derivedData/Build/Intermediates.noindex/WWAppLifeCycleManager.build/Debug-watchos/WWAppLifeCycleManager.build/DerivedSources/arm64 -Xcc -I/Users/admin/builder/spi-builder-workspace/.derivedData/Build/Intermediates.noindex/WWAppLifeCycleManager.build/Debug-watchos/WWAppLifeCycleManager.build/DerivedSources -Xcc -DSWIFT_PACKAGE -Xcc -DDEBUG\=1 -emit-objc-header -emit-objc-header-path /Users/admin/builder/spi-builder-workspace/.derivedData/Build/Intermediates.noindex/WWAppLifeCycleManager.build/Debug-watchos/WWAppLifeCycleManager.build/Objects-normal/arm64/WWAppLifeCycleManager-Swift.h -working-directory /Users/admin/builder/spi-builder-workspace/.swiftpm/xcode -experimental-emit-module-separately -disable-cmo
SwiftEmitModule normal arm64_32 Emitting\ module\ for\ WWAppLifeCycleManager (in target 'WWAppLifeCycleManager' from project 'WWAppLifeCycleManager')
EmitSwiftModule normal arm64_32 (in target 'WWAppLifeCycleManager' from project 'WWAppLifeCycleManager')
cd /Users/admin/builder/spi-builder-workspace/.swiftpm/xcode
/Users/admin/builder/spi-builder-workspace/Sources/WWAppLifeCycleManager/Delegate/WWAppDelegate.swift:13:45: error: cannot find type 'UIApplicationDelegate' in scope
final public class WWAppDelegate: NSObject, UIApplicationDelegate {
^~~~~~~~~~~~~~~~~~~~~
/Users/admin/builder/spi-builder-workspace/Sources/WWAppLifeCycleManager/Delegate/WWAppDelegate.swift:26:37: error: cannot find type 'UIApplication' in scope
func application(_ application: UIApplication, didFinishLaunchingWithOptions launchOptions: [UIApplication.LaunchOptionsKey: Any]? = nil) -> Bool {
^~~~~~~~~~~~~
/Users/admin/builder/spi-builder-workspace/Sources/WWAppLifeCycleManager/Delegate/WWAppDelegate.swift:26:98: error: cannot find type 'UIApplication' in scope
func application(_ application: UIApplication, didFinishLaunchingWithOptions launchOptions: [UIApplication.LaunchOptionsKey: Any]? = nil) -> Bool {
^~~~~~~~~~~~~
/Users/admin/builder/spi-builder-workspace/Sources/WWAppLifeCycleManager/Delegate/WWAppDelegate.swift:34:158: error: cannot find type 'UISceneConfiguration' in scope
func application(_ application: UIApplication, configurationForConnecting connectingSceneSession: UISceneSession, options: UIScene.ConnectionOptions) -> UISceneConfiguration {
^~~~~~~~~~~~~~~~~~~~
/Users/admin/builder/spi-builder-workspace/Sources/WWAppLifeCycleManager/Delegate/WWAppDelegate.swift:34:37: error: cannot find type 'UIApplication' in scope
func application(_ application: UIApplication, configurationForConnecting connectingSceneSession: UISceneSession, options: UIScene.ConnectionOptions) -> UISceneConfiguration {
^~~~~~~~~~~~~
/Users/admin/builder/spi-builder-workspace/Sources/WWAppLifeCycleManager/Delegate/WWAppDelegate.swift:34:103: error: cannot find type 'UISceneSession' in scope
func application(_ application: UIApplication, configurationForConnecting connectingSceneSession: UISceneSession, options: UIScene.ConnectionOptions) -> UISceneConfiguration {
^~~~~~~~~~~~~~
/Users/admin/builder/spi-builder-workspace/Sources/WWAppLifeCycleManager/Delegate/WWAppDelegate.swift:34:128: error: cannot find type 'UIScene' in scope
func application(_ application: UIApplication, configurationForConnecting connectingSceneSession: UISceneSession, options: UIScene.ConnectionOptions) -> UISceneConfiguration {
^~~~~~~
/Users/admin/builder/spi-builder-workspace/Sources/WWAppLifeCycleManager/Delegate/WWAppDelegate.swift:46:37: error: cannot find type 'UIApplication' in scope
func application(_ application: UIApplication, didRegisterForRemoteNotificationsWithDeviceToken deviceToken: Data) {
^~~~~~~~~~~~~
/Users/admin/builder/spi-builder-workspace/Sources/WWAppLifeCycleManager/Delegate/WWAppDelegate.swift:55:37: error: cannot find type 'UIApplication' in scope
func application(_ application: UIApplication, didFailToRegisterForRemoteNotificationsWithError error: Error) {
^~~~~~~~~~~~~
/Users/admin/builder/spi-builder-workspace/Sources/WWAppLifeCycleManager/Delegate/WWSceneDelegate.swift:12:40: error: cannot find type 'UIWindowSceneDelegate' in scope
final class WWSceneDelegate: NSObject, UIWindowSceneDelegate, UNUserNotificationCenterDelegate {
^~~~~~~~~~~~~~~~~~~~~
/Users/admin/builder/spi-builder-workspace/Sources/WWAppLifeCycleManager/Delegate/WWSceneDelegate.swift:25:38: error: cannot find type 'UIScene' in scope
public var onSceneWillConnect: ((UIScene, UIScene.ConnectionOptions) -> Void)?
^~~~~~~
/Users/admin/builder/spi-builder-workspace/Sources/WWAppLifeCycleManager/Delegate/WWSceneDelegate.swift:25:47: error: cannot find type 'UIScene' in scope
public var onSceneWillConnect: ((UIScene, UIScene.ConnectionOptions) -> Void)?
^~~~~~~
/Users/admin/builder/spi-builder-workspace/Sources/WWAppLifeCycleManager/Delegate/WWSceneDelegate.swift:26:37: error: cannot find type 'UIScene' in scope
public var onSceneDidConnect: ((UIScene) -> Void)?
^~~~~~~
/Users/admin/builder/spi-builder-workspace/Sources/WWAppLifeCycleManager/Delegate/WWSceneDelegate.swift:27:41: error: cannot find type 'UIScene' in scope
public var onSceneWillDisconnect: ((UIScene) -> Void)?
^~~~~~~
/Users/admin/builder/spi-builder-workspace/Sources/WWAppLifeCycleManager/Delegate/WWSceneDelegate.swift:28:40: error: cannot find type 'UIScene' in scope
public var onSceneDidDisconnect: ((UIScene) -> Void)?
^~~~~~~
/Users/admin/builder/spi-builder-workspace/Sources/WWAppLifeCycleManager/Delegate/WWSceneDelegate.swift:29:42: error: cannot find type 'UIScene' in scope
public var onSceneDidBecomeActive: ((UIScene) -> Void)?
^~~~~~~
/Users/admin/builder/spi-builder-workspace/Sources/WWAppLifeCycleManager/Delegate/WWSceneDelegate.swift:30:43: error: cannot find type 'UIScene' in scope
public var onSceneWillResignActive: ((UIScene) -> Void)?
^~~~~~~
/Users/admin/builder/spi-builder-workspace/Sources/WWAppLifeCycleManager/Delegate/WWSceneDelegate.swift:31:46: error: cannot find type 'UIScene' in scope
public var onSceneWillEnterForeground: ((UIScene) -> Void)?
^~~~~~~
/Users/admin/builder/spi-builder-workspace/Sources/WWAppLifeCycleManager/Delegate/WWSceneDelegate.swift:32:45: error: cannot find type 'UIScene' in scope
public var onSceneDidEnterBackground: ((UIScene) -> Void)?
^~~~~~~
/Users/admin/builder/spi-builder-workspace/Sources/WWAppLifeCycleManager/Delegate/WWSceneDelegate.swift:33:46: error: cannot find type 'UIScene' in scope
public var onSceneDidBecomeForeground: ((UIScene) -> Void)?
^~~~~~~
/Users/admin/builder/spi-builder-workspace/Sources/WWAppLifeCycleManager/Delegate/WWSceneDelegate.swift:53:25: error: cannot find type 'UIScene' in scope
func scene(_ scene: UIScene, willConnectTo session: UISceneSession, options connectionOptions: UIScene.ConnectionOptions) {
^~~~~~~
/Users/admin/builder/spi-builder-workspace/Sources/WWAppLifeCycleManager/Delegate/WWSceneDelegate.swift:53:57: error: cannot find type 'UISceneSession' in scope
func scene(_ scene: UIScene, willConnectTo session: UISceneSession, options connectionOptions: UIScene.ConnectionOptions) {
^~~~~~~~~~~~~~
/Users/admin/builder/spi-builder-workspace/Sources/WWAppLifeCycleManager/Delegate/WWSceneDelegate.swift:53:100: error: cannot find type 'UIScene' in scope
func scene(_ scene: UIScene, willConnectTo session: UISceneSession, options connectionOptions: UIScene.ConnectionOptions) {
^~~~~~~
/Users/admin/builder/spi-builder-workspace/Sources/WWAppLifeCycleManager/Delegate/WWSceneDelegate.swift:75:35: error: cannot find type 'UIScene' in scope
func sceneDidConnect(_ scene: UIScene) {
^~~~~~~
/Users/admin/builder/spi-builder-workspace/Sources/WWAppLifeCycleManager/Delegate/WWSceneDelegate.swift:80:25: error: cannot find type 'UIScene' in scope
func scene(_ scene: UIScene, willDisconnectFrom session: UISceneSession) {
^~~~~~~
/Users/admin/builder/spi-builder-workspace/Sources/WWAppLifeCycleManager/Delegate/WWSceneDelegate.swift:80:62: error: cannot find type 'UISceneSession' in scope
func scene(_ scene: UIScene, willDisconnectFrom session: UISceneSession) {
^~~~~~~~~~~~~~
/Users/admin/builder/spi-builder-workspace/Sources/WWAppLifeCycleManager/Delegate/WWSceneDelegate.swift:85:38: error: cannot find type 'UIScene' in scope
func sceneDidDisconnect(_ scene: UIScene) {
^~~~~~~
/Users/admin/builder/spi-builder-workspace/Sources/WWAppLifeCycleManager/Delegate/WWSceneDelegate.swift:90:40: error: cannot find type 'UIScene' in scope
func sceneDidBecomeActive(_ scene: UIScene) {
^~~~~~~
/Users/admin/builder/spi-builder-workspace/Sources/WWAppLifeCycleManager/Delegate/WWSceneDelegate.swift:95:41: error: cannot find type 'UIScene' in scope
func sceneWillResignActive(_ scene: UIScene) {
^~~~~~~
/Users/admin/builder/spi-builder-workspace/Sources/WWAppLifeCycleManager/Delegate/WWSceneDelegate.swift:100:44: error: cannot find type 'UIScene' in scope
func sceneWillEnterForeground(_ scene: UIScene) {
^~~~~~~
/Users/admin/builder/spi-builder-workspace/Sources/WWAppLifeCycleManager/Delegate/WWSceneDelegate.swift:105:43: error: cannot find type 'UIScene' in scope
func sceneDidEnterBackground(_ scene: UIScene) {
^~~~~~~
/Users/admin/builder/spi-builder-workspace/Sources/WWAppLifeCycleManager/Delegate/WWSceneDelegate.swift:110:25: error: cannot find type 'UIScene' in scope
func scene(_ scene: UIScene, continue userActivity: NSUserActivity) {
^~~~~~~
/Users/admin/builder/spi-builder-workspace/Sources/WWAppLifeCycleManager/Delegate/WWSceneDelegate.swift:115:25: error: cannot find type 'UIScene' in scope
func scene(_ scene: UIScene, openURLContexts URLContexts: Set<UIOpenURLContext>) {
^~~~~~~
/Users/admin/builder/spi-builder-workspace/Sources/WWAppLifeCycleManager/Delegate/WWSceneDelegate.swift:115:67: error: cannot find type 'UIOpenURLContext' in scope
func scene(_ scene: UIScene, openURLContexts URLContexts: Set<UIOpenURLContext>) {
^~~~~~~~~~~~~~~~
/Users/admin/builder/spi-builder-workspace/Sources/WWAppLifeCycleManager/WWAppLifeCycleManager.swift:14:23: warning: static property 'shared' is not concurrency-safe because non-'Sendable' type 'WWAppLifeCycleManager' may have shared mutable state; this is an error in the Swift 6 language mode
public static let shared = WWAppLifeCycleManager() // 單例管理物件,供全域(主 App 與套件內部)統一存取
/Users/admin/builder/spi-builder-workspace/Sources/WWAppLifeCycleManager/WWAppLifeCycleManager.swift:12:20: note: class 'WWAppLifeCycleManager' does not conform to the 'Sendable' protocol
public final class WWAppLifeCycleManager {
^
/Users/admin/builder/spi-builder-workspace/Sources/WWAppLifeCycleManager/WWAppLifeCycleManager.swift:14:23: note: add '@MainActor' to make static property 'shared' part of global actor 'MainActor'
public static let shared = WWAppLifeCycleManager() // 單例管理物件,供全域(主 App 與套件內部)統一存取
/Users/admin/builder/spi-builder-workspace/Sources/WWAppLifeCycleManager/WWAppLifeCycleManager.swift:14:23: note: disable concurrency-safety checks if accesses are protected by an external synchronization mechanism
public static let shared = WWAppLifeCycleManager() // 單例管理物件,供全域(主 App 與套件內部)統一存取
/Users/admin/builder/spi-builder-workspace/Sources/WWAppLifeCycleManager/WWAppLifeCycleManager.swift:106:48: error: cannot find type 'UIScene' in scope
func onSceneWillConnect(perform handler: ((UIScene, UIScene.ConnectionOptions) -> Void)?) -> Self {
^~~~~~~
/Users/admin/builder/spi-builder-workspace/Sources/WWAppLifeCycleManager/WWAppLifeCycleManager.swift:106:57: error: cannot find type 'UIScene' in scope
func onSceneWillConnect(perform handler: ((UIScene, UIScene.ConnectionOptions) -> Void)?) -> Self {
^~~~~~~
/Users/admin/builder/spi-builder-workspace/Sources/WWAppLifeCycleManager/WWAppLifeCycleManager.swift:120:67: error: cannot find type 'UIScene' in scope
func onScene(_ action: SceneConnectAction, perform handler: ((UIScene) -> Void)?) -> Self {
^~~~~~~
Failed frontend command:
/Applications/Xcode-16.3.0.app/Contents/Developer/Toolchains/XcodeDefault.xctoolchain/usr/bin/swift-frontend -frontend -emit-module -experimental-skip-non-inlinable-function-bodies-without-types /Users/admin/builder/spi-builder-workspace/.derivedData/Build/Intermediates.noindex/WWAppLifeCycleManager.build/Debug-watchos/WWAppLifeCycleManager.build/DerivedSources/resource_bundle_accessor.swift /Users/admin/builder/spi-builder-workspace/Sources/WWAppLifeCycleManager/Delegate/WWAppDelegate.swift /Users/admin/builder/spi-builder-workspace/Sources/WWAppLifeCycleManager/Delegate/WWSceneDelegate.swift /Users/admin/builder/spi-builder-workspace/Sources/WWAppLifeCycleManager/Utility/Enum.swift /Users/admin/builder/spi-builder-workspace/Sources/WWAppLifeCycleManager/Utility/RemoteNotificationsAuthorization.swift /Users/admin/builder/spi-builder-workspace/Sources/WWAppLifeCycleManager/WWAppLifeCycleManager.swift -target arm64_32-apple-watchos10.0 -enable-objc-interop -sdk /Applications/Xcode-16.3.0.app/Contents/Developer/Platforms/WatchOS.platform/Developer/SDKs/WatchOS11.4.sdk -I /Users/admin/builder/spi-builder-workspace/.derivedData/Build/Products/Debug-watchos -I /Applications/Xcode-16.3.0.app/Contents/Developer/Platforms/WatchOS.platform/Developer/usr/lib -F /Users/admin/builder/spi-builder-workspace/.derivedData/Build/Products/Debug-watchos -F /Applications/Xcode-16.3.0.app/Contents/Developer/Platforms/WatchOS.platform/Developer/Library/Frameworks -F /Applications/Xcode-16.3.0.app/Contents/Developer/Platforms/WatchOS.platform/Developer/SDKs/WatchOS11.4.sdk/Developer/Library/Frameworks -no-color-diagnostics -enable-testing -g -debug-info-format\=dwarf -dwarf-version\=4 -module-cache-path /Users/admin/builder/spi-builder-workspace/.derivedData/ModuleCache.noindex -swift-version 5 -enforce-exclusivity\=checked -stats-output-dir /Users/admin/builder/spi-builder-workspace/.swiftpm/xcode/.stats -Onone -D SWIFT_PACKAGE -D DEBUG -serialize-debugging-options -const-gather-protocols-file /Users/admin/builder/spi-builder-workspace/.derivedData/Build/Intermediates.noindex/WWAppLifeCycleManager.build/Debug-watchos/WWAppLifeCycleManager.build/Objects-normal/arm64_32/WWAppLifeCycleManager_const_extract_protocols.json -enable-upcoming-feature StrictConcurrency -enable-upcoming-feature DisableOutwardActorInference -enable-upcoming-feature GlobalActorIsolatedTypesUsability -enable-upcoming-feature InferSendableFromCaptures -enable-experimental-feature DebugDescriptionMacro -strict-concurrency\=complete -empty-abi-descriptor -plugin-path /Applications/Xcode-16.3.0.app/Contents/Developer/Toolchains/XcodeDefault.xctoolchain/usr/lib/swift/host/plugins/testing -validate-clang-modules-once -clang-build-session-file /Users/admin/builder/spi-builder-workspace/.derivedData/ModuleCache.noindex/Session.modulevalidation -Xcc -working-directory -Xcc /Users/admin/builder/spi-builder-workspace/.swiftpm/xcode -resource-dir /Applications/Xcode-16.3.0.app/Contents/Developer/Toolchains/XcodeDefault.xctoolchain/usr/lib/swift -enable-anonymous-context-mangled-names -file-compilation-dir /Users/admin/builder/spi-builder-workspace/.swiftpm/xcode -Xcc -ivfsstatcache -Xcc /Users/admin/builder/spi-builder-workspace/.derivedData/SDKStatCaches.noindex/watchos11.4-22T246-43efb940ff07ba2497b70ec94253f576.sdkstatcache -Xcc -I/Users/admin/builder/spi-builder-workspace/.derivedData/Build/Intermediates.noindex/WWAppLifeCycleManager.build/Debug-watchos/WWAppLifeCycleManager.build/swift-overrides.hmap -Xcc -I/Users/admin/builder/spi-builder-workspace/.derivedData/Build/Products/Debug-watchos/include -Xcc -I/Users/admin/builder/spi-builder-workspace/.derivedData/Build/Intermediates.noindex/WWAppLifeCycleManager.build/Debug-watchos/WWAppLifeCycleManager.build/DerivedSources-normal/arm64_32 -Xcc -I/Users/admin/builder/spi-builder-workspace/.derivedData/Build/Intermediates.noindex/WWAppLifeCycleManager.build/Debug-watchos/WWAppLifeCycleManager.build/DerivedSources/arm64_32 -Xcc -I/Users/admin/builder/spi-builder-workspace/.derivedData/Build/Intermediates.noindex/WWAppLifeCycleManager.build/Debug-watchos/WWAppLifeCycleManager.build/DerivedSources -Xcc -DSWIFT_PACKAGE -Xcc -DDEBUG\=1 -module-name WWAppLifeCycleManager -package-name spi_builder_workspace -frontend-parseable-output -disable-clang-spi -target-sdk-version 11.4 -target-sdk-name watchos11.4 -external-plugin-path /Applications/Xcode-16.3.0.app/Contents/Developer/Platforms/WatchOS.platform/Developer/usr/lib/swift/host/plugins\#/Applications/Xcode-16.3.0.app/Contents/Developer/Platforms/WatchOS.platform/Developer/usr/bin/swift-plugin-server -external-plugin-path /Applications/Xcode-16.3.0.app/Contents/Developer/Platforms/WatchOS.platform/Developer/usr/local/lib/swift/host/plugins\#/Applications/Xcode-16.3.0.app/Contents/Developer/Platforms/WatchOS.platform/Developer/usr/bin/swift-plugin-server -in-process-plugin-server-path /Applications/Xcode-16.3.0.app/Contents/Developer/Toolchains/XcodeDefault.xctoolchain/usr/lib/swift/host/libSwiftInProcPluginServer.dylib -plugin-path /Applications/Xcode-16.3.0.app/Contents/Developer/Toolchains/XcodeDefault.xctoolchain/usr/lib/swift/host/plugins -plugin-path /Applications/Xcode-16.3.0.app/Contents/Developer/Toolchains/XcodeDefault.xctoolchain/usr/local/lib/swift/host/plugins -emit-module-doc-path /Users/admin/builder/spi-builder-workspace/.derivedData/Build/Intermediates.noindex/WWAppLifeCycleManager.build/Debug-watchos/WWAppLifeCycleManager.build/Objects-normal/arm64_32/WWAppLifeCycleManager.swiftdoc -emit-module-source-info-path /Users/admin/builder/spi-builder-workspace/.derivedData/Build/Intermediates.noindex/WWAppLifeCycleManager.build/Debug-watchos/WWAppLifeCycleManager.build/Objects-normal/arm64_32/WWAppLifeCycleManager.swiftsourceinfo -emit-objc-header-path /Users/admin/builder/spi-builder-workspace/.derivedData/Build/Intermediates.noindex/WWAppLifeCycleManager.build/Debug-watchos/WWAppLifeCycleManager.build/Objects-normal/arm64_32/WWAppLifeCycleManager-Swift.h -serialize-diagnostics-path /Users/admin/builder/spi-builder-workspace/.derivedData/Build/Intermediates.noindex/WWAppLifeCycleManager.build/Debug-watchos/WWAppLifeCycleManager.build/Objects-normal/arm64_32/WWAppLifeCycleManager-master-emit-module.dia -emit-dependencies-path /Users/admin/builder/spi-builder-workspace/.derivedData/Build/Intermediates.noindex/WWAppLifeCycleManager.build/Debug-watchos/WWAppLifeCycleManager.build/Objects-normal/arm64_32/WWAppLifeCycleManager-master-emit-module.d -o /Users/admin/builder/spi-builder-workspace/.derivedData/Build/Intermediates.noindex/WWAppLifeCycleManager.build/Debug-watchos/WWAppLifeCycleManager.build/Objects-normal/arm64_32/WWAppLifeCycleManager.swiftmodule -emit-abi-descriptor-path /Users/admin/builder/spi-builder-workspace/.derivedData/Build/Intermediates.noindex/WWAppLifeCycleManager.build/Debug-watchos/WWAppLifeCycleManager.build/Objects-normal/arm64_32/WWAppLifeCycleManager.abi.json
SwiftCompile normal arm64_32 Compiling\ WWSceneDelegate.swift /Users/admin/builder/spi-builder-workspace/Sources/WWAppLifeCycleManager/Delegate/WWSceneDelegate.swift (in target 'WWAppLifeCycleManager' from project 'WWAppLifeCycleManager')
SwiftCompile normal arm64_32 /Users/admin/builder/spi-builder-workspace/Sources/WWAppLifeCycleManager/Delegate/WWSceneDelegate.swift (in target 'WWAppLifeCycleManager' from project 'WWAppLifeCycleManager')
cd /Users/admin/builder/spi-builder-workspace/.swiftpm/xcode
SwiftCompile normal arm64_32 Compiling\ Enum.swift /Users/admin/builder/spi-builder-workspace/Sources/WWAppLifeCycleManager/Utility/Enum.swift (in target 'WWAppLifeCycleManager' from project 'WWAppLifeCycleManager')
SwiftCompile normal arm64_32 /Users/admin/builder/spi-builder-workspace/Sources/WWAppLifeCycleManager/Utility/Enum.swift (in target 'WWAppLifeCycleManager' from project 'WWAppLifeCycleManager')
cd /Users/admin/builder/spi-builder-workspace/.swiftpm/xcode
SwiftCompile normal arm64_32 Compiling\ WWAppDelegate.swift /Users/admin/builder/spi-builder-workspace/Sources/WWAppLifeCycleManager/Delegate/WWAppDelegate.swift (in target 'WWAppLifeCycleManager' from project 'WWAppLifeCycleManager')
SwiftCompile normal arm64_32 /Users/admin/builder/spi-builder-workspace/Sources/WWAppLifeCycleManager/Delegate/WWAppDelegate.swift (in target 'WWAppLifeCycleManager' from project 'WWAppLifeCycleManager')
cd /Users/admin/builder/spi-builder-workspace/.swiftpm/xcode
SwiftCompile normal arm64 Compiling\ WWSceneDelegate.swift /Users/admin/builder/spi-builder-workspace/Sources/WWAppLifeCycleManager/Delegate/WWSceneDelegate.swift (in target 'WWAppLifeCycleManager' from project 'WWAppLifeCycleManager')
SwiftCompile normal arm64 /Users/admin/builder/spi-builder-workspace/Sources/WWAppLifeCycleManager/Delegate/WWSceneDelegate.swift (in target 'WWAppLifeCycleManager' from project 'WWAppLifeCycleManager')
cd /Users/admin/builder/spi-builder-workspace/.swiftpm/xcode
SwiftCompile normal arm64 Compiling\ Enum.swift /Users/admin/builder/spi-builder-workspace/Sources/WWAppLifeCycleManager/Utility/Enum.swift (in target 'WWAppLifeCycleManager' from project 'WWAppLifeCycleManager')
SwiftCompile normal arm64 /Users/admin/builder/spi-builder-workspace/Sources/WWAppLifeCycleManager/Utility/Enum.swift (in target 'WWAppLifeCycleManager' from project 'WWAppLifeCycleManager')
cd /Users/admin/builder/spi-builder-workspace/.swiftpm/xcode
SwiftCompile normal arm64 Compiling\ resource_bundle_accessor.swift /Users/admin/builder/spi-builder-workspace/.derivedData/Build/Intermediates.noindex/WWAppLifeCycleManager.build/Debug-watchos/WWAppLifeCycleManager.build/DerivedSources/resource_bundle_accessor.swift (in target 'WWAppLifeCycleManager' from project 'WWAppLifeCycleManager')
SwiftCompile normal arm64 /Users/admin/builder/spi-builder-workspace/.derivedData/Build/Intermediates.noindex/WWAppLifeCycleManager.build/Debug-watchos/WWAppLifeCycleManager.build/DerivedSources/resource_bundle_accessor.swift (in target 'WWAppLifeCycleManager' from project 'WWAppLifeCycleManager')
cd /Users/admin/builder/spi-builder-workspace/.swiftpm/xcode
SwiftEmitModule normal arm64 Emitting\ module\ for\ WWAppLifeCycleManager (in target 'WWAppLifeCycleManager' from project 'WWAppLifeCycleManager')
EmitSwiftModule normal arm64 (in target 'WWAppLifeCycleManager' from project 'WWAppLifeCycleManager')
cd /Users/admin/builder/spi-builder-workspace/.swiftpm/xcode
SwiftCompile normal arm64 Compiling\ WWAppLifeCycleManager.swift /Users/admin/builder/spi-builder-workspace/Sources/WWAppLifeCycleManager/WWAppLifeCycleManager.swift (in target 'WWAppLifeCycleManager' from project 'WWAppLifeCycleManager')
SwiftCompile normal arm64 /Users/admin/builder/spi-builder-workspace/Sources/WWAppLifeCycleManager/WWAppLifeCycleManager.swift (in target 'WWAppLifeCycleManager' from project 'WWAppLifeCycleManager')
cd /Users/admin/builder/spi-builder-workspace/.swiftpm/xcode
SwiftCompile normal arm64 Compiling\ RemoteNotificationsAuthorization.swift /Users/admin/builder/spi-builder-workspace/Sources/WWAppLifeCycleManager/Utility/RemoteNotificationsAuthorization.swift (in target 'WWAppLifeCycleManager' from project 'WWAppLifeCycleManager')
SwiftCompile normal arm64 /Users/admin/builder/spi-builder-workspace/Sources/WWAppLifeCycleManager/Utility/RemoteNotificationsAuthorization.swift (in target 'WWAppLifeCycleManager' from project 'WWAppLifeCycleManager')
cd /Users/admin/builder/spi-builder-workspace/.swiftpm/xcode
SwiftCompile normal arm64_32 Compiling\ RemoteNotificationsAuthorization.swift /Users/admin/builder/spi-builder-workspace/Sources/WWAppLifeCycleManager/Utility/RemoteNotificationsAuthorization.swift (in target 'WWAppLifeCycleManager' from project 'WWAppLifeCycleManager')
Command SwiftCompile failed with a nonzero exit code
** BUILD FAILED **
The following build commands failed:
EmitSwiftModule normal arm64_32 (in target 'WWAppLifeCycleManager' from project 'WWAppLifeCycleManager')
SwiftEmitModule normal arm64_32 Emitting\ module\ for\ WWAppLifeCycleManager (in target 'WWAppLifeCycleManager' from project 'WWAppLifeCycleManager')
SwiftCompile normal arm64_32 Compiling\ RemoteNotificationsAuthorization.swift /Users/admin/builder/spi-builder-workspace/Sources/WWAppLifeCycleManager/Utility/RemoteNotificationsAuthorization.swift (in target 'WWAppLifeCycleManager' from project 'WWAppLifeCycleManager')
Building workspace spi-builder-workspace with scheme WWAppLifeCycleManager
(4 failures)
Command line invocation:
/Applications/Xcode-16.3.0.app/Contents/Developer/usr/bin/xcodebuild -IDEClonedSourcePackagesDirPathOverride=/Users/admin/builder/spi-builder-workspace/.dependencies -resolvePackageDependencies
Resolve Package Graph
Resolved source packages:
WWAppLifeCycleManager: /Users/admin/builder/spi-builder-workspace
resolved source packages: WWAppLifeCycleManager
{
"dependencies" : [
],
"manifest_display_name" : "WWAppLifeCycleManager",
"name" : "WWAppLifeCycleManager",
"path" : "/Users/admin/builder/spi-builder-workspace",
"platforms" : [
{
"name" : "ios",
"version" : "17.0"
}
],
"products" : [
{
"name" : "WWAppLifeCycleManager",
"targets" : [
"WWAppLifeCycleManager"
],
"type" : {
"library" : [
"automatic"
]
}
}
],
"targets" : [
{
"c99name" : "WWAppLifeCycleManager",
"module_type" : "SwiftTarget",
"name" : "WWAppLifeCycleManager",
"path" : "Sources",
"product_memberships" : [
"WWAppLifeCycleManager"
],
"resources" : [
{
"path" : "/Users/admin/builder/spi-builder-workspace/Sources/Privacy",
"rule" : {
"copy" : {
}
}
}
],
"sources" : [
"WWAppLifeCycleManager/Delegate/WWAppDelegate.swift",
"WWAppLifeCycleManager/Delegate/WWSceneDelegate.swift",
"WWAppLifeCycleManager/Utility/Enum.swift",
"WWAppLifeCycleManager/Utility/RemoteNotificationsAuthorization.swift",
"WWAppLifeCycleManager/WWAppLifeCycleManager.swift"
],
"type" : "library"
}
],
"tools_version" : "5.10"
}
{
"workspace" : {
"name" : "spi-builder-workspace",
"schemes" : [
"WWAppLifeCycleManager"
]
}
}
Running build ...
env DEVELOPER_DIR=/Applications/Xcode-16.3.0.app xcrun xcodebuild -IDEClonedSourcePackagesDirPathOverride=$PWD/.dependencies -skipMacroValidation -skipPackagePluginValidation -derivedDataPath $PWD/.derivedData build -scheme WWAppLifeCycleManager -destination generic/platform=watchOS
Command line invocation:
/Applications/Xcode-16.3.0.app/Contents/Developer/usr/bin/xcodebuild -IDEClonedSourcePackagesDirPathOverride=/Users/admin/builder/spi-builder-workspace/.dependencies -skipMacroValidation -skipPackagePluginValidation -derivedDataPath /Users/admin/builder/spi-builder-workspace/.derivedData build -scheme WWAppLifeCycleManager -destination generic/platform=watchOS
Resolve Package Graph
Resolved source packages:
WWAppLifeCycleManager: /Users/admin/builder/spi-builder-workspace
ComputePackagePrebuildTargetDependencyGraph
Prepare packages
CreateBuildRequest
SendProjectDescription
CreateBuildOperation
ComputeTargetDependencyGraph
note: Building targets in dependency order
note: Target dependency graph (3 targets)
Target 'WWAppLifeCycleManager' in project 'WWAppLifeCycleManager'
➜ Explicit dependency on target 'WWAppLifeCycleManager' in project 'WWAppLifeCycleManager'
➜ Explicit dependency on target 'WWAppLifeCycleManager_WWAppLifeCycleManager' in project 'WWAppLifeCycleManager'
Target 'WWAppLifeCycleManager' in project 'WWAppLifeCycleManager'
➜ Explicit dependency on target 'WWAppLifeCycleManager_WWAppLifeCycleManager' in project 'WWAppLifeCycleManager'
Target 'WWAppLifeCycleManager_WWAppLifeCycleManager' in project 'WWAppLifeCycleManager' (no dependencies)
GatherProvisioningInputs
CreateBuildDescription
ExecuteExternalTool /Applications/Xcode-16.3.0.app/Contents/Developer/Toolchains/XcodeDefault.xctoolchain/usr/bin/clang -v -E -dM -isysroot /Applications/Xcode-16.3.0.app/Contents/Developer/Platforms/WatchOS.platform/Developer/SDKs/WatchOS11.4.sdk -x c -c /dev/null
ExecuteExternalTool /Applications/Xcode-16.3.0.app/Contents/Developer/Toolchains/XcodeDefault.xctoolchain/usr/bin/swiftc --version
ExecuteExternalTool /Applications/Xcode-16.3.0.app/Contents/Developer/Toolchains/XcodeDefault.xctoolchain/usr/bin/ld -version_details
Build description signature: aa0c4ead435c721d855bb944d9456dd4
Build description path: /Users/admin/builder/spi-builder-workspace/.derivedData/Build/Intermediates.noindex/XCBuildData/aa0c4ead435c721d855bb944d9456dd4.xcbuilddata
ClangStatCache /Applications/Xcode-16.3.0.app/Contents/Developer/Toolchains/XcodeDefault.xctoolchain/usr/bin/clang-stat-cache /Applications/Xcode-16.3.0.app/Contents/Developer/Platforms/WatchOS.platform/Developer/SDKs/WatchOS11.4.sdk /Users/admin/builder/spi-builder-workspace/.derivedData/SDKStatCaches.noindex/watchos11.4-22T246-43efb940ff07ba2497b70ec94253f576.sdkstatcache
cd /Users/admin/builder/spi-builder-workspace/.swiftpm/xcode
/Applications/Xcode-16.3.0.app/Contents/Developer/Toolchains/XcodeDefault.xctoolchain/usr/bin/clang-stat-cache /Applications/Xcode-16.3.0.app/Contents/Developer/Platforms/WatchOS.platform/Developer/SDKs/WatchOS11.4.sdk -o /Users/admin/builder/spi-builder-workspace/.derivedData/SDKStatCaches.noindex/watchos11.4-22T246-43efb940ff07ba2497b70ec94253f576.sdkstatcache
ProcessInfoPlistFile /Users/admin/builder/spi-builder-workspace/.derivedData/Build/Products/Debug-watchos/WWAppLifeCycleManager_WWAppLifeCycleManager.bundle/Info.plist /Users/admin/builder/spi-builder-workspace/.derivedData/Build/Intermediates.noindex/WWAppLifeCycleManager.build/Debug-watchos/WWAppLifeCycleManager_WWAppLifeCycleManager.build/empty-WWAppLifeCycleManager_WWAppLifeCycleManager.plist (in target 'WWAppLifeCycleManager_WWAppLifeCycleManager' from project 'WWAppLifeCycleManager')
cd /Users/admin/builder/spi-builder-workspace
builtin-infoPlistUtility /Users/admin/builder/spi-builder-workspace/.derivedData/Build/Intermediates.noindex/WWAppLifeCycleManager.build/Debug-watchos/WWAppLifeCycleManager_WWAppLifeCycleManager.build/empty-WWAppLifeCycleManager_WWAppLifeCycleManager.plist -producttype com.apple.product-type.bundle -expandbuildsettings -format binary -platform watchos -o /Users/admin/builder/spi-builder-workspace/.derivedData/Build/Products/Debug-watchos/WWAppLifeCycleManager_WWAppLifeCycleManager.bundle/Info.plist
SwiftDriver WWAppLifeCycleManager normal arm64 com.apple.xcode.tools.swift.compiler (in target 'WWAppLifeCycleManager' from project 'WWAppLifeCycleManager')
cd /Users/admin/builder/spi-builder-workspace/.swiftpm/xcode
builtin-SwiftDriver -- /Applications/Xcode-16.3.0.app/Contents/Developer/Toolchains/XcodeDefault.xctoolchain/usr/bin/swiftc -module-name WWAppLifeCycleManager -Onone -enforce-exclusivity\=checked @/Users/admin/builder/spi-builder-workspace/.derivedData/Build/Intermediates.noindex/WWAppLifeCycleManager.build/Debug-watchos/WWAppLifeCycleManager.build/Objects-normal/arm64/WWAppLifeCycleManager.SwiftFileList -DSWIFT_PACKAGE -DDEBUG -DXcode -plugin-path /Applications/Xcode-16.3.0.app/Contents/Developer/Toolchains/XcodeDefault.xctoolchain/usr/lib/swift/host/plugins/testing -enable-experimental-feature DebugDescriptionMacro -sdk /Applications/Xcode-16.3.0.app/Contents/Developer/Platforms/WatchOS.platform/Developer/SDKs/WatchOS11.4.sdk -target arm64-apple-watchos10.0 -g -module-cache-path /Users/admin/builder/spi-builder-workspace/.derivedData/ModuleCache.noindex -Xfrontend -serialize-debugging-options -enable-testing -index-store-path /Users/admin/builder/spi-builder-workspace/.derivedData/Index.noindex/DataStore -swift-version 5 -I /Users/admin/builder/spi-builder-workspace/.derivedData/Build/Products/Debug-watchos -I /Applications/Xcode-16.3.0.app/Contents/Developer/Platforms/WatchOS.platform/Developer/usr/lib -F /Users/admin/builder/spi-builder-workspace/.derivedData/Build/Products/Debug-watchos -F /Applications/Xcode-16.3.0.app/Contents/Developer/Platforms/WatchOS.platform/Developer/Library/Frameworks -F /Applications/Xcode-16.3.0.app/Contents/Developer/Platforms/WatchOS.platform/Developer/SDKs/WatchOS11.4.sdk/Developer/Library/Frameworks -c -j10 -enable-batch-mode -incremental -Xcc -ivfsstatcache -Xcc /Users/admin/builder/spi-builder-workspace/.derivedData/SDKStatCaches.noindex/watchos11.4-22T246-43efb940ff07ba2497b70ec94253f576.sdkstatcache -output-file-map /Users/admin/builder/spi-builder-workspace/.derivedData/Build/Intermediates.noindex/WWAppLifeCycleManager.build/Debug-watchos/WWAppLifeCycleManager.build/Objects-normal/arm64/WWAppLifeCycleManager-OutputFileMap.json -use-frontend-parseable-output -save-temps -no-color-diagnostics -serialize-diagnostics -emit-dependencies -emit-module -emit-module-path /Users/admin/builder/spi-builder-workspace/.derivedData/Build/Intermediates.noindex/WWAppLifeCycleManager.build/Debug-watchos/WWAppLifeCycleManager.build/Objects-normal/arm64/WWAppLifeCycleManager.swiftmodule -validate-clang-modules-once -clang-build-session-file /Users/admin/builder/spi-builder-workspace/.derivedData/ModuleCache.noindex/Session.modulevalidation -package-name spi_builder_workspace -Xcc -I/Users/admin/builder/spi-builder-workspace/.derivedData/Build/Intermediates.noindex/WWAppLifeCycleManager.build/Debug-watchos/WWAppLifeCycleManager.build/swift-overrides.hmap -emit-const-values -Xfrontend -const-gather-protocols-file -Xfrontend /Users/admin/builder/spi-builder-workspace/.derivedData/Build/Intermediates.noindex/WWAppLifeCycleManager.build/Debug-watchos/WWAppLifeCycleManager.build/Objects-normal/arm64/WWAppLifeCycleManager_const_extract_protocols.json -Xcc -I/Users/admin/builder/spi-builder-workspace/.derivedData/Build/Products/Debug-watchos/include -Xcc -I/Users/admin/builder/spi-builder-workspace/.derivedData/Build/Intermediates.noindex/WWAppLifeCycleManager.build/Debug-watchos/WWAppLifeCycleManager.build/DerivedSources-normal/arm64 -Xcc -I/Users/admin/builder/spi-builder-workspace/.derivedData/Build/Intermediates.noindex/WWAppLifeCycleManager.build/Debug-watchos/WWAppLifeCycleManager.build/DerivedSources/arm64 -Xcc -I/Users/admin/builder/spi-builder-workspace/.derivedData/Build/Intermediates.noindex/WWAppLifeCycleManager.build/Debug-watchos/WWAppLifeCycleManager.build/DerivedSources -Xcc -DSWIFT_PACKAGE -Xcc -DDEBUG\=1 -emit-objc-header -emit-objc-header-path /Users/admin/builder/spi-builder-workspace/.derivedData/Build/Intermediates.noindex/WWAppLifeCycleManager.build/Debug-watchos/WWAppLifeCycleManager.build/Objects-normal/arm64/WWAppLifeCycleManager-Swift.h -working-directory /Users/admin/builder/spi-builder-workspace/.swiftpm/xcode -experimental-emit-module-separately -disable-cmo
SwiftDriver WWAppLifeCycleManager normal arm64_32 com.apple.xcode.tools.swift.compiler (in target 'WWAppLifeCycleManager' from project 'WWAppLifeCycleManager')
cd /Users/admin/builder/spi-builder-workspace/.swiftpm/xcode
builtin-SwiftDriver -- /Applications/Xcode-16.3.0.app/Contents/Developer/Toolchains/XcodeDefault.xctoolchain/usr/bin/swiftc -module-name WWAppLifeCycleManager -Onone -enforce-exclusivity\=checked @/Users/admin/builder/spi-builder-workspace/.derivedData/Build/Intermediates.noindex/WWAppLifeCycleManager.build/Debug-watchos/WWAppLifeCycleManager.build/Objects-normal/arm64_32/WWAppLifeCycleManager.SwiftFileList -DSWIFT_PACKAGE -DDEBUG -DXcode -plugin-path /Applications/Xcode-16.3.0.app/Contents/Developer/Toolchains/XcodeDefault.xctoolchain/usr/lib/swift/host/plugins/testing -enable-experimental-feature DebugDescriptionMacro -sdk /Applications/Xcode-16.3.0.app/Contents/Developer/Platforms/WatchOS.platform/Developer/SDKs/WatchOS11.4.sdk -target arm64_32-apple-watchos10.0 -g -module-cache-path /Users/admin/builder/spi-builder-workspace/.derivedData/ModuleCache.noindex -Xfrontend -serialize-debugging-options -enable-testing -index-store-path /Users/admin/builder/spi-builder-workspace/.derivedData/Index.noindex/DataStore -swift-version 5 -I /Users/admin/builder/spi-builder-workspace/.derivedData/Build/Products/Debug-watchos -I /Applications/Xcode-16.3.0.app/Contents/Developer/Platforms/WatchOS.platform/Developer/usr/lib -F /Users/admin/builder/spi-builder-workspace/.derivedData/Build/Products/Debug-watchos -F /Applications/Xcode-16.3.0.app/Contents/Developer/Platforms/WatchOS.platform/Developer/Library/Frameworks -F /Applications/Xcode-16.3.0.app/Contents/Developer/Platforms/WatchOS.platform/Developer/SDKs/WatchOS11.4.sdk/Developer/Library/Frameworks -c -j10 -enable-batch-mode -incremental -Xcc -ivfsstatcache -Xcc /Users/admin/builder/spi-builder-workspace/.derivedData/SDKStatCaches.noindex/watchos11.4-22T246-43efb940ff07ba2497b70ec94253f576.sdkstatcache -output-file-map /Users/admin/builder/spi-builder-workspace/.derivedData/Build/Intermediates.noindex/WWAppLifeCycleManager.build/Debug-watchos/WWAppLifeCycleManager.build/Objects-normal/arm64_32/WWAppLifeCycleManager-OutputFileMap.json -use-frontend-parseable-output -save-temps -no-color-diagnostics -serialize-diagnostics -emit-dependencies -emit-module -emit-module-path /Users/admin/builder/spi-builder-workspace/.derivedData/Build/Intermediates.noindex/WWAppLifeCycleManager.build/Debug-watchos/WWAppLifeCycleManager.build/Objects-normal/arm64_32/WWAppLifeCycleManager.swiftmodule -validate-clang-modules-once -clang-build-session-file /Users/admin/builder/spi-builder-workspace/.derivedData/ModuleCache.noindex/Session.modulevalidation -package-name spi_builder_workspace -Xcc -I/Users/admin/builder/spi-builder-workspace/.derivedData/Build/Intermediates.noindex/WWAppLifeCycleManager.build/Debug-watchos/WWAppLifeCycleManager.build/swift-overrides.hmap -emit-const-values -Xfrontend -const-gather-protocols-file -Xfrontend /Users/admin/builder/spi-builder-workspace/.derivedData/Build/Intermediates.noindex/WWAppLifeCycleManager.build/Debug-watchos/WWAppLifeCycleManager.build/Objects-normal/arm64_32/WWAppLifeCycleManager_const_extract_protocols.json -Xcc -I/Users/admin/builder/spi-builder-workspace/.derivedData/Build/Products/Debug-watchos/include -Xcc -I/Users/admin/builder/spi-builder-workspace/.derivedData/Build/Intermediates.noindex/WWAppLifeCycleManager.build/Debug-watchos/WWAppLifeCycleManager.build/DerivedSources-normal/arm64_32 -Xcc -I/Users/admin/builder/spi-builder-workspace/.derivedData/Build/Intermediates.noindex/WWAppLifeCycleManager.build/Debug-watchos/WWAppLifeCycleManager.build/DerivedSources/arm64_32 -Xcc -I/Users/admin/builder/spi-builder-workspace/.derivedData/Build/Intermediates.noindex/WWAppLifeCycleManager.build/Debug-watchos/WWAppLifeCycleManager.build/DerivedSources -Xcc -DSWIFT_PACKAGE -Xcc -DDEBUG\=1 -emit-objc-header -emit-objc-header-path /Users/admin/builder/spi-builder-workspace/.derivedData/Build/Intermediates.noindex/WWAppLifeCycleManager.build/Debug-watchos/WWAppLifeCycleManager.build/Objects-normal/arm64_32/WWAppLifeCycleManager-Swift.h -working-directory /Users/admin/builder/spi-builder-workspace/.swiftpm/xcode -experimental-emit-module-separately -disable-cmo
SwiftCompile normal arm64 Compiling\ RemoteNotificationsAuthorization.swift /Users/admin/builder/spi-builder-workspace/Sources/WWAppLifeCycleManager/Utility/RemoteNotificationsAuthorization.swift (in target 'WWAppLifeCycleManager' from project 'WWAppLifeCycleManager')
SwiftCompile normal arm64 /Users/admin/builder/spi-builder-workspace/Sources/WWAppLifeCycleManager/Utility/RemoteNotificationsAuthorization.swift (in target 'WWAppLifeCycleManager' from project 'WWAppLifeCycleManager')
cd /Users/admin/builder/spi-builder-workspace/.swiftpm/xcode
SwiftCompile normal arm64 Compiling\ Enum.swift /Users/admin/builder/spi-builder-workspace/Sources/WWAppLifeCycleManager/Utility/Enum.swift (in target 'WWAppLifeCycleManager' from project 'WWAppLifeCycleManager')
SwiftCompile normal arm64 /Users/admin/builder/spi-builder-workspace/Sources/WWAppLifeCycleManager/Utility/Enum.swift (in target 'WWAppLifeCycleManager' from project 'WWAppLifeCycleManager')
cd /Users/admin/builder/spi-builder-workspace/.swiftpm/xcode
SwiftCompile normal arm64 Compiling\ WWAppDelegate.swift /Users/admin/builder/spi-builder-workspace/Sources/WWAppLifeCycleManager/Delegate/WWAppDelegate.swift (in target 'WWAppLifeCycleManager' from project 'WWAppLifeCycleManager')
SwiftCompile normal arm64 /Users/admin/builder/spi-builder-workspace/Sources/WWAppLifeCycleManager/Delegate/WWAppDelegate.swift (in target 'WWAppLifeCycleManager' from project 'WWAppLifeCycleManager')
cd /Users/admin/builder/spi-builder-workspace/.swiftpm/xcode
SwiftCompile normal arm64 Compiling\ WWSceneDelegate.swift /Users/admin/builder/spi-builder-workspace/Sources/WWAppLifeCycleManager/Delegate/WWSceneDelegate.swift (in target 'WWAppLifeCycleManager' from project 'WWAppLifeCycleManager')
SwiftCompile normal arm64 /Users/admin/builder/spi-builder-workspace/Sources/WWAppLifeCycleManager/Delegate/WWSceneDelegate.swift (in target 'WWAppLifeCycleManager' from project 'WWAppLifeCycleManager')
cd /Users/admin/builder/spi-builder-workspace/.swiftpm/xcode
SwiftEmitModule normal arm64_32 Emitting\ module\ for\ WWAppLifeCycleManager (in target 'WWAppLifeCycleManager' from project 'WWAppLifeCycleManager')
Failed frontend command:
/Applications/Xcode-16.3.0.app/Contents/Developer/Toolchains/XcodeDefault.xctoolchain/usr/bin/swift-frontend -frontend -emit-module -experimental-skip-non-inlinable-function-bodies-without-types /Users/admin/builder/spi-builder-workspace/.derivedData/Build/Intermediates.noindex/WWAppLifeCycleManager.build/Debug-watchos/WWAppLifeCycleManager.build/DerivedSources/resource_bundle_accessor.swift /Users/admin/builder/spi-builder-workspace/Sources/WWAppLifeCycleManager/Delegate/WWAppDelegate.swift /Users/admin/builder/spi-builder-workspace/Sources/WWAppLifeCycleManager/Delegate/WWSceneDelegate.swift /Users/admin/builder/spi-builder-workspace/Sources/WWAppLifeCycleManager/Utility/Enum.swift /Users/admin/builder/spi-builder-workspace/Sources/WWAppLifeCycleManager/Utility/RemoteNotificationsAuthorization.swift /Users/admin/builder/spi-builder-workspace/Sources/WWAppLifeCycleManager/WWAppLifeCycleManager.swift -target arm64_32-apple-watchos10.0 -enable-objc-interop -sdk /Applications/Xcode-16.3.0.app/Contents/Developer/Platforms/WatchOS.platform/Developer/SDKs/WatchOS11.4.sdk -I /Users/admin/builder/spi-builder-workspace/.derivedData/Build/Products/Debug-watchos -I /Applications/Xcode-16.3.0.app/Contents/Developer/Platforms/WatchOS.platform/Developer/usr/lib -F /Users/admin/builder/spi-builder-workspace/.derivedData/Build/Products/Debug-watchos -F /Applications/Xcode-16.3.0.app/Contents/Developer/Platforms/WatchOS.platform/Developer/Library/Frameworks -F /Applications/Xcode-16.3.0.app/Contents/Developer/Platforms/WatchOS.platform/Developer/SDKs/WatchOS11.4.sdk/Developer/Library/Frameworks -no-color-diagnostics -enable-testing -g -debug-info-format\=dwarf -dwarf-version\=4 -module-cache-path /Users/admin/builder/spi-builder-workspace/.derivedData/ModuleCache.noindex -swift-version 5 -enforce-exclusivity\=checked -Onone -D SWIFT_PACKAGE -D DEBUG -D Xcode -serialize-debugging-options -const-gather-protocols-file /Users/admin/builder/spi-builder-workspace/.derivedData/Build/Intermediates.noindex/WWAppLifeCycleManager.build/Debug-watchos/WWAppLifeCycleManager.build/Objects-normal/arm64_32/WWAppLifeCycleManager_const_extract_protocols.json -enable-experimental-feature DebugDescriptionMacro -empty-abi-descriptor -plugin-path /Applications/Xcode-16.3.0.app/Contents/Developer/Toolchains/XcodeDefault.xctoolchain/usr/lib/swift/host/plugins/testing -validate-clang-modules-once -clang-build-session-file /Users/admin/builder/spi-builder-workspace/.derivedData/ModuleCache.noindex/Session.modulevalidation -Xcc -working-directory -Xcc /Users/admin/builder/spi-builder-workspace/.swiftpm/xcode -resource-dir /Applications/Xcode-16.3.0.app/Contents/Developer/Toolchains/XcodeDefault.xctoolchain/usr/lib/swift -enable-anonymous-context-mangled-names -file-compilation-dir /Users/admin/builder/spi-builder-workspace/.swiftpm/xcode -Xcc -ivfsstatcache -Xcc /Users/admin/builder/spi-builder-workspace/.derivedData/SDKStatCaches.noindex/watchos11.4-22T246-43efb940ff07ba2497b70ec94253f576.sdkstatcache -Xcc -I/Users/admin/builder/spi-builder-workspace/.derivedData/Build/Intermediates.noindex/WWAppLifeCycleManager.build/Debug-watchos/WWAppLifeCycleManager.build/swift-overrides.hmap -Xcc -I/Users/admin/builder/spi-builder-workspace/.derivedData/Build/Products/Debug-watchos/include -Xcc -I/Users/admin/builder/spi-builder-workspace/.derivedData/Build/Intermediates.noindex/WWAppLifeCycleManager.build/Debug-watchos/WWAppLifeCycleManager.build/DerivedSources-normal/arm64_32 -Xcc -I/Users/admin/builder/spi-builder-workspace/.derivedData/Build/Intermediates.noindex/WWAppLifeCycleManager.build/Debug-watchos/WWAppLifeCycleManager.build/DerivedSources/arm64_32 -Xcc -I/Users/admin/builder/spi-builder-workspace/.derivedData/Build/Intermediates.noindex/WWAppLifeCycleManager.build/Debug-watchos/WWAppLifeCycleManager.build/DerivedSources -Xcc -DSWIFT_PACKAGE -Xcc -DDEBUG\=1 -module-name WWAppLifeCycleManager -package-name spi_builder_workspace -frontend-parseable-output -disable-clang-spi -target-sdk-version 11.4 -target-sdk-name watchos11.4 -external-plugin-path /Applications/Xcode-16.3.0.app/Contents/Developer/Platforms/WatchOS.platform/Developer/usr/lib/swift/host/plugins\#/Applications/Xcode-16.3.0.app/Contents/Developer/Platforms/WatchOS.platform/Developer/usr/bin/swift-plugin-server -external-plugin-path /Applications/Xcode-16.3.0.app/Contents/Developer/Platforms/WatchOS.platform/Developer/usr/local/lib/swift/host/plugins\#/Applications/Xcode-16.3.0.app/Contents/Developer/Platforms/WatchOS.platform/Developer/usr/bin/swift-plugin-server -in-process-plugin-server-path /Applications/Xcode-16.3.0.app/Contents/Developer/Toolchains/XcodeDefault.xctoolchain/usr/lib/swift/host/libSwiftInProcPluginServer.dylib -plugin-path /Applications/Xcode-16.3.0.app/Contents/Developer/Toolchains/XcodeDefault.xctoolchain/usr/lib/swift/host/plugins -plugin-path /Applications/Xcode-16.3.0.app/Contents/Developer/Toolchains/XcodeDefault.xctoolchain/usr/local/lib/swift/host/plugins -emit-module-doc-path /Users/admin/builder/spi-builder-workspace/.derivedData/Build/Intermediates.noindex/WWAppLifeCycleManager.build/Debug-watchos/WWAppLifeCycleManager.build/Objects-normal/arm64_32/WWAppLifeCycleManager.swiftdoc -emit-module-source-info-path /Users/admin/builder/spi-builder-workspace/.derivedData/Build/Intermediates.noindex/WWAppLifeCycleManager.build/Debug-watchos/WWAppLifeCycleManager.build/Objects-normal/arm64_32/WWAppLifeCycleManager.swiftsourceinfo -emit-objc-header-path /Users/admin/builder/spi-builder-workspace/.derivedData/Build/Intermediates.noindex/WWAppLifeCycleManager.build/Debug-watchos/WWAppLifeCycleManager.build/Objects-normal/arm64_32/WWAppLifeCycleManager-Swift.h -serialize-diagnostics-path /Users/admin/builder/spi-builder-workspace/.derivedData/Build/Intermediates.noindex/WWAppLifeCycleManager.build/Debug-watchos/WWAppLifeCycleManager.build/Objects-normal/arm64_32/WWAppLifeCycleManager-master-emit-module.dia -emit-dependencies-path /Users/admin/builder/spi-builder-workspace/.derivedData/Build/Intermediates.noindex/WWAppLifeCycleManager.build/Debug-watchos/WWAppLifeCycleManager.build/Objects-normal/arm64_32/WWAppLifeCycleManager-master-emit-module.d -o /Users/admin/builder/spi-builder-workspace/.derivedData/Build/Intermediates.noindex/WWAppLifeCycleManager.build/Debug-watchos/WWAppLifeCycleManager.build/Objects-normal/arm64_32/WWAppLifeCycleManager.swiftmodule -emit-abi-descriptor-path /Users/admin/builder/spi-builder-workspace/.derivedData/Build/Intermediates.noindex/WWAppLifeCycleManager.build/Debug-watchos/WWAppLifeCycleManager.build/Objects-normal/arm64_32/WWAppLifeCycleManager.abi.json
EmitSwiftModule normal arm64_32 (in target 'WWAppLifeCycleManager' from project 'WWAppLifeCycleManager')
cd /Users/admin/builder/spi-builder-workspace/.swiftpm/xcode
/Users/admin/builder/spi-builder-workspace/Sources/WWAppLifeCycleManager/Delegate/WWAppDelegate.swift:13:45: error: cannot find type 'UIApplicationDelegate' in scope
final public class WWAppDelegate: NSObject, UIApplicationDelegate {
^~~~~~~~~~~~~~~~~~~~~
/Users/admin/builder/spi-builder-workspace/Sources/WWAppLifeCycleManager/Delegate/WWAppDelegate.swift:26:37: error: cannot find type 'UIApplication' in scope
func application(_ application: UIApplication, didFinishLaunchingWithOptions launchOptions: [UIApplication.LaunchOptionsKey: Any]? = nil) -> Bool {
^~~~~~~~~~~~~
/Users/admin/builder/spi-builder-workspace/Sources/WWAppLifeCycleManager/Delegate/WWAppDelegate.swift:26:98: error: cannot find type 'UIApplication' in scope
func application(_ application: UIApplication, didFinishLaunchingWithOptions launchOptions: [UIApplication.LaunchOptionsKey: Any]? = nil) -> Bool {
^~~~~~~~~~~~~
/Users/admin/builder/spi-builder-workspace/Sources/WWAppLifeCycleManager/Delegate/WWAppDelegate.swift:34:158: error: cannot find type 'UISceneConfiguration' in scope
func application(_ application: UIApplication, configurationForConnecting connectingSceneSession: UISceneSession, options: UIScene.ConnectionOptions) -> UISceneConfiguration {
^~~~~~~~~~~~~~~~~~~~
/Users/admin/builder/spi-builder-workspace/Sources/WWAppLifeCycleManager/Delegate/WWAppDelegate.swift:34:37: error: cannot find type 'UIApplication' in scope
func application(_ application: UIApplication, configurationForConnecting connectingSceneSession: UISceneSession, options: UIScene.ConnectionOptions) -> UISceneConfiguration {
^~~~~~~~~~~~~
/Users/admin/builder/spi-builder-workspace/Sources/WWAppLifeCycleManager/Delegate/WWAppDelegate.swift:34:103: error: cannot find type 'UISceneSession' in scope
func application(_ application: UIApplication, configurationForConnecting connectingSceneSession: UISceneSession, options: UIScene.ConnectionOptions) -> UISceneConfiguration {
^~~~~~~~~~~~~~
/Users/admin/builder/spi-builder-workspace/Sources/WWAppLifeCycleManager/Delegate/WWAppDelegate.swift:34:128: error: cannot find type 'UIScene' in scope
func application(_ application: UIApplication, configurationForConnecting connectingSceneSession: UISceneSession, options: UIScene.ConnectionOptions) -> UISceneConfiguration {
^~~~~~~
/Users/admin/builder/spi-builder-workspace/Sources/WWAppLifeCycleManager/Delegate/WWAppDelegate.swift:46:37: error: cannot find type 'UIApplication' in scope
func application(_ application: UIApplication, didRegisterForRemoteNotificationsWithDeviceToken deviceToken: Data) {
^~~~~~~~~~~~~
/Users/admin/builder/spi-builder-workspace/Sources/WWAppLifeCycleManager/Delegate/WWAppDelegate.swift:55:37: error: cannot find type 'UIApplication' in scope
func application(_ application: UIApplication, didFailToRegisterForRemoteNotificationsWithError error: Error) {
^~~~~~~~~~~~~
/Users/admin/builder/spi-builder-workspace/Sources/WWAppLifeCycleManager/Delegate/WWSceneDelegate.swift:12:40: error: cannot find type 'UIWindowSceneDelegate' in scope
final class WWSceneDelegate: NSObject, UIWindowSceneDelegate, UNUserNotificationCenterDelegate {
^~~~~~~~~~~~~~~~~~~~~
/Users/admin/builder/spi-builder-workspace/Sources/WWAppLifeCycleManager/Delegate/WWSceneDelegate.swift:25:38: error: cannot find type 'UIScene' in scope
public var onSceneWillConnect: ((UIScene, UIScene.ConnectionOptions) -> Void)?
^~~~~~~
/Users/admin/builder/spi-builder-workspace/Sources/WWAppLifeCycleManager/Delegate/WWSceneDelegate.swift:25:47: error: cannot find type 'UIScene' in scope
public var onSceneWillConnect: ((UIScene, UIScene.ConnectionOptions) -> Void)?
^~~~~~~
/Users/admin/builder/spi-builder-workspace/Sources/WWAppLifeCycleManager/Delegate/WWSceneDelegate.swift:26:37: error: cannot find type 'UIScene' in scope
public var onSceneDidConnect: ((UIScene) -> Void)?
^~~~~~~
/Users/admin/builder/spi-builder-workspace/Sources/WWAppLifeCycleManager/Delegate/WWSceneDelegate.swift:27:41: error: cannot find type 'UIScene' in scope
public var onSceneWillDisconnect: ((UIScene) -> Void)?
^~~~~~~
/Users/admin/builder/spi-builder-workspace/Sources/WWAppLifeCycleManager/Delegate/WWSceneDelegate.swift:28:40: error: cannot find type 'UIScene' in scope
public var onSceneDidDisconnect: ((UIScene) -> Void)?
^~~~~~~
/Users/admin/builder/spi-builder-workspace/Sources/WWAppLifeCycleManager/Delegate/WWSceneDelegate.swift:29:42: error: cannot find type 'UIScene' in scope
public var onSceneDidBecomeActive: ((UIScene) -> Void)?
^~~~~~~
/Users/admin/builder/spi-builder-workspace/Sources/WWAppLifeCycleManager/Delegate/WWSceneDelegate.swift:30:43: error: cannot find type 'UIScene' in scope
public var onSceneWillResignActive: ((UIScene) -> Void)?
^~~~~~~
/Users/admin/builder/spi-builder-workspace/Sources/WWAppLifeCycleManager/Delegate/WWSceneDelegate.swift:31:46: error: cannot find type 'UIScene' in scope
public var onSceneWillEnterForeground: ((UIScene) -> Void)?
^~~~~~~
/Users/admin/builder/spi-builder-workspace/Sources/WWAppLifeCycleManager/Delegate/WWSceneDelegate.swift:32:45: error: cannot find type 'UIScene' in scope
public var onSceneDidEnterBackground: ((UIScene) -> Void)?
^~~~~~~
/Users/admin/builder/spi-builder-workspace/Sources/WWAppLifeCycleManager/Delegate/WWSceneDelegate.swift:33:46: error: cannot find type 'UIScene' in scope
public var onSceneDidBecomeForeground: ((UIScene) -> Void)?
^~~~~~~
/Users/admin/builder/spi-builder-workspace/Sources/WWAppLifeCycleManager/Delegate/WWSceneDelegate.swift:53:25: error: cannot find type 'UIScene' in scope
func scene(_ scene: UIScene, willConnectTo session: UISceneSession, options connectionOptions: UIScene.ConnectionOptions) {
^~~~~~~
/Users/admin/builder/spi-builder-workspace/Sources/WWAppLifeCycleManager/Delegate/WWSceneDelegate.swift:53:57: error: cannot find type 'UISceneSession' in scope
func scene(_ scene: UIScene, willConnectTo session: UISceneSession, options connectionOptions: UIScene.ConnectionOptions) {
^~~~~~~~~~~~~~
/Users/admin/builder/spi-builder-workspace/Sources/WWAppLifeCycleManager/Delegate/WWSceneDelegate.swift:53:100: error: cannot find type 'UIScene' in scope
func scene(_ scene: UIScene, willConnectTo session: UISceneSession, options connectionOptions: UIScene.ConnectionOptions) {
^~~~~~~
/Users/admin/builder/spi-builder-workspace/Sources/WWAppLifeCycleManager/Delegate/WWSceneDelegate.swift:75:35: error: cannot find type 'UIScene' in scope
func sceneDidConnect(_ scene: UIScene) {
^~~~~~~
/Users/admin/builder/spi-builder-workspace/Sources/WWAppLifeCycleManager/Delegate/WWSceneDelegate.swift:80:25: error: cannot find type 'UIScene' in scope
func scene(_ scene: UIScene, willDisconnectFrom session: UISceneSession) {
^~~~~~~
/Users/admin/builder/spi-builder-workspace/Sources/WWAppLifeCycleManager/Delegate/WWSceneDelegate.swift:80:62: error: cannot find type 'UISceneSession' in scope
func scene(_ scene: UIScene, willDisconnectFrom session: UISceneSession) {
^~~~~~~~~~~~~~
/Users/admin/builder/spi-builder-workspace/Sources/WWAppLifeCycleManager/Delegate/WWSceneDelegate.swift:85:38: error: cannot find type 'UIScene' in scope
func sceneDidDisconnect(_ scene: UIScene) {
^~~~~~~
/Users/admin/builder/spi-builder-workspace/Sources/WWAppLifeCycleManager/Delegate/WWSceneDelegate.swift:90:40: error: cannot find type 'UIScene' in scope
func sceneDidBecomeActive(_ scene: UIScene) {
^~~~~~~
/Users/admin/builder/spi-builder-workspace/Sources/WWAppLifeCycleManager/Delegate/WWSceneDelegate.swift:95:41: error: cannot find type 'UIScene' in scope
func sceneWillResignActive(_ scene: UIScene) {
^~~~~~~
/Users/admin/builder/spi-builder-workspace/Sources/WWAppLifeCycleManager/Delegate/WWSceneDelegate.swift:100:44: error: cannot find type 'UIScene' in scope
func sceneWillEnterForeground(_ scene: UIScene) {
^~~~~~~
/Users/admin/builder/spi-builder-workspace/Sources/WWAppLifeCycleManager/Delegate/WWSceneDelegate.swift:105:43: error: cannot find type 'UIScene' in scope
func sceneDidEnterBackground(_ scene: UIScene) {
^~~~~~~
/Users/admin/builder/spi-builder-workspace/Sources/WWAppLifeCycleManager/Delegate/WWSceneDelegate.swift:110:25: error: cannot find type 'UIScene' in scope
func scene(_ scene: UIScene, continue userActivity: NSUserActivity) {
^~~~~~~
/Users/admin/builder/spi-builder-workspace/Sources/WWAppLifeCycleManager/Delegate/WWSceneDelegate.swift:115:25: error: cannot find type 'UIScene' in scope
func scene(_ scene: UIScene, openURLContexts URLContexts: Set<UIOpenURLContext>) {
^~~~~~~
/Users/admin/builder/spi-builder-workspace/Sources/WWAppLifeCycleManager/Delegate/WWSceneDelegate.swift:115:67: error: cannot find type 'UIOpenURLContext' in scope
func scene(_ scene: UIScene, openURLContexts URLContexts: Set<UIOpenURLContext>) {
^~~~~~~~~~~~~~~~
/Users/admin/builder/spi-builder-workspace/Sources/WWAppLifeCycleManager/WWAppLifeCycleManager.swift:106:48: error: cannot find type 'UIScene' in scope
func onSceneWillConnect(perform handler: ((UIScene, UIScene.ConnectionOptions) -> Void)?) -> Self {
^~~~~~~
/Users/admin/builder/spi-builder-workspace/Sources/WWAppLifeCycleManager/WWAppLifeCycleManager.swift:106:57: error: cannot find type 'UIScene' in scope
func onSceneWillConnect(perform handler: ((UIScene, UIScene.ConnectionOptions) -> Void)?) -> Self {
^~~~~~~
/Users/admin/builder/spi-builder-workspace/Sources/WWAppLifeCycleManager/WWAppLifeCycleManager.swift:120:67: error: cannot find type 'UIScene' in scope
func onScene(_ action: SceneConnectAction, perform handler: ((UIScene) -> Void)?) -> Self {
^~~~~~~
SwiftEmitModule normal arm64 Emitting\ module\ for\ WWAppLifeCycleManager (in target 'WWAppLifeCycleManager' from project 'WWAppLifeCycleManager')
Failed frontend command:
/Applications/Xcode-16.3.0.app/Contents/Developer/Toolchains/XcodeDefault.xctoolchain/usr/bin/swift-frontend -frontend -emit-module -experimental-skip-non-inlinable-function-bodies-without-types /Users/admin/builder/spi-builder-workspace/.derivedData/Build/Intermediates.noindex/WWAppLifeCycleManager.build/Debug-watchos/WWAppLifeCycleManager.build/DerivedSources/resource_bundle_accessor.swift /Users/admin/builder/spi-builder-workspace/Sources/WWAppLifeCycleManager/Delegate/WWAppDelegate.swift /Users/admin/builder/spi-builder-workspace/Sources/WWAppLifeCycleManager/Delegate/WWSceneDelegate.swift /Users/admin/builder/spi-builder-workspace/Sources/WWAppLifeCycleManager/Utility/Enum.swift /Users/admin/builder/spi-builder-workspace/Sources/WWAppLifeCycleManager/Utility/RemoteNotificationsAuthorization.swift /Users/admin/builder/spi-builder-workspace/Sources/WWAppLifeCycleManager/WWAppLifeCycleManager.swift -target arm64-apple-watchos10.0 -Xllvm -aarch64-use-tbi -enable-objc-interop -stack-check -sdk /Applications/Xcode-16.3.0.app/Contents/Developer/Platforms/WatchOS.platform/Developer/SDKs/WatchOS11.4.sdk -I /Users/admin/builder/spi-builder-workspace/.derivedData/Build/Products/Debug-watchos -I /Applications/Xcode-16.3.0.app/Contents/Developer/Platforms/WatchOS.platform/Developer/usr/lib -F /Users/admin/builder/spi-builder-workspace/.derivedData/Build/Products/Debug-watchos -F /Applications/Xcode-16.3.0.app/Contents/Developer/Platforms/WatchOS.platform/Developer/Library/Frameworks -F /Applications/Xcode-16.3.0.app/Contents/Developer/Platforms/WatchOS.platform/Developer/SDKs/WatchOS11.4.sdk/Developer/Library/Frameworks -no-color-diagnostics -enable-testing -g -debug-info-format\=dwarf -dwarf-version\=4 -module-cache-path /Users/admin/builder/spi-builder-workspace/.derivedData/ModuleCache.noindex -swift-version 5 -enforce-exclusivity\=checked -Onone -D SWIFT_PACKAGE -D DEBUG -D Xcode -serialize-debugging-options -const-gather-protocols-file /Users/admin/builder/spi-builder-workspace/.derivedData/Build/Intermediates.noindex/WWAppLifeCycleManager.build/Debug-watchos/WWAppLifeCycleManager.build/Objects-normal/arm64/WWAppLifeCycleManager_const_extract_protocols.json -enable-experimental-feature DebugDescriptionMacro -empty-abi-descriptor -plugin-path /Applications/Xcode-16.3.0.app/Contents/Developer/Toolchains/XcodeDefault.xctoolchain/usr/lib/swift/host/plugins/testing -validate-clang-modules-once -clang-build-session-file /Users/admin/builder/spi-builder-workspace/.derivedData/ModuleCache.noindex/Session.modulevalidation -Xcc -working-directory -Xcc /Users/admin/builder/spi-builder-workspace/.swiftpm/xcode -resource-dir /Applications/Xcode-16.3.0.app/Contents/Developer/Toolchains/XcodeDefault.xctoolchain/usr/lib/swift -enable-anonymous-context-mangled-names -file-compilation-dir /Users/admin/builder/spi-builder-workspace/.swiftpm/xcode -Xcc -ivfsstatcache -Xcc /Users/admin/builder/spi-builder-workspace/.derivedData/SDKStatCaches.noindex/watchos11.4-22T246-43efb940ff07ba2497b70ec94253f576.sdkstatcache -Xcc -I/Users/admin/builder/spi-builder-workspace/.derivedData/Build/Intermediates.noindex/WWAppLifeCycleManager.build/Debug-watchos/WWAppLifeCycleManager.build/swift-overrides.hmap -Xcc -I/Users/admin/builder/spi-builder-workspace/.derivedData/Build/Products/Debug-watchos/include -Xcc -I/Users/admin/builder/spi-builder-workspace/.derivedData/Build/Intermediates.noindex/WWAppLifeCycleManager.build/Debug-watchos/WWAppLifeCycleManager.build/DerivedSources-normal/arm64 -Xcc -I/Users/admin/builder/spi-builder-workspace/.derivedData/Build/Intermediates.noindex/WWAppLifeCycleManager.build/Debug-watchos/WWAppLifeCycleManager.build/DerivedSources/arm64 -Xcc -I/Users/admin/builder/spi-builder-workspace/.derivedData/Build/Intermediates.noindex/WWAppLifeCycleManager.build/Debug-watchos/WWAppLifeCycleManager.build/DerivedSources -Xcc -DSWIFT_PACKAGE -Xcc -DDEBUG\=1 -module-name WWAppLifeCycleManager -package-name spi_builder_workspace -frontend-parseable-output -disable-clang-spi -target-sdk-version 11.4 -target-sdk-name watchos11.4 -external-plugin-path /Applications/Xcode-16.3.0.app/Contents/Developer/Platforms/WatchOS.platform/Developer/usr/lib/swift/host/plugins\#/Applications/Xcode-16.3.0.app/Contents/Developer/Platforms/WatchOS.platform/Developer/usr/bin/swift-plugin-server -external-plugin-path /Applications/Xcode-16.3.0.app/Contents/Developer/Platforms/WatchOS.platform/Developer/usr/local/lib/swift/host/plugins\#/Applications/Xcode-16.3.0.app/Contents/Developer/Platforms/WatchOS.platform/Developer/usr/bin/swift-plugin-server -in-process-plugin-server-path /Applications/Xcode-16.3.0.app/Contents/Developer/Toolchains/XcodeDefault.xctoolchain/usr/lib/swift/host/libSwiftInProcPluginServer.dylib -plugin-path /Applications/Xcode-16.3.0.app/Contents/Developer/Toolchains/XcodeDefault.xctoolchain/usr/lib/swift/host/plugins -plugin-path /Applications/Xcode-16.3.0.app/Contents/Developer/Toolchains/XcodeDefault.xctoolchain/usr/local/lib/swift/host/plugins -emit-module-doc-path /Users/admin/builder/spi-builder-workspace/.derivedData/Build/Intermediates.noindex/WWAppLifeCycleManager.build/Debug-watchos/WWAppLifeCycleManager.build/Objects-normal/arm64/WWAppLifeCycleManager.swiftdoc -emit-module-source-info-path /Users/admin/builder/spi-builder-workspace/.derivedData/Build/Intermediates.noindex/WWAppLifeCycleManager.build/Debug-watchos/WWAppLifeCycleManager.build/Objects-normal/arm64/WWAppLifeCycleManager.swiftsourceinfo -emit-objc-header-path /Users/admin/builder/spi-builder-workspace/.derivedData/Build/Intermediates.noindex/WWAppLifeCycleManager.build/Debug-watchos/WWAppLifeCycleManager.build/Objects-normal/arm64/WWAppLifeCycleManager-Swift.h -serialize-diagnostics-path /Users/admin/builder/spi-builder-workspace/.derivedData/Build/Intermediates.noindex/WWAppLifeCycleManager.build/Debug-watchos/WWAppLifeCycleManager.build/Objects-normal/arm64/WWAppLifeCycleManager-master-emit-module.dia -emit-dependencies-path /Users/admin/builder/spi-builder-workspace/.derivedData/Build/Intermediates.noindex/WWAppLifeCycleManager.build/Debug-watchos/WWAppLifeCycleManager.build/Objects-normal/arm64/WWAppLifeCycleManager-master-emit-module.d -o /Users/admin/builder/spi-builder-workspace/.derivedData/Build/Intermediates.noindex/WWAppLifeCycleManager.build/Debug-watchos/WWAppLifeCycleManager.build/Objects-normal/arm64/WWAppLifeCycleManager.swiftmodule -emit-abi-descriptor-path /Users/admin/builder/spi-builder-workspace/.derivedData/Build/Intermediates.noindex/WWAppLifeCycleManager.build/Debug-watchos/WWAppLifeCycleManager.build/Objects-normal/arm64/WWAppLifeCycleManager.abi.json
EmitSwiftModule normal arm64 (in target 'WWAppLifeCycleManager' from project 'WWAppLifeCycleManager')
cd /Users/admin/builder/spi-builder-workspace/.swiftpm/xcode
/Users/admin/builder/spi-builder-workspace/Sources/WWAppLifeCycleManager/Delegate/WWAppDelegate.swift:13:45: error: cannot find type 'UIApplicationDelegate' in scope
final public class WWAppDelegate: NSObject, UIApplicationDelegate {
^~~~~~~~~~~~~~~~~~~~~
/Users/admin/builder/spi-builder-workspace/Sources/WWAppLifeCycleManager/Delegate/WWAppDelegate.swift:26:37: error: cannot find type 'UIApplication' in scope
func application(_ application: UIApplication, didFinishLaunchingWithOptions launchOptions: [UIApplication.LaunchOptionsKey: Any]? = nil) -> Bool {
^~~~~~~~~~~~~
/Users/admin/builder/spi-builder-workspace/Sources/WWAppLifeCycleManager/Delegate/WWAppDelegate.swift:26:98: error: cannot find type 'UIApplication' in scope
func application(_ application: UIApplication, didFinishLaunchingWithOptions launchOptions: [UIApplication.LaunchOptionsKey: Any]? = nil) -> Bool {
^~~~~~~~~~~~~
/Users/admin/builder/spi-builder-workspace/Sources/WWAppLifeCycleManager/Delegate/WWAppDelegate.swift:34:158: error: cannot find type 'UISceneConfiguration' in scope
func application(_ application: UIApplication, configurationForConnecting connectingSceneSession: UISceneSession, options: UIScene.ConnectionOptions) -> UISceneConfiguration {
^~~~~~~~~~~~~~~~~~~~
/Users/admin/builder/spi-builder-workspace/Sources/WWAppLifeCycleManager/Delegate/WWAppDelegate.swift:34:37: error: cannot find type 'UIApplication' in scope
func application(_ application: UIApplication, configurationForConnecting connectingSceneSession: UISceneSession, options: UIScene.ConnectionOptions) -> UISceneConfiguration {
^~~~~~~~~~~~~
/Users/admin/builder/spi-builder-workspace/Sources/WWAppLifeCycleManager/Delegate/WWAppDelegate.swift:34:103: error: cannot find type 'UISceneSession' in scope
func application(_ application: UIApplication, configurationForConnecting connectingSceneSession: UISceneSession, options: UIScene.ConnectionOptions) -> UISceneConfiguration {
^~~~~~~~~~~~~~
/Users/admin/builder/spi-builder-workspace/Sources/WWAppLifeCycleManager/Delegate/WWAppDelegate.swift:34:128: error: cannot find type 'UIScene' in scope
func application(_ application: UIApplication, configurationForConnecting connectingSceneSession: UISceneSession, options: UIScene.ConnectionOptions) -> UISceneConfiguration {
^~~~~~~
/Users/admin/builder/spi-builder-workspace/Sources/WWAppLifeCycleManager/Delegate/WWAppDelegate.swift:46:37: error: cannot find type 'UIApplication' in scope
func application(_ application: UIApplication, didRegisterForRemoteNotificationsWithDeviceToken deviceToken: Data) {
^~~~~~~~~~~~~
/Users/admin/builder/spi-builder-workspace/Sources/WWAppLifeCycleManager/Delegate/WWAppDelegate.swift:55:37: error: cannot find type 'UIApplication' in scope
func application(_ application: UIApplication, didFailToRegisterForRemoteNotificationsWithError error: Error) {
^~~~~~~~~~~~~
/Users/admin/builder/spi-builder-workspace/Sources/WWAppLifeCycleManager/Delegate/WWSceneDelegate.swift:12:40: error: cannot find type 'UIWindowSceneDelegate' in scope
final class WWSceneDelegate: NSObject, UIWindowSceneDelegate, UNUserNotificationCenterDelegate {
^~~~~~~~~~~~~~~~~~~~~
/Users/admin/builder/spi-builder-workspace/Sources/WWAppLifeCycleManager/Delegate/WWSceneDelegate.swift:25:38: error: cannot find type 'UIScene' in scope
public var onSceneWillConnect: ((UIScene, UIScene.ConnectionOptions) -> Void)?
^~~~~~~
/Users/admin/builder/spi-builder-workspace/Sources/WWAppLifeCycleManager/Delegate/WWSceneDelegate.swift:25:47: error: cannot find type 'UIScene' in scope
public var onSceneWillConnect: ((UIScene, UIScene.ConnectionOptions) -> Void)?
^~~~~~~
/Users/admin/builder/spi-builder-workspace/Sources/WWAppLifeCycleManager/Delegate/WWSceneDelegate.swift:26:37: error: cannot find type 'UIScene' in scope
public var onSceneDidConnect: ((UIScene) -> Void)?
^~~~~~~
/Users/admin/builder/spi-builder-workspace/Sources/WWAppLifeCycleManager/Delegate/WWSceneDelegate.swift:27:41: error: cannot find type 'UIScene' in scope
public var onSceneWillDisconnect: ((UIScene) -> Void)?
^~~~~~~
/Users/admin/builder/spi-builder-workspace/Sources/WWAppLifeCycleManager/Delegate/WWSceneDelegate.swift:28:40: error: cannot find type 'UIScene' in scope
public var onSceneDidDisconnect: ((UIScene) -> Void)?
^~~~~~~
/Users/admin/builder/spi-builder-workspace/Sources/WWAppLifeCycleManager/Delegate/WWSceneDelegate.swift:29:42: error: cannot find type 'UIScene' in scope
public var onSceneDidBecomeActive: ((UIScene) -> Void)?
^~~~~~~
/Users/admin/builder/spi-builder-workspace/Sources/WWAppLifeCycleManager/Delegate/WWSceneDelegate.swift:30:43: error: cannot find type 'UIScene' in scope
public var onSceneWillResignActive: ((UIScene) -> Void)?
^~~~~~~
/Users/admin/builder/spi-builder-workspace/Sources/WWAppLifeCycleManager/Delegate/WWSceneDelegate.swift:31:46: error: cannot find type 'UIScene' in scope
public var onSceneWillEnterForeground: ((UIScene) -> Void)?
^~~~~~~
/Users/admin/builder/spi-builder-workspace/Sources/WWAppLifeCycleManager/Delegate/WWSceneDelegate.swift:32:45: error: cannot find type 'UIScene' in scope
public var onSceneDidEnterBackground: ((UIScene) -> Void)?
^~~~~~~
/Users/admin/builder/spi-builder-workspace/Sources/WWAppLifeCycleManager/Delegate/WWSceneDelegate.swift:33:46: error: cannot find type 'UIScene' in scope
public var onSceneDidBecomeForeground: ((UIScene) -> Void)?
^~~~~~~
/Users/admin/builder/spi-builder-workspace/Sources/WWAppLifeCycleManager/Delegate/WWSceneDelegate.swift:53:25: error: cannot find type 'UIScene' in scope
func scene(_ scene: UIScene, willConnectTo session: UISceneSession, options connectionOptions: UIScene.ConnectionOptions) {
^~~~~~~
/Users/admin/builder/spi-builder-workspace/Sources/WWAppLifeCycleManager/Delegate/WWSceneDelegate.swift:53:57: error: cannot find type 'UISceneSession' in scope
func scene(_ scene: UIScene, willConnectTo session: UISceneSession, options connectionOptions: UIScene.ConnectionOptions) {
^~~~~~~~~~~~~~
/Users/admin/builder/spi-builder-workspace/Sources/WWAppLifeCycleManager/Delegate/WWSceneDelegate.swift:53:100: error: cannot find type 'UIScene' in scope
func scene(_ scene: UIScene, willConnectTo session: UISceneSession, options connectionOptions: UIScene.ConnectionOptions) {
^~~~~~~
/Users/admin/builder/spi-builder-workspace/Sources/WWAppLifeCycleManager/Delegate/WWSceneDelegate.swift:75:35: error: cannot find type 'UIScene' in scope
func sceneDidConnect(_ scene: UIScene) {
^~~~~~~
/Users/admin/builder/spi-builder-workspace/Sources/WWAppLifeCycleManager/Delegate/WWSceneDelegate.swift:80:25: error: cannot find type 'UIScene' in scope
func scene(_ scene: UIScene, willDisconnectFrom session: UISceneSession) {
^~~~~~~
/Users/admin/builder/spi-builder-workspace/Sources/WWAppLifeCycleManager/Delegate/WWSceneDelegate.swift:80:62: error: cannot find type 'UISceneSession' in scope
func scene(_ scene: UIScene, willDisconnectFrom session: UISceneSession) {
^~~~~~~~~~~~~~
/Users/admin/builder/spi-builder-workspace/Sources/WWAppLifeCycleManager/Delegate/WWSceneDelegate.swift:85:38: error: cannot find type 'UIScene' in scope
func sceneDidDisconnect(_ scene: UIScene) {
^~~~~~~
/Users/admin/builder/spi-builder-workspace/Sources/WWAppLifeCycleManager/Delegate/WWSceneDelegate.swift:90:40: error: cannot find type 'UIScene' in scope
func sceneDidBecomeActive(_ scene: UIScene) {
^~~~~~~
/Users/admin/builder/spi-builder-workspace/Sources/WWAppLifeCycleManager/Delegate/WWSceneDelegate.swift:95:41: error: cannot find type 'UIScene' in scope
func sceneWillResignActive(_ scene: UIScene) {
^~~~~~~
/Users/admin/builder/spi-builder-workspace/Sources/WWAppLifeCycleManager/Delegate/WWSceneDelegate.swift:100:44: error: cannot find type 'UIScene' in scope
func sceneWillEnterForeground(_ scene: UIScene) {
^~~~~~~
/Users/admin/builder/spi-builder-workspace/Sources/WWAppLifeCycleManager/Delegate/WWSceneDelegate.swift:105:43: error: cannot find type 'UIScene' in scope
func sceneDidEnterBackground(_ scene: UIScene) {
^~~~~~~
/Users/admin/builder/spi-builder-workspace/Sources/WWAppLifeCycleManager/Delegate/WWSceneDelegate.swift:110:25: error: cannot find type 'UIScene' in scope
func scene(_ scene: UIScene, continue userActivity: NSUserActivity) {
^~~~~~~
/Users/admin/builder/spi-builder-workspace/Sources/WWAppLifeCycleManager/Delegate/WWSceneDelegate.swift:115:25: error: cannot find type 'UIScene' in scope
func scene(_ scene: UIScene, openURLContexts URLContexts: Set<UIOpenURLContext>) {
^~~~~~~
/Users/admin/builder/spi-builder-workspace/Sources/WWAppLifeCycleManager/Delegate/WWSceneDelegate.swift:115:67: error: cannot find type 'UIOpenURLContext' in scope
func scene(_ scene: UIScene, openURLContexts URLContexts: Set<UIOpenURLContext>) {
^~~~~~~~~~~~~~~~
/Users/admin/builder/spi-builder-workspace/Sources/WWAppLifeCycleManager/WWAppLifeCycleManager.swift:106:48: error: cannot find type 'UIScene' in scope
func onSceneWillConnect(perform handler: ((UIScene, UIScene.ConnectionOptions) -> Void)?) -> Self {
^~~~~~~
/Users/admin/builder/spi-builder-workspace/Sources/WWAppLifeCycleManager/WWAppLifeCycleManager.swift:106:57: error: cannot find type 'UIScene' in scope
func onSceneWillConnect(perform handler: ((UIScene, UIScene.ConnectionOptions) -> Void)?) -> Self {
^~~~~~~
/Users/admin/builder/spi-builder-workspace/Sources/WWAppLifeCycleManager/WWAppLifeCycleManager.swift:120:67: error: cannot find type 'UIScene' in scope
func onScene(_ action: SceneConnectAction, perform handler: ((UIScene) -> Void)?) -> Self {
^~~~~~~
SwiftCompile normal arm64_32 Compiling\ RemoteNotificationsAuthorization.swift /Users/admin/builder/spi-builder-workspace/Sources/WWAppLifeCycleManager/Utility/RemoteNotificationsAuthorization.swift (in target 'WWAppLifeCycleManager' from project 'WWAppLifeCycleManager')
SwiftCompile normal arm64_32 /Users/admin/builder/spi-builder-workspace/Sources/WWAppLifeCycleManager/Utility/RemoteNotificationsAuthorization.swift (in target 'WWAppLifeCycleManager' from project 'WWAppLifeCycleManager')
cd /Users/admin/builder/spi-builder-workspace/.swiftpm/xcode
SwiftCompile normal arm64_32 Compiling\ resource_bundle_accessor.swift /Users/admin/builder/spi-builder-workspace/.derivedData/Build/Intermediates.noindex/WWAppLifeCycleManager.build/Debug-watchos/WWAppLifeCycleManager.build/DerivedSources/resource_bundle_accessor.swift (in target 'WWAppLifeCycleManager' from project 'WWAppLifeCycleManager')
SwiftCompile normal arm64_32 /Users/admin/builder/spi-builder-workspace/.derivedData/Build/Intermediates.noindex/WWAppLifeCycleManager.build/Debug-watchos/WWAppLifeCycleManager.build/DerivedSources/resource_bundle_accessor.swift (in target 'WWAppLifeCycleManager' from project 'WWAppLifeCycleManager')
cd /Users/admin/builder/spi-builder-workspace/.swiftpm/xcode
SwiftCompile normal arm64 Compiling\ WWAppLifeCycleManager.swift /Users/admin/builder/spi-builder-workspace/Sources/WWAppLifeCycleManager/WWAppLifeCycleManager.swift (in target 'WWAppLifeCycleManager' from project 'WWAppLifeCycleManager')
SwiftCompile normal arm64 /Users/admin/builder/spi-builder-workspace/Sources/WWAppLifeCycleManager/WWAppLifeCycleManager.swift (in target 'WWAppLifeCycleManager' from project 'WWAppLifeCycleManager')
cd /Users/admin/builder/spi-builder-workspace/.swiftpm/xcode
SwiftCompile normal arm64 Compiling\ resource_bundle_accessor.swift /Users/admin/builder/spi-builder-workspace/.derivedData/Build/Intermediates.noindex/WWAppLifeCycleManager.build/Debug-watchos/WWAppLifeCycleManager.build/DerivedSources/resource_bundle_accessor.swift (in target 'WWAppLifeCycleManager' from project 'WWAppLifeCycleManager')
SwiftCompile normal arm64 /Users/admin/builder/spi-builder-workspace/.derivedData/Build/Intermediates.noindex/WWAppLifeCycleManager.build/Debug-watchos/WWAppLifeCycleManager.build/DerivedSources/resource_bundle_accessor.swift (in target 'WWAppLifeCycleManager' from project 'WWAppLifeCycleManager')
cd /Users/admin/builder/spi-builder-workspace/.swiftpm/xcode
SwiftCompile normal arm64_32 Compiling\ WWAppLifeCycleManager.swift /Users/admin/builder/spi-builder-workspace/Sources/WWAppLifeCycleManager/WWAppLifeCycleManager.swift (in target 'WWAppLifeCycleManager' from project 'WWAppLifeCycleManager')
Command SwiftCompile failed with a nonzero exit code
** BUILD FAILED **
The following build commands failed:
SwiftEmitModule normal arm64_32 Emitting\ module\ for\ WWAppLifeCycleManager (in target 'WWAppLifeCycleManager' from project 'WWAppLifeCycleManager')
EmitSwiftModule normal arm64_32 (in target 'WWAppLifeCycleManager' from project 'WWAppLifeCycleManager')
SwiftEmitModule normal arm64 Emitting\ module\ for\ WWAppLifeCycleManager (in target 'WWAppLifeCycleManager' from project 'WWAppLifeCycleManager')
EmitSwiftModule normal arm64 (in target 'WWAppLifeCycleManager' from project 'WWAppLifeCycleManager')
SwiftCompile normal arm64_32 Compiling\ WWAppLifeCycleManager.swift /Users/admin/builder/spi-builder-workspace/Sources/WWAppLifeCycleManager/WWAppLifeCycleManager.swift (in target 'WWAppLifeCycleManager' from project 'WWAppLifeCycleManager')
Building workspace spi-builder-workspace with scheme WWAppLifeCycleManager
(6 failures)
BUILD FAILURE 6.1 watchOS