The Swift Package Index logo.Swift Package Index

Build Information

Failed to build SecurityExtensions, reference 4.0.1 (22a6b3), with Swift 6.4 for macOS (Xcode) using Xcode 27.0 on 17 Sep 2026 17:52:23 UTC.

Build Command

env DEVELOPER_DIR=/Applications/Xcode-27.0.0-Release.Candidate.app xcrun xcodebuild -IDEClonedSourcePackagesDirPathOverride=$PWD/.dependencies -skipMacroValidation -skipPackagePluginValidation -derivedDataPath $PWD/.derivedData build -scheme SecurityExtensions -destination platform=macOS,arch=arm64

Build Log

========================================
RunAll
========================================
Builder version: 5.1.0
Interrupt handler set up.
========================================
Checkout
========================================
Clone URL: https://github.com/svdo/swift-SecurityExtensions.git
Reference: 4.0.1
Initialized empty Git repository in /Users/admin/builder/spi-builder-workspace/.git/
From https://github.com/svdo/swift-SecurityExtensions
 * tag               4.0.1      -> FETCH_HEAD
HEAD is now at 22a6b3a Merge pull request #4 from skogland/master
Cloned https://github.com/svdo/swift-SecurityExtensions.git
Revision (git rev-parse @):
22a6b3ad4afae59e8dd33b0ccb45fa50cb1deab3
SUCCESS checkout https://github.com/svdo/swift-SecurityExtensions.git at 4.0.1
========================================
Build
========================================
Selected platform:         macosXcodebuild
Swift version:             6.4
Building package at path:  $PWD
https://github.com/svdo/swift-SecurityExtensions.git
Command line invocation:
    /Applications/Xcode-27.0.0-Release.Candidate.app/Contents/Developer/usr/bin/xcodebuild -IDEClonedSourcePackagesDirPathOverride=/Users/admin/builder/spi-builder-workspace/.dependencies -resolvePackageDependencies
Resolve Package Graph
Fetching from https://github.com/Quick/Quick
Fetching from https://github.com/iosdevzone/IDZSwiftCommonCrypto
Fetching from https://github.com/mattgallagher/CwlCatchException.git
Fetching from https://github.com/Quick/Nimble
Fetching from https://github.com/mattgallagher/CwlPreconditionTesting.git
Creating working copy of package ‘CwlPreconditionTesting’
Checking out 2.0.0 of package ‘CwlPreconditionTesting’
Creating working copy of package ‘IDZSwiftCommonCrypto’
Checking out 0.13.1 of package ‘IDZSwiftCommonCrypto’
Creating working copy of package ‘Quick’
Checking out 3.1.2 of package ‘Quick’
Creating working copy of package ‘CwlCatchException’
Checking out 2.0.0 of package ‘CwlCatchException’
Creating working copy of package ‘Nimble’
Checking out 9.0.0 of package ‘Nimble’
Resolved source packages:
  CwlPreconditionTesting: https://github.com/mattgallagher/CwlPreconditionTesting.git @ 2.0.0
  Quick: https://github.com/Quick/Quick @ 3.1.2
  CwlCatchException: https://github.com/mattgallagher/CwlCatchException.git @ 2.0.0
  IDZSwiftCommonCrypto: https://github.com/iosdevzone/IDZSwiftCommonCrypto @ 0.13.1
  Nimble: https://github.com/Quick/Nimble @ 9.0.0
resolved source packages: CwlPreconditionTesting, Quick, CwlCatchException, IDZSwiftCommonCrypto, Nimble
{
  "dependencies" : [
    {
      "identity" : "idzswiftcommoncrypto",
      "requirement" : {
        "range" : [
          {
            "lower_bound" : "0.13.1",
            "upper_bound" : "1.0.0"
          }
        ]
      },
      "type" : "sourceControl",
      "url" : "https://github.com/iosdevzone/IDZSwiftCommonCrypto"
    }
  ],
  "manifest_display_name" : "SecurityExtensions",
  "name" : "SecurityExtensions",
  "path" : "/Users/admin/builder/spi-builder-workspace",
  "platforms" : [
    {
      "name" : "macos",
      "version" : "10.14"
    },
    {
      "name" : "ios",
      "version" : "13.0"
    },
    {
      "name" : "tvos",
      "version" : "13.0"
    }
  ],
  "products" : [
    {
      "name" : "SecurityExtensions",
      "targets" : [
        "SecurityExtensions"
      ],
      "type" : {
        "library" : [
          "automatic"
        ]
      }
    }
  ],
  "targets" : [
    {
      "c99name" : "SecurityExtensions",
      "module_type" : "SwiftTarget",
      "name" : "SecurityExtensions",
      "path" : "SecurityExtensions",
      "product_dependencies" : [
        "IDZSwiftCommonCrypto"
      ],
      "product_memberships" : [
        "SecurityExtensions"
      ],
      "sources" : [
        "HexString.swift",
        "SecCertificate.swift",
        "SecIdentity+PrivateKey.swift",
        "SecIdentity.swift",
        "SecKey+Crypt.swift",
        "SecKey+KeyData.swift",
        "SecKey+KeyPair.swift",
        "SecKey+Keychain.swift",
        "SecKey+Signing.swift"
      ],
      "type" : "library"
    }
  ],
  "tools_version" : "5.3"
}
{
  "project" : {
    "configurations" : [
      "Debug",
      "Release"
    ],
    "name" : "SecurityExtensions",
    "schemes" : [
      "SecurityExtensions",
      "TestHost"
    ],
    "targets" : [
      "SecurityExtensions",
      "SecurityExtensionsTests",
      "TestHost"
    ]
  }
}
{
  "workspace" : {
    "name" : "SecurityExtensions",
    "schemes" : [
      "SecurityExtensions"
    ]
  }
}
2026-09-17 13:52:07.858 xcodebuild[909:5097] [MT] IDERunDestination: Supported platforms for the buildables in the current scheme is empty.
Running build ...
env DEVELOPER_DIR=/Applications/Xcode-27.0.0-Release.Candidate.app xcrun xcodebuild -IDEClonedSourcePackagesDirPathOverride=$PWD/.dependencies -skipMacroValidation -skipPackagePluginValidation -derivedDataPath $PWD/.derivedData build -scheme SecurityExtensions -destination platform=macOS,arch=arm64
Command line invocation:
    /Applications/Xcode-27.0.0-Release.Candidate.app/Contents/Developer/usr/bin/xcodebuild -IDEClonedSourcePackagesDirPathOverride=/Users/admin/builder/spi-builder-workspace/.dependencies -skipMacroValidation -skipPackagePluginValidation -derivedDataPath /Users/admin/builder/spi-builder-workspace/.derivedData build -scheme SecurityExtensions -destination platform=macOS,arch=arm64
Resolve Package Graph
Resolve Package Graph
Resolved source packages:
  SecurityExtensions: /Users/admin/builder/spi-builder-workspace
  IDZSwiftCommonCrypto: https://github.com/iosdevzone/IDZSwiftCommonCrypto @ 0.13.1
ComputePackagePrebuildTargetDependencyGraph
Prepare packages
CreateBuildRequest
SendProjectDescription
CreateBuildOperation
ComputeTargetDependencyGraph
note: Building targets in dependency order
note: Target dependency graph (4 targets)
    Target 'SecurityExtensions-product' in project 'SecurityExtensions'
        ➜ Explicit dependency on target 'SecurityExtensions' in project 'SecurityExtensions'
        ➜ Explicit dependency on target 'IDZSwiftCommonCrypto-product' in project 'IDZSwiftCommonCrypto'
    Target 'SecurityExtensions' in project 'SecurityExtensions'
        ➜ Explicit dependency on target 'IDZSwiftCommonCrypto-product' in project 'IDZSwiftCommonCrypto'
    Target 'IDZSwiftCommonCrypto-product' in project 'IDZSwiftCommonCrypto'
        ➜ Explicit dependency on target 'IDZSwiftCommonCrypto' in project 'IDZSwiftCommonCrypto'
    Target 'IDZSwiftCommonCrypto' in project 'IDZSwiftCommonCrypto' (no dependencies)
GatherProvisioningInputs
CreateBuildDescription
ExecuteExternalTool /Applications/Xcode-27.0.0-Release.Candidate.app/Contents/Developer/Toolchains/XcodeDefault.xctoolchain/usr/bin/clang -v -E -dM -isysroot /Applications/Xcode-27.0.0-Release.Candidate.app/Contents/Developer/Platforms/MacOSX.platform/Developer/SDKs/MacOSX27.0.sdk -x c -c /dev/null
ExecuteExternalTool /Applications/Xcode-27.0.0-Release.Candidate.app/Contents/Developer/Toolchains/XcodeDefault.xctoolchain/usr/bin/swiftc --version
ExecuteExternalTool /Applications/Xcode-27.0.0-Release.Candidate.app/Contents/Developer/Toolchains/XcodeDefault.xctoolchain/usr/bin/ld -version_details
Build description signature: 12ac7afb0613d5345c410b059d9f6f76
Build description path: /Users/admin/builder/spi-builder-workspace/.derivedData/Build/Intermediates.noindex/XCBuildData/12ac7afb0613d5345c410b059d9f6f76.xcbuilddata
CreateBuildDirectory /Users/admin/builder/spi-builder-workspace/.derivedData/SDKExplicitPrecompiledModules
    cd /Users/admin/builder/spi-builder-workspace/.swiftpm/xcode
    builtin-create-build-directory /Users/admin/builder/spi-builder-workspace/.derivedData/SDKExplicitPrecompiledModules
CreateBuildDirectory /Users/admin/builder/spi-builder-workspace/.derivedData/ModuleCache.noindex
    cd /Users/admin/builder/spi-builder-workspace/.swiftpm/xcode
    builtin-create-build-directory /Users/admin/builder/spi-builder-workspace/.derivedData/ModuleCache.noindex
CreateBuildDirectory /Users/admin/builder/spi-builder-workspace/.derivedData/CompilationCache.noindex
    cd /Users/admin/builder/spi-builder-workspace/.swiftpm/xcode
    builtin-create-build-directory /Users/admin/builder/spi-builder-workspace/.derivedData/CompilationCache.noindex
CreateBuildDirectory /Users/admin/builder/spi-builder-workspace/.derivedData/Build/Products
    cd /Users/admin/builder/spi-builder-workspace/.swiftpm/xcode
    builtin-create-build-directory /Users/admin/builder/spi-builder-workspace/.derivedData/Build/Products
CreateBuildDirectory /Users/admin/builder/spi-builder-workspace/.derivedData/Build/Intermediates.noindex
    cd /Users/admin/builder/spi-builder-workspace/.swiftpm/xcode
    builtin-create-build-directory /Users/admin/builder/spi-builder-workspace/.derivedData/Build/Intermediates.noindex
ClangStatCache /Applications/Xcode-27.0.0-Release.Candidate.app/Contents/Developer/Toolchains/XcodeDefault.xctoolchain/usr/bin/clang-stat-cache /Applications/Xcode-27.0.0-Release.Candidate.app/Contents/Developer/Platforms/MacOSX.platform/Developer/SDKs/MacOSX27.0.sdk /Users/admin/builder/spi-builder-workspace/.derivedData/SDKStatCaches.noindex/macosx27.0-26A425-e829b21a6f8c9b70876ba0858053c0446a22442a12e9d48fe1a705f55a1adfc4.sdkstatcache
    cd /Users/admin/builder/spi-builder-workspace/.swiftpm/xcode
    /Applications/Xcode-27.0.0-Release.Candidate.app/Contents/Developer/Toolchains/XcodeDefault.xctoolchain/usr/bin/clang-stat-cache /Applications/Xcode-27.0.0-Release.Candidate.app/Contents/Developer/Platforms/MacOSX.platform/Developer/SDKs/MacOSX27.0.sdk -o /Users/admin/builder/spi-builder-workspace/.derivedData/SDKStatCaches.noindex/macosx27.0-26A425-e829b21a6f8c9b70876ba0858053c0446a22442a12e9d48fe1a705f55a1adfc4.sdkstatcache
CreateBuildDirectory /Users/admin/builder/spi-builder-workspace/.derivedData/Build/Intermediates.noindex/SwiftExplicitPrecompiledModules
    cd /Users/admin/builder/spi-builder-workspace/.swiftpm/xcode
    builtin-create-build-directory /Users/admin/builder/spi-builder-workspace/.derivedData/Build/Intermediates.noindex/SwiftExplicitPrecompiledModules
CreateBuildDirectory /Users/admin/builder/spi-builder-workspace/.derivedData/Build/Intermediates.noindex/PrecompiledHeaders
    cd /Users/admin/builder/spi-builder-workspace/.swiftpm/xcode
    builtin-create-build-directory /Users/admin/builder/spi-builder-workspace/.derivedData/Build/Intermediates.noindex/PrecompiledHeaders
CreateBuildDirectory /Users/admin/builder/spi-builder-workspace/.derivedData/Build/Intermediates.noindex/ExplicitPrecompiledModules
    cd /Users/admin/builder/spi-builder-workspace/.swiftpm/xcode
    builtin-create-build-directory /Users/admin/builder/spi-builder-workspace/.derivedData/Build/Intermediates.noindex/ExplicitPrecompiledModules
CreateBuildDirectory /Users/admin/builder/spi-builder-workspace/.derivedData/Build/Products/Debug
    cd /Users/admin/builder/spi-builder-workspace/.swiftpm/xcode
    builtin-create-build-directory /Users/admin/builder/spi-builder-workspace/.derivedData/Build/Products/Debug
CreateBuildDirectory /Users/admin/builder/spi-builder-workspace/.derivedData/Build/Intermediates.noindex/EagerLinkingTBDs/Debug
    cd /Users/admin/builder/spi-builder-workspace/.swiftpm/xcode
    builtin-create-build-directory /Users/admin/builder/spi-builder-workspace/.derivedData/Build/Intermediates.noindex/EagerLinkingTBDs/Debug
CreateBuildDirectory /Users/admin/builder/spi-builder-workspace/.derivedData/Build/Products/Debug/PackageFrameworks
    cd /Users/admin/builder/spi-builder-workspace/.swiftpm/xcode
    builtin-create-build-directory /Users/admin/builder/spi-builder-workspace/.derivedData/Build/Products/Debug/PackageFrameworks
WriteAuxiliaryFile /Users/admin/builder/spi-builder-workspace/.derivedData/Build/Intermediates.noindex/SecurityExtensions.build/Debug/SecurityExtensions-t.build/SecurityExtensions.modulemap (in target 'SecurityExtensions' from project 'SecurityExtensions')
    cd /Users/admin/builder/spi-builder-workspace
    write-file /Users/admin/builder/spi-builder-workspace/.derivedData/Build/Intermediates.noindex/SecurityExtensions.build/Debug/SecurityExtensions-t.build/SecurityExtensions.modulemap
WriteAuxiliaryFile /Users/admin/builder/spi-builder-workspace/.derivedData/Build/Intermediates.noindex/SecurityExtensions.build/Debug/SecurityExtensions-t.build/SecurityExtensions.DependencyStaticMetadataFileList (in target 'SecurityExtensions' from project 'SecurityExtensions')
    cd /Users/admin/builder/spi-builder-workspace
    write-file /Users/admin/builder/spi-builder-workspace/.derivedData/Build/Intermediates.noindex/SecurityExtensions.build/Debug/SecurityExtensions-t.build/SecurityExtensions.DependencyStaticMetadataFileList
WriteAuxiliaryFile /Users/admin/builder/spi-builder-workspace/.derivedData/Build/Intermediates.noindex/SecurityExtensions.build/Debug/SecurityExtensions-t.build/SecurityExtensions.DependencyMetadataFileList (in target 'SecurityExtensions' from project 'SecurityExtensions')
    cd /Users/admin/builder/spi-builder-workspace
    write-file /Users/admin/builder/spi-builder-workspace/.derivedData/Build/Intermediates.noindex/SecurityExtensions.build/Debug/SecurityExtensions-t.build/SecurityExtensions.DependencyMetadataFileList
WriteAuxiliaryFile /Users/admin/builder/spi-builder-workspace/.derivedData/Build/Intermediates.noindex/SecurityExtensions.build/Debug/SecurityExtensions-t.build/Objects-normal/arm64/SecurityExtensions.SwiftConstValuesFileList (in target 'SecurityExtensions' from project 'SecurityExtensions')
    cd /Users/admin/builder/spi-builder-workspace
    write-file /Users/admin/builder/spi-builder-workspace/.derivedData/Build/Intermediates.noindex/SecurityExtensions.build/Debug/SecurityExtensions-t.build/Objects-normal/arm64/SecurityExtensions.SwiftConstValuesFileList
WriteAuxiliaryFile /Users/admin/builder/spi-builder-workspace/.derivedData/Build/Intermediates.noindex/SecurityExtensions.build/Debug/SecurityExtensions-t.build/Objects-normal/arm64/SecurityExtensions_const_extract_protocols.json (in target 'SecurityExtensions' from project 'SecurityExtensions')
    cd /Users/admin/builder/spi-builder-workspace
    write-file /Users/admin/builder/spi-builder-workspace/.derivedData/Build/Intermediates.noindex/SecurityExtensions.build/Debug/SecurityExtensions-t.build/Objects-normal/arm64/SecurityExtensions_const_extract_protocols.json
WriteAuxiliaryFile /Users/admin/builder/spi-builder-workspace/.derivedData/Build/Intermediates.noindex/SecurityExtensions.build/Debug/SecurityExtensions-t.build/Objects-normal/arm64/SecurityExtensions-OutputFileMap.json (in target 'SecurityExtensions' from project 'SecurityExtensions')
    cd /Users/admin/builder/spi-builder-workspace
    write-file /Users/admin/builder/spi-builder-workspace/.derivedData/Build/Intermediates.noindex/SecurityExtensions.build/Debug/SecurityExtensions-t.build/Objects-normal/arm64/SecurityExtensions-OutputFileMap.json
WriteAuxiliaryFile /Users/admin/builder/spi-builder-workspace/.derivedData/Build/Intermediates.noindex/SecurityExtensions.build/Debug/SecurityExtensions-t.build/Objects-normal/arm64/SecurityExtensions.LinkFileList (in target 'SecurityExtensions' from project 'SecurityExtensions')
    cd /Users/admin/builder/spi-builder-workspace
    write-file /Users/admin/builder/spi-builder-workspace/.derivedData/Build/Intermediates.noindex/SecurityExtensions.build/Debug/SecurityExtensions-t.build/Objects-normal/arm64/SecurityExtensions.LinkFileList
WriteAuxiliaryFile /Users/admin/builder/spi-builder-workspace/.derivedData/Build/Intermediates.noindex/SecurityExtensions.build/Debug/SecurityExtensions-t.build/Objects-normal/arm64/SecurityExtensions.SwiftFileList (in target 'SecurityExtensions' from project 'SecurityExtensions')
    cd /Users/admin/builder/spi-builder-workspace
    write-file /Users/admin/builder/spi-builder-workspace/.derivedData/Build/Intermediates.noindex/SecurityExtensions.build/Debug/SecurityExtensions-t.build/Objects-normal/arm64/SecurityExtensions.SwiftFileList
WriteAuxiliaryFile /Users/admin/builder/spi-builder-workspace/.derivedData/Build/Intermediates.noindex/IDZSwiftCommonCrypto.build/Debug/IDZSwiftCommonCrypto-t.build/Objects-normal/arm64/IDZSwiftCommonCrypto_const_extract_protocols.json (in target 'IDZSwiftCommonCrypto' from project 'IDZSwiftCommonCrypto')
    cd /Users/admin/builder/spi-builder-workspace/.dependencies/checkouts/IDZSwiftCommonCrypto
    write-file /Users/admin/builder/spi-builder-workspace/.derivedData/Build/Intermediates.noindex/IDZSwiftCommonCrypto.build/Debug/IDZSwiftCommonCrypto-t.build/Objects-normal/arm64/IDZSwiftCommonCrypto_const_extract_protocols.json
WriteAuxiliaryFile /Users/admin/builder/spi-builder-workspace/.derivedData/Build/Intermediates.noindex/IDZSwiftCommonCrypto.build/Debug/IDZSwiftCommonCrypto-t.build/Objects-normal/arm64/IDZSwiftCommonCrypto.SwiftFileList (in target 'IDZSwiftCommonCrypto' from project 'IDZSwiftCommonCrypto')
    cd /Users/admin/builder/spi-builder-workspace/.dependencies/checkouts/IDZSwiftCommonCrypto
    write-file /Users/admin/builder/spi-builder-workspace/.derivedData/Build/Intermediates.noindex/IDZSwiftCommonCrypto.build/Debug/IDZSwiftCommonCrypto-t.build/Objects-normal/arm64/IDZSwiftCommonCrypto.SwiftFileList
WriteAuxiliaryFile /Users/admin/builder/spi-builder-workspace/.derivedData/Build/Intermediates.noindex/IDZSwiftCommonCrypto.build/Debug/IDZSwiftCommonCrypto-t.build/Objects-normal/arm64/IDZSwiftCommonCrypto.SwiftConstValuesFileList (in target 'IDZSwiftCommonCrypto' from project 'IDZSwiftCommonCrypto')
    cd /Users/admin/builder/spi-builder-workspace/.dependencies/checkouts/IDZSwiftCommonCrypto
    write-file /Users/admin/builder/spi-builder-workspace/.derivedData/Build/Intermediates.noindex/IDZSwiftCommonCrypto.build/Debug/IDZSwiftCommonCrypto-t.build/Objects-normal/arm64/IDZSwiftCommonCrypto.SwiftConstValuesFileList
WriteAuxiliaryFile /Users/admin/builder/spi-builder-workspace/.derivedData/Build/Intermediates.noindex/IDZSwiftCommonCrypto.build/Debug/IDZSwiftCommonCrypto-t.build/Objects-normal/arm64/IDZSwiftCommonCrypto.LinkFileList (in target 'IDZSwiftCommonCrypto' from project 'IDZSwiftCommonCrypto')
    cd /Users/admin/builder/spi-builder-workspace/.dependencies/checkouts/IDZSwiftCommonCrypto
    write-file /Users/admin/builder/spi-builder-workspace/.derivedData/Build/Intermediates.noindex/IDZSwiftCommonCrypto.build/Debug/IDZSwiftCommonCrypto-t.build/Objects-normal/arm64/IDZSwiftCommonCrypto.LinkFileList
WriteAuxiliaryFile /Users/admin/builder/spi-builder-workspace/.derivedData/Build/Intermediates.noindex/IDZSwiftCommonCrypto.build/Debug/IDZSwiftCommonCrypto-t.build/IDZSwiftCommonCrypto.modulemap (in target 'IDZSwiftCommonCrypto' from project 'IDZSwiftCommonCrypto')
    cd /Users/admin/builder/spi-builder-workspace/.dependencies/checkouts/IDZSwiftCommonCrypto
    write-file /Users/admin/builder/spi-builder-workspace/.derivedData/Build/Intermediates.noindex/IDZSwiftCommonCrypto.build/Debug/IDZSwiftCommonCrypto-t.build/IDZSwiftCommonCrypto.modulemap
WriteAuxiliaryFile /Users/admin/builder/spi-builder-workspace/.derivedData/Build/Intermediates.noindex/IDZSwiftCommonCrypto.build/Debug/IDZSwiftCommonCrypto-t.build/Objects-normal/arm64/IDZSwiftCommonCrypto-OutputFileMap.json (in target 'IDZSwiftCommonCrypto' from project 'IDZSwiftCommonCrypto')
    cd /Users/admin/builder/spi-builder-workspace/.dependencies/checkouts/IDZSwiftCommonCrypto
    write-file /Users/admin/builder/spi-builder-workspace/.derivedData/Build/Intermediates.noindex/IDZSwiftCommonCrypto.build/Debug/IDZSwiftCommonCrypto-t.build/Objects-normal/arm64/IDZSwiftCommonCrypto-OutputFileMap.json
Copy /Users/admin/builder/spi-builder-workspace/.derivedData/Build/Intermediates.noindex/GeneratedModuleMaps/SecurityExtensions.modulemap /Users/admin/builder/spi-builder-workspace/.derivedData/Build/Intermediates.noindex/SecurityExtensions.build/Debug/SecurityExtensions-t.build/SecurityExtensions.modulemap (in target 'SecurityExtensions' from project 'SecurityExtensions')
    cd /Users/admin/builder/spi-builder-workspace
    builtin-copy -exclude .DS_Store -exclude CVS -exclude .svn -exclude .git -exclude .hg -resolve-src-symlinks /Users/admin/builder/spi-builder-workspace/.derivedData/Build/Intermediates.noindex/SecurityExtensions.build/Debug/SecurityExtensions-t.build/SecurityExtensions.modulemap /Users/admin/builder/spi-builder-workspace/.derivedData/Build/Intermediates.noindex/GeneratedModuleMaps
WriteAuxiliaryFile /Users/admin/builder/spi-builder-workspace/.derivedData/Build/Intermediates.noindex/IDZSwiftCommonCrypto.build/Debug/IDZSwiftCommonCrypto-t.build/IDZSwiftCommonCrypto.DependencyStaticMetadataFileList (in target 'IDZSwiftCommonCrypto' from project 'IDZSwiftCommonCrypto')
    cd /Users/admin/builder/spi-builder-workspace/.dependencies/checkouts/IDZSwiftCommonCrypto
    write-file /Users/admin/builder/spi-builder-workspace/.derivedData/Build/Intermediates.noindex/IDZSwiftCommonCrypto.build/Debug/IDZSwiftCommonCrypto-t.build/IDZSwiftCommonCrypto.DependencyStaticMetadataFileList
WriteAuxiliaryFile /Users/admin/builder/spi-builder-workspace/.derivedData/Build/Intermediates.noindex/IDZSwiftCommonCrypto.build/Debug/IDZSwiftCommonCrypto-t.build/IDZSwiftCommonCrypto.DependencyMetadataFileList (in target 'IDZSwiftCommonCrypto' from project 'IDZSwiftCommonCrypto')
    cd /Users/admin/builder/spi-builder-workspace/.dependencies/checkouts/IDZSwiftCommonCrypto
    write-file /Users/admin/builder/spi-builder-workspace/.derivedData/Build/Intermediates.noindex/IDZSwiftCommonCrypto.build/Debug/IDZSwiftCommonCrypto-t.build/IDZSwiftCommonCrypto.DependencyMetadataFileList
Copy /Users/admin/builder/spi-builder-workspace/.derivedData/Build/Intermediates.noindex/GeneratedModuleMaps/IDZSwiftCommonCrypto.modulemap /Users/admin/builder/spi-builder-workspace/.derivedData/Build/Intermediates.noindex/IDZSwiftCommonCrypto.build/Debug/IDZSwiftCommonCrypto-t.build/IDZSwiftCommonCrypto.modulemap (in target 'IDZSwiftCommonCrypto' from project 'IDZSwiftCommonCrypto')
    cd /Users/admin/builder/spi-builder-workspace/.dependencies/checkouts/IDZSwiftCommonCrypto
    builtin-copy -exclude .DS_Store -exclude CVS -exclude .svn -exclude .git -exclude .hg -resolve-src-symlinks /Users/admin/builder/spi-builder-workspace/.derivedData/Build/Intermediates.noindex/IDZSwiftCommonCrypto.build/Debug/IDZSwiftCommonCrypto-t.build/IDZSwiftCommonCrypto.modulemap /Users/admin/builder/spi-builder-workspace/.derivedData/Build/Intermediates.noindex/GeneratedModuleMaps
SwiftDriver IDZSwiftCommonCrypto normal arm64 com.apple.xcode.tools.swift.compiler (in target 'IDZSwiftCommonCrypto' from project 'IDZSwiftCommonCrypto')
    cd /Users/admin/builder/spi-builder-workspace/.swiftpm/xcode
    builtin-SwiftDriver -- /Applications/Xcode-27.0.0-Release.Candidate.app/Contents/Developer/Toolchains/XcodeDefault.xctoolchain/usr/bin/swiftc -parse-as-library -module-name IDZSwiftCommonCrypto -Onone @/Users/admin/builder/spi-builder-workspace/.derivedData/Build/Intermediates.noindex/IDZSwiftCommonCrypto.build/Debug/IDZSwiftCommonCrypto-t.build/Objects-normal/arm64/IDZSwiftCommonCrypto.SwiftFileList -DSWIFT_PACKAGE -DDEBUG -DSWIFT_MODULE_RESOURCE_BUNDLE_UNAVAILABLE -DXcode -plugin-path /Applications/Xcode-27.0.0-Release.Candidate.app/Contents/Developer/Toolchains/XcodeDefault.xctoolchain/usr/lib/swift/host/plugins/testing -enable-experimental-feature DebugDescriptionMacro -sdk /Applications/Xcode-27.0.0-Release.Candidate.app/Contents/Developer/Platforms/MacOSX.platform/Developer/SDKs/MacOSX27.0.sdk -target arm64-apple-macos12.0 -g -module-cache-path /Users/admin/builder/spi-builder-workspace/.derivedData/ModuleCache.noindex -Xfrontend -serialize-debugging-options -enable-testing -suppress-warnings -index-store-path /Users/admin/builder/spi-builder-workspace/.derivedData/Index.noindex/DataStore -Xcc -D_LIBCPP_HARDENING_MODE\=_LIBCPP_HARDENING_MODE_DEBUG -swift-version 5 -I /Users/admin/builder/spi-builder-workspace/.derivedData/Build/Products/Debug -Isystem /Applications/Xcode-27.0.0-Release.Candidate.app/Contents/Developer/Platforms/MacOSX.platform/Developer/usr/lib -F /Users/admin/builder/spi-builder-workspace/.derivedData/Build/Products/Debug -F /Applications/Xcode-27.0.0-Release.Candidate.app/Contents/Developer/Platforms/MacOSX.platform/Developer/Library/Frameworks -c -j10 -enable-batch-mode -incremental -Xcc -ivfsstatcache -Xcc /Users/admin/builder/spi-builder-workspace/.derivedData/SDKStatCaches.noindex/macosx27.0-26A425-e829b21a6f8c9b70876ba0858053c0446a22442a12e9d48fe1a705f55a1adfc4.sdkstatcache -output-file-map /Users/admin/builder/spi-builder-workspace/.derivedData/Build/Intermediates.noindex/IDZSwiftCommonCrypto.build/Debug/IDZSwiftCommonCrypto-t.build/Objects-normal/arm64/IDZSwiftCommonCrypto-OutputFileMap.json -save-temps -no-color-diagnostics -explicit-module-build -module-cache-path /Users/admin/builder/spi-builder-workspace/.derivedData/Build/Intermediates.noindex/SwiftExplicitPrecompiledModules -clang-scanner-module-cache-path /Users/admin/builder/spi-builder-workspace/.derivedData/ModuleCache.noindex -sdk-module-cache-path /Users/admin/builder/spi-builder-workspace/.derivedData/SDKExplicitPrecompiledModules -emit-dependencies -emit-module -emit-module-path /Users/admin/builder/spi-builder-workspace/.derivedData/Build/Intermediates.noindex/IDZSwiftCommonCrypto.build/Debug/IDZSwiftCommonCrypto-t.build/Objects-normal/arm64/IDZSwiftCommonCrypto.swiftmodule -serialize-diagnostics -dependency-scan-serialize-diagnostics-path /Users/admin/builder/spi-builder-workspace/.derivedData/Build/Intermediates.noindex/IDZSwiftCommonCrypto.build/Debug/IDZSwiftCommonCrypto-t.build/Objects-normal/arm64/IDZSwiftCommonCrypto-dependency-scan.dia -validate-clang-modules-once -clang-build-session-file /Users/admin/builder/spi-builder-workspace/.derivedData/ModuleCache.noindex/Session.modulevalidation -Xcc -fmodules-prune-interval\=86400 -Xcc -fmodules-prune-after\=345600 -emit-const-values -const-gather-protocols-list /Users/admin/builder/spi-builder-workspace/.derivedData/Build/Intermediates.noindex/IDZSwiftCommonCrypto.build/Debug/IDZSwiftCommonCrypto-t.build/Objects-normal/arm64/IDZSwiftCommonCrypto_const_extract_protocols.json -Xcc -I/Users/admin/builder/spi-builder-workspace/.derivedData/Build/Products/Debug/include -Xcc -I/Users/admin/builder/spi-builder-workspace/.derivedData/Build/Intermediates.noindex/IDZSwiftCommonCrypto.build/Debug/IDZSwiftCommonCrypto-t.build/DerivedSources-normal/arm64 -Xcc -I/Users/admin/builder/spi-builder-workspace/.derivedData/Build/Intermediates.noindex/IDZSwiftCommonCrypto.build/Debug/IDZSwiftCommonCrypto-t.build/DerivedSources/arm64 -Xcc -I/Users/admin/builder/spi-builder-workspace/.derivedData/Build/Intermediates.noindex/IDZSwiftCommonCrypto.build/Debug/IDZSwiftCommonCrypto-t.build/DerivedSources -Xcc -DSWIFT_PACKAGE -Xcc -DDEBUG\=1 -emit-objc-header -emit-objc-header-path /Users/admin/builder/spi-builder-workspace/.derivedData/Build/Intermediates.noindex/IDZSwiftCommonCrypto.build/Debug/IDZSwiftCommonCrypto-t.build/Objects-normal/arm64/IDZSwiftCommonCrypto-Swift.h -working-directory /Users/admin/builder/spi-builder-workspace/.swiftpm/xcode -experimental-emit-module-separately -disable-cmo
SwiftExplicitDependencyGeneratePcm arm64 /Users/admin/builder/spi-builder-workspace/.derivedData/SDKExplicitPrecompiledModules/ptrcheck-DHLCBWKPNUZOYTPJ1J3QVTCXK.pcm
SwiftExplicitDependencyGeneratePcm arm64 /Users/admin/builder/spi-builder-workspace/.derivedData/SDKExplicitPrecompiledModules/ptrauth-2W92ZJRLNJU99RJUQGGJG3OC3.pcm
SwiftExplicitDependencyGeneratePcm arm64 /Users/admin/builder/spi-builder-workspace/.derivedData/SDKExplicitPrecompiledModules/SwiftShims-C4V0DQ62WSTCYBYGILXXGQNO3.pcm
SwiftExplicitDependencyGeneratePcm arm64 /Users/admin/builder/spi-builder-workspace/.derivedData/SDKExplicitPrecompiledModules/_Builtin_float-105CRCDRP90FQCQO5ZX1LHV7H.pcm
SwiftExplicitDependencyGeneratePcm arm64 /Users/admin/builder/spi-builder-workspace/.derivedData/SDKExplicitPrecompiledModules/_SwiftConcurrencyShims-BLUUWKI6AGMD7TJ4RGYS7DP6T.pcm
SwiftExplicitDependencyGeneratePcm arm64 /Users/admin/builder/spi-builder-workspace/.derivedData/SDKExplicitPrecompiledModules/_AvailabilityInternal-CJTV5E7EL3MWRA437DUFPBVN2.pcm
SwiftExplicitDependencyGeneratePcm arm64 /Users/admin/builder/spi-builder-workspace/.derivedData/SDKExplicitPrecompiledModules/_Builtin_stddef-3GI9GOKXSW3QCTFOI1USFLDZO.pcm
SwiftExplicitDependencyGeneratePcm arm64 /Users/admin/builder/spi-builder-workspace/.derivedData/SDKExplicitPrecompiledModules/_Builtin_stdarg-7CFWA9OSW5N24E7PG4ZOCF1VH.pcm
SwiftExplicitDependencyGeneratePcm arm64 /Users/admin/builder/spi-builder-workspace/.derivedData/SDKExplicitPrecompiledModules/_Builtin_stdbool-KYV2HKP8IKLKMKQS9DGA2GUQ.pcm
SwiftExplicitDependencyGeneratePcm arm64 /Users/admin/builder/spi-builder-workspace/.derivedData/SDKExplicitPrecompiledModules/_DarwinFoundation1-7PRJIG163YE9KSKYA3BS35ZZP.pcm
SwiftExplicitDependencyGeneratePcm arm64 /Users/admin/builder/spi-builder-workspace/.derivedData/SDKExplicitPrecompiledModules/_DarwinFoundation2-94WUUGE4H5R03OWXE0QFZX1DN.pcm
SwiftExplicitDependencyGeneratePcm arm64 /Users/admin/builder/spi-builder-workspace/.derivedData/SDKExplicitPrecompiledModules/_Builtin_limits-AXGUGXBFPC0I7QDLJFB0K341Y.pcm
SwiftExplicitDependencyGeneratePcm arm64 /Users/admin/builder/spi-builder-workspace/.derivedData/SDKExplicitPrecompiledModules/string_h-10WPXBF3YFYMX5HUAW06LSABR.pcm
SwiftExplicitDependencyGeneratePcm arm64 /Users/admin/builder/spi-builder-workspace/.derivedData/SDKExplicitPrecompiledModules/sys_types-F4RNCN6UR5R5OWTLTOUM7TN3E.pcm
SwiftExplicitDependencyGeneratePcm arm64 /Users/admin/builder/spi-builder-workspace/.derivedData/SDKExplicitPrecompiledModules/_Builtin_stdint-22CBBOK8BNSF0UELDCAXSHGB.pcm
SwiftExplicitDependencyGeneratePcm arm64 /Users/admin/builder/spi-builder-workspace/.derivedData/SDKExplicitPrecompiledModules/libDER-5RCYOD0PCUUY2UGMBNE9LI8N9.pcm
SwiftExplicitDependencyGeneratePcm arm64 /Users/admin/builder/spi-builder-workspace/.derivedData/SDKExplicitPrecompiledModules/_DarwinFoundation3-32PO5Q4RCB6WXH5VFO3HA3AVS.pcm
SwiftExplicitDependencyGeneratePcm arm64 /Users/admin/builder/spi-builder-workspace/.derivedData/SDKExplicitPrecompiledModules/_Builtin_inttypes-1U6AP9A8AJ4G9WD98E9RHLGTJ.pcm
SwiftExplicitDependencyGeneratePcm arm64 /Users/admin/builder/spi-builder-workspace/.derivedData/SDKExplicitPrecompiledModules/CommonCrypto-4VT0ZQ0T25ABPC98A7DOL9WXB.pcm
SwiftExplicitDependencyGeneratePcm arm64 /Users/admin/builder/spi-builder-workspace/.derivedData/SDKExplicitPrecompiledModules/Darwin-1RAAWNGKQM8YGHV0YJNNN5YDY.pcm
SwiftExplicitDependencyGeneratePcm arm64 /Users/admin/builder/spi-builder-workspace/.derivedData/SDKExplicitPrecompiledModules/MachO-AWTJ65TFR7TMST2NUE6ZCC1SL.pcm
SwiftExplicitDependencyGeneratePcm arm64 /Users/admin/builder/spi-builder-workspace/.derivedData/SDKExplicitPrecompiledModules/launch-2XAORMJNLLVS0OVKC1M0752GY.pcm
SwiftExplicitDependencyGeneratePcm arm64 /Users/admin/builder/spi-builder-workspace/.derivedData/SDKExplicitPrecompiledModules/libkern-22MDXN9G35RPO3OLKX9B2PN16.pcm
SwiftExplicitDependencyGeneratePcm arm64 /Users/admin/builder/spi-builder-workspace/.derivedData/SDKExplicitPrecompiledModules/ObjectiveC-B89IQP2TC4CFSWOUMTUZRI1VZ.pcm
SwiftExplicitDependencyGeneratePcm arm64 /Users/admin/builder/spi-builder-workspace/.derivedData/SDKExplicitPrecompiledModules/os_object-3KLCCI03OX6OQTLJ92KQH2KIO.pcm
SwiftExplicitDependencyGeneratePcm arm64 /Users/admin/builder/spi-builder-workspace/.derivedData/SDKExplicitPrecompiledModules/os_workgroup-10SJ5M8R2OB4BG1TPFL9SZMKV.pcm
SwiftExplicitDependencyGeneratePcm arm64 /Users/admin/builder/spi-builder-workspace/.derivedData/SDKExplicitPrecompiledModules/Dispatch-NAMWF9KN29KC7Z5OS3TTTAE8.pcm
SwiftExplicitDependencyGeneratePcm arm64 /Users/admin/builder/spi-builder-workspace/.derivedData/SDKExplicitPrecompiledModules/XPC-E1MSAZG4ZNL24S2WK6K6Y7GWW.pcm
SwiftExplicitDependencyGeneratePcm arm64 /Users/admin/builder/spi-builder-workspace/.derivedData/SDKExplicitPrecompiledModules/CoreFoundation-4ZIITQ30SOGUQE8KJAB99ZV0Q.pcm
SwiftExplicitDependencyGeneratePcm arm64 /Users/admin/builder/spi-builder-workspace/.derivedData/SDKExplicitPrecompiledModules/Security-ESPJ7FP0YAY1EL3VXBGY9MCZ8.pcm
SwiftExplicitDependencyGeneratePcm arm64 /Users/admin/builder/spi-builder-workspace/.derivedData/SDKExplicitPrecompiledModules/CFNetwork-CVHS5CT20191MFYXQIEDWSRGJ.pcm
SwiftExplicitDependencyGeneratePcm arm64 /Users/admin/builder/spi-builder-workspace/.derivedData/SDKExplicitPrecompiledModules/IOKit-6H3X691EDBH124EYTC2PEOP5T.pcm
SwiftExplicitDependencyGeneratePcm arm64 /Users/admin/builder/spi-builder-workspace/.derivedData/SDKExplicitPrecompiledModules/DiskArbitration-ZNZZU7T0SYELB0DAR56WQF0R.pcm
SwiftExplicitDependencyGeneratePcm arm64 /Users/admin/builder/spi-builder-workspace/.derivedData/SDKExplicitPrecompiledModules/CoreServices-CGCGY0FOMEQGSNMO3HQSC09XU.pcm
SwiftExplicitDependencyGeneratePcm arm64 /Users/admin/builder/spi-builder-workspace/.derivedData/SDKExplicitPrecompiledModules/Foundation-44WR0NU86C67CV5BW8W1MGKNG.pcm
SwiftEmitModule normal arm64 Emitting\ module\ for\ IDZSwiftCommonCrypto (in target 'IDZSwiftCommonCrypto' from project 'IDZSwiftCommonCrypto')
SwiftCompile normal arm64 (in target 'IDZSwiftCommonCrypto' from project 'IDZSwiftCommonCrypto')
    cd /Users/admin/builder/spi-builder-workspace/.swiftpm/xcode

SwiftCompile normal arm64 Compiling\ Updateable.swift /Users/admin/builder/spi-builder-workspace/.dependencies/checkouts/IDZSwiftCommonCrypto/IDZSwiftCommonCrypto/Updateable.swift (in target 'IDZSwiftCommonCrypto' from project 'IDZSwiftCommonCrypto')
SwiftCompile normal arm64 /Users/admin/builder/spi-builder-workspace/.dependencies/checkouts/IDZSwiftCommonCrypto/IDZSwiftCommonCrypto/Updateable.swift (in target 'IDZSwiftCommonCrypto' from project 'IDZSwiftCommonCrypto')
    cd /Users/admin/builder/spi-builder-workspace/.swiftpm/xcode
    builtin-SwiftPerFileCompile Updateable.swift
SwiftCompile normal arm64 Compiling\ KeyDerivation.swift /Users/admin/builder/spi-builder-workspace/.dependencies/checkouts/IDZSwiftCommonCrypto/IDZSwiftCommonCrypto/KeyDerivation.swift (in target 'IDZSwiftCommonCrypto' from project 'IDZSwiftCommonCrypto')
SwiftCompile normal arm64 /Users/admin/builder/spi-builder-workspace/.dependencies/checkouts/IDZSwiftCommonCrypto/IDZSwiftCommonCrypto/KeyDerivation.swift (in target 'IDZSwiftCommonCrypto' from project 'IDZSwiftCommonCrypto')
    cd /Users/admin/builder/spi-builder-workspace/.swiftpm/xcode
    builtin-SwiftPerFileCompile KeyDerivation.swift
SwiftCompile normal arm64 Compiling\ Random.swift /Users/admin/builder/spi-builder-workspace/.dependencies/checkouts/IDZSwiftCommonCrypto/IDZSwiftCommonCrypto/Random.swift (in target 'IDZSwiftCommonCrypto' from project 'IDZSwiftCommonCrypto')
SwiftCompile normal arm64 /Users/admin/builder/spi-builder-workspace/.dependencies/checkouts/IDZSwiftCommonCrypto/IDZSwiftCommonCrypto/Random.swift (in target 'IDZSwiftCommonCrypto' from project 'IDZSwiftCommonCrypto')
    cd /Users/admin/builder/spi-builder-workspace/.swiftpm/xcode
    builtin-SwiftPerFileCompile Random.swift
SwiftCompile normal arm64 Compiling\ HMAC.swift /Users/admin/builder/spi-builder-workspace/.dependencies/checkouts/IDZSwiftCommonCrypto/IDZSwiftCommonCrypto/HMAC.swift (in target 'IDZSwiftCommonCrypto' from project 'IDZSwiftCommonCrypto')
SwiftCompile normal arm64 /Users/admin/builder/spi-builder-workspace/.dependencies/checkouts/IDZSwiftCommonCrypto/IDZSwiftCommonCrypto/HMAC.swift (in target 'IDZSwiftCommonCrypto' from project 'IDZSwiftCommonCrypto')
    cd /Users/admin/builder/spi-builder-workspace/.swiftpm/xcode
    builtin-SwiftPerFileCompile HMAC.swift
SwiftCompile normal arm64 Compiling\ Status.swift /Users/admin/builder/spi-builder-workspace/.dependencies/checkouts/IDZSwiftCommonCrypto/IDZSwiftCommonCrypto/Status.swift (in target 'IDZSwiftCommonCrypto' from project 'IDZSwiftCommonCrypto')
SwiftCompile normal arm64 /Users/admin/builder/spi-builder-workspace/.dependencies/checkouts/IDZSwiftCommonCrypto/IDZSwiftCommonCrypto/Status.swift (in target 'IDZSwiftCommonCrypto' from project 'IDZSwiftCommonCrypto')
    cd /Users/admin/builder/spi-builder-workspace/.swiftpm/xcode
    builtin-SwiftPerFileCompile Status.swift
SwiftCompile normal arm64 Compiling\ Cryptor.swift /Users/admin/builder/spi-builder-workspace/.dependencies/checkouts/IDZSwiftCommonCrypto/IDZSwiftCommonCrypto/Cryptor.swift (in target 'IDZSwiftCommonCrypto' from project 'IDZSwiftCommonCrypto')
SwiftCompile normal arm64 /Users/admin/builder/spi-builder-workspace/.dependencies/checkouts/IDZSwiftCommonCrypto/IDZSwiftCommonCrypto/Cryptor.swift (in target 'IDZSwiftCommonCrypto' from project 'IDZSwiftCommonCrypto')
    cd /Users/admin/builder/spi-builder-workspace/.swiftpm/xcode
    builtin-SwiftPerFileCompile Cryptor.swift
SwiftCompile normal arm64 Compiling\ StreamCryptor.swift /Users/admin/builder/spi-builder-workspace/.dependencies/checkouts/IDZSwiftCommonCrypto/IDZSwiftCommonCrypto/StreamCryptor.swift (in target 'IDZSwiftCommonCrypto' from project 'IDZSwiftCommonCrypto')
SwiftCompile normal arm64 /Users/admin/builder/spi-builder-workspace/.dependencies/checkouts/IDZSwiftCommonCrypto/IDZSwiftCommonCrypto/StreamCryptor.swift (in target 'IDZSwiftCommonCrypto' from project 'IDZSwiftCommonCrypto')
    cd /Users/admin/builder/spi-builder-workspace/.swiftpm/xcode
    builtin-SwiftPerFileCompile StreamCryptor.swift
SwiftCompile normal arm64 Compiling\ Utilities.swift /Users/admin/builder/spi-builder-workspace/.dependencies/checkouts/IDZSwiftCommonCrypto/IDZSwiftCommonCrypto/Utilities.swift (in target 'IDZSwiftCommonCrypto' from project 'IDZSwiftCommonCrypto')
SwiftCompile normal arm64 /Users/admin/builder/spi-builder-workspace/.dependencies/checkouts/IDZSwiftCommonCrypto/IDZSwiftCommonCrypto/Utilities.swift (in target 'IDZSwiftCommonCrypto' from project 'IDZSwiftCommonCrypto')
    cd /Users/admin/builder/spi-builder-workspace/.swiftpm/xcode
    builtin-SwiftPerFileCompile Utilities.swift
SwiftCompile normal arm64 Compiling\ Crypto.swift /Users/admin/builder/spi-builder-workspace/.dependencies/checkouts/IDZSwiftCommonCrypto/IDZSwiftCommonCrypto/Crypto.swift (in target 'IDZSwiftCommonCrypto' from project 'IDZSwiftCommonCrypto')
SwiftCompile normal arm64 /Users/admin/builder/spi-builder-workspace/.dependencies/checkouts/IDZSwiftCommonCrypto/IDZSwiftCommonCrypto/Crypto.swift (in target 'IDZSwiftCommonCrypto' from project 'IDZSwiftCommonCrypto')
    cd /Users/admin/builder/spi-builder-workspace/.swiftpm/xcode
    builtin-SwiftPerFileCompile Crypto.swift
SwiftCompile normal arm64 Compiling\ Digest.swift /Users/admin/builder/spi-builder-workspace/.dependencies/checkouts/IDZSwiftCommonCrypto/IDZSwiftCommonCrypto/Digest.swift (in target 'IDZSwiftCommonCrypto' from project 'IDZSwiftCommonCrypto')
SwiftCompile normal arm64 /Users/admin/builder/spi-builder-workspace/.dependencies/checkouts/IDZSwiftCommonCrypto/IDZSwiftCommonCrypto/Digest.swift (in target 'IDZSwiftCommonCrypto' from project 'IDZSwiftCommonCrypto')
    cd /Users/admin/builder/spi-builder-workspace/.swiftpm/xcode
    builtin-SwiftPerFileCompile Digest.swift
SwiftDriverJobDiscovery normal arm64 Emitting module for IDZSwiftCommonCrypto (in target 'IDZSwiftCommonCrypto' from project 'IDZSwiftCommonCrypto')
SwiftDriver\ Compilation\ Requirements IDZSwiftCommonCrypto normal arm64 com.apple.xcode.tools.swift.compiler (in target 'IDZSwiftCommonCrypto' from project 'IDZSwiftCommonCrypto')
    cd /Users/admin/builder/spi-builder-workspace/.swiftpm/xcode
    builtin-Swift-Compilation-Requirements -- /Applications/Xcode-27.0.0-Release.Candidate.app/Contents/Developer/Toolchains/XcodeDefault.xctoolchain/usr/bin/swiftc -parse-as-library -module-name IDZSwiftCommonCrypto -Onone @/Users/admin/builder/spi-builder-workspace/.derivedData/Build/Intermediates.noindex/IDZSwiftCommonCrypto.build/Debug/IDZSwiftCommonCrypto-t.build/Objects-normal/arm64/IDZSwiftCommonCrypto.SwiftFileList -DSWIFT_PACKAGE -DDEBUG -DSWIFT_MODULE_RESOURCE_BUNDLE_UNAVAILABLE -DXcode -plugin-path /Applications/Xcode-27.0.0-Release.Candidate.app/Contents/Developer/Toolchains/XcodeDefault.xctoolchain/usr/lib/swift/host/plugins/testing -enable-experimental-feature DebugDescriptionMacro -sdk /Applications/Xcode-27.0.0-Release.Candidate.app/Contents/Developer/Platforms/MacOSX.platform/Developer/SDKs/MacOSX27.0.sdk -target arm64-apple-macos12.0 -g -module-cache-path /Users/admin/builder/spi-builder-workspace/.derivedData/ModuleCache.noindex -Xfrontend -serialize-debugging-options -enable-testing -suppress-warnings -index-store-path /Users/admin/builder/spi-builder-workspace/.derivedData/Index.noindex/DataStore -Xcc -D_LIBCPP_HARDENING_MODE\=_LIBCPP_HARDENING_MODE_DEBUG -swift-version 5 -I /Users/admin/builder/spi-builder-workspace/.derivedData/Build/Products/Debug -Isystem /Applications/Xcode-27.0.0-Release.Candidate.app/Contents/Developer/Platforms/MacOSX.platform/Developer/usr/lib -F /Users/admin/builder/spi-builder-workspace/.derivedData/Build/Products/Debug -F /Applications/Xcode-27.0.0-Release.Candidate.app/Contents/Developer/Platforms/MacOSX.platform/Developer/Library/Frameworks -c -j10 -enable-batch-mode -incremental -Xcc -ivfsstatcache -Xcc /Users/admin/builder/spi-builder-workspace/.derivedData/SDKStatCaches.noindex/macosx27.0-26A425-e829b21a6f8c9b70876ba0858053c0446a22442a12e9d48fe1a705f55a1adfc4.sdkstatcache -output-file-map /Users/admin/builder/spi-builder-workspace/.derivedData/Build/Intermediates.noindex/IDZSwiftCommonCrypto.build/Debug/IDZSwiftCommonCrypto-t.build/Objects-normal/arm64/IDZSwiftCommonCrypto-OutputFileMap.json -save-temps -no-color-diagnostics -explicit-module-build -module-cache-path /Users/admin/builder/spi-builder-workspace/.derivedData/Build/Intermediates.noindex/SwiftExplicitPrecompiledModules -clang-scanner-module-cache-path /Users/admin/builder/spi-builder-workspace/.derivedData/ModuleCache.noindex -sdk-module-cache-path /Users/admin/builder/spi-builder-workspace/.derivedData/SDKExplicitPrecompiledModules -emit-dependencies -emit-module -emit-module-path /Users/admin/builder/spi-builder-workspace/.derivedData/Build/Intermediates.noindex/IDZSwiftCommonCrypto.build/Debug/IDZSwiftCommonCrypto-t.build/Objects-normal/arm64/IDZSwiftCommonCrypto.swiftmodule -serialize-diagnostics -dependency-scan-serialize-diagnostics-path /Users/admin/builder/spi-builder-workspace/.derivedData/Build/Intermediates.noindex/IDZSwiftCommonCrypto.build/Debug/IDZSwiftCommonCrypto-t.build/Objects-normal/arm64/IDZSwiftCommonCrypto-dependency-scan.dia -validate-clang-modules-once -clang-build-session-file /Users/admin/builder/spi-builder-workspace/.derivedData/ModuleCache.noindex/Session.modulevalidation -Xcc -fmodules-prune-interval\=86400 -Xcc -fmodules-prune-after\=345600 -emit-const-values -const-gather-protocols-list /Users/admin/builder/spi-builder-workspace/.derivedData/Build/Intermediates.noindex/IDZSwiftCommonCrypto.build/Debug/IDZSwiftCommonCrypto-t.build/Objects-normal/arm64/IDZSwiftCommonCrypto_const_extract_protocols.json -Xcc -I/Users/admin/builder/spi-builder-workspace/.derivedData/Build/Products/Debug/include -Xcc -I/Users/admin/builder/spi-builder-workspace/.derivedData/Build/Intermediates.noindex/IDZSwiftCommonCrypto.build/Debug/IDZSwiftCommonCrypto-t.build/DerivedSources-normal/arm64 -Xcc -I/Users/admin/builder/spi-builder-workspace/.derivedData/Build/Intermediates.noindex/IDZSwiftCommonCrypto.build/Debug/IDZSwiftCommonCrypto-t.build/DerivedSources/arm64 -Xcc -I/Users/admin/builder/spi-builder-workspace/.derivedData/Build/Intermediates.noindex/IDZSwiftCommonCrypto.build/Debug/IDZSwiftCommonCrypto-t.build/DerivedSources -Xcc -DSWIFT_PACKAGE -Xcc -DDEBUG\=1 -emit-objc-header -emit-objc-header-path /Users/admin/builder/spi-builder-workspace/.derivedData/Build/Intermediates.noindex/IDZSwiftCommonCrypto.build/Debug/IDZSwiftCommonCrypto-t.build/Objects-normal/arm64/IDZSwiftCommonCrypto-Swift.h -working-directory /Users/admin/builder/spi-builder-workspace/.swiftpm/xcode -experimental-emit-module-separately -disable-cmo
SwiftDriverJobDiscovery normal arm64 Compiling Updateable.swift (in target 'IDZSwiftCommonCrypto' from project 'IDZSwiftCommonCrypto')
SwiftDriverJobDiscovery normal arm64 Compiling Random.swift (in target 'IDZSwiftCommonCrypto' from project 'IDZSwiftCommonCrypto')
SwiftDriverJobDiscovery normal arm64 Compiling Crypto.swift (in target 'IDZSwiftCommonCrypto' from project 'IDZSwiftCommonCrypto')
SwiftDriverJobDiscovery normal arm64 Compiling Cryptor.swift (in target 'IDZSwiftCommonCrypto' from project 'IDZSwiftCommonCrypto')
SwiftDriverJobDiscovery normal arm64 Compiling Status.swift (in target 'IDZSwiftCommonCrypto' from project 'IDZSwiftCommonCrypto')
SwiftDriverJobDiscovery normal arm64 Compiling KeyDerivation.swift (in target 'IDZSwiftCommonCrypto' from project 'IDZSwiftCommonCrypto')
SwiftMergeGeneratedHeaders /Users/admin/builder/spi-builder-workspace/.derivedData/Build/Intermediates.noindex/GeneratedModuleMaps/IDZSwiftCommonCrypto-Swift.h /Users/admin/builder/spi-builder-workspace/.derivedData/Build/Intermediates.noindex/IDZSwiftCommonCrypto.build/Debug/IDZSwiftCommonCrypto-t.build/Objects-normal/arm64/IDZSwiftCommonCrypto-Swift.h (in target 'IDZSwiftCommonCrypto' from project 'IDZSwiftCommonCrypto')
    cd /Users/admin/builder/spi-builder-workspace/.dependencies/checkouts/IDZSwiftCommonCrypto
    builtin-swiftHeaderTool -arch arm64 /Users/admin/builder/spi-builder-workspace/.derivedData/Build/Intermediates.noindex/IDZSwiftCommonCrypto.build/Debug/IDZSwiftCommonCrypto-t.build/Objects-normal/arm64/IDZSwiftCommonCrypto-Swift.h -o /Users/admin/builder/spi-builder-workspace/.derivedData/Build/Intermediates.noindex/GeneratedModuleMaps/IDZSwiftCommonCrypto-Swift.h
Copy /Users/admin/builder/spi-builder-workspace/.derivedData/Build/Products/Debug/IDZSwiftCommonCrypto.swiftmodule/arm64-apple-macos.swiftmodule /Users/admin/builder/spi-builder-workspace/.derivedData/Build/Intermediates.noindex/IDZSwiftCommonCrypto.build/Debug/IDZSwiftCommonCrypto-t.build/Objects-normal/arm64/IDZSwiftCommonCrypto.swiftmodule (in target 'IDZSwiftCommonCrypto' from project 'IDZSwiftCommonCrypto')
    cd /Users/admin/builder/spi-builder-workspace/.dependencies/checkouts/IDZSwiftCommonCrypto
    builtin-copy -exclude .DS_Store -exclude CVS -exclude .svn -exclude .git -exclude .hg -resolve-src-symlinks -rename /Users/admin/builder/spi-builder-workspace/.derivedData/Build/Intermediates.noindex/IDZSwiftCommonCrypto.build/Debug/IDZSwiftCommonCrypto-t.build/Objects-normal/arm64/IDZSwiftCommonCrypto.swiftmodule /Users/admin/builder/spi-builder-workspace/.derivedData/Build/Products/Debug/IDZSwiftCommonCrypto.swiftmodule/arm64-apple-macos.swiftmodule
Copy /Users/admin/builder/spi-builder-workspace/.derivedData/Build/Products/Debug/IDZSwiftCommonCrypto.swiftmodule/arm64-apple-macos.swiftdoc /Users/admin/builder/spi-builder-workspace/.derivedData/Build/Intermediates.noindex/IDZSwiftCommonCrypto.build/Debug/IDZSwiftCommonCrypto-t.build/Objects-normal/arm64/IDZSwiftCommonCrypto.swiftdoc (in target 'IDZSwiftCommonCrypto' from project 'IDZSwiftCommonCrypto')
    cd /Users/admin/builder/spi-builder-workspace/.dependencies/checkouts/IDZSwiftCommonCrypto
    builtin-copy -exclude .DS_Store -exclude CVS -exclude .svn -exclude .git -exclude .hg -resolve-src-symlinks -rename /Users/admin/builder/spi-builder-workspace/.derivedData/Build/Intermediates.noindex/IDZSwiftCommonCrypto.build/Debug/IDZSwiftCommonCrypto-t.build/Objects-normal/arm64/IDZSwiftCommonCrypto.swiftdoc /Users/admin/builder/spi-builder-workspace/.derivedData/Build/Products/Debug/IDZSwiftCommonCrypto.swiftmodule/arm64-apple-macos.swiftdoc
Copy /Users/admin/builder/spi-builder-workspace/.derivedData/Build/Products/Debug/IDZSwiftCommonCrypto.swiftmodule/arm64-apple-macos.abi.json /Users/admin/builder/spi-builder-workspace/.derivedData/Build/Intermediates.noindex/IDZSwiftCommonCrypto.build/Debug/IDZSwiftCommonCrypto-t.build/Objects-normal/arm64/IDZSwiftCommonCrypto.abi.json (in target 'IDZSwiftCommonCrypto' from project 'IDZSwiftCommonCrypto')
    cd /Users/admin/builder/spi-builder-workspace/.dependencies/checkouts/IDZSwiftCommonCrypto
    builtin-copy -exclude .DS_Store -exclude CVS -exclude .svn -exclude .git -exclude .hg -resolve-src-symlinks -rename /Users/admin/builder/spi-builder-workspace/.derivedData/Build/Intermediates.noindex/IDZSwiftCommonCrypto.build/Debug/IDZSwiftCommonCrypto-t.build/Objects-normal/arm64/IDZSwiftCommonCrypto.abi.json /Users/admin/builder/spi-builder-workspace/.derivedData/Build/Products/Debug/IDZSwiftCommonCrypto.swiftmodule/arm64-apple-macos.abi.json
Copy /Users/admin/builder/spi-builder-workspace/.derivedData/Build/Products/Debug/IDZSwiftCommonCrypto.swiftmodule/Project/arm64-apple-macos.swiftsourceinfo /Users/admin/builder/spi-builder-workspace/.derivedData/Build/Intermediates.noindex/IDZSwiftCommonCrypto.build/Debug/IDZSwiftCommonCrypto-t.build/Objects-normal/arm64/IDZSwiftCommonCrypto.swiftsourceinfo (in target 'IDZSwiftCommonCrypto' from project 'IDZSwiftCommonCrypto')
    cd /Users/admin/builder/spi-builder-workspace/.dependencies/checkouts/IDZSwiftCommonCrypto
    builtin-copy -exclude .DS_Store -exclude CVS -exclude .svn -exclude .git -exclude .hg -resolve-src-symlinks -rename /Users/admin/builder/spi-builder-workspace/.derivedData/Build/Intermediates.noindex/IDZSwiftCommonCrypto.build/Debug/IDZSwiftCommonCrypto-t.build/Objects-normal/arm64/IDZSwiftCommonCrypto.swiftsourceinfo /Users/admin/builder/spi-builder-workspace/.derivedData/Build/Products/Debug/IDZSwiftCommonCrypto.swiftmodule/Project/arm64-apple-macos.swiftsourceinfo
SwiftDriverJobDiscovery normal arm64 Compiling Utilities.swift (in target 'IDZSwiftCommonCrypto' from project 'IDZSwiftCommonCrypto')
SwiftDriver SecurityExtensions normal arm64 com.apple.xcode.tools.swift.compiler (in target 'SecurityExtensions' from project 'SecurityExtensions')
    cd /Users/admin/builder/spi-builder-workspace/.swiftpm/xcode
    builtin-SwiftDriver -- /Applications/Xcode-27.0.0-Release.Candidate.app/Contents/Developer/Toolchains/XcodeDefault.xctoolchain/usr/bin/swiftc -parse-as-library -module-name SecurityExtensions -Onone @/Users/admin/builder/spi-builder-workspace/.derivedData/Build/Intermediates.noindex/SecurityExtensions.build/Debug/SecurityExtensions-t.build/Objects-normal/arm64/SecurityExtensions.SwiftFileList -DSWIFT_PACKAGE -DDEBUG -DSWIFT_MODULE_RESOURCE_BUNDLE_UNAVAILABLE -DXcode -plugin-path /Applications/Xcode-27.0.0-Release.Candidate.app/Contents/Developer/Toolchains/XcodeDefault.xctoolchain/usr/lib/swift/host/plugins/testing -enable-experimental-feature DebugDescriptionMacro -sdk /Applications/Xcode-27.0.0-Release.Candidate.app/Contents/Developer/Platforms/MacOSX.platform/Developer/SDKs/MacOSX27.0.sdk -target arm64-apple-macos12.0 -g -module-cache-path /Users/admin/builder/spi-builder-workspace/.derivedData/ModuleCache.noindex -Xfrontend -serialize-debugging-options -enable-testing -index-store-path /Users/admin/builder/spi-builder-workspace/.derivedData/Index.noindex/DataStore -Xcc -D_LIBCPP_HARDENING_MODE\=_LIBCPP_HARDENING_MODE_DEBUG -swift-version 5 -I /Users/admin/builder/spi-builder-workspace/.derivedData/Build/Products/Debug -Isystem /Applications/Xcode-27.0.0-Release.Candidate.app/Contents/Developer/Platforms/MacOSX.platform/Developer/usr/lib -F /Users/admin/builder/spi-builder-workspace/.derivedData/Build/Products/Debug/PackageFrameworks -F /Users/admin/builder/spi-builder-workspace/.derivedData/Build/Products/Debug -F /Applications/Xcode-27.0.0-Release.Candidate.app/Contents/Developer/Platforms/MacOSX.platform/Developer/Library/Frameworks -c -j10 -enable-batch-mode -incremental -Xcc -ivfsstatcache -Xcc /Users/admin/builder/spi-builder-workspace/.derivedData/SDKStatCaches.noindex/macosx27.0-26A425-e829b21a6f8c9b70876ba0858053c0446a22442a12e9d48fe1a705f55a1adfc4.sdkstatcache -output-file-map /Users/admin/builder/spi-builder-workspace/.derivedData/Build/Intermediates.noindex/SecurityExtensions.build/Debug/SecurityExtensions-t.build/Objects-normal/arm64/SecurityExtensions-OutputFileMap.json -save-temps -no-color-diagnostics -explicit-module-build -module-cache-path /Users/admin/builder/spi-builder-workspace/.derivedData/Build/Intermediates.noindex/SwiftExplicitPrecompiledModules -clang-scanner-module-cache-path /Users/admin/builder/spi-builder-workspace/.derivedData/ModuleCache.noindex -sdk-module-cache-path /Users/admin/builder/spi-builder-workspace/.derivedData/SDKExplicitPrecompiledModules -emit-dependencies -emit-module -emit-module-path /Users/admin/builder/spi-builder-workspace/.derivedData/Build/Intermediates.noindex/SecurityExtensions.build/Debug/SecurityExtensions-t.build/Objects-normal/arm64/SecurityExtensions.swiftmodule -serialize-diagnostics -dependency-scan-serialize-diagnostics-path /Users/admin/builder/spi-builder-workspace/.derivedData/Build/Intermediates.noindex/SecurityExtensions.build/Debug/SecurityExtensions-t.build/Objects-normal/arm64/SecurityExtensions-dependency-scan.dia -validate-clang-modules-once -clang-build-session-file /Users/admin/builder/spi-builder-workspace/.derivedData/ModuleCache.noindex/Session.modulevalidation -Xcc -fmodules-prune-interval\=86400 -Xcc -fmodules-prune-after\=345600 -emit-const-values -const-gather-protocols-list /Users/admin/builder/spi-builder-workspace/.derivedData/Build/Intermediates.noindex/SecurityExtensions.build/Debug/SecurityExtensions-t.build/Objects-normal/arm64/SecurityExtensions_const_extract_protocols.json -Xcc -I/Users/admin/builder/spi-builder-workspace/.derivedData/Build/Products/Debug/include -Xcc -I/Users/admin/builder/spi-builder-workspace/.derivedData/Build/Intermediates.noindex/SecurityExtensions.build/Debug/SecurityExtensions-t.build/DerivedSources-normal/arm64 -Xcc -I/Users/admin/builder/spi-builder-workspace/.derivedData/Build/Intermediates.noindex/SecurityExtensions.build/Debug/SecurityExtensions-t.build/DerivedSources/arm64 -Xcc -I/Users/admin/builder/spi-builder-workspace/.derivedData/Build/Intermediates.noindex/SecurityExtensions.build/Debug/SecurityExtensions-t.build/DerivedSources -Xcc -DSWIFT_PACKAGE -Xcc -DDEBUG\=1 -emit-objc-header -emit-objc-header-path /Users/admin/builder/spi-builder-workspace/.derivedData/Build/Intermediates.noindex/SecurityExtensions.build/Debug/SecurityExtensions-t.build/Objects-normal/arm64/SecurityExtensions-Swift.h -working-directory /Users/admin/builder/spi-builder-workspace/.swiftpm/xcode -experimental-emit-module-separately -disable-cmo
SwiftDriverJobDiscovery normal arm64 Compiling HMAC.swift (in target 'IDZSwiftCommonCrypto' from project 'IDZSwiftCommonCrypto')
SwiftDriverJobDiscovery normal arm64 Compiling Digest.swift (in target 'IDZSwiftCommonCrypto' from project 'IDZSwiftCommonCrypto')
SwiftDriverJobDiscovery normal arm64 Compiling StreamCryptor.swift (in target 'IDZSwiftCommonCrypto' from project 'IDZSwiftCommonCrypto')
SwiftDriver\ Compilation IDZSwiftCommonCrypto normal arm64 com.apple.xcode.tools.swift.compiler (in target 'IDZSwiftCommonCrypto' from project 'IDZSwiftCommonCrypto')
    cd /Users/admin/builder/spi-builder-workspace/.swiftpm/xcode
    builtin-Swift-Compilation -- /Applications/Xcode-27.0.0-Release.Candidate.app/Contents/Developer/Toolchains/XcodeDefault.xctoolchain/usr/bin/swiftc -parse-as-library -module-name IDZSwiftCommonCrypto -Onone @/Users/admin/builder/spi-builder-workspace/.derivedData/Build/Intermediates.noindex/IDZSwiftCommonCrypto.build/Debug/IDZSwiftCommonCrypto-t.build/Objects-normal/arm64/IDZSwiftCommonCrypto.SwiftFileList -DSWIFT_PACKAGE -DDEBUG -DSWIFT_MODULE_RESOURCE_BUNDLE_UNAVAILABLE -DXcode -plugin-path /Applications/Xcode-27.0.0-Release.Candidate.app/Contents/Developer/Toolchains/XcodeDefault.xctoolchain/usr/lib/swift/host/plugins/testing -enable-experimental-feature DebugDescriptionMacro -sdk /Applications/Xcode-27.0.0-Release.Candidate.app/Contents/Developer/Platforms/MacOSX.platform/Developer/SDKs/MacOSX27.0.sdk -target arm64-apple-macos12.0 -g -module-cache-path /Users/admin/builder/spi-builder-workspace/.derivedData/ModuleCache.noindex -Xfrontend -serialize-debugging-options -enable-testing -suppress-warnings -index-store-path /Users/admin/builder/spi-builder-workspace/.derivedData/Index.noindex/DataStore -Xcc -D_LIBCPP_HARDENING_MODE\=_LIBCPP_HARDENING_MODE_DEBUG -swift-version 5 -I /Users/admin/builder/spi-builder-workspace/.derivedData/Build/Products/Debug -Isystem /Applications/Xcode-27.0.0-Release.Candidate.app/Contents/Developer/Platforms/MacOSX.platform/Developer/usr/lib -F /Users/admin/builder/spi-builder-workspace/.derivedData/Build/Products/Debug -F /Applications/Xcode-27.0.0-Release.Candidate.app/Contents/Developer/Platforms/MacOSX.platform/Developer/Library/Frameworks -c -j10 -enable-batch-mode -incremental -Xcc -ivfsstatcache -Xcc /Users/admin/builder/spi-builder-workspace/.derivedData/SDKStatCaches.noindex/macosx27.0-26A425-e829b21a6f8c9b70876ba0858053c0446a22442a12e9d48fe1a705f55a1adfc4.sdkstatcache -output-file-map /Users/admin/builder/spi-builder-workspace/.derivedData/Build/Intermediates.noindex/IDZSwiftCommonCrypto.build/Debug/IDZSwiftCommonCrypto-t.build/Objects-normal/arm64/IDZSwiftCommonCrypto-OutputFileMap.json -save-temps -no-color-diagnostics -explicit-module-build -module-cache-path /Users/admin/builder/spi-builder-workspace/.derivedData/Build/Intermediates.noindex/SwiftExplicitPrecompiledModules -clang-scanner-module-cache-path /Users/admin/builder/spi-builder-workspace/.derivedData/ModuleCache.noindex -sdk-module-cache-path /Users/admin/builder/spi-builder-workspace/.derivedData/SDKExplicitPrecompiledModules -emit-dependencies -emit-module -emit-module-path /Users/admin/builder/spi-builder-workspace/.derivedData/Build/Intermediates.noindex/IDZSwiftCommonCrypto.build/Debug/IDZSwiftCommonCrypto-t.build/Objects-normal/arm64/IDZSwiftCommonCrypto.swiftmodule -serialize-diagnostics -dependency-scan-serialize-diagnostics-path /Users/admin/builder/spi-builder-workspace/.derivedData/Build/Intermediates.noindex/IDZSwiftCommonCrypto.build/Debug/IDZSwiftCommonCrypto-t.build/Objects-normal/arm64/IDZSwiftCommonCrypto-dependency-scan.dia -validate-clang-modules-once -clang-build-session-file /Users/admin/builder/spi-builder-workspace/.derivedData/ModuleCache.noindex/Session.modulevalidation -Xcc -fmodules-prune-interval\=86400 -Xcc -fmodules-prune-after\=345600 -emit-const-values -const-gather-protocols-list /Users/admin/builder/spi-builder-workspace/.derivedData/Build/Intermediates.noindex/IDZSwiftCommonCrypto.build/Debug/IDZSwiftCommonCrypto-t.build/Objects-normal/arm64/IDZSwiftCommonCrypto_const_extract_protocols.json -Xcc -I/Users/admin/builder/spi-builder-workspace/.derivedData/Build/Products/Debug/include -Xcc -I/Users/admin/builder/spi-builder-workspace/.derivedData/Build/Intermediates.noindex/IDZSwiftCommonCrypto.build/Debug/IDZSwiftCommonCrypto-t.build/DerivedSources-normal/arm64 -Xcc -I/Users/admin/builder/spi-builder-workspace/.derivedData/Build/Intermediates.noindex/IDZSwiftCommonCrypto.build/Debug/IDZSwiftCommonCrypto-t.build/DerivedSources/arm64 -Xcc -I/Users/admin/builder/spi-builder-workspace/.derivedData/Build/Intermediates.noindex/IDZSwiftCommonCrypto.build/Debug/IDZSwiftCommonCrypto-t.build/DerivedSources -Xcc -DSWIFT_PACKAGE -Xcc -DDEBUG\=1 -emit-objc-header -emit-objc-header-path /Users/admin/builder/spi-builder-workspace/.derivedData/Build/Intermediates.noindex/IDZSwiftCommonCrypto.build/Debug/IDZSwiftCommonCrypto-t.build/Objects-normal/arm64/IDZSwiftCommonCrypto-Swift.h -working-directory /Users/admin/builder/spi-builder-workspace/.swiftpm/xcode -experimental-emit-module-separately -disable-cmo
Ld /Users/admin/builder/spi-builder-workspace/.derivedData/Build/Products/Debug/IDZSwiftCommonCrypto.o normal (in target 'IDZSwiftCommonCrypto' from project 'IDZSwiftCommonCrypto')
    cd /Users/admin/builder/spi-builder-workspace/.dependencies/checkouts/IDZSwiftCommonCrypto
    /Applications/Xcode-27.0.0-Release.Candidate.app/Contents/Developer/Toolchains/XcodeDefault.xctoolchain/usr/bin/clang -Xlinker -reproducible -target arm64-apple-macos12.0 -r -isysroot /Applications/Xcode-27.0.0-Release.Candidate.app/Contents/Developer/Platforms/MacOSX.platform/Developer/SDKs/MacOSX27.0.sdk -O0 -w -Xlinker -no_warn_duplicate_libraries -F/Users/admin/builder/spi-builder-workspace/.derivedData/Build/Intermediates.noindex/EagerLinkingTBDs/Debug -F/Users/admin/builder/spi-builder-workspace/.derivedData/Build/Products/Debug -iframework /Applications/Xcode-27.0.0-Release.Candidate.app/Contents/Developer/Platforms/MacOSX.platform/Developer/Library/Frameworks -filelist /Users/admin/builder/spi-builder-workspace/.derivedData/Build/Intermediates.noindex/IDZSwiftCommonCrypto.build/Debug/IDZSwiftCommonCrypto-t.build/Objects-normal/arm64/IDZSwiftCommonCrypto.LinkFileList -nostdlib -Xlinker -object_path_lto -Xlinker /Users/admin/builder/spi-builder-workspace/.derivedData/Build/Intermediates.noindex/IDZSwiftCommonCrypto.build/Debug/IDZSwiftCommonCrypto-t.build/Objects-normal/arm64/IDZSwiftCommonCrypto_lto.o -Xlinker -no_deduplicate -Xlinker -dependency_info -Xlinker /Users/admin/builder/spi-builder-workspace/.derivedData/Build/Intermediates.noindex/IDZSwiftCommonCrypto.build/Debug/IDZSwiftCommonCrypto-t.build/Objects-normal/arm64/IDZSwiftCommonCrypto_dependency_info.dat -fobjc-link-runtime -L/Applications/Xcode-27.0.0-Release.Candidate.app/Contents/Developer/Toolchains/XcodeDefault.xctoolchain/usr/lib/swift/macosx -L/usr/lib/swift -Xlinker -add_ast_path -Xlinker /Users/admin/builder/spi-builder-workspace/.derivedData/Build/Intermediates.noindex/IDZSwiftCommonCrypto.build/Debug/IDZSwiftCommonCrypto-t.build/Objects-normal/arm64/IDZSwiftCommonCrypto.swiftmodule -o /Users/admin/builder/spi-builder-workspace/.derivedData/Build/Products/Debug/IDZSwiftCommonCrypto.o
ExtractAppIntentsMetadata (in target 'IDZSwiftCommonCrypto' from project 'IDZSwiftCommonCrypto')
    cd /Users/admin/builder/spi-builder-workspace/.dependencies/checkouts/IDZSwiftCommonCrypto
    /Applications/Xcode-27.0.0-Release.Candidate.app/Contents/Developer/Toolchains/XcodeDefault.xctoolchain/usr/bin/appintentsmetadataprocessor --toolchain-dir /var/run/com.apple.security.cryptexd/mnt/com.apple.MobileAsset.MetalToolchain-v27.1.266.1.IwP44y/Metal.xctoolchain --module-name IDZSwiftCommonCrypto --sdk-root /Applications/Xcode-27.0.0-Release.Candidate.app/Contents/Developer/Platforms/MacOSX.platform/Developer/SDKs/MacOSX27.0.sdk --xcode-version 27A266a --platform-family macOS --deployment-target 12.0 --bundle-identifier idzswiftcommoncrypto.IDZSwiftCommonCrypto --output /Users/admin/builder/spi-builder-workspace/.derivedData/Build/Products/Debug/IDZSwiftCommonCrypto.appintents --target-triple arm64-apple-macos12.0 --binary-file /Users/admin/builder/spi-builder-workspace/.derivedData/Build/Products/Debug/IDZSwiftCommonCrypto.o --dependency-file /Users/admin/builder/spi-builder-workspace/.derivedData/Build/Intermediates.noindex/IDZSwiftCommonCrypto.build/Debug/IDZSwiftCommonCrypto-t.build/Objects-normal/arm64/IDZSwiftCommonCrypto_dependency_info.dat --stringsdata-file /Users/admin/builder/spi-builder-workspace/.derivedData/Build/Intermediates.noindex/IDZSwiftCommonCrypto.build/Debug/IDZSwiftCommonCrypto-t.build/Objects-normal/arm64/ExtractedAppShortcutsMetadata.stringsdata --source-file-list /Users/admin/builder/spi-builder-workspace/.derivedData/Build/Intermediates.noindex/IDZSwiftCommonCrypto.build/Debug/IDZSwiftCommonCrypto-t.build/Objects-normal/arm64/IDZSwiftCommonCrypto.SwiftFileList --metadata-file-list /Users/admin/builder/spi-builder-workspace/.derivedData/Build/Intermediates.noindex/IDZSwiftCommonCrypto.build/Debug/IDZSwiftCommonCrypto-t.build/IDZSwiftCommonCrypto.DependencyMetadataFileList --static-metadata-file-list /Users/admin/builder/spi-builder-workspace/.derivedData/Build/Intermediates.noindex/IDZSwiftCommonCrypto.build/Debug/IDZSwiftCommonCrypto-t.build/IDZSwiftCommonCrypto.DependencyStaticMetadataFileList --swift-const-vals-list /Users/admin/builder/spi-builder-workspace/.derivedData/Build/Intermediates.noindex/IDZSwiftCommonCrypto.build/Debug/IDZSwiftCommonCrypto-t.build/Objects-normal/arm64/IDZSwiftCommonCrypto.SwiftConstValuesFileList --force --compile-time-extraction --deployment-aware-processing --no-app-shortcuts-localization
2026-09-17 13:52:19.298 appintentsmetadataprocessor[989:5509] Starting appintentsmetadataprocessor export
2026-09-17 13:52:19.389 appintentsmetadataprocessor[989:5509] Extracted no relevant App Intents symbols, skipping writing output
SwiftCompile normal arm64 Compiling\ HexString.swift /Users/admin/builder/spi-builder-workspace/SecurityExtensions/HexString.swift (in target 'SecurityExtensions' from project 'SecurityExtensions')
SwiftCompile normal arm64 /Users/admin/builder/spi-builder-workspace/SecurityExtensions/HexString.swift (in target 'SecurityExtensions' from project 'SecurityExtensions')
    cd /Users/admin/builder/spi-builder-workspace/.swiftpm/xcode
    builtin-SwiftPerFileCompile HexString.swift
SwiftCompile normal arm64 Compiling\ SecIdentity+PrivateKey.swift /Users/admin/builder/spi-builder-workspace/SecurityExtensions/SecIdentity+PrivateKey.swift (in target 'SecurityExtensions' from project 'SecurityExtensions')
SwiftCompile normal arm64 /Users/admin/builder/spi-builder-workspace/SecurityExtensions/SecIdentity+PrivateKey.swift (in target 'SecurityExtensions' from project 'SecurityExtensions')
    cd /Users/admin/builder/spi-builder-workspace/.swiftpm/xcode
    builtin-SwiftPerFileCompile SecIdentity+PrivateKey.swift
SwiftCompile normal arm64 Compiling\ SecIdentity.swift /Users/admin/builder/spi-builder-workspace/SecurityExtensions/SecIdentity.swift (in target 'SecurityExtensions' from project 'SecurityExtensions')
SwiftCompile normal arm64 /Users/admin/builder/spi-builder-workspace/SecurityExtensions/SecIdentity.swift (in target 'SecurityExtensions' from project 'SecurityExtensions')
    cd /Users/admin/builder/spi-builder-workspace/.swiftpm/xcode
    builtin-SwiftPerFileCompile SecIdentity.swift
SwiftCompile normal arm64 Compiling\ SecCertificate.swift /Users/admin/builder/spi-builder-workspace/SecurityExtensions/SecCertificate.swift (in target 'SecurityExtensions' from project 'SecurityExtensions')
SwiftCompile normal arm64 /Users/admin/builder/spi-builder-workspace/SecurityExtensions/SecCertificate.swift (in target 'SecurityExtensions' from project 'SecurityExtensions')
    cd /Users/admin/builder/spi-builder-workspace/.swiftpm/xcode
    builtin-SwiftPerFileCompile SecCertificate.swift
SwiftCompile normal arm64 Compiling\ SecKey+Keychain.swift /Users/admin/builder/spi-builder-workspace/SecurityExtensions/SecKey+Keychain.swift (in target 'SecurityExtensions' from project 'SecurityExtensions')
SwiftCompile normal arm64 /Users/admin/builder/spi-builder-workspace/SecurityExtensions/SecKey+Keychain.swift (in target 'SecurityExtensions' from project 'SecurityExtensions')
    cd /Users/admin/builder/spi-builder-workspace/.swiftpm/xcode
    builtin-SwiftPerFileCompile SecKey+Keychain.swift
SwiftEmitModule normal arm64 Emitting\ module\ for\ SecurityExtensions (in target 'SecurityExtensions' from project 'SecurityExtensions')
SwiftCompile normal arm64 (in target 'SecurityExtensions' from project 'SecurityExtensions')
    cd /Users/admin/builder/spi-builder-workspace/.swiftpm/xcode

SwiftCompile normal arm64 Compiling\ SecKey+Crypt.swift /Users/admin/builder/spi-builder-workspace/SecurityExtensions/SecKey+Crypt.swift (in target 'SecurityExtensions' from project 'SecurityExtensions')
SwiftCompile normal arm64 /Users/admin/builder/spi-builder-workspace/SecurityExtensions/SecKey+Crypt.swift (in target 'SecurityExtensions' from project 'SecurityExtensions')
    cd /Users/admin/builder/spi-builder-workspace/.swiftpm/xcode
    builtin-SwiftPerFileCompile SecKey+Crypt.swift
SwiftCompile normal arm64 Compiling\ SecKey+Signing.swift /Users/admin/builder/spi-builder-workspace/SecurityExtensions/SecKey+Signing.swift (in target 'SecurityExtensions' from project 'SecurityExtensions')
/Users/admin/builder/spi-builder-workspace/SecurityExtensions/SecKey+Signing.swift:23:22: error: cannot find 'SecKeyRawSign' in scope
21 |         var signature = [UInt8](repeating: 0, count: 1024)
22 |         var signatureLength = 1024
23 |         let status = SecKeyRawSign(self, .PKCS1SHA1, digest, digest.count, &signature, &signatureLength)
   |                      `- error: cannot find 'SecKeyRawSign' in scope
24 |         guard status == errSecSuccess else {
25 |             return nil
Failed frontend command:
/Applications/Xcode-27.0.0-Release.Candidate.app/Contents/Developer/Toolchains/XcodeDefault.xctoolchain/usr/bin/swift-frontend -frontend -c /Users/admin/builder/spi-builder-workspace/SecurityExtensions/HexString.swift /Users/admin/builder/spi-builder-workspace/SecurityExtensions/SecCertificate.swift /Users/admin/builder/spi-builder-workspace/SecurityExtensions/SecIdentity+PrivateKey.swift /Users/admin/builder/spi-builder-workspace/SecurityExtensions/SecIdentity.swift /Users/admin/builder/spi-builder-workspace/SecurityExtensions/SecKey+Crypt.swift /Users/admin/builder/spi-builder-workspace/SecurityExtensions/SecKey+KeyData.swift /Users/admin/builder/spi-builder-workspace/SecurityExtensions/SecKey+KeyPair.swift /Users/admin/builder/spi-builder-workspace/SecurityExtensions/SecKey+Keychain.swift -primary-file /Users/admin/builder/spi-builder-workspace/SecurityExtensions/SecKey+Signing.swift -emit-dependencies-path /Users/admin/builder/spi-builder-workspace/.derivedData/Build/Intermediates.noindex/SecurityExtensions.build/Debug/SecurityExtensions-t.build/Objects-normal/arm64/SecKey+Signing.d -emit-const-values-path /Users/admin/builder/spi-builder-workspace/.derivedData/Build/Intermediates.noindex/SecurityExtensions.build/Debug/SecurityExtensions-t.build/Objects-normal/arm64/SecKey+Signing.swiftconstvalues -emit-reference-dependencies-path /Users/admin/builder/spi-builder-workspace/.derivedData/Build/Intermediates.noindex/SecurityExtensions.build/Debug/SecurityExtensions-t.build/Objects-normal/arm64/SecKey+Signing.swiftdeps -serialize-diagnostics-path /Users/admin/builder/spi-builder-workspace/.derivedData/Build/Intermediates.noindex/SecurityExtensions.build/Debug/SecurityExtensions-t.build/Objects-normal/arm64/SecKey+Signing.dia -target arm64-apple-macos12.0 -disable-cross-import-overlay-search -load-resolved-plugin /Applications/Xcode-27.0.0-Release.Candidate.app/Contents/Developer/Platforms/MacOSX.platform/Developer/usr/lib/swift/host/plugins/libFoundationMacros.dylib\#/Applications/Xcode-27.0.0-Release.Candidate.app/Contents/Developer/Platforms/MacOSX.platform/Developer/usr/bin/swift-plugin-server\#FoundationMacros -load-resolved-plugin /Applications/Xcode-27.0.0-Release.Candidate.app/Contents/Developer/Platforms/MacOSX.platform/Developer/usr/lib/swift/host/plugins/libObservationMacros.dylib\#/Applications/Xcode-27.0.0-Release.Candidate.app/Contents/Developer/Platforms/MacOSX.platform/Developer/usr/bin/swift-plugin-server\#ObservationMacros -load-resolved-plugin /Applications/Xcode-27.0.0-Release.Candidate.app/Contents/Developer/Platforms/MacOSX.platform/Developer/usr/lib/swift/host/plugins/libSwiftMacros.dylib\#/Applications/Xcode-27.0.0-Release.Candidate.app/Contents/Developer/Platforms/MacOSX.platform/Developer/usr/bin/swift-plugin-server\#SwiftMacros -disable-implicit-swift-modules -Xcc -fno-implicit-modules -Xcc -fno-implicit-module-maps -explicit-swift-module-map-file /Users/admin/builder/spi-builder-workspace/.derivedData/Build/Intermediates.noindex/SecurityExtensions.build/Debug/SecurityExtensions-t.build/Objects-normal/arm64/SecurityExtensions-dependencies-1.json -Xllvm -aarch64-use-tbi -enable-objc-interop -stack-check -sdk /Applications/Xcode-27.0.0-Release.Candidate.app/Contents/Developer/Platforms/MacOSX.platform/Developer/SDKs/MacOSX27.0.sdk -I /Users/admin/builder/spi-builder-workspace/.derivedData/Build/Products/Debug -Isystem /Applications/Xcode-27.0.0-Release.Candidate.app/Contents/Developer/Platforms/MacOSX.platform/Developer/usr/lib -F /Users/admin/builder/spi-builder-workspace/.derivedData/Build/Products/Debug/PackageFrameworks -F /Users/admin/builder/spi-builder-workspace/.derivedData/Build/Products/Debug -F /Applications/Xcode-27.0.0-Release.Candidate.app/Contents/Developer/Platforms/MacOSX.platform/Developer/Library/Frameworks -module-cache-path /Users/admin/builder/spi-builder-workspace/.derivedData/Build/Intermediates.noindex/SwiftExplicitPrecompiledModules -no-color-diagnostics -Xcc -fno-color-diagnostics -enable-testing -g -debug-info-format\=dwarf -dwarf-version\=4 -swift-version 5 -Onone -D SWIFT_PACKAGE -D DEBUG -D SWIFT_MODULE_RESOURCE_BUNDLE_UNAVAILABLE -D Xcode -serialize-debugging-options -enable-experimental-feature DebugDescriptionMacro -empty-abi-descriptor -validate-clang-modules-once -clang-build-session-file /Users/admin/builder/spi-builder-workspace/.derivedData/ModuleCache.noindex/Session.modulevalidation -Xcc -working-directory -Xcc /Users/admin/builder/spi-builder-workspace/.swiftpm/xcode -enable-anonymous-context-mangled-names -file-compilation-dir /Users/admin/builder/spi-builder-workspace/.swiftpm/xcode -Xcc -D_LIBCPP_HARDENING_MODE\=_LIBCPP_HARDENING_MODE_DEBUG -Xcc -ivfsstatcache -Xcc /Users/admin/builder/spi-builder-workspace/.derivedData/SDKStatCaches.noindex/macosx27.0-26A425-e829b21a6f8c9b70876ba0858053c0446a22442a12e9d48fe1a705f55a1adfc4.sdkstatcache -Xcc -fmodules-prune-interval\=86400 -Xcc -fmodules-prune-after\=345600 -Xcc -I/Users/admin/builder/spi-builder-workspace/.derivedData/Build/Products/Debug/include -Xcc -I/Users/admin/builder/spi-builder-workspace/.derivedData/Build/Intermediates.noindex/SecurityExtensions.build/Debug/SecurityExtensions-t.build/DerivedSources-normal/arm64 -Xcc -I/Users/admin/builder/spi-builder-workspace/.derivedData/Build/Intermediates.noindex/SecurityExtensions.build/Debug/SecurityExtensions-t.build/DerivedSources/arm64 -Xcc -I/Users/admin/builder/spi-builder-workspace/.derivedData/Build/Intermediates.noindex/SecurityExtensions.build/Debug/SecurityExtensions-t.build/DerivedSources -Xcc -DSWIFT_PACKAGE -Xcc -DDEBUG\=1 -no-auto-bridging-header-chaining -module-name SecurityExtensions -const-gather-protocols-file /Users/admin/builder/spi-builder-workspace/.derivedData/Build/Intermediates.noindex/SecurityExtensions.build/Debug/SecurityExtensions-t.build/Objects-normal/arm64/SecurityExtensions_const_extract_protocols.json -disable-clang-spi -clang-target arm64-apple-macos27.0 -target-sdk-version 27.0 -target-sdk-name macosx27.0 -in-process-plugin-server-path /Applications/Xcode-27.0.0-Release.Candidate.app/Contents/Developer/Toolchains/XcodeDefault.xctoolchain/usr/lib/swift/host/libSwiftInProcPluginServer.dylib -parse-as-library -o /Users/admin/builder/spi-builder-workspace/.derivedData/Build/Intermediates.noindex/SecurityExtensions.build/Debug/SecurityExtensions-t.build/Objects-normal/arm64/SecKey+Signing.o -debug-module-path /Users/admin/builder/spi-builder-workspace/.derivedData/Build/Intermediates.noindex/SecurityExtensions.build/Debug/SecurityExtensions-t.build/Objects-normal/arm64/SecurityExtensions.swiftmodule -index-unit-output-path /SecurityExtensions.build/Debug/SecurityExtensions-t.build/Objects-normal/arm64/SecKey+Signing.o -index-store-path /Users/admin/builder/spi-builder-workspace/.derivedData/Index.noindex/DataStore -index-system-modules
SwiftCompile normal arm64 /Users/admin/builder/spi-builder-workspace/SecurityExtensions/SecKey+Signing.swift (in target 'SecurityExtensions' from project 'SecurityExtensions')
    cd /Users/admin/builder/spi-builder-workspace/.swiftpm/xcode
    builtin-SwiftPerFileCompile SecKey+Signing.swift
SwiftCompile normal arm64 Compiling\ SecKey+KeyPair.swift /Users/admin/builder/spi-builder-workspace/SecurityExtensions/SecKey+KeyPair.swift (in target 'SecurityExtensions' from project 'SecurityExtensions')
SwiftCompile normal arm64 /Users/admin/builder/spi-builder-workspace/SecurityExtensions/SecKey+KeyPair.swift (in target 'SecurityExtensions' from project 'SecurityExtensions')
    cd /Users/admin/builder/spi-builder-workspace/.swiftpm/xcode
    builtin-SwiftPerFileCompile SecKey+KeyPair.swift
SwiftCompile normal arm64 Compiling\ SecKey+KeyData.swift /Users/admin/builder/spi-builder-workspace/SecurityExtensions/SecKey+KeyData.swift (in target 'SecurityExtensions' from project 'SecurityExtensions')
SwiftCompile normal arm64 /Users/admin/builder/spi-builder-workspace/SecurityExtensions/SecKey+KeyData.swift (in target 'SecurityExtensions' from project 'SecurityExtensions')
    cd /Users/admin/builder/spi-builder-workspace/.swiftpm/xcode
    builtin-SwiftPerFileCompile SecKey+KeyData.swift
SwiftDriverJobDiscovery normal arm64 Emitting module for SecurityExtensions (in target 'SecurityExtensions' from project 'SecurityExtensions')
SwiftDriver\ Compilation\ Requirements SecurityExtensions normal arm64 com.apple.xcode.tools.swift.compiler (in target 'SecurityExtensions' from project 'SecurityExtensions')
    cd /Users/admin/builder/spi-builder-workspace/.swiftpm/xcode
    builtin-Swift-Compilation-Requirements -- /Applications/Xcode-27.0.0-Release.Candidate.app/Contents/Developer/Toolchains/XcodeDefault.xctoolchain/usr/bin/swiftc -parse-as-library -module-name SecurityExtensions -Onone @/Users/admin/builder/spi-builder-workspace/.derivedData/Build/Intermediates.noindex/SecurityExtensions.build/Debug/SecurityExtensions-t.build/Objects-normal/arm64/SecurityExtensions.SwiftFileList -DSWIFT_PACKAGE -DDEBUG -DSWIFT_MODULE_RESOURCE_BUNDLE_UNAVAILABLE -DXcode -plugin-path /Applications/Xcode-27.0.0-Release.Candidate.app/Contents/Developer/Toolchains/XcodeDefault.xctoolchain/usr/lib/swift/host/plugins/testing -enable-experimental-feature DebugDescriptionMacro -sdk /Applications/Xcode-27.0.0-Release.Candidate.app/Contents/Developer/Platforms/MacOSX.platform/Developer/SDKs/MacOSX27.0.sdk -target arm64-apple-macos12.0 -g -module-cache-path /Users/admin/builder/spi-builder-workspace/.derivedData/ModuleCache.noindex -Xfrontend -serialize-debugging-options -enable-testing -index-store-path /Users/admin/builder/spi-builder-workspace/.derivedData/Index.noindex/DataStore -Xcc -D_LIBCPP_HARDENING_MODE\=_LIBCPP_HARDENING_MODE_DEBUG -swift-version 5 -I /Users/admin/builder/spi-builder-workspace/.derivedData/Build/Products/Debug -Isystem /Applications/Xcode-27.0.0-Release.Candidate.app/Contents/Developer/Platforms/MacOSX.platform/Developer/usr/lib -F /Users/admin/builder/spi-builder-workspace/.derivedData/Build/Products/Debug/PackageFrameworks -F /Users/admin/builder/spi-builder-workspace/.derivedData/Build/Products/Debug -F /Applications/Xcode-27.0.0-Release.Candidate.app/Contents/Developer/Platforms/MacOSX.platform/Developer/Library/Frameworks -c -j10 -enable-batch-mode -incremental -Xcc -ivfsstatcache -Xcc /Users/admin/builder/spi-builder-workspace/.derivedData/SDKStatCaches.noindex/macosx27.0-26A425-e829b21a6f8c9b70876ba0858053c0446a22442a12e9d48fe1a705f55a1adfc4.sdkstatcache -output-file-map /Users/admin/builder/spi-builder-workspace/.derivedData/Build/Intermediates.noindex/SecurityExtensions.build/Debug/SecurityExtensions-t.build/Objects-normal/arm64/SecurityExtensions-OutputFileMap.json -save-temps -no-color-diagnostics -explicit-module-build -module-cache-path /Users/admin/builder/spi-builder-workspace/.derivedData/Build/Intermediates.noindex/SwiftExplicitPrecompiledModules -clang-scanner-module-cache-path /Users/admin/builder/spi-builder-workspace/.derivedData/ModuleCache.noindex -sdk-module-cache-path /Users/admin/builder/spi-builder-workspace/.derivedData/SDKExplicitPrecompiledModules -emit-dependencies -emit-module -emit-module-path /Users/admin/builder/spi-builder-workspace/.derivedData/Build/Intermediates.noindex/SecurityExtensions.build/Debug/SecurityExtensions-t.build/Objects-normal/arm64/SecurityExtensions.swiftmodule -serialize-diagnostics -dependency-scan-serialize-diagnostics-path /Users/admin/builder/spi-builder-workspace/.derivedData/Build/Intermediates.noindex/SecurityExtensions.build/Debug/SecurityExtensions-t.build/Objects-normal/arm64/SecurityExtensions-dependency-scan.dia -validate-clang-modules-once -clang-build-session-file /Users/admin/builder/spi-builder-workspace/.derivedData/ModuleCache.noindex/Session.modulevalidation -Xcc -fmodules-prune-interval\=86400 -Xcc -fmodules-prune-after\=345600 -emit-const-values -const-gather-protocols-list /Users/admin/builder/spi-builder-workspace/.derivedData/Build/Intermediates.noindex/SecurityExtensions.build/Debug/SecurityExtensions-t.build/Objects-normal/arm64/SecurityExtensions_const_extract_protocols.json -Xcc -I/Users/admin/builder/spi-builder-workspace/.derivedData/Build/Products/Debug/include -Xcc -I/Users/admin/builder/spi-builder-workspace/.derivedData/Build/Intermediates.noindex/SecurityExtensions.build/Debug/SecurityExtensions-t.build/DerivedSources-normal/arm64 -Xcc -I/Users/admin/builder/spi-builder-workspace/.derivedData/Build/Intermediates.noindex/SecurityExtensions.build/Debug/SecurityExtensions-t.build/DerivedSources/arm64 -Xcc -I/Users/admin/builder/spi-builder-workspace/.derivedData/Build/Intermediates.noindex/SecurityExtensions.build/Debug/SecurityExtensions-t.build/DerivedSources -Xcc -DSWIFT_PACKAGE -Xcc -DDEBUG\=1 -emit-objc-header -emit-objc-header-path /Users/admin/builder/spi-builder-workspace/.derivedData/Build/Intermediates.noindex/SecurityExtensions.build/Debug/SecurityExtensions-t.build/Objects-normal/arm64/SecurityExtensions-Swift.h -working-directory /Users/admin/builder/spi-builder-workspace/.swiftpm/xcode -experimental-emit-module-separately -disable-cmo
SwiftMergeGeneratedHeaders /Users/admin/builder/spi-builder-workspace/.derivedData/Build/Intermediates.noindex/GeneratedModuleMaps/SecurityExtensions-Swift.h /Users/admin/builder/spi-builder-workspace/.derivedData/Build/Intermediates.noindex/SecurityExtensions.build/Debug/SecurityExtensions-t.build/Objects-normal/arm64/SecurityExtensions-Swift.h (in target 'SecurityExtensions' from project 'SecurityExtensions')
    cd /Users/admin/builder/spi-builder-workspace
    builtin-swiftHeaderTool -arch arm64 /Users/admin/builder/spi-builder-workspace/.derivedData/Build/Intermediates.noindex/SecurityExtensions.build/Debug/SecurityExtensions-t.build/Objects-normal/arm64/SecurityExtensions-Swift.h -o /Users/admin/builder/spi-builder-workspace/.derivedData/Build/Intermediates.noindex/GeneratedModuleMaps/SecurityExtensions-Swift.h
Copy /Users/admin/builder/spi-builder-workspace/.derivedData/Build/Products/Debug/SecurityExtensions.swiftmodule/arm64-apple-macos.swiftmodule /Users/admin/builder/spi-builder-workspace/.derivedData/Build/Intermediates.noindex/SecurityExtensions.build/Debug/SecurityExtensions-t.build/Objects-normal/arm64/SecurityExtensions.swiftmodule (in target 'SecurityExtensions' from project 'SecurityExtensions')
    cd /Users/admin/builder/spi-builder-workspace
    builtin-copy -exclude .DS_Store -exclude CVS -exclude .svn -exclude .git -exclude .hg -resolve-src-symlinks -rename /Users/admin/builder/spi-builder-workspace/.derivedData/Build/Intermediates.noindex/SecurityExtensions.build/Debug/SecurityExtensions-t.build/Objects-normal/arm64/SecurityExtensions.swiftmodule /Users/admin/builder/spi-builder-workspace/.derivedData/Build/Products/Debug/SecurityExtensions.swiftmodule/arm64-apple-macos.swiftmodule
Copy /Users/admin/builder/spi-builder-workspace/.derivedData/Build/Products/Debug/SecurityExtensions.swiftmodule/arm64-apple-macos.swiftdoc /Users/admin/builder/spi-builder-workspace/.derivedData/Build/Intermediates.noindex/SecurityExtensions.build/Debug/SecurityExtensions-t.build/Objects-normal/arm64/SecurityExtensions.swiftdoc (in target 'SecurityExtensions' from project 'SecurityExtensions')
    cd /Users/admin/builder/spi-builder-workspace
    builtin-copy -exclude .DS_Store -exclude CVS -exclude .svn -exclude .git -exclude .hg -resolve-src-symlinks -rename /Users/admin/builder/spi-builder-workspace/.derivedData/Build/Intermediates.noindex/SecurityExtensions.build/Debug/SecurityExtensions-t.build/Objects-normal/arm64/SecurityExtensions.swiftdoc /Users/admin/builder/spi-builder-workspace/.derivedData/Build/Products/Debug/SecurityExtensions.swiftmodule/arm64-apple-macos.swiftdoc
Copy /Users/admin/builder/spi-builder-workspace/.derivedData/Build/Products/Debug/SecurityExtensions.swiftmodule/arm64-apple-macos.abi.json /Users/admin/builder/spi-builder-workspace/.derivedData/Build/Intermediates.noindex/SecurityExtensions.build/Debug/SecurityExtensions-t.build/Objects-normal/arm64/SecurityExtensions.abi.json (in target 'SecurityExtensions' from project 'SecurityExtensions')
    cd /Users/admin/builder/spi-builder-workspace
    builtin-copy -exclude .DS_Store -exclude CVS -exclude .svn -exclude .git -exclude .hg -resolve-src-symlinks -rename /Users/admin/builder/spi-builder-workspace/.derivedData/Build/Intermediates.noindex/SecurityExtensions.build/Debug/SecurityExtensions-t.build/Objects-normal/arm64/SecurityExtensions.abi.json /Users/admin/builder/spi-builder-workspace/.derivedData/Build/Products/Debug/SecurityExtensions.swiftmodule/arm64-apple-macos.abi.json
Copy /Users/admin/builder/spi-builder-workspace/.derivedData/Build/Products/Debug/SecurityExtensions.swiftmodule/Project/arm64-apple-macos.swiftsourceinfo /Users/admin/builder/spi-builder-workspace/.derivedData/Build/Intermediates.noindex/SecurityExtensions.build/Debug/SecurityExtensions-t.build/Objects-normal/arm64/SecurityExtensions.swiftsourceinfo (in target 'SecurityExtensions' from project 'SecurityExtensions')
    cd /Users/admin/builder/spi-builder-workspace
    builtin-copy -exclude .DS_Store -exclude CVS -exclude .svn -exclude .git -exclude .hg -resolve-src-symlinks -rename /Users/admin/builder/spi-builder-workspace/.derivedData/Build/Intermediates.noindex/SecurityExtensions.build/Debug/SecurityExtensions-t.build/Objects-normal/arm64/SecurityExtensions.swiftsourceinfo /Users/admin/builder/spi-builder-workspace/.derivedData/Build/Products/Debug/SecurityExtensions.swiftmodule/Project/arm64-apple-macos.swiftsourceinfo
SwiftDriverJobDiscovery normal arm64 Compiling SecIdentity.swift (in target 'SecurityExtensions' from project 'SecurityExtensions')
PruneExplicitPrecompiledModules /Users/admin/builder/spi-builder-workspace/.derivedData/SDKExplicitPrecompiledModules
PruneExplicitPrecompiledModules /Users/admin/builder/spi-builder-workspace/.derivedData/Build/Intermediates.noindex/ExplicitPrecompiledModules
PruneExplicitPrecompiledModules /Users/admin/builder/spi-builder-workspace/.derivedData/Build/Intermediates.noindex/SwiftExplicitPrecompiledModules
2026-09-17 13:52:10.068 xcodebuild[918:5161] [MT] IDERunDestination: Supported platforms for the buildables in the current scheme is empty.
--- xcodebuild: WARNING: Using the first of multiple matching destinations:
{ platform:macOS, arch:arm64, id:3f84d61deccc00d1a6e03ae98cab73a8d99b21c0, name:My Mac }
{ platform:macOS, arch:arm64, variant:Mac Catalyst, id:3f84d61deccc00d1a6e03ae98cab73a8d99b21c0, name:My Mac }
{ platform:macOS, arch:arm64, variant:DriverKit, id:3f84d61deccc00d1a6e03ae98cab73a8d99b21c0, name:My Mac }
{ platform:macOS, arch:arm64, variant:Designed for [iPad,iPhone], id:3f84d61deccc00d1a6e03ae98cab73a8d99b21c0, name:My Mac }
** BUILD FAILED **
The following build commands failed:
	SwiftCompile normal arm64 Compiling\ SecKey+Signing.swift /Users/admin/builder/spi-builder-workspace/SecurityExtensions/SecKey+Signing.swift (in target 'SecurityExtensions' from project 'SecurityExtensions')
	SwiftCompile normal arm64 /Users/admin/builder/spi-builder-workspace/SecurityExtensions/SecKey+Signing.swift (in target 'SecurityExtensions' from project 'SecurityExtensions')
	Building workspace SecurityExtensions with scheme SecurityExtensions
(3 failures)
Command line invocation:
    /Applications/Xcode-27.0.0-Release.Candidate.app/Contents/Developer/usr/bin/xcodebuild -IDEClonedSourcePackagesDirPathOverride=/Users/admin/builder/spi-builder-workspace/.dependencies -resolvePackageDependencies
Resolve Package Graph
Resolved source packages:
  SecurityExtensions: /Users/admin/builder/spi-builder-workspace
  IDZSwiftCommonCrypto: https://github.com/iosdevzone/IDZSwiftCommonCrypto @ 0.13.1
resolved source packages: SecurityExtensions, IDZSwiftCommonCrypto
2026-09-17 13:52:20.714 xcodebuild[1000:5585] [MT] IDERunDestination: Supported platforms for the buildables in the current scheme is empty.
{
  "dependencies" : [
    {
      "identity" : "idzswiftcommoncrypto",
      "requirement" : {
        "range" : [
          {
            "lower_bound" : "0.13.1",
            "upper_bound" : "1.0.0"
          }
        ]
      },
      "type" : "sourceControl",
      "url" : "https://github.com/iosdevzone/IDZSwiftCommonCrypto"
    }
  ],
  "manifest_display_name" : "SecurityExtensions",
  "name" : "SecurityExtensions",
  "path" : "/Users/admin/builder/spi-builder-workspace",
  "platforms" : [
    {
      "name" : "macos",
      "version" : "10.14"
    },
    {
      "name" : "ios",
      "version" : "13.0"
    },
    {
      "name" : "tvos",
      "version" : "13.0"
    }
  ],
  "products" : [
    {
      "name" : "SecurityExtensions",
      "targets" : [
        "SecurityExtensions"
      ],
      "type" : {
        "library" : [
          "automatic"
        ]
      }
    }
  ],
  "targets" : [
    {
      "c99name" : "SecurityExtensions",
      "module_type" : "SwiftTarget",
      "name" : "SecurityExtensions",
      "path" : "SecurityExtensions",
      "product_dependencies" : [
        "IDZSwiftCommonCrypto"
      ],
      "product_memberships" : [
        "SecurityExtensions"
      ],
      "sources" : [
        "HexString.swift",
        "SecCertificate.swift",
        "SecIdentity+PrivateKey.swift",
        "SecIdentity.swift",
        "SecKey+Crypt.swift",
        "SecKey+KeyData.swift",
        "SecKey+KeyPair.swift",
        "SecKey+Keychain.swift",
        "SecKey+Signing.swift"
      ],
      "type" : "library"
    }
  ],
  "tools_version" : "5.3"
}
{
  "workspace" : {
    "name" : "SecurityExtensions",
    "schemes" : [
      "SecurityExtensions"
    ]
  }
}
2026-09-17 13:52:22.033 xcodebuild[1008:5658] [MT] IDERunDestination: Supported platforms for the buildables in the current scheme is empty.
Running build ...
env DEVELOPER_DIR=/Applications/Xcode-27.0.0-Release.Candidate.app xcrun xcodebuild -IDEClonedSourcePackagesDirPathOverride=$PWD/.dependencies -skipMacroValidation -skipPackagePluginValidation -derivedDataPath $PWD/.derivedData build -scheme SecurityExtensions -destination platform=macOS,arch=arm64
Command line invocation:
    /Applications/Xcode-27.0.0-Release.Candidate.app/Contents/Developer/usr/bin/xcodebuild -IDEClonedSourcePackagesDirPathOverride=/Users/admin/builder/spi-builder-workspace/.dependencies -skipMacroValidation -skipPackagePluginValidation -derivedDataPath /Users/admin/builder/spi-builder-workspace/.derivedData build -scheme SecurityExtensions -destination platform=macOS,arch=arm64
Resolve Package Graph
Resolved source packages:
  SecurityExtensions: /Users/admin/builder/spi-builder-workspace
  IDZSwiftCommonCrypto: https://github.com/iosdevzone/IDZSwiftCommonCrypto @ 0.13.1
ComputePackagePrebuildTargetDependencyGraph
Prepare packages
CreateBuildRequest
SendProjectDescription
CreateBuildOperation
ComputeTargetDependencyGraph
note: Building targets in dependency order
note: Target dependency graph (4 targets)
    Target 'SecurityExtensions-product' in project 'SecurityExtensions'
        ➜ Explicit dependency on target 'SecurityExtensions' in project 'SecurityExtensions'
        ➜ Explicit dependency on target 'IDZSwiftCommonCrypto-product' in project 'IDZSwiftCommonCrypto'
    Target 'SecurityExtensions' in project 'SecurityExtensions'
        ➜ Explicit dependency on target 'IDZSwiftCommonCrypto-product' in project 'IDZSwiftCommonCrypto'
    Target 'IDZSwiftCommonCrypto-product' in project 'IDZSwiftCommonCrypto'
        ➜ Explicit dependency on target 'IDZSwiftCommonCrypto' in project 'IDZSwiftCommonCrypto'
    Target 'IDZSwiftCommonCrypto' in project 'IDZSwiftCommonCrypto' (no dependencies)
GatherProvisioningInputs
CreateBuildDescription
ClangStatCache /Applications/Xcode-27.0.0-Release.Candidate.app/Contents/Developer/Toolchains/XcodeDefault.xctoolchain/usr/bin/clang-stat-cache /Applications/Xcode-27.0.0-Release.Candidate.app/Contents/Developer/Platforms/MacOSX.platform/Developer/SDKs/MacOSX27.0.sdk /Users/admin/builder/spi-builder-workspace/.derivedData/SDKStatCaches.noindex/macosx27.0-26A425-e829b21a6f8c9b70876ba0858053c0446a22442a12e9d48fe1a705f55a1adfc4.sdkstatcache
    cd /Users/admin/builder/spi-builder-workspace/.swiftpm/xcode
    /Applications/Xcode-27.0.0-Release.Candidate.app/Contents/Developer/Toolchains/XcodeDefault.xctoolchain/usr/bin/clang-stat-cache /Applications/Xcode-27.0.0-Release.Candidate.app/Contents/Developer/Platforms/MacOSX.platform/Developer/SDKs/MacOSX27.0.sdk -o /Users/admin/builder/spi-builder-workspace/.derivedData/SDKStatCaches.noindex/macosx27.0-26A425-e829b21a6f8c9b70876ba0858053c0446a22442a12e9d48fe1a705f55a1adfc4.sdkstatcache
SwiftDriver SecurityExtensions normal arm64 com.apple.xcode.tools.swift.compiler (in target 'SecurityExtensions' from project 'SecurityExtensions')
    cd /Users/admin/builder/spi-builder-workspace/.swiftpm/xcode
    builtin-SwiftDriver -- /Applications/Xcode-27.0.0-Release.Candidate.app/Contents/Developer/Toolchains/XcodeDefault.xctoolchain/usr/bin/swiftc -parse-as-library -module-name SecurityExtensions -Onone @/Users/admin/builder/spi-builder-workspace/.derivedData/Build/Intermediates.noindex/SecurityExtensions.build/Debug/SecurityExtensions-t.build/Objects-normal/arm64/SecurityExtensions.SwiftFileList -DSWIFT_PACKAGE -DDEBUG -DSWIFT_MODULE_RESOURCE_BUNDLE_UNAVAILABLE -DXcode -plugin-path /Applications/Xcode-27.0.0-Release.Candidate.app/Contents/Developer/Toolchains/XcodeDefault.xctoolchain/usr/lib/swift/host/plugins/testing -enable-experimental-feature DebugDescriptionMacro -sdk /Applications/Xcode-27.0.0-Release.Candidate.app/Contents/Developer/Platforms/MacOSX.platform/Developer/SDKs/MacOSX27.0.sdk -target arm64-apple-macos12.0 -g -module-cache-path /Users/admin/builder/spi-builder-workspace/.derivedData/ModuleCache.noindex -Xfrontend -serialize-debugging-options -enable-testing -index-store-path /Users/admin/builder/spi-builder-workspace/.derivedData/Index.noindex/DataStore -Xcc -D_LIBCPP_HARDENING_MODE\=_LIBCPP_HARDENING_MODE_DEBUG -swift-version 5 -I /Users/admin/builder/spi-builder-workspace/.derivedData/Build/Products/Debug -Isystem /Applications/Xcode-27.0.0-Release.Candidate.app/Contents/Developer/Platforms/MacOSX.platform/Developer/usr/lib -F /Users/admin/builder/spi-builder-workspace/.derivedData/Build/Products/Debug/PackageFrameworks -F /Users/admin/builder/spi-builder-workspace/.derivedData/Build/Products/Debug -F /Applications/Xcode-27.0.0-Release.Candidate.app/Contents/Developer/Platforms/MacOSX.platform/Developer/Library/Frameworks -c -j10 -enable-batch-mode -incremental -Xcc -ivfsstatcache -Xcc /Users/admin/builder/spi-builder-workspace/.derivedData/SDKStatCaches.noindex/macosx27.0-26A425-e829b21a6f8c9b70876ba0858053c0446a22442a12e9d48fe1a705f55a1adfc4.sdkstatcache -output-file-map /Users/admin/builder/spi-builder-workspace/.derivedData/Build/Intermediates.noindex/SecurityExtensions.build/Debug/SecurityExtensions-t.build/Objects-normal/arm64/SecurityExtensions-OutputFileMap.json -save-temps -no-color-diagnostics -explicit-module-build -module-cache-path /Users/admin/builder/spi-builder-workspace/.derivedData/Build/Intermediates.noindex/SwiftExplicitPrecompiledModules -clang-scanner-module-cache-path /Users/admin/builder/spi-builder-workspace/.derivedData/ModuleCache.noindex -sdk-module-cache-path /Users/admin/builder/spi-builder-workspace/.derivedData/SDKExplicitPrecompiledModules -emit-dependencies -emit-module -emit-module-path /Users/admin/builder/spi-builder-workspace/.derivedData/Build/Intermediates.noindex/SecurityExtensions.build/Debug/SecurityExtensions-t.build/Objects-normal/arm64/SecurityExtensions.swiftmodule -serialize-diagnostics -dependency-scan-serialize-diagnostics-path /Users/admin/builder/spi-builder-workspace/.derivedData/Build/Intermediates.noindex/SecurityExtensions.build/Debug/SecurityExtensions-t.build/Objects-normal/arm64/SecurityExtensions-dependency-scan.dia -validate-clang-modules-once -clang-build-session-file /Users/admin/builder/spi-builder-workspace/.derivedData/ModuleCache.noindex/Session.modulevalidation -Xcc -fmodules-prune-interval\=86400 -Xcc -fmodules-prune-after\=345600 -emit-const-values -const-gather-protocols-list /Users/admin/builder/spi-builder-workspace/.derivedData/Build/Intermediates.noindex/SecurityExtensions.build/Debug/SecurityExtensions-t.build/Objects-normal/arm64/SecurityExtensions_const_extract_protocols.json -Xcc -I/Users/admin/builder/spi-builder-workspace/.derivedData/Build/Products/Debug/include -Xcc -I/Users/admin/builder/spi-builder-workspace/.derivedData/Build/Intermediates.noindex/SecurityExtensions.build/Debug/SecurityExtensions-t.build/DerivedSources-normal/arm64 -Xcc -I/Users/admin/builder/spi-builder-workspace/.derivedData/Build/Intermediates.noindex/SecurityExtensions.build/Debug/SecurityExtensions-t.build/DerivedSources/arm64 -Xcc -I/Users/admin/builder/spi-builder-workspace/.derivedData/Build/Intermediates.noindex/SecurityExtensions.build/Debug/SecurityExtensions-t.build/DerivedSources -Xcc -DSWIFT_PACKAGE -Xcc -DDEBUG\=1 -emit-objc-header -emit-objc-header-path /Users/admin/builder/spi-builder-workspace/.derivedData/Build/Intermediates.noindex/SecurityExtensions.build/Debug/SecurityExtensions-t.build/Objects-normal/arm64/SecurityExtensions-Swift.h -working-directory /Users/admin/builder/spi-builder-workspace/.swiftpm/xcode -experimental-emit-module-separately -disable-cmo
SwiftCompile normal arm64 Compiling\ SecCertificate.swift /Users/admin/builder/spi-builder-workspace/SecurityExtensions/SecCertificate.swift (in target 'SecurityExtensions' from project 'SecurityExtensions')
SwiftCompile normal arm64 /Users/admin/builder/spi-builder-workspace/SecurityExtensions/SecCertificate.swift (in target 'SecurityExtensions' from project 'SecurityExtensions')
    cd /Users/admin/builder/spi-builder-workspace/.swiftpm/xcode
    builtin-SwiftPerFileCompile SecCertificate.swift
SwiftCompile normal arm64 Compiling\ SecIdentity+PrivateKey.swift /Users/admin/builder/spi-builder-workspace/SecurityExtensions/SecIdentity+PrivateKey.swift (in target 'SecurityExtensions' from project 'SecurityExtensions')
SwiftCompile normal arm64 /Users/admin/builder/spi-builder-workspace/SecurityExtensions/SecIdentity+PrivateKey.swift (in target 'SecurityExtensions' from project 'SecurityExtensions')
    cd /Users/admin/builder/spi-builder-workspace/.swiftpm/xcode
    builtin-SwiftPerFileCompile SecIdentity+PrivateKey.swift
SwiftCompile normal arm64 Compiling\ SecKey+Crypt.swift /Users/admin/builder/spi-builder-workspace/SecurityExtensions/SecKey+Crypt.swift (in target 'SecurityExtensions' from project 'SecurityExtensions')
SwiftCompile normal arm64 /Users/admin/builder/spi-builder-workspace/SecurityExtensions/SecKey+Crypt.swift (in target 'SecurityExtensions' from project 'SecurityExtensions')
    cd /Users/admin/builder/spi-builder-workspace/.swiftpm/xcode
    builtin-SwiftPerFileCompile SecKey+Crypt.swift
SwiftCompile normal arm64 Compiling\ HexString.swift /Users/admin/builder/spi-builder-workspace/SecurityExtensions/HexString.swift (in target 'SecurityExtensions' from project 'SecurityExtensions')
SwiftCompile normal arm64 /Users/admin/builder/spi-builder-workspace/SecurityExtensions/HexString.swift (in target 'SecurityExtensions' from project 'SecurityExtensions')
    cd /Users/admin/builder/spi-builder-workspace/.swiftpm/xcode
    builtin-SwiftPerFileCompile HexString.swift
SwiftCompile normal arm64 Compiling\ SecKey+Signing.swift /Users/admin/builder/spi-builder-workspace/SecurityExtensions/SecKey+Signing.swift (in target 'SecurityExtensions' from project 'SecurityExtensions')
/Users/admin/builder/spi-builder-workspace/SecurityExtensions/SecKey+Signing.swift:23:22: error: cannot find 'SecKeyRawSign' in scope
21 |         var signature = [UInt8](repeating: 0, count: 1024)
22 |         var signatureLength = 1024
23 |         let status = SecKeyRawSign(self, .PKCS1SHA1, digest, digest.count, &signature, &signatureLength)
   |                      `- error: cannot find 'SecKeyRawSign' in scope
24 |         guard status == errSecSuccess else {
25 |             return nil
Failed frontend command:
/Applications/Xcode-27.0.0-Release.Candidate.app/Contents/Developer/Toolchains/XcodeDefault.xctoolchain/usr/bin/swift-frontend -frontend -c /Users/admin/builder/spi-builder-workspace/SecurityExtensions/HexString.swift /Users/admin/builder/spi-builder-workspace/SecurityExtensions/SecCertificate.swift /Users/admin/builder/spi-builder-workspace/SecurityExtensions/SecIdentity+PrivateKey.swift /Users/admin/builder/spi-builder-workspace/SecurityExtensions/SecIdentity.swift /Users/admin/builder/spi-builder-workspace/SecurityExtensions/SecKey+Crypt.swift /Users/admin/builder/spi-builder-workspace/SecurityExtensions/SecKey+KeyData.swift /Users/admin/builder/spi-builder-workspace/SecurityExtensions/SecKey+KeyPair.swift /Users/admin/builder/spi-builder-workspace/SecurityExtensions/SecKey+Keychain.swift -primary-file /Users/admin/builder/spi-builder-workspace/SecurityExtensions/SecKey+Signing.swift -emit-dependencies-path /Users/admin/builder/spi-builder-workspace/.derivedData/Build/Intermediates.noindex/SecurityExtensions.build/Debug/SecurityExtensions-t.build/Objects-normal/arm64/SecKey+Signing.d -emit-const-values-path /Users/admin/builder/spi-builder-workspace/.derivedData/Build/Intermediates.noindex/SecurityExtensions.build/Debug/SecurityExtensions-t.build/Objects-normal/arm64/SecKey+Signing.swiftconstvalues -emit-reference-dependencies-path /Users/admin/builder/spi-builder-workspace/.derivedData/Build/Intermediates.noindex/SecurityExtensions.build/Debug/SecurityExtensions-t.build/Objects-normal/arm64/SecKey+Signing.swiftdeps -serialize-diagnostics-path /Users/admin/builder/spi-builder-workspace/.derivedData/Build/Intermediates.noindex/SecurityExtensions.build/Debug/SecurityExtensions-t.build/Objects-normal/arm64/SecKey+Signing.dia -target arm64-apple-macos12.0 -disable-cross-import-overlay-search -load-resolved-plugin /Applications/Xcode-27.0.0-Release.Candidate.app/Contents/Developer/Platforms/MacOSX.platform/Developer/usr/lib/swift/host/plugins/libFoundationMacros.dylib\#/Applications/Xcode-27.0.0-Release.Candidate.app/Contents/Developer/Platforms/MacOSX.platform/Developer/usr/bin/swift-plugin-server\#FoundationMacros -load-resolved-plugin /Applications/Xcode-27.0.0-Release.Candidate.app/Contents/Developer/Platforms/MacOSX.platform/Developer/usr/lib/swift/host/plugins/libObservationMacros.dylib\#/Applications/Xcode-27.0.0-Release.Candidate.app/Contents/Developer/Platforms/MacOSX.platform/Developer/usr/bin/swift-plugin-server\#ObservationMacros -load-resolved-plugin /Applications/Xcode-27.0.0-Release.Candidate.app/Contents/Developer/Platforms/MacOSX.platform/Developer/usr/lib/swift/host/plugins/libSwiftMacros.dylib\#/Applications/Xcode-27.0.0-Release.Candidate.app/Contents/Developer/Platforms/MacOSX.platform/Developer/usr/bin/swift-plugin-server\#SwiftMacros -disable-implicit-swift-modules -Xcc -fno-implicit-modules -Xcc -fno-implicit-module-maps -explicit-swift-module-map-file /Users/admin/builder/spi-builder-workspace/.derivedData/Build/Intermediates.noindex/SecurityExtensions.build/Debug/SecurityExtensions-t.build/Objects-normal/arm64/SecurityExtensions-dependencies-1.json -Xllvm -aarch64-use-tbi -enable-objc-interop -stack-check -sdk /Applications/Xcode-27.0.0-Release.Candidate.app/Contents/Developer/Platforms/MacOSX.platform/Developer/SDKs/MacOSX27.0.sdk -I /Users/admin/builder/spi-builder-workspace/.derivedData/Build/Products/Debug -Isystem /Applications/Xcode-27.0.0-Release.Candidate.app/Contents/Developer/Platforms/MacOSX.platform/Developer/usr/lib -F /Users/admin/builder/spi-builder-workspace/.derivedData/Build/Products/Debug/PackageFrameworks -F /Users/admin/builder/spi-builder-workspace/.derivedData/Build/Products/Debug -F /Applications/Xcode-27.0.0-Release.Candidate.app/Contents/Developer/Platforms/MacOSX.platform/Developer/Library/Frameworks -module-cache-path /Users/admin/builder/spi-builder-workspace/.derivedData/Build/Intermediates.noindex/SwiftExplicitPrecompiledModules -no-color-diagnostics -Xcc -fno-color-diagnostics -enable-testing -g -debug-info-format\=dwarf -dwarf-version\=4 -swift-version 5 -Onone -D SWIFT_PACKAGE -D DEBUG -D SWIFT_MODULE_RESOURCE_BUNDLE_UNAVAILABLE -D Xcode -serialize-debugging-options -enable-experimental-feature DebugDescriptionMacro -empty-abi-descriptor -validate-clang-modules-once -clang-build-session-file /Users/admin/builder/spi-builder-workspace/.derivedData/ModuleCache.noindex/Session.modulevalidation -Xcc -working-directory -Xcc /Users/admin/builder/spi-builder-workspace/.swiftpm/xcode -enable-anonymous-context-mangled-names -file-compilation-dir /Users/admin/builder/spi-builder-workspace/.swiftpm/xcode -Xcc -D_LIBCPP_HARDENING_MODE\=_LIBCPP_HARDENING_MODE_DEBUG -Xcc -ivfsstatcache -Xcc /Users/admin/builder/spi-builder-workspace/.derivedData/SDKStatCaches.noindex/macosx27.0-26A425-e829b21a6f8c9b70876ba0858053c0446a22442a12e9d48fe1a705f55a1adfc4.sdkstatcache -Xcc -fmodules-prune-interval\=86400 -Xcc -fmodules-prune-after\=345600 -Xcc -I/Users/admin/builder/spi-builder-workspace/.derivedData/Build/Products/Debug/include -Xcc -I/Users/admin/builder/spi-builder-workspace/.derivedData/Build/Intermediates.noindex/SecurityExtensions.build/Debug/SecurityExtensions-t.build/DerivedSources-normal/arm64 -Xcc -I/Users/admin/builder/spi-builder-workspace/.derivedData/Build/Intermediates.noindex/SecurityExtensions.build/Debug/SecurityExtensions-t.build/DerivedSources/arm64 -Xcc -I/Users/admin/builder/spi-builder-workspace/.derivedData/Build/Intermediates.noindex/SecurityExtensions.build/Debug/SecurityExtensions-t.build/DerivedSources -Xcc -DSWIFT_PACKAGE -Xcc -DDEBUG\=1 -no-auto-bridging-header-chaining -module-name SecurityExtensions -const-gather-protocols-file /Users/admin/builder/spi-builder-workspace/.derivedData/Build/Intermediates.noindex/SecurityExtensions.build/Debug/SecurityExtensions-t.build/Objects-normal/arm64/SecurityExtensions_const_extract_protocols.json -disable-clang-spi -clang-target arm64-apple-macos27.0 -target-sdk-version 27.0 -target-sdk-name macosx27.0 -in-process-plugin-server-path /Applications/Xcode-27.0.0-Release.Candidate.app/Contents/Developer/Toolchains/XcodeDefault.xctoolchain/usr/lib/swift/host/libSwiftInProcPluginServer.dylib -parse-as-library -o /Users/admin/builder/spi-builder-workspace/.derivedData/Build/Intermediates.noindex/SecurityExtensions.build/Debug/SecurityExtensions-t.build/Objects-normal/arm64/SecKey+Signing.o -debug-module-path /Users/admin/builder/spi-builder-workspace/.derivedData/Build/Intermediates.noindex/SecurityExtensions.build/Debug/SecurityExtensions-t.build/Objects-normal/arm64/SecurityExtensions.swiftmodule -index-unit-output-path /SecurityExtensions.build/Debug/SecurityExtensions-t.build/Objects-normal/arm64/SecKey+Signing.o -index-store-path /Users/admin/builder/spi-builder-workspace/.derivedData/Index.noindex/DataStore -index-system-modules
SwiftCompile normal arm64 /Users/admin/builder/spi-builder-workspace/SecurityExtensions/SecKey+Signing.swift (in target 'SecurityExtensions' from project 'SecurityExtensions')
    cd /Users/admin/builder/spi-builder-workspace/.swiftpm/xcode
    builtin-SwiftPerFileCompile SecKey+Signing.swift
SwiftCompile normal arm64 Compiling\ SecKey+Keychain.swift /Users/admin/builder/spi-builder-workspace/SecurityExtensions/SecKey+Keychain.swift (in target 'SecurityExtensions' from project 'SecurityExtensions')
SwiftCompile normal arm64 /Users/admin/builder/spi-builder-workspace/SecurityExtensions/SecKey+Keychain.swift (in target 'SecurityExtensions' from project 'SecurityExtensions')
    cd /Users/admin/builder/spi-builder-workspace/.swiftpm/xcode
    builtin-SwiftPerFileCompile SecKey+Keychain.swift
SwiftEmitModule normal arm64 Emitting\ module\ for\ SecurityExtensions (in target 'SecurityExtensions' from project 'SecurityExtensions')
SwiftCompile normal arm64 (in target 'SecurityExtensions' from project 'SecurityExtensions')
    cd /Users/admin/builder/spi-builder-workspace/.swiftpm/xcode

SwiftCompile normal arm64 Compiling\ SecKey+KeyData.swift /Users/admin/builder/spi-builder-workspace/SecurityExtensions/SecKey+KeyData.swift (in target 'SecurityExtensions' from project 'SecurityExtensions')
SwiftCompile normal arm64 /Users/admin/builder/spi-builder-workspace/SecurityExtensions/SecKey+KeyData.swift (in target 'SecurityExtensions' from project 'SecurityExtensions')
    cd /Users/admin/builder/spi-builder-workspace/.swiftpm/xcode
    builtin-SwiftPerFileCompile SecKey+KeyData.swift
SwiftCompile normal arm64 Compiling\ SecKey+KeyPair.swift /Users/admin/builder/spi-builder-workspace/SecurityExtensions/SecKey+KeyPair.swift (in target 'SecurityExtensions' from project 'SecurityExtensions')
SwiftCompile normal arm64 /Users/admin/builder/spi-builder-workspace/SecurityExtensions/SecKey+KeyPair.swift (in target 'SecurityExtensions' from project 'SecurityExtensions')
    cd /Users/admin/builder/spi-builder-workspace/.swiftpm/xcode
    builtin-SwiftPerFileCompile SecKey+KeyPair.swift
PruneExplicitPrecompiledModules /Users/admin/builder/spi-builder-workspace/.derivedData/Build/Intermediates.noindex/SwiftExplicitPrecompiledModules
PruneExplicitPrecompiledModules /Users/admin/builder/spi-builder-workspace/.derivedData/SDKExplicitPrecompiledModules
PruneExplicitPrecompiledModules /Users/admin/builder/spi-builder-workspace/.derivedData/Build/Intermediates.noindex/ExplicitPrecompiledModules
2026-09-17 13:52:23.045 xcodebuild[1009:5680] [MT] IDERunDestination: Supported platforms for the buildables in the current scheme is empty.
--- xcodebuild: WARNING: Using the first of multiple matching destinations:
{ platform:macOS, arch:arm64, id:3f84d61deccc00d1a6e03ae98cab73a8d99b21c0, name:My Mac }
{ platform:macOS, arch:arm64, variant:Mac Catalyst, id:3f84d61deccc00d1a6e03ae98cab73a8d99b21c0, name:My Mac }
{ platform:macOS, arch:arm64, variant:DriverKit, id:3f84d61deccc00d1a6e03ae98cab73a8d99b21c0, name:My Mac }
{ platform:macOS, arch:arm64, variant:Designed for [iPad,iPhone], id:3f84d61deccc00d1a6e03ae98cab73a8d99b21c0, name:My Mac }
** BUILD FAILED **
The following build commands failed:
	SwiftCompile normal arm64 Compiling\ SecKey+Signing.swift /Users/admin/builder/spi-builder-workspace/SecurityExtensions/SecKey+Signing.swift (in target 'SecurityExtensions' from project 'SecurityExtensions')
	SwiftCompile normal arm64 /Users/admin/builder/spi-builder-workspace/SecurityExtensions/SecKey+Signing.swift (in target 'SecurityExtensions' from project 'SecurityExtensions')
	Building workspace SecurityExtensions with scheme SecurityExtensions
(3 failures)
BUILD FAILURE 6.4 macosXcodebuild