Build Information
Failed to build CRToastSwift, reference 0.1.2 (570435), with Swift 6.4 for visionOS using Xcode 27.0 on 16 Sep 2026 12:59:48 UTC.
Build Command
env DEVELOPER_DIR=/Applications/Xcode-27.0.0-Release.Candidate.app xcrun xcodebuild -IDEClonedSourcePackagesDirPathOverride=$PWD/.dependencies -skipMacroValidation -skipPackagePluginValidation -derivedDataPath $PWD/.derivedData build -scheme CRToastSwift -destination generic/platform=xrOSBuild Log
========================================
RunAll
========================================
Builder version: 5.1.0
Interrupt handler set up.
========================================
Checkout
========================================
Clone URL: https://github.com/krugazor/crtoastswift.git
Reference: 0.1.2
Initialized empty Git repository in /Users/admin/builder/spi-builder-workspace/.git/
From https://github.com/krugazor/crtoastswift
* tag 0.1.2 -> FETCH_HEAD
HEAD is now at 5704358 Merge branch 'release/0.1.2'
Cloned https://github.com/krugazor/crtoastswift.git
Revision (git rev-parse @):
5704358ec6326304407cdbddc166b9fcb7db335f
SUCCESS checkout https://github.com/krugazor/crtoastswift.git at 0.1.2
========================================
Build
========================================
Selected platform: visionOS
Swift version: 6.4
Building package at path: $PWD
https://github.com/krugazor/crtoastswift.git
Command line invocation:
/Applications/Xcode-27.0.0-Release.Candidate.app/Contents/Developer/usr/bin/xcodebuild -IDEClonedSourcePackagesDirPathOverride=/Users/admin/builder/spi-builder-workspace/.dependencies -resolvePackageDependencies
resolved source packages:
{
"dependencies" : [
],
"manifest_display_name" : "CRToastSwift",
"name" : "CRToastSwift",
"path" : "/Users/admin/builder/spi-builder-workspace",
"platforms" : [
{
"name" : "ios",
"version" : "12.0"
}
],
"products" : [
{
"name" : "CRToastSwift",
"targets" : [
"CRToastSwift"
],
"type" : {
"library" : [
"automatic"
]
}
}
],
"targets" : [
{
"c99name" : "CRToastSwiftTests",
"module_type" : "SwiftTarget",
"name" : "CRToastSwiftTests",
"path" : "Tests/CRToastSwiftTests",
"sources" : [
"CRToastSwiftTests.swift",
"XCTestManifests.swift"
],
"target_dependencies" : [
"CRToastSwift"
],
"type" : "test"
},
{
"c99name" : "CRToastSwift",
"module_type" : "SwiftTarget",
"name" : "CRToastSwift",
"path" : "Sources/CRToastSwift",
"product_memberships" : [
"CRToastSwift"
],
"sources" : [
"CRToastConfig.swift",
"CRToastManager.swift",
"CRToastView.swift",
"CRToastViewController.swift",
"CRToastWindow.swift"
],
"type" : "library"
}
],
"tools_version" : "5.0"
}
{
"project" : {
"configurations" : [
"Debug",
"Release"
],
"name" : "CRToastSwift",
"schemes" : [
"CRToastDemo",
"CRToastSwift",
"CRToastSwiftPackageDescription",
"CRToastSwiftPackageTests"
],
"targets" : [
"CRToastSwift",
"CRToastSwiftPackageDescription",
"CRToastSwiftPackageTests",
"CRToastSwiftTests"
]
}
}
{
"workspace" : {
"name" : "CRToastSwift",
"schemes" : [
"CRToastSwift"
]
}
}
2026-09-16 08:59:36.123 xcodebuild[616:3856] [MT] IDERunDestination: Supported platforms for the buildables in the current scheme is empty.
Running build ...
env DEVELOPER_DIR=/Applications/Xcode-27.0.0-Release.Candidate.app xcrun xcodebuild -IDEClonedSourcePackagesDirPathOverride=$PWD/.dependencies -skipMacroValidation -skipPackagePluginValidation -derivedDataPath $PWD/.derivedData build -scheme CRToastSwift -destination generic/platform=xrOS
Command line invocation:
/Applications/Xcode-27.0.0-Release.Candidate.app/Contents/Developer/usr/bin/xcodebuild -IDEClonedSourcePackagesDirPathOverride=/Users/admin/builder/spi-builder-workspace/.dependencies -skipMacroValidation -skipPackagePluginValidation -derivedDataPath /Users/admin/builder/spi-builder-workspace/.derivedData build -scheme CRToastSwift -destination generic/platform=xrOS
Resolve Package Graph
Resolved source packages:
CRToastSwift: /Users/admin/builder/spi-builder-workspace
ComputePackagePrebuildTargetDependencyGraph
Prepare packages
CreateBuildRequest
SendProjectDescription
CreateBuildOperation
ComputeTargetDependencyGraph
note: Building targets in dependency order
note: Target dependency graph (2 targets)
Target 'CRToastSwift-product' in project 'CRToastSwift'
➜ Explicit dependency on target 'CRToastSwift' in project 'CRToastSwift'
Target 'CRToastSwift' in project 'CRToastSwift' (no dependencies)
GatherProvisioningInputs
CreateBuildDescription
ExecuteExternalTool /Applications/Xcode-27.0.0-Release.Candidate.app/Contents/Developer/Toolchains/XcodeDefault.xctoolchain/usr/bin/clang -v -E -dM -isysroot /Applications/Xcode-27.0.0-Release.Candidate.app/Contents/Developer/Platforms/XROS.platform/Developer/SDKs/XROS27.0.sdk -x c -c /dev/null
ExecuteExternalTool /Applications/Xcode-27.0.0-Release.Candidate.app/Contents/Developer/Toolchains/XcodeDefault.xctoolchain/usr/bin/swiftc --version
ExecuteExternalTool /Applications/Xcode-27.0.0-Release.Candidate.app/Contents/Developer/Toolchains/XcodeDefault.xctoolchain/usr/bin/ld -version_details
Build description signature: d7eb834b172b9e6b4eeffced5c6e01d8
Build description path: /Users/admin/builder/spi-builder-workspace/.derivedData/Build/Intermediates.noindex/XCBuildData/d7eb834b172b9e6b4eeffced5c6e01d8.xcbuilddata
CreateBuildDirectory /Users/admin/builder/spi-builder-workspace/.derivedData/SDKExplicitPrecompiledModules
cd /Users/admin/builder/spi-builder-workspace/.swiftpm/xcode
builtin-create-build-directory /Users/admin/builder/spi-builder-workspace/.derivedData/SDKExplicitPrecompiledModules
CreateBuildDirectory /Users/admin/builder/spi-builder-workspace/.derivedData/CompilationCache.noindex
cd /Users/admin/builder/spi-builder-workspace/.swiftpm/xcode
builtin-create-build-directory /Users/admin/builder/spi-builder-workspace/.derivedData/CompilationCache.noindex
CreateBuildDirectory /Users/admin/builder/spi-builder-workspace/.derivedData/ModuleCache.noindex
cd /Users/admin/builder/spi-builder-workspace/.swiftpm/xcode
builtin-create-build-directory /Users/admin/builder/spi-builder-workspace/.derivedData/ModuleCache.noindex
CreateBuildDirectory /Users/admin/builder/spi-builder-workspace/.derivedData/Build/Intermediates.noindex
cd /Users/admin/builder/spi-builder-workspace/.swiftpm/xcode
builtin-create-build-directory /Users/admin/builder/spi-builder-workspace/.derivedData/Build/Intermediates.noindex
CreateBuildDirectory /Users/admin/builder/spi-builder-workspace/.derivedData/Build/Products
cd /Users/admin/builder/spi-builder-workspace/.swiftpm/xcode
builtin-create-build-directory /Users/admin/builder/spi-builder-workspace/.derivedData/Build/Products
ClangStatCache /Applications/Xcode-27.0.0-Release.Candidate.app/Contents/Developer/Toolchains/XcodeDefault.xctoolchain/usr/bin/clang-stat-cache /Applications/Xcode-27.0.0-Release.Candidate.app/Contents/Developer/Platforms/XROS.platform/Developer/SDKs/XROS27.0.sdk /Users/admin/builder/spi-builder-workspace/.derivedData/SDKStatCaches.noindex/xros27.0-24M361-e829b21a6f8c9b70876ba0858053c044735bd543db762f57723cac368afd1ce4.sdkstatcache
cd /Users/admin/builder/spi-builder-workspace/.swiftpm/xcode
/Applications/Xcode-27.0.0-Release.Candidate.app/Contents/Developer/Toolchains/XcodeDefault.xctoolchain/usr/bin/clang-stat-cache /Applications/Xcode-27.0.0-Release.Candidate.app/Contents/Developer/Platforms/XROS.platform/Developer/SDKs/XROS27.0.sdk -o /Users/admin/builder/spi-builder-workspace/.derivedData/SDKStatCaches.noindex/xros27.0-24M361-e829b21a6f8c9b70876ba0858053c044735bd543db762f57723cac368afd1ce4.sdkstatcache
CreateBuildDirectory /Users/admin/builder/spi-builder-workspace/.derivedData/Build/Intermediates.noindex/SwiftExplicitPrecompiledModules
cd /Users/admin/builder/spi-builder-workspace/.swiftpm/xcode
builtin-create-build-directory /Users/admin/builder/spi-builder-workspace/.derivedData/Build/Intermediates.noindex/SwiftExplicitPrecompiledModules
CreateBuildDirectory /Users/admin/builder/spi-builder-workspace/.derivedData/Build/Intermediates.noindex/PrecompiledHeaders
cd /Users/admin/builder/spi-builder-workspace/.swiftpm/xcode
builtin-create-build-directory /Users/admin/builder/spi-builder-workspace/.derivedData/Build/Intermediates.noindex/PrecompiledHeaders
CreateBuildDirectory /Users/admin/builder/spi-builder-workspace/.derivedData/Build/Intermediates.noindex/ExplicitPrecompiledModules
cd /Users/admin/builder/spi-builder-workspace/.swiftpm/xcode
builtin-create-build-directory /Users/admin/builder/spi-builder-workspace/.derivedData/Build/Intermediates.noindex/ExplicitPrecompiledModules
CreateBuildDirectory /Users/admin/builder/spi-builder-workspace/.derivedData/Build/Products/Debug-xros
cd /Users/admin/builder/spi-builder-workspace/.swiftpm/xcode
builtin-create-build-directory /Users/admin/builder/spi-builder-workspace/.derivedData/Build/Products/Debug-xros
CreateBuildDirectory /Users/admin/builder/spi-builder-workspace/.derivedData/Build/Intermediates.noindex/EagerLinkingTBDs/Debug-xros
cd /Users/admin/builder/spi-builder-workspace/.swiftpm/xcode
builtin-create-build-directory /Users/admin/builder/spi-builder-workspace/.derivedData/Build/Intermediates.noindex/EagerLinkingTBDs/Debug-xros
CreateBuildDirectory /Users/admin/builder/spi-builder-workspace/.derivedData/Build/Products/Debug-xros/PackageFrameworks
cd /Users/admin/builder/spi-builder-workspace/.swiftpm/xcode
builtin-create-build-directory /Users/admin/builder/spi-builder-workspace/.derivedData/Build/Products/Debug-xros/PackageFrameworks
WriteAuxiliaryFile /Users/admin/builder/spi-builder-workspace/.derivedData/Build/Intermediates.noindex/CRToastSwift.build/Debug-xros/CRToastSwift-t.build/CRToastSwift.DependencyMetadataFileList (in target 'CRToastSwift' from project 'CRToastSwift')
cd /Users/admin/builder/spi-builder-workspace
write-file /Users/admin/builder/spi-builder-workspace/.derivedData/Build/Intermediates.noindex/CRToastSwift.build/Debug-xros/CRToastSwift-t.build/CRToastSwift.DependencyMetadataFileList
WriteAuxiliaryFile /Users/admin/builder/spi-builder-workspace/.derivedData/Build/Intermediates.noindex/CRToastSwift.build/Debug-xros/CRToastSwift-t.build/CRToastSwift.modulemap (in target 'CRToastSwift' from project 'CRToastSwift')
cd /Users/admin/builder/spi-builder-workspace
write-file /Users/admin/builder/spi-builder-workspace/.derivedData/Build/Intermediates.noindex/CRToastSwift.build/Debug-xros/CRToastSwift-t.build/CRToastSwift.modulemap
WriteAuxiliaryFile /Users/admin/builder/spi-builder-workspace/.derivedData/Build/Intermediates.noindex/CRToastSwift.build/Debug-xros/CRToastSwift-t.build/CRToastSwift.DependencyStaticMetadataFileList (in target 'CRToastSwift' from project 'CRToastSwift')
cd /Users/admin/builder/spi-builder-workspace
write-file /Users/admin/builder/spi-builder-workspace/.derivedData/Build/Intermediates.noindex/CRToastSwift.build/Debug-xros/CRToastSwift-t.build/CRToastSwift.DependencyStaticMetadataFileList
WriteAuxiliaryFile /Users/admin/builder/spi-builder-workspace/.derivedData/Build/Intermediates.noindex/CRToastSwift.build/Debug-xros/CRToastSwift-t.build/Objects-normal/arm64/CRToastSwift_const_extract_protocols.json (in target 'CRToastSwift' from project 'CRToastSwift')
cd /Users/admin/builder/spi-builder-workspace
write-file /Users/admin/builder/spi-builder-workspace/.derivedData/Build/Intermediates.noindex/CRToastSwift.build/Debug-xros/CRToastSwift-t.build/Objects-normal/arm64/CRToastSwift_const_extract_protocols.json
WriteAuxiliaryFile /Users/admin/builder/spi-builder-workspace/.derivedData/Build/Intermediates.noindex/CRToastSwift.build/Debug-xros/CRToastSwift-t.build/Objects-normal/arm64/CRToastSwift-OutputFileMap.json (in target 'CRToastSwift' from project 'CRToastSwift')
cd /Users/admin/builder/spi-builder-workspace
write-file /Users/admin/builder/spi-builder-workspace/.derivedData/Build/Intermediates.noindex/CRToastSwift.build/Debug-xros/CRToastSwift-t.build/Objects-normal/arm64/CRToastSwift-OutputFileMap.json
WriteAuxiliaryFile /Users/admin/builder/spi-builder-workspace/.derivedData/Build/Intermediates.noindex/CRToastSwift.build/Debug-xros/CRToastSwift-t.build/Objects-normal/arm64/CRToastSwift.SwiftConstValuesFileList (in target 'CRToastSwift' from project 'CRToastSwift')
cd /Users/admin/builder/spi-builder-workspace
write-file /Users/admin/builder/spi-builder-workspace/.derivedData/Build/Intermediates.noindex/CRToastSwift.build/Debug-xros/CRToastSwift-t.build/Objects-normal/arm64/CRToastSwift.SwiftConstValuesFileList
WriteAuxiliaryFile /Users/admin/builder/spi-builder-workspace/.derivedData/Build/Intermediates.noindex/CRToastSwift.build/Debug-xros/CRToastSwift-t.build/Objects-normal/arm64/CRToastSwift.LinkFileList (in target 'CRToastSwift' from project 'CRToastSwift')
cd /Users/admin/builder/spi-builder-workspace
write-file /Users/admin/builder/spi-builder-workspace/.derivedData/Build/Intermediates.noindex/CRToastSwift.build/Debug-xros/CRToastSwift-t.build/Objects-normal/arm64/CRToastSwift.LinkFileList
WriteAuxiliaryFile /Users/admin/builder/spi-builder-workspace/.derivedData/Build/Intermediates.noindex/CRToastSwift.build/Debug-xros/CRToastSwift-t.build/Objects-normal/arm64/CRToastSwift.SwiftFileList (in target 'CRToastSwift' from project 'CRToastSwift')
cd /Users/admin/builder/spi-builder-workspace
write-file /Users/admin/builder/spi-builder-workspace/.derivedData/Build/Intermediates.noindex/CRToastSwift.build/Debug-xros/CRToastSwift-t.build/Objects-normal/arm64/CRToastSwift.SwiftFileList
Copy /Users/admin/builder/spi-builder-workspace/.derivedData/Build/Intermediates.noindex/GeneratedModuleMaps-xros/CRToastSwift.modulemap /Users/admin/builder/spi-builder-workspace/.derivedData/Build/Intermediates.noindex/CRToastSwift.build/Debug-xros/CRToastSwift-t.build/CRToastSwift.modulemap (in target 'CRToastSwift' from project 'CRToastSwift')
cd /Users/admin/builder/spi-builder-workspace
builtin-copy -exclude .DS_Store -exclude CVS -exclude .svn -exclude .git -exclude .hg -resolve-src-symlinks /Users/admin/builder/spi-builder-workspace/.derivedData/Build/Intermediates.noindex/CRToastSwift.build/Debug-xros/CRToastSwift-t.build/CRToastSwift.modulemap /Users/admin/builder/spi-builder-workspace/.derivedData/Build/Intermediates.noindex/GeneratedModuleMaps-xros
SwiftDriver CRToastSwift normal arm64 com.apple.xcode.tools.swift.compiler (in target 'CRToastSwift' from project 'CRToastSwift')
cd /Users/admin/builder/spi-builder-workspace/.swiftpm/xcode
builtin-SwiftDriver -- /Applications/Xcode-27.0.0-Release.Candidate.app/Contents/Developer/Toolchains/XcodeDefault.xctoolchain/usr/bin/swiftc -parse-as-library -module-name CRToastSwift -Onone @/Users/admin/builder/spi-builder-workspace/.derivedData/Build/Intermediates.noindex/CRToastSwift.build/Debug-xros/CRToastSwift-t.build/Objects-normal/arm64/CRToastSwift.SwiftFileList -DSWIFT_PACKAGE -DDEBUG -DSWIFT_MODULE_RESOURCE_BUNDLE_UNAVAILABLE -DXcode -plugin-path /Applications/Xcode-27.0.0-Release.Candidate.app/Contents/Developer/Toolchains/XcodeDefault.xctoolchain/usr/lib/swift/host/plugins/testing -enable-experimental-feature DebugDescriptionMacro -sdk /Applications/Xcode-27.0.0-Release.Candidate.app/Contents/Developer/Platforms/XROS.platform/Developer/SDKs/XROS27.0.sdk -target arm64-apple-xros1.0 -g -module-cache-path /Users/admin/builder/spi-builder-workspace/.derivedData/ModuleCache.noindex -Xfrontend -serialize-debugging-options -profile-coverage-mapping -profile-generate -enable-testing -index-store-path /Users/admin/builder/spi-builder-workspace/.derivedData/Index.noindex/DataStore -Xcc -D_LIBCPP_HARDENING_MODE\=_LIBCPP_HARDENING_MODE_DEBUG -swift-version 5 -I /Users/admin/builder/spi-builder-workspace/.derivedData/Build/Products/Debug-xros -Isystem /Applications/Xcode-27.0.0-Release.Candidate.app/Contents/Developer/Platforms/XROS.platform/Developer/usr/lib -F /Users/admin/builder/spi-builder-workspace/.derivedData/Build/Products/Debug-xros -F /Applications/Xcode-27.0.0-Release.Candidate.app/Contents/Developer/Platforms/XROS.platform/Developer/Library/Frameworks -F /Applications/Xcode-27.0.0-Release.Candidate.app/Contents/Developer/Platforms/XROS.platform/Developer/SDKs/XROS27.0.sdk/Developer/Library/Frameworks -c -j10 -enable-batch-mode -incremental -Xcc -ivfsstatcache -Xcc /Users/admin/builder/spi-builder-workspace/.derivedData/SDKStatCaches.noindex/xros27.0-24M361-e829b21a6f8c9b70876ba0858053c044735bd543db762f57723cac368afd1ce4.sdkstatcache -output-file-map /Users/admin/builder/spi-builder-workspace/.derivedData/Build/Intermediates.noindex/CRToastSwift.build/Debug-xros/CRToastSwift-t.build/Objects-normal/arm64/CRToastSwift-OutputFileMap.json -save-temps -no-color-diagnostics -explicit-module-build -module-cache-path /Users/admin/builder/spi-builder-workspace/.derivedData/Build/Intermediates.noindex/SwiftExplicitPrecompiledModules -clang-scanner-module-cache-path /Users/admin/builder/spi-builder-workspace/.derivedData/ModuleCache.noindex -sdk-module-cache-path /Users/admin/builder/spi-builder-workspace/.derivedData/SDKExplicitPrecompiledModules -emit-dependencies -emit-module -emit-module-path /Users/admin/builder/spi-builder-workspace/.derivedData/Build/Intermediates.noindex/CRToastSwift.build/Debug-xros/CRToastSwift-t.build/Objects-normal/arm64/CRToastSwift.swiftmodule -serialize-diagnostics -dependency-scan-serialize-diagnostics-path /Users/admin/builder/spi-builder-workspace/.derivedData/Build/Intermediates.noindex/CRToastSwift.build/Debug-xros/CRToastSwift-t.build/Objects-normal/arm64/CRToastSwift-dependency-scan.dia -validate-clang-modules-once -clang-build-session-file /Users/admin/builder/spi-builder-workspace/.derivedData/ModuleCache.noindex/Session.modulevalidation -Xcc -fmodules-prune-interval\=86400 -Xcc -fmodules-prune-after\=345600 -emit-const-values -const-gather-protocols-list /Users/admin/builder/spi-builder-workspace/.derivedData/Build/Intermediates.noindex/CRToastSwift.build/Debug-xros/CRToastSwift-t.build/Objects-normal/arm64/CRToastSwift_const_extract_protocols.json -Xcc -I/Users/admin/builder/spi-builder-workspace/.derivedData/Build/Products/Debug-xros/include -Xcc -I/Users/admin/builder/spi-builder-workspace/.derivedData/Build/Intermediates.noindex/CRToastSwift.build/Debug-xros/CRToastSwift-t.build/DerivedSources-normal/arm64 -Xcc -I/Users/admin/builder/spi-builder-workspace/.derivedData/Build/Intermediates.noindex/CRToastSwift.build/Debug-xros/CRToastSwift-t.build/DerivedSources/arm64 -Xcc -I/Users/admin/builder/spi-builder-workspace/.derivedData/Build/Intermediates.noindex/CRToastSwift.build/Debug-xros/CRToastSwift-t.build/DerivedSources -Xcc -DSWIFT_PACKAGE -Xcc -DDEBUG\=1 -emit-objc-header -emit-objc-header-path /Users/admin/builder/spi-builder-workspace/.derivedData/Build/Intermediates.noindex/CRToastSwift.build/Debug-xros/CRToastSwift-t.build/Objects-normal/arm64/CRToastSwift-Swift.h -working-directory /Users/admin/builder/spi-builder-workspace/.swiftpm/xcode -experimental-emit-module-separately -disable-cmo
SwiftExplicitDependencyGeneratePcm arm64 /Users/admin/builder/spi-builder-workspace/.derivedData/SDKExplicitPrecompiledModules/ptrcheck-BXA97MNLI4BB0HF5I8MJE403D.pcm
SwiftExplicitDependencyGeneratePcm arm64 /Users/admin/builder/spi-builder-workspace/.derivedData/SDKExplicitPrecompiledModules/_SwiftConcurrencyShims-C8XHKSHX96D5YYALNM4W70Z0O.pcm
SwiftExplicitDependencyGeneratePcm arm64 /Users/admin/builder/spi-builder-workspace/.derivedData/SDKExplicitPrecompiledModules/_Builtin_stdarg-CDA349K2K4US766844K8E0PVA.pcm
SwiftExplicitDependencyGeneratePcm arm64 /Users/admin/builder/spi-builder-workspace/.derivedData/SDKExplicitPrecompiledModules/ptrauth-1WBA714DZSVUL5JQDJ08CLKZ.pcm
SwiftExplicitDependencyGeneratePcm arm64 /Users/admin/builder/spi-builder-workspace/.derivedData/SDKExplicitPrecompiledModules/_Builtin_float-6WKHNW5S40U2QGHXXGETUDIRA.pcm
SwiftExplicitDependencyGeneratePcm arm64 /Users/admin/builder/spi-builder-workspace/.derivedData/SDKExplicitPrecompiledModules/SwiftShims-CI4H5RO9IYFFWQ2COB512Q2S9.pcm
SwiftExplicitDependencyGeneratePcm arm64 /Users/admin/builder/spi-builder-workspace/.derivedData/SDKExplicitPrecompiledModules/_Builtin_stddef-5NQ9Z1GV07GBSRQGAQCGXGVRI.pcm
SwiftExplicitDependencyGeneratePcm arm64 /Users/admin/builder/spi-builder-workspace/.derivedData/SDKExplicitPrecompiledModules/DeveloperToolsSupport-46GOQP8J1QTHLYQSJW81T8UZ3.pcm
SwiftExplicitDependencyGeneratePcm arm64 /Users/admin/builder/spi-builder-workspace/.derivedData/SDKExplicitPrecompiledModules/_AvailabilityInternal-1Q8IQP6M38UWSGZ95UCEY2M44.pcm
SwiftExplicitDependencyGeneratePcm arm64 /Users/admin/builder/spi-builder-workspace/.derivedData/SDKExplicitPrecompiledModules/_Builtin_stdbool-5BU2ADS7JXQMYENKQHW9X8XOU.pcm
SwiftExplicitDependencyGeneratePcm arm64 /Users/admin/builder/spi-builder-workspace/.derivedData/SDKExplicitPrecompiledModules/_DarwinFoundation1-5RGRVV2TZ6WC4WZW5IXF8NQ04.pcm
SwiftExplicitDependencyGeneratePcm arm64 /Users/admin/builder/spi-builder-workspace/.derivedData/SDKExplicitPrecompiledModules/_DarwinFoundation2-ENTECK156YEWITZRRBTOCE4KR.pcm
SwiftExplicitDependencyGeneratePcm arm64 /Users/admin/builder/spi-builder-workspace/.derivedData/SDKExplicitPrecompiledModules/_Builtin_limits-425JDMN5HPM3D0UEI8LEHP6NM.pcm
SwiftExplicitDependencyGeneratePcm arm64 /Users/admin/builder/spi-builder-workspace/.derivedData/SDKExplicitPrecompiledModules/string_h-2GT67HHHHK5CF1V1S31LH0PU2.pcm
SwiftExplicitDependencyGeneratePcm arm64 /Users/admin/builder/spi-builder-workspace/.derivedData/SDKExplicitPrecompiledModules/sys_types-AYM0BHR77VKMWZCO2T0XGV2HF.pcm
SwiftExplicitDependencyGeneratePcm arm64 /Users/admin/builder/spi-builder-workspace/.derivedData/SDKExplicitPrecompiledModules/_Builtin_tgmath-BPYSMHWI520EQRL2HW519ZY7Z.pcm
SwiftExplicitDependencyGeneratePcm arm64 /Users/admin/builder/spi-builder-workspace/.derivedData/SDKExplicitPrecompiledModules/_Builtin_stdint-8OR6T47OOYJA90ZBO3N1USDE.pcm
SwiftExplicitDependencyGeneratePcm arm64 /Users/admin/builder/spi-builder-workspace/.derivedData/SDKExplicitPrecompiledModules/_Builtin_stdatomic-1VUZPM79PNCAHXVBERD53WRSF.pcm
SwiftExplicitDependencyGeneratePcm arm64 /Users/admin/builder/spi-builder-workspace/.derivedData/SDKExplicitPrecompiledModules/_Builtin_intrinsics-BC5IJI3YI34RQ61ZNVDRDZ6RN.pcm
SwiftExplicitDependencyGeneratePcm arm64 /Users/admin/builder/spi-builder-workspace/.derivedData/SDKExplicitPrecompiledModules/_DarwinFoundation3-9ZHN6JKBS40BBA81RQMV8H0IC.pcm
SwiftExplicitDependencyGeneratePcm arm64 /Users/admin/builder/spi-builder-workspace/.derivedData/SDKExplicitPrecompiledModules/_Builtin_inttypes-11B64KJD36B3YOHBR1BBXBJY8.pcm
SwiftExplicitDependencyGeneratePcm arm64 /Users/admin/builder/spi-builder-workspace/.derivedData/SDKExplicitPrecompiledModules/Darwin-60P5LVNQO3ESRRM5DCJ05PFNK.pcm
SwiftExplicitDependencyGeneratePcm arm64 /Users/admin/builder/spi-builder-workspace/.derivedData/SDKExplicitPrecompiledModules/simd-9XXAB17Y6E4BBPQADD61NZ23.pcm
SwiftExplicitDependencyGeneratePcm arm64 /Users/admin/builder/spi-builder-workspace/.derivedData/SDKExplicitPrecompiledModules/MachO-3XTHY7HWV6RF3KXKYQVHUBUXK.pcm
SwiftExplicitDependencyGeneratePcm arm64 /Users/admin/builder/spi-builder-workspace/.derivedData/SDKExplicitPrecompiledModules/ObjectiveC-26TIBFYCEJZVP216ZZAU1X8KN.pcm
SwiftExplicitDependencyGeneratePcm arm64 /Users/admin/builder/spi-builder-workspace/.derivedData/SDKExplicitPrecompiledModules/os_object-692CJ8BG6RE5H04487EJJOVXW.pcm
SwiftExplicitDependencyGeneratePcm arm64 /Users/admin/builder/spi-builder-workspace/.derivedData/SDKExplicitPrecompiledModules/os_workgroup-4U1VXMWIZD80E7PRUQF2G7P9X.pcm
SwiftExplicitDependencyGeneratePcm arm64 /Users/admin/builder/spi-builder-workspace/.derivedData/SDKExplicitPrecompiledModules/Dispatch-CLT3466HKC22GCKAWSCNG0H7T.pcm
SwiftExplicitDependencyGeneratePcm arm64 /Users/admin/builder/spi-builder-workspace/.derivedData/SDKExplicitPrecompiledModules/Spatial-5E0I2846LO3ZE24CSVR2O57TI.pcm
SwiftExplicitDependencyGeneratePcm arm64 /Users/admin/builder/spi-builder-workspace/.derivedData/SDKExplicitPrecompiledModules/XPC-EP5EU7FNGP4VOA3EDM18P1KHO.pcm
SwiftExplicitDependencyGeneratePcm arm64 /Users/admin/builder/spi-builder-workspace/.derivedData/SDKExplicitPrecompiledModules/CoreFoundation-AVLTZVCXBU2TO75JCN4AGU8XJ.pcm
SwiftExplicitDependencyGeneratePcm arm64 /Users/admin/builder/spi-builder-workspace/.derivedData/SDKExplicitPrecompiledModules/os-1004XEJ3IXOOAU0KL58SM3D0K.pcm
SwiftExplicitDependencyGeneratePcm arm64 /Users/admin/builder/spi-builder-workspace/.derivedData/SDKExplicitPrecompiledModules/CoreGraphics-BFUJ177R223UT2ZI327ZTZY91.pcm
SwiftExplicitDependencyGeneratePcm arm64 /Users/admin/builder/spi-builder-workspace/.derivedData/SDKExplicitPrecompiledModules/CFNetwork-5MI70N1VLDQSWTX4COWLMSIRO.pcm
SwiftExplicitDependencyGeneratePcm arm64 /Users/admin/builder/spi-builder-workspace/.derivedData/SDKExplicitPrecompiledModules/Security-8TH2M8WJIQMET4SADWX0N8372.pcm
SwiftExplicitDependencyGeneratePcm arm64 /Users/admin/builder/spi-builder-workspace/.derivedData/SDKExplicitPrecompiledModules/Foundation-8GON1KVEKRN3NOQI8RETBRWJP.pcm
SwiftExplicitDependencyGeneratePcm arm64 /Users/admin/builder/spi-builder-workspace/.derivedData/SDKExplicitPrecompiledModules/ImageIO-5CC6COR9KJYI1UBL7CSHLU2OG.pcm
SwiftExplicitDependencyGeneratePcm arm64 /Users/admin/builder/spi-builder-workspace/.derivedData/SDKExplicitPrecompiledModules/CoreText-6F9TY5TEPCCZ1K2KYM4GMEGHD.pcm
SwiftExplicitDependencyGeneratePcm arm64 /Users/admin/builder/spi-builder-workspace/.derivedData/SDKExplicitPrecompiledModules/FileProvider-C9I28SI56F2SEVH1BCWTKGODO.pcm
SwiftExplicitDependencyGeneratePcm arm64 /Users/admin/builder/spi-builder-workspace/.derivedData/SDKExplicitPrecompiledModules/OSLog-BNGT87TS0GMBFF7TY70HHB69.pcm
SwiftExplicitDependencyGeneratePcm arm64 /Users/admin/builder/spi-builder-workspace/.derivedData/SDKExplicitPrecompiledModules/UserNotifications-8IIV1V1FPNAPA4LY1Y23LOM2N.pcm
SwiftExplicitDependencyGeneratePcm arm64 /Users/admin/builder/spi-builder-workspace/.derivedData/SDKExplicitPrecompiledModules/Symbols-8G2XC01RPQ5HYIZE6JNUT864I.pcm
SwiftExplicitDependencyGeneratePcm arm64 /Users/admin/builder/spi-builder-workspace/.derivedData/SDKExplicitPrecompiledModules/_LocationEssentials-8GQGFVARUE99D8VJX3TINY0VP.pcm
SwiftExplicitDependencyGeneratePcm arm64 /Users/admin/builder/spi-builder-workspace/.derivedData/SDKExplicitPrecompiledModules/IOSurface-5FE9U89GVFF9A7X7AGO2R8ENI.pcm
SwiftExplicitDependencyGeneratePcm arm64 /Users/admin/builder/spi-builder-workspace/.derivedData/SDKExplicitPrecompiledModules/CoreTransferable-8TBYAKHCX6UC8QQSS7BD8GQK5.pcm
SwiftExplicitDependencyGeneratePcm arm64 /Users/admin/builder/spi-builder-workspace/.derivedData/SDKExplicitPrecompiledModules/DataDetection-BANTQ3WXXGKZJYC0LLB3MD9K0.pcm
SwiftExplicitDependencyGeneratePcm arm64 /Users/admin/builder/spi-builder-workspace/.derivedData/SDKExplicitPrecompiledModules/UniformTypeIdentifiers-E5KMWDZEKS4QW9RO1KBRDEXV6.pcm
SwiftExplicitDependencyGeneratePcm arm64 /Users/admin/builder/spi-builder-workspace/.derivedData/SDKExplicitPrecompiledModules/Accessibility-1DR4J4YDVDGAYQTZ0FKZ1PU09.pcm
SwiftExplicitDependencyGeneratePcm arm64 /Users/admin/builder/spi-builder-workspace/.derivedData/SDKExplicitPrecompiledModules/UIUtilities-AOVGLUWEAN6CG2UZFNESGSP6C.pcm
SwiftExplicitDependencyGeneratePcm arm64 /Users/admin/builder/spi-builder-workspace/.derivedData/SDKExplicitPrecompiledModules/CoreLocation-1SN37095DAPVJ068LLP9TBDQX.pcm
SwiftExplicitDependencyGeneratePcm arm64 /Users/admin/builder/spi-builder-workspace/.derivedData/SDKExplicitPrecompiledModules/Metal-EKNUM9P3PRIBHZK1ZBD6BA2T7.pcm
SwiftExplicitDependencyGeneratePcm arm64 /Users/admin/builder/spi-builder-workspace/.derivedData/SDKExplicitPrecompiledModules/OpenGLES-56BKSYXNVAP91BYZRWAKQZKGI.pcm
SwiftExplicitDependencyGeneratePcm arm64 /Users/admin/builder/spi-builder-workspace/.derivedData/SDKExplicitPrecompiledModules/CoreMotion-10LV922UPGE28QX2SOIO7ALIZ.pcm
SwiftExplicitDependencyGeneratePcm arm64 /Users/admin/builder/spi-builder-workspace/.derivedData/SDKExplicitPrecompiledModules/CoreVideo-E12HJSJSLO0YKWYBES11UKJ02.pcm
SwiftExplicitDependencyGeneratePcm arm64 /Users/admin/builder/spi-builder-workspace/.derivedData/SDKExplicitPrecompiledModules/QuartzCore-12T8WVKUNCL1N7VXH87MM4YOB.pcm
SwiftExplicitDependencyGeneratePcm arm64 /Users/admin/builder/spi-builder-workspace/.derivedData/SDKExplicitPrecompiledModules/CoreImage-8WF1P230U10QM666EQMNV7OF1.pcm
SwiftExplicitDependencyGeneratePcm arm64 /Users/admin/builder/spi-builder-workspace/.derivedData/SDKExplicitPrecompiledModules/SwiftUICore-6OBBMA39VFD4CB6SG2PE41FAP.pcm
SwiftExplicitDependencyGeneratePcm arm64 /Users/admin/builder/spi-builder-workspace/.derivedData/SDKExplicitPrecompiledModules/UIKit-2D2PMAAE45TMO6S28UCGCO5BR.pcm
SwiftEmitModule normal arm64 Emitting\ module\ for\ CRToastSwift (in target 'CRToastSwift' from project 'CRToastSwift')
/Users/admin/builder/spi-builder-workspace/Sources/CRToastSwift/CRToastConfig.swift:443:77: error: 'white' is unavailable in visionOS
441 | public var imageTint :UIColor? = nil
442 | public var showActivityIndicator :Bool = false
443 | public var activityIndicatorViewStyle :UIActivityIndicatorView.Style = .white
| `- error: 'white' is unavailable in visionOS
444 | public var activityIndicatorAlignment :CRToastAccessoryViewAlignment = .left
445 |
UIKit.UIActivityIndicatorView.Style.white:5:10: note: 'white' has been explicitly marked unavailable here
3 | @available(iOS, introduced: 2.0, deprecated: 13.0, renamed: "UIActivityIndicatorView.Style.medium")
4 | @available(visionOS, unavailable)
5 | case white }
| `- note: 'white' has been explicitly marked unavailable here
6 | }
7 |
/Users/admin/builder/spi-builder-workspace/Sources/CRToastSwift/CRToastViewController.swift:15:18: error: 'setNeedsStatusBarAppearanceUpdate()' is unavailable in visionOS
13 | public var statusBarStyle : UIStatusBarStyle = .default {
14 | didSet {
15 | self.setNeedsStatusBarAppearanceUpdate()
| `- error: 'setNeedsStatusBarAppearanceUpdate()' is unavailable in visionOS
16 | }
17 | }
/Applications/Xcode-27.0.0-Release.Candidate.app/Contents/Developer/Platforms/XROS.platform/Developer/SDKs/XROS27.0.sdk/System/Library/Frameworks/UIKit.framework/Headers/UIViewController.h:334:1: note: 'setNeedsStatusBarAppearanceUpdate()' has been explicitly marked unavailable here
332 |
333 | // This should be called whenever the return values for the view controller's status bar attributes have changed. If it is called from within an animation block, the changes will be animated along with the rest of the animation block.
334 | - (void)setNeedsStatusBarAppearanceUpdate API_AVAILABLE(ios(7.0)) API_UNAVAILABLE(tvos, visionos);
| `- note: 'setNeedsStatusBarAppearanceUpdate()' has been explicitly marked unavailable here
335 |
336 | /* This method returns either itself or the nearest ancestor that can perform the given action and, if applicable, has overridden UIViewController's default implementation of the action method. View controllers can return NO from canPerformAction:withSender: to opt out of being a target for a given action. */
/Users/admin/builder/spi-builder-workspace/Sources/CRToastSwift/CRToastViewController.swift:32:26: error: cannot override 'willAnimateRotation' which has been marked unavailable
30 | }
31 |
32 | public override func willAnimateRotation(to toInterfaceOrientation: UIInterfaceOrientation, duration: TimeInterval) {
| |- error: cannot override 'willAnimateRotation' which has been marked unavailable
| `- note: remove 'override' modifier to declare a new 'willAnimateRotation'
33 | super.willAnimateRotation(to: toInterfaceOrientation, duration: duration)
34 |
/Applications/Xcode-27.0.0-Release.Candidate.app/Contents/Developer/Platforms/XROS.platform/Developer/SDKs/XROS27.0.sdk/System/Library/Frameworks/UIKit.framework/Headers/UIViewController.h:403:1: note: 'willAnimateRotation(to:duration:)' has been explicitly marked unavailable here
401 | - (void)didRotateFromInterfaceOrientation:(UIInterfaceOrientation)fromInterfaceOrientation API_DEPRECATED("", ios(2.0, 8.0)) API_UNAVAILABLE(tvos) API_UNAVAILABLE(visionos, watchos);
402 |
403 | - (void)willAnimateRotationToInterfaceOrientation:(UIInterfaceOrientation)toInterfaceOrientation duration:(NSTimeInterval)duration API_DEPRECATED("Implement viewWillTransitionToSize:withTransitionCoordinator: instead", ios(3.0, 8.0)) API_UNAVAILABLE(tvos) API_UNAVAILABLE(visionos, watchos);
| `- note: 'willAnimateRotation(to:duration:)' has been explicitly marked unavailable here
404 |
405 | - (void)willAnimateFirstHalfOfRotationToInterfaceOrientation:(UIInterfaceOrientation)toInterfaceOrientation duration:(NSTimeInterval)duration API_DEPRECATED("", ios(2.0, 5.0)) API_UNAVAILABLE(tvos) API_UNAVAILABLE(visionos, watchos);
Failed frontend command:
SwiftCompile normal arm64 (in target 'CRToastSwift' from project 'CRToastSwift')
cd /Users/admin/builder/spi-builder-workspace/.swiftpm/xcode
/Applications/Xcode-27.0.0-Release.Candidate.app/Contents/Developer/Toolchains/XcodeDefault.xctoolchain/usr/bin/swift-frontend -frontend -emit-module -experimental-skip-non-inlinable-function-bodies-without-types /Users/admin/builder/spi-builder-workspace/Sources/CRToastSwift/CRToastConfig.swift /Users/admin/builder/spi-builder-workspace/Sources/CRToastSwift/CRToastManager.swift /Users/admin/builder/spi-builder-workspace/Sources/CRToastSwift/CRToastView.swift /Users/admin/builder/spi-builder-workspace/Sources/CRToastSwift/CRToastViewController.swift /Users/admin/builder/spi-builder-workspace/Sources/CRToastSwift/CRToastWindow.swift -target arm64-apple-xros1.0 -disable-cross-import-overlay-search -load-resolved-plugin /Applications/Xcode-27.0.0-Release.Candidate.app/Contents/Developer/Platforms/XROS.platform/Developer/usr/lib/swift/host/plugins/libFoundationMacros.dylib\#/Applications/Xcode-27.0.0-Release.Candidate.app/Contents/Developer/Platforms/XROS.platform/Developer/usr/bin/swift-plugin-server\#FoundationMacros -load-resolved-plugin /Applications/Xcode-27.0.0-Release.Candidate.app/Contents/Developer/Platforms/XROS.platform/Developer/usr/lib/swift/host/plugins/libObservationMacros.dylib\#/Applications/Xcode-27.0.0-Release.Candidate.app/Contents/Developer/Platforms/XROS.platform/Developer/usr/bin/swift-plugin-server\#ObservationMacros -load-resolved-plugin /Applications/Xcode-27.0.0-Release.Candidate.app/Contents/Developer/Platforms/XROS.platform/Developer/usr/lib/swift/host/plugins/libPreviewsMacros.dylib\#/Applications/Xcode-27.0.0-Release.Candidate.app/Contents/Developer/Platforms/XROS.platform/Developer/usr/bin/swift-plugin-server\#PreviewsMacros -load-resolved-plugin /Applications/Xcode-27.0.0-Release.Candidate.app/Contents/Developer/Platforms/XROS.platform/Developer/usr/lib/swift/host/plugins/libSwiftMacros.dylib\#/Applications/Xcode-27.0.0-Release.Candidate.app/Contents/Developer/Platforms/XROS.platform/Developer/usr/bin/swift-plugin-server\#SwiftMacros -load-resolved-plugin /Applications/Xcode-27.0.0-Release.Candidate.app/Contents/Developer/Platforms/XROS.platform/Developer/usr/lib/swift/host/plugins/libSwiftUIMacros.dylib\#/Applications/Xcode-27.0.0-Release.Candidate.app/Contents/Developer/Platforms/XROS.platform/Developer/usr/bin/swift-plugin-server\#SwiftUIMacros -disable-implicit-swift-modules -Xcc -fno-implicit-modules -Xcc -fno-implicit-module-maps -explicit-swift-module-map-file /Users/admin/builder/spi-builder-workspace/.derivedData/Build/Intermediates.noindex/CRToastSwift.build/Debug-xros/CRToastSwift-t.build/Objects-normal/arm64/CRToastSwift-dependencies-1.json -Xllvm -aarch64-use-tbi -enable-objc-interop -stack-check -sdk /Applications/Xcode-27.0.0-Release.Candidate.app/Contents/Developer/Platforms/XROS.platform/Developer/SDKs/XROS27.0.sdk -I /Users/admin/builder/spi-builder-workspace/.derivedData/Build/Products/Debug-xros -Isystem /Applications/Xcode-27.0.0-Release.Candidate.app/Contents/Developer/Platforms/XROS.platform/Developer/usr/lib -F /Users/admin/builder/spi-builder-workspace/.derivedData/Build/Products/Debug-xros -F /Applications/Xcode-27.0.0-Release.Candidate.app/Contents/Developer/Platforms/XROS.platform/Developer/Library/Frameworks -F /Applications/Xcode-27.0.0-Release.Candidate.app/Contents/Developer/Platforms/XROS.platform/Developer/SDKs/XROS27.0.sdk/Developer/Library/Frameworks -module-cache-path /Users/admin/builder/spi-builder-workspace/.derivedData/Build/Intermediates.noindex/SwiftExplicitPrecompiledModules -no-color-diagnostics -Xcc -fno-color-diagnostics -enable-testing -g -debug-info-format\=dwarf -dwarf-version\=4 -profile-generate -profile-coverage-mapping -swift-version 5 -Onone -D SWIFT_PACKAGE -D DEBUG -D SWIFT_MODULE_RESOURCE_BUNDLE_UNAVAILABLE -D Xcode -serialize-debugging-options -enable-experimental-feature DebugDescriptionMacro -empty-abi-descriptor -validate-clang-modules-once -clang-build-session-file /Users/admin/builder/spi-builder-workspace/.derivedData/ModuleCache.noindex/Session.modulevalidation -Xcc -working-directory -Xcc /Users/admin/builder/spi-builder-workspace/.swiftpm/xcode -enable-anonymous-context-mangled-names -file-compilation-dir /Users/admin/builder/spi-builder-workspace/.swiftpm/xcode -Xcc -D_LIBCPP_HARDENING_MODE\=_LIBCPP_HARDENING_MODE_DEBUG -Xcc -ivfsstatcache -Xcc /Users/admin/builder/spi-builder-workspace/.derivedData/SDKStatCaches.noindex/xros27.0-24M361-e829b21a6f8c9b70876ba0858053c044735bd543db762f57723cac368afd1ce4.sdkstatcache -Xcc -fmodules-prune-interval\=86400 -Xcc -fmodules-prune-after\=345600 -Xcc -I/Users/admin/builder/spi-builder-workspace/.derivedData/Build/Products/Debug-xros/include -Xcc -I/Users/admin/builder/spi-builder-workspace/.derivedData/Build/Intermediates.noindex/CRToastSwift.build/Debug-xros/CRToastSwift-t.build/DerivedSources-normal/arm64 -Xcc -I/Users/admin/builder/spi-builder-workspace/.derivedData/Build/Intermediates.noindex/CRToastSwift.build/Debug-xros/CRToastSwift-t.build/DerivedSources/arm64 -Xcc -I/Users/admin/builder/spi-builder-workspace/.derivedData/Build/Intermediates.noindex/CRToastSwift.build/Debug-xros/CRToastSwift-t.build/DerivedSources -Xcc -DSWIFT_PACKAGE -Xcc -DDEBUG\=1 -no-auto-bridging-header-chaining -module-name CRToastSwift -const-gather-protocols-file /Users/admin/builder/spi-builder-workspace/.derivedData/Build/Intermediates.noindex/CRToastSwift.build/Debug-xros/CRToastSwift-t.build/Objects-normal/arm64/CRToastSwift_const_extract_protocols.json -disable-clang-spi -clang-target arm64-apple-xros27.0 -target-sdk-version 27.0 -target-sdk-name xros27.0 -in-process-plugin-server-path /Applications/Xcode-27.0.0-Release.Candidate.app/Contents/Developer/Toolchains/XcodeDefault.xctoolchain/usr/lib/swift/host/libSwiftInProcPluginServer.dylib -emit-module-doc-path /Users/admin/builder/spi-builder-workspace/.derivedData/Build/Intermediates.noindex/CRToastSwift.build/Debug-xros/CRToastSwift-t.build/Objects-normal/arm64/CRToastSwift.swiftdoc -emit-module-source-info-path /Users/admin/builder/spi-builder-workspace/.derivedData/Build/Intermediates.noindex/CRToastSwift.build/Debug-xros/CRToastSwift-t.build/Objects-normal/arm64/CRToastSwift.swiftsourceinfo -emit-objc-header-path /Users/admin/builder/spi-builder-workspace/.derivedData/Build/Intermediates.noindex/CRToastSwift.build/Debug-xros/CRToastSwift-t.build/Objects-normal/arm64/CRToastSwift-Swift.h -serialize-diagnostics-path /Users/admin/builder/spi-builder-workspace/.derivedData/Build/Intermediates.noindex/CRToastSwift.build/Debug-xros/CRToastSwift-t.build/Objects-normal/arm64/CRToastSwift-primary-emit-module.dia -emit-dependencies-path /Users/admin/builder/spi-builder-workspace/.derivedData/Build/Intermediates.noindex/CRToastSwift.build/Debug-xros/CRToastSwift-t.build/Objects-normal/arm64/CRToastSwift-primary-emit-module.d -parse-as-library -o /Users/admin/builder/spi-builder-workspace/.derivedData/Build/Intermediates.noindex/CRToastSwift.build/Debug-xros/CRToastSwift-t.build/Objects-normal/arm64/CRToastSwift.swiftmodule -emit-abi-descriptor-path /Users/admin/builder/spi-builder-workspace/.derivedData/Build/Intermediates.noindex/CRToastSwift.build/Debug-xros/CRToastSwift-t.build/Objects-normal/arm64/CRToastSwift.abi.json
SwiftCompile normal arm64 Compiling\ CRToastWindow.swift /Users/admin/builder/spi-builder-workspace/Sources/CRToastSwift/CRToastWindow.swift (in target 'CRToastSwift' from project 'CRToastSwift')
SwiftCompile normal arm64 /Users/admin/builder/spi-builder-workspace/Sources/CRToastSwift/CRToastWindow.swift (in target 'CRToastSwift' from project 'CRToastSwift')
cd /Users/admin/builder/spi-builder-workspace/.swiftpm/xcode
builtin-SwiftPerFileCompile CRToastWindow.swift
SwiftCompile normal arm64 Compiling\ CRToastConfig.swift /Users/admin/builder/spi-builder-workspace/Sources/CRToastSwift/CRToastConfig.swift (in target 'CRToastSwift' from project 'CRToastSwift')
SwiftCompile normal arm64 /Users/admin/builder/spi-builder-workspace/Sources/CRToastSwift/CRToastConfig.swift (in target 'CRToastSwift' from project 'CRToastSwift')
cd /Users/admin/builder/spi-builder-workspace/.swiftpm/xcode
builtin-SwiftPerFileCompile CRToastConfig.swift
SwiftCompile normal arm64 Compiling\ CRToastViewController.swift /Users/admin/builder/spi-builder-workspace/Sources/CRToastSwift/CRToastViewController.swift (in target 'CRToastSwift' from project 'CRToastSwift')
/Users/admin/builder/spi-builder-workspace/Sources/CRToastSwift/CRToastViewController.swift:15:18: error: 'setNeedsStatusBarAppearanceUpdate()' is unavailable in visionOS
13 | public var statusBarStyle : UIStatusBarStyle = .default {
14 | didSet {
15 | self.setNeedsStatusBarAppearanceUpdate()
| `- error: 'setNeedsStatusBarAppearanceUpdate()' is unavailable in visionOS
16 | }
17 | }
/Applications/Xcode-27.0.0-Release.Candidate.app/Contents/Developer/Platforms/XROS.platform/Developer/SDKs/XROS27.0.sdk/System/Library/Frameworks/UIKit.framework/Headers/UIViewController.h:334:1: note: 'setNeedsStatusBarAppearanceUpdate()' has been explicitly marked unavailable here
332 |
333 | // This should be called whenever the return values for the view controller's status bar attributes have changed. If it is called from within an animation block, the changes will be animated along with the rest of the animation block.
334 | - (void)setNeedsStatusBarAppearanceUpdate API_AVAILABLE(ios(7.0)) API_UNAVAILABLE(tvos, visionos);
| `- note: 'setNeedsStatusBarAppearanceUpdate()' has been explicitly marked unavailable here
335 |
336 | /* This method returns either itself or the nearest ancestor that can perform the given action and, if applicable, has overridden UIViewController's default implementation of the action method. View controllers can return NO from canPerformAction:withSender: to opt out of being a target for a given action. */
/Users/admin/builder/spi-builder-workspace/Sources/CRToastSwift/CRToastViewController.swift:32:26: error: cannot override 'willAnimateRotation' which has been marked unavailable
30 | }
31 |
32 | public override func willAnimateRotation(to toInterfaceOrientation: UIInterfaceOrientation, duration: TimeInterval) {
| |- error: cannot override 'willAnimateRotation' which has been marked unavailable
| `- note: remove 'override' modifier to declare a new 'willAnimateRotation'
33 | super.willAnimateRotation(to: toInterfaceOrientation, duration: duration)
34 |
/Applications/Xcode-27.0.0-Release.Candidate.app/Contents/Developer/Platforms/XROS.platform/Developer/SDKs/XROS27.0.sdk/System/Library/Frameworks/UIKit.framework/Headers/UIViewController.h:403:1: note: 'willAnimateRotation(to:duration:)' has been explicitly marked unavailable here
401 | - (void)didRotateFromInterfaceOrientation:(UIInterfaceOrientation)fromInterfaceOrientation API_DEPRECATED("", ios(2.0, 8.0)) API_UNAVAILABLE(tvos) API_UNAVAILABLE(visionos, watchos);
402 |
403 | - (void)willAnimateRotationToInterfaceOrientation:(UIInterfaceOrientation)toInterfaceOrientation duration:(NSTimeInterval)duration API_DEPRECATED("Implement viewWillTransitionToSize:withTransitionCoordinator: instead", ios(3.0, 8.0)) API_UNAVAILABLE(tvos) API_UNAVAILABLE(visionos, watchos);
| `- note: 'willAnimateRotation(to:duration:)' has been explicitly marked unavailable here
404 |
405 | - (void)willAnimateFirstHalfOfRotationToInterfaceOrientation:(UIInterfaceOrientation)toInterfaceOrientation duration:(NSTimeInterval)duration API_DEPRECATED("", ios(2.0, 5.0)) API_UNAVAILABLE(tvos) API_UNAVAILABLE(visionos, watchos);
/Users/admin/builder/spi-builder-workspace/Sources/CRToastSwift/CRToastViewController.swift:22:84: error: 'isStatusBarHidden' is unavailable in visionOS
20 | public override var shouldAutorotate: Bool { return autorotate }
21 |
22 | public override var prefersStatusBarHidden: Bool { return UIApplication.shared.isStatusBarHidden }
| `- error: 'isStatusBarHidden' is unavailable in visionOS
23 |
24 | public override var preferredStatusBarStyle: UIStatusBarStyle {
/Applications/Xcode-27.0.0-Release.Candidate.app/Contents/Developer/Platforms/XROS.platform/Developer/SDKs/XROS27.0.sdk/System/Library/Frameworks/UIKit.framework/Headers/UIApplication.h:117:62: note: 'isStatusBarHidden' has been explicitly marked unavailable here
115 | @property(readonly, nonatomic) UIStatusBarStyle statusBarStyle API_UNAVAILABLE(tvos) API_DEPRECATED("Use the statusBarManager property of the window scene instead.", ios(2.0, 13.0)) API_UNAVAILABLE(visionos); // default is UIStatusBarStyleDefault
116 |
117 | @property(readonly, nonatomic,getter=isStatusBarHidden) BOOL statusBarHidden API_UNAVAILABLE(tvos) API_DEPRECATED("Use the statusBarManager property of the window scene instead.", ios(2.0, 13.0)) API_UNAVAILABLE(visionos);
| `- note: 'isStatusBarHidden' has been explicitly marked unavailable here
118 |
119 | @property(readonly, nonatomic) UIInterfaceOrientation statusBarOrientation API_UNAVAILABLE(tvos) API_DEPRECATED("Use the interfaceOrientation property of the window scene instead.", ios(2.0, 13.0)) API_UNAVAILABLE(visionos);
SwiftCompile normal arm64 /Users/admin/builder/spi-builder-workspace/Sources/CRToastSwift/CRToastViewController.swift (in target 'CRToastSwift' from project 'CRToastSwift')
cd /Users/admin/builder/spi-builder-workspace/.swiftpm/xcode
builtin-SwiftPerFileCompile CRToastViewController.swift
SwiftCompile normal arm64 Compiling\ CRToastView.swift /Users/admin/builder/spi-builder-workspace/Sources/CRToastSwift/CRToastView.swift (in target 'CRToastSwift' from project 'CRToastSwift')
/Users/admin/builder/spi-builder-workspace/Sources/CRToastSwift/CRToastView.swift:135:61: error: 'white' is unavailable in visionOS
133 | override init(frame: CGRect) {
134 | imageView = UIImageView(frame: CGRect.zero)
135 | activityIndicator = UIActivityIndicatorView(style: .white)
| `- error: 'white' is unavailable in visionOS
136 | label = UILabel(frame: CGRect.zero)
137 | subtitleLabel = UILabel(frame: CGRect.zero)
UIKit.UIActivityIndicatorView.Style.white:5:10: note: 'white' has been explicitly marked unavailable here
3 | @available(iOS, introduced: 2.0, deprecated: 13.0, renamed: "UIActivityIndicatorView.Style.medium")
4 | @available(visionOS, unavailable)
5 | case white }
| `- note: 'white' has been explicitly marked unavailable here
6 | }
7 |
SwiftCompile normal arm64 /Users/admin/builder/spi-builder-workspace/Sources/CRToastSwift/CRToastView.swift (in target 'CRToastSwift' from project 'CRToastSwift')
cd /Users/admin/builder/spi-builder-workspace/.swiftpm/xcode
builtin-SwiftPerFileCompile CRToastView.swift
SwiftCompile normal arm64 Compiling\ CRToastManager.swift /Users/admin/builder/spi-builder-workspace/Sources/CRToastSwift/CRToastManager.swift (in target 'CRToastSwift' from project 'CRToastSwift')
/Users/admin/builder/spi-builder-workspace/Sources/CRToastSwift/CRToastManager.swift:103:51: error: 'UIScreen' is unavailable in visionOS
101 |
102 | override init() {
103 | notificationWindow = CRToastWindow(frame: UIScreen.main.bounds)
| `- error: 'UIScreen' is unavailable in visionOS
104 | notificationWindow.autoresizingMask = [.flexibleWidth, .flexibleHeight]
105 | notificationWindow.windowLevel = .statusBar
/Applications/Xcode-27.0.0-Release.Candidate.app/Contents/Developer/Platforms/XROS.platform/Developer/SDKs/XROS27.0.sdk/System/Library/Frameworks/UIKit.framework/Headers/UIScreen.h:54:12: note: 'UIScreen' has been explicitly marked unavailable here
52 |
53 | UIKIT_EXTERN API_AVAILABLE(ios(2.0)) API_UNAVAILABLE(visionos, watchos) NS_SWIFT_UI_ACTOR
54 | @interface UIScreen : NSObject <UITraitEnvironment>
| `- note: 'UIScreen' has been explicitly marked unavailable here
55 |
56 | @property(class, nonatomic, readonly) NSArray<UIScreen *> *screens API_DEPRECATED("Use UIApplication.shared.openSessions to find open sessions with scenes from other screens", ios(3.2, 16.0), visionos(1.0, 1.0)) API_UNAVAILABLE(watchos); // all screens currently attached to the device
SwiftCompile normal arm64 /Users/admin/builder/spi-builder-workspace/Sources/CRToastSwift/CRToastManager.swift (in target 'CRToastSwift' from project 'CRToastSwift')
cd /Users/admin/builder/spi-builder-workspace/.swiftpm/xcode
builtin-SwiftPerFileCompile CRToastManager.swift
PruneExplicitPrecompiledModules /Users/admin/builder/spi-builder-workspace/.derivedData/Build/Intermediates.noindex/SwiftExplicitPrecompiledModules
PruneExplicitPrecompiledModules /Users/admin/builder/spi-builder-workspace/.derivedData/Build/Intermediates.noindex/ExplicitPrecompiledModules
PruneExplicitPrecompiledModules /Users/admin/builder/spi-builder-workspace/.derivedData/SDKExplicitPrecompiledModules
2026-09-16 08:59:37.765 xcodebuild[667:4318] [MT] IDERunDestination: Supported platforms for the buildables in the current scheme is empty.
** BUILD FAILED **
The following build commands failed:
SwiftCompile normal arm64 (in target 'CRToastSwift' from project 'CRToastSwift')
SwiftEmitModule normal arm64 Emitting\ module\ for\ CRToastSwift (in target 'CRToastSwift' from project 'CRToastSwift')
Building workspace CRToastSwift with scheme CRToastSwift
(3 failures)
Command line invocation:
/Applications/Xcode-27.0.0-Release.Candidate.app/Contents/Developer/usr/bin/xcodebuild -IDEClonedSourcePackagesDirPathOverride=/Users/admin/builder/spi-builder-workspace/.dependencies -resolvePackageDependencies
Resolve Package Graph
Resolved source packages:
CRToastSwift: /Users/admin/builder/spi-builder-workspace
resolved source packages: CRToastSwift
2026-09-16 08:59:44.857 xcodebuild[755:4691] [MT] IDERunDestination: Supported platforms for the buildables in the current scheme is empty.
{
"dependencies" : [
],
"manifest_display_name" : "CRToastSwift",
"name" : "CRToastSwift",
"path" : "/Users/admin/builder/spi-builder-workspace",
"platforms" : [
{
"name" : "ios",
"version" : "12.0"
}
],
"products" : [
{
"name" : "CRToastSwift",
"targets" : [
"CRToastSwift"
],
"type" : {
"library" : [
"automatic"
]
}
}
],
"targets" : [
{
"c99name" : "CRToastSwiftTests",
"module_type" : "SwiftTarget",
"name" : "CRToastSwiftTests",
"path" : "Tests/CRToastSwiftTests",
"sources" : [
"CRToastSwiftTests.swift",
"XCTestManifests.swift"
],
"target_dependencies" : [
"CRToastSwift"
],
"type" : "test"
},
{
"c99name" : "CRToastSwift",
"module_type" : "SwiftTarget",
"name" : "CRToastSwift",
"path" : "Sources/CRToastSwift",
"product_memberships" : [
"CRToastSwift"
],
"sources" : [
"CRToastConfig.swift",
"CRToastManager.swift",
"CRToastView.swift",
"CRToastViewController.swift",
"CRToastWindow.swift"
],
"type" : "library"
}
],
"tools_version" : "5.0"
}
{
"workspace" : {
"name" : "CRToastSwift",
"schemes" : [
"CRToastSwift"
]
}
}
2026-09-16 08:59:46.062 xcodebuild[763:4758] [MT] IDERunDestination: Supported platforms for the buildables in the current scheme is empty.
Running build ...
env DEVELOPER_DIR=/Applications/Xcode-27.0.0-Release.Candidate.app xcrun xcodebuild -IDEClonedSourcePackagesDirPathOverride=$PWD/.dependencies -skipMacroValidation -skipPackagePluginValidation -derivedDataPath $PWD/.derivedData build -scheme CRToastSwift -destination generic/platform=xrOS
Command line invocation:
/Applications/Xcode-27.0.0-Release.Candidate.app/Contents/Developer/usr/bin/xcodebuild -IDEClonedSourcePackagesDirPathOverride=/Users/admin/builder/spi-builder-workspace/.dependencies -skipMacroValidation -skipPackagePluginValidation -derivedDataPath /Users/admin/builder/spi-builder-workspace/.derivedData build -scheme CRToastSwift -destination generic/platform=xrOS
Resolve Package Graph
Resolved source packages:
CRToastSwift: /Users/admin/builder/spi-builder-workspace
ComputePackagePrebuildTargetDependencyGraph
Prepare packages
CreateBuildRequest
SendProjectDescription
CreateBuildOperation
ComputeTargetDependencyGraph
note: Building targets in dependency order
note: Target dependency graph (2 targets)
Target 'CRToastSwift-product' in project 'CRToastSwift'
➜ Explicit dependency on target 'CRToastSwift' in project 'CRToastSwift'
Target 'CRToastSwift' in project 'CRToastSwift' (no dependencies)
GatherProvisioningInputs
CreateBuildDescription
ClangStatCache /Applications/Xcode-27.0.0-Release.Candidate.app/Contents/Developer/Toolchains/XcodeDefault.xctoolchain/usr/bin/clang-stat-cache /Applications/Xcode-27.0.0-Release.Candidate.app/Contents/Developer/Platforms/XROS.platform/Developer/SDKs/XROS27.0.sdk /Users/admin/builder/spi-builder-workspace/.derivedData/SDKStatCaches.noindex/xros27.0-24M361-e829b21a6f8c9b70876ba0858053c044735bd543db762f57723cac368afd1ce4.sdkstatcache
cd /Users/admin/builder/spi-builder-workspace/.swiftpm/xcode
/Applications/Xcode-27.0.0-Release.Candidate.app/Contents/Developer/Toolchains/XcodeDefault.xctoolchain/usr/bin/clang-stat-cache /Applications/Xcode-27.0.0-Release.Candidate.app/Contents/Developer/Platforms/XROS.platform/Developer/SDKs/XROS27.0.sdk -o /Users/admin/builder/spi-builder-workspace/.derivedData/SDKStatCaches.noindex/xros27.0-24M361-e829b21a6f8c9b70876ba0858053c044735bd543db762f57723cac368afd1ce4.sdkstatcache
SwiftDriver CRToastSwift normal arm64 com.apple.xcode.tools.swift.compiler (in target 'CRToastSwift' from project 'CRToastSwift')
cd /Users/admin/builder/spi-builder-workspace/.swiftpm/xcode
builtin-SwiftDriver -- /Applications/Xcode-27.0.0-Release.Candidate.app/Contents/Developer/Toolchains/XcodeDefault.xctoolchain/usr/bin/swiftc -parse-as-library -module-name CRToastSwift -Onone @/Users/admin/builder/spi-builder-workspace/.derivedData/Build/Intermediates.noindex/CRToastSwift.build/Debug-xros/CRToastSwift-t.build/Objects-normal/arm64/CRToastSwift.SwiftFileList -DSWIFT_PACKAGE -DDEBUG -DSWIFT_MODULE_RESOURCE_BUNDLE_UNAVAILABLE -DXcode -plugin-path /Applications/Xcode-27.0.0-Release.Candidate.app/Contents/Developer/Toolchains/XcodeDefault.xctoolchain/usr/lib/swift/host/plugins/testing -enable-experimental-feature DebugDescriptionMacro -sdk /Applications/Xcode-27.0.0-Release.Candidate.app/Contents/Developer/Platforms/XROS.platform/Developer/SDKs/XROS27.0.sdk -target arm64-apple-xros1.0 -g -module-cache-path /Users/admin/builder/spi-builder-workspace/.derivedData/ModuleCache.noindex -Xfrontend -serialize-debugging-options -profile-coverage-mapping -profile-generate -enable-testing -index-store-path /Users/admin/builder/spi-builder-workspace/.derivedData/Index.noindex/DataStore -Xcc -D_LIBCPP_HARDENING_MODE\=_LIBCPP_HARDENING_MODE_DEBUG -swift-version 5 -I /Users/admin/builder/spi-builder-workspace/.derivedData/Build/Products/Debug-xros -Isystem /Applications/Xcode-27.0.0-Release.Candidate.app/Contents/Developer/Platforms/XROS.platform/Developer/usr/lib -F /Users/admin/builder/spi-builder-workspace/.derivedData/Build/Products/Debug-xros -F /Applications/Xcode-27.0.0-Release.Candidate.app/Contents/Developer/Platforms/XROS.platform/Developer/Library/Frameworks -F /Applications/Xcode-27.0.0-Release.Candidate.app/Contents/Developer/Platforms/XROS.platform/Developer/SDKs/XROS27.0.sdk/Developer/Library/Frameworks -c -j10 -enable-batch-mode -incremental -Xcc -ivfsstatcache -Xcc /Users/admin/builder/spi-builder-workspace/.derivedData/SDKStatCaches.noindex/xros27.0-24M361-e829b21a6f8c9b70876ba0858053c044735bd543db762f57723cac368afd1ce4.sdkstatcache -output-file-map /Users/admin/builder/spi-builder-workspace/.derivedData/Build/Intermediates.noindex/CRToastSwift.build/Debug-xros/CRToastSwift-t.build/Objects-normal/arm64/CRToastSwift-OutputFileMap.json -save-temps -no-color-diagnostics -explicit-module-build -module-cache-path /Users/admin/builder/spi-builder-workspace/.derivedData/Build/Intermediates.noindex/SwiftExplicitPrecompiledModules -clang-scanner-module-cache-path /Users/admin/builder/spi-builder-workspace/.derivedData/ModuleCache.noindex -sdk-module-cache-path /Users/admin/builder/spi-builder-workspace/.derivedData/SDKExplicitPrecompiledModules -emit-dependencies -emit-module -emit-module-path /Users/admin/builder/spi-builder-workspace/.derivedData/Build/Intermediates.noindex/CRToastSwift.build/Debug-xros/CRToastSwift-t.build/Objects-normal/arm64/CRToastSwift.swiftmodule -serialize-diagnostics -dependency-scan-serialize-diagnostics-path /Users/admin/builder/spi-builder-workspace/.derivedData/Build/Intermediates.noindex/CRToastSwift.build/Debug-xros/CRToastSwift-t.build/Objects-normal/arm64/CRToastSwift-dependency-scan.dia -validate-clang-modules-once -clang-build-session-file /Users/admin/builder/spi-builder-workspace/.derivedData/ModuleCache.noindex/Session.modulevalidation -Xcc -fmodules-prune-interval\=86400 -Xcc -fmodules-prune-after\=345600 -emit-const-values -const-gather-protocols-list /Users/admin/builder/spi-builder-workspace/.derivedData/Build/Intermediates.noindex/CRToastSwift.build/Debug-xros/CRToastSwift-t.build/Objects-normal/arm64/CRToastSwift_const_extract_protocols.json -Xcc -I/Users/admin/builder/spi-builder-workspace/.derivedData/Build/Products/Debug-xros/include -Xcc -I/Users/admin/builder/spi-builder-workspace/.derivedData/Build/Intermediates.noindex/CRToastSwift.build/Debug-xros/CRToastSwift-t.build/DerivedSources-normal/arm64 -Xcc -I/Users/admin/builder/spi-builder-workspace/.derivedData/Build/Intermediates.noindex/CRToastSwift.build/Debug-xros/CRToastSwift-t.build/DerivedSources/arm64 -Xcc -I/Users/admin/builder/spi-builder-workspace/.derivedData/Build/Intermediates.noindex/CRToastSwift.build/Debug-xros/CRToastSwift-t.build/DerivedSources -Xcc -DSWIFT_PACKAGE -Xcc -DDEBUG\=1 -emit-objc-header -emit-objc-header-path /Users/admin/builder/spi-builder-workspace/.derivedData/Build/Intermediates.noindex/CRToastSwift.build/Debug-xros/CRToastSwift-t.build/Objects-normal/arm64/CRToastSwift-Swift.h -working-directory /Users/admin/builder/spi-builder-workspace/.swiftpm/xcode -experimental-emit-module-separately -disable-cmo
SwiftCompile normal arm64 Compiling\ CRToastViewController.swift /Users/admin/builder/spi-builder-workspace/Sources/CRToastSwift/CRToastViewController.swift (in target 'CRToastSwift' from project 'CRToastSwift')
SwiftCompile normal arm64 /Users/admin/builder/spi-builder-workspace/Sources/CRToastSwift/CRToastViewController.swift (in target 'CRToastSwift' from project 'CRToastSwift')
cd /Users/admin/builder/spi-builder-workspace/.swiftpm/xcode
builtin-SwiftPerFileCompile CRToastViewController.swift
/Users/admin/builder/spi-builder-workspace/Sources/CRToastSwift/CRToastViewController.swift:15:18: error: 'setNeedsStatusBarAppearanceUpdate()' is unavailable in visionOS
13 | public var statusBarStyle : UIStatusBarStyle = .default {
14 | didSet {
15 | self.setNeedsStatusBarAppearanceUpdate()
| `- error: 'setNeedsStatusBarAppearanceUpdate()' is unavailable in visionOS
16 | }
17 | }
/Applications/Xcode-27.0.0-Release.Candidate.app/Contents/Developer/Platforms/XROS.platform/Developer/SDKs/XROS27.0.sdk/System/Library/Frameworks/UIKit.framework/Headers/UIViewController.h:334:1: note: 'setNeedsStatusBarAppearanceUpdate()' has been explicitly marked unavailable here
332 |
333 | // This should be called whenever the return values for the view controller's status bar attributes have changed. If it is called from within an animation block, the changes will be animated along with the rest of the animation block.
334 | - (void)setNeedsStatusBarAppearanceUpdate API_AVAILABLE(ios(7.0)) API_UNAVAILABLE(tvos, visionos);
| `- note: 'setNeedsStatusBarAppearanceUpdate()' has been explicitly marked unavailable here
335 |
336 | /* This method returns either itself or the nearest ancestor that can perform the given action and, if applicable, has overridden UIViewController's default implementation of the action method. View controllers can return NO from canPerformAction:withSender: to opt out of being a target for a given action. */
/Users/admin/builder/spi-builder-workspace/Sources/CRToastSwift/CRToastViewController.swift:32:26: error: cannot override 'willAnimateRotation' which has been marked unavailable
30 | }
31 |
32 | public override func willAnimateRotation(to toInterfaceOrientation: UIInterfaceOrientation, duration: TimeInterval) {
| |- error: cannot override 'willAnimateRotation' which has been marked unavailable
| `- note: remove 'override' modifier to declare a new 'willAnimateRotation'
33 | super.willAnimateRotation(to: toInterfaceOrientation, duration: duration)
34 |
/Applications/Xcode-27.0.0-Release.Candidate.app/Contents/Developer/Platforms/XROS.platform/Developer/SDKs/XROS27.0.sdk/System/Library/Frameworks/UIKit.framework/Headers/UIViewController.h:403:1: note: 'willAnimateRotation(to:duration:)' has been explicitly marked unavailable here
401 | - (void)didRotateFromInterfaceOrientation:(UIInterfaceOrientation)fromInterfaceOrientation API_DEPRECATED("", ios(2.0, 8.0)) API_UNAVAILABLE(tvos) API_UNAVAILABLE(visionos, watchos);
402 |
403 | - (void)willAnimateRotationToInterfaceOrientation:(UIInterfaceOrientation)toInterfaceOrientation duration:(NSTimeInterval)duration API_DEPRECATED("Implement viewWillTransitionToSize:withTransitionCoordinator: instead", ios(3.0, 8.0)) API_UNAVAILABLE(tvos) API_UNAVAILABLE(visionos, watchos);
| `- note: 'willAnimateRotation(to:duration:)' has been explicitly marked unavailable here
404 |
405 | - (void)willAnimateFirstHalfOfRotationToInterfaceOrientation:(UIInterfaceOrientation)toInterfaceOrientation duration:(NSTimeInterval)duration API_DEPRECATED("", ios(2.0, 5.0)) API_UNAVAILABLE(tvos) API_UNAVAILABLE(visionos, watchos);
/Users/admin/builder/spi-builder-workspace/Sources/CRToastSwift/CRToastViewController.swift:22:84: error: 'isStatusBarHidden' is unavailable in visionOS
20 | public override var shouldAutorotate: Bool { return autorotate }
21 |
22 | public override var prefersStatusBarHidden: Bool { return UIApplication.shared.isStatusBarHidden }
| `- error: 'isStatusBarHidden' is unavailable in visionOS
23 |
24 | public override var preferredStatusBarStyle: UIStatusBarStyle {
/Applications/Xcode-27.0.0-Release.Candidate.app/Contents/Developer/Platforms/XROS.platform/Developer/SDKs/XROS27.0.sdk/System/Library/Frameworks/UIKit.framework/Headers/UIApplication.h:117:62: note: 'isStatusBarHidden' has been explicitly marked unavailable here
115 | @property(readonly, nonatomic) UIStatusBarStyle statusBarStyle API_UNAVAILABLE(tvos) API_DEPRECATED("Use the statusBarManager property of the window scene instead.", ios(2.0, 13.0)) API_UNAVAILABLE(visionos); // default is UIStatusBarStyleDefault
116 |
117 | @property(readonly, nonatomic,getter=isStatusBarHidden) BOOL statusBarHidden API_UNAVAILABLE(tvos) API_DEPRECATED("Use the statusBarManager property of the window scene instead.", ios(2.0, 13.0)) API_UNAVAILABLE(visionos);
| `- note: 'isStatusBarHidden' has been explicitly marked unavailable here
118 |
119 | @property(readonly, nonatomic) UIInterfaceOrientation statusBarOrientation API_UNAVAILABLE(tvos) API_DEPRECATED("Use the interfaceOrientation property of the window scene instead.", ios(2.0, 13.0)) API_UNAVAILABLE(visionos);
SwiftCompile normal arm64 Compiling\ CRToastManager.swift /Users/admin/builder/spi-builder-workspace/Sources/CRToastSwift/CRToastManager.swift (in target 'CRToastSwift' from project 'CRToastSwift')
SwiftCompile normal arm64 /Users/admin/builder/spi-builder-workspace/Sources/CRToastSwift/CRToastManager.swift (in target 'CRToastSwift' from project 'CRToastSwift')
cd /Users/admin/builder/spi-builder-workspace/.swiftpm/xcode
builtin-SwiftPerFileCompile CRToastManager.swift
/Users/admin/builder/spi-builder-workspace/Sources/CRToastSwift/CRToastManager.swift:103:51: error: 'UIScreen' is unavailable in visionOS
101 |
102 | override init() {
103 | notificationWindow = CRToastWindow(frame: UIScreen.main.bounds)
| `- error: 'UIScreen' is unavailable in visionOS
104 | notificationWindow.autoresizingMask = [.flexibleWidth, .flexibleHeight]
105 | notificationWindow.windowLevel = .statusBar
/Applications/Xcode-27.0.0-Release.Candidate.app/Contents/Developer/Platforms/XROS.platform/Developer/SDKs/XROS27.0.sdk/System/Library/Frameworks/UIKit.framework/Headers/UIScreen.h:54:12: note: 'UIScreen' has been explicitly marked unavailable here
52 |
53 | UIKIT_EXTERN API_AVAILABLE(ios(2.0)) API_UNAVAILABLE(visionos, watchos) NS_SWIFT_UI_ACTOR
54 | @interface UIScreen : NSObject <UITraitEnvironment>
| `- note: 'UIScreen' has been explicitly marked unavailable here
55 |
56 | @property(class, nonatomic, readonly) NSArray<UIScreen *> *screens API_DEPRECATED("Use UIApplication.shared.openSessions to find open sessions with scenes from other screens", ios(3.2, 16.0), visionos(1.0, 1.0)) API_UNAVAILABLE(watchos); // all screens currently attached to the device
SwiftCompile normal arm64 Compiling\ CRToastView.swift /Users/admin/builder/spi-builder-workspace/Sources/CRToastSwift/CRToastView.swift (in target 'CRToastSwift' from project 'CRToastSwift')
/Users/admin/builder/spi-builder-workspace/Sources/CRToastSwift/CRToastView.swift:135:61: error: 'white' is unavailable in visionOS
133 | override init(frame: CGRect) {
134 | imageView = UIImageView(frame: CGRect.zero)
135 | activityIndicator = UIActivityIndicatorView(style: .white)
| `- error: 'white' is unavailable in visionOS
136 | label = UILabel(frame: CGRect.zero)
137 | subtitleLabel = UILabel(frame: CGRect.zero)
UIKit.UIActivityIndicatorView.Style.white:5:10: note: 'white' has been explicitly marked unavailable here
3 | @available(iOS, introduced: 2.0, deprecated: 13.0, renamed: "UIActivityIndicatorView.Style.medium")
4 | @available(visionOS, unavailable)
5 | case white }
| `- note: 'white' has been explicitly marked unavailable here
6 | }
7 |
SwiftCompile normal arm64 /Users/admin/builder/spi-builder-workspace/Sources/CRToastSwift/CRToastView.swift (in target 'CRToastSwift' from project 'CRToastSwift')
cd /Users/admin/builder/spi-builder-workspace/.swiftpm/xcode
builtin-SwiftPerFileCompile CRToastView.swift
SwiftCompile normal arm64 Compiling\ CRToastWindow.swift /Users/admin/builder/spi-builder-workspace/Sources/CRToastSwift/CRToastWindow.swift (in target 'CRToastSwift' from project 'CRToastSwift')
SwiftCompile normal arm64 /Users/admin/builder/spi-builder-workspace/Sources/CRToastSwift/CRToastWindow.swift (in target 'CRToastSwift' from project 'CRToastSwift')
cd /Users/admin/builder/spi-builder-workspace/.swiftpm/xcode
builtin-SwiftPerFileCompile CRToastWindow.swift
SwiftCompile normal arm64 Compiling\ CRToastConfig.swift /Users/admin/builder/spi-builder-workspace/Sources/CRToastSwift/CRToastConfig.swift (in target 'CRToastSwift' from project 'CRToastSwift')
SwiftCompile normal arm64 /Users/admin/builder/spi-builder-workspace/Sources/CRToastSwift/CRToastConfig.swift (in target 'CRToastSwift' from project 'CRToastSwift')
cd /Users/admin/builder/spi-builder-workspace/.swiftpm/xcode
builtin-SwiftPerFileCompile CRToastConfig.swift
SwiftEmitModule normal arm64 Emitting\ module\ for\ CRToastSwift (in target 'CRToastSwift' from project 'CRToastSwift')
/Users/admin/builder/spi-builder-workspace/Sources/CRToastSwift/CRToastConfig.swift:443:77: error: 'white' is unavailable in visionOS
441 | public var imageTint :UIColor? = nil
442 | public var showActivityIndicator :Bool = false
443 | public var activityIndicatorViewStyle :UIActivityIndicatorView.Style = .white
| `- error: 'white' is unavailable in visionOS
444 | public var activityIndicatorAlignment :CRToastAccessoryViewAlignment = .left
445 |
UIKit.UIActivityIndicatorView.Style.white:5:10: note: 'white' has been explicitly marked unavailable here
3 | @available(iOS, introduced: 2.0, deprecated: 13.0, renamed: "UIActivityIndicatorView.Style.medium")
4 | @available(visionOS, unavailable)
5 | case white }
| `- note: 'white' has been explicitly marked unavailable here
6 | }
7 |
/Users/admin/builder/spi-builder-workspace/Sources/CRToastSwift/CRToastViewController.swift:15:18: error: 'setNeedsStatusBarAppearanceUpdate()' is unavailable in visionOS
13 | public var statusBarStyle : UIStatusBarStyle = .default {
14 | didSet {
15 | self.setNeedsStatusBarAppearanceUpdate()
| `- error: 'setNeedsStatusBarAppearanceUpdate()' is unavailable in visionOS
16 | }
17 | }
/Applications/Xcode-27.0.0-Release.Candidate.app/Contents/Developer/Platforms/XROS.platform/Developer/SDKs/XROS27.0.sdk/System/Library/Frameworks/UIKit.framework/Headers/UIViewController.h:334:1: note: 'setNeedsStatusBarAppearanceUpdate()' has been explicitly marked unavailable here
332 |
333 | // This should be called whenever the return values for the view controller's status bar attributes have changed. If it is called from within an animation block, the changes will be animated along with the rest of the animation block.
334 | - (void)setNeedsStatusBarAppearanceUpdate API_AVAILABLE(ios(7.0)) API_UNAVAILABLE(tvos, visionos);
| `- note: 'setNeedsStatusBarAppearanceUpdate()' has been explicitly marked unavailable here
335 |
336 | /* This method returns either itself or the nearest ancestor that can perform the given action and, if applicable, has overridden UIViewController's default implementation of the action method. View controllers can return NO from canPerformAction:withSender: to opt out of being a target for a given action. */
/Users/admin/builder/spi-builder-workspace/Sources/CRToastSwift/CRToastViewController.swift:32:26: error: cannot override 'willAnimateRotation' which has been marked unavailable
30 | }
31 |
32 | public override func willAnimateRotation(to toInterfaceOrientation: UIInterfaceOrientation, duration: TimeInterval) {
| |- error: cannot override 'willAnimateRotation' which has been marked unavailable
| `- note: remove 'override' modifier to declare a new 'willAnimateRotation'
33 | super.willAnimateRotation(to: toInterfaceOrientation, duration: duration)
34 |
/Applications/Xcode-27.0.0-Release.Candidate.app/Contents/Developer/Platforms/XROS.platform/Developer/SDKs/XROS27.0.sdk/System/Library/Frameworks/UIKit.framework/Headers/UIViewController.h:403:1: note: 'willAnimateRotation(to:duration:)' has been explicitly marked unavailable here
401 | - (void)didRotateFromInterfaceOrientation:(UIInterfaceOrientation)fromInterfaceOrientation API_DEPRECATED("", ios(2.0, 8.0)) API_UNAVAILABLE(tvos) API_UNAVAILABLE(visionos, watchos);
402 |
403 | - (void)willAnimateRotationToInterfaceOrientation:(UIInterfaceOrientation)toInterfaceOrientation duration:(NSTimeInterval)duration API_DEPRECATED("Implement viewWillTransitionToSize:withTransitionCoordinator: instead", ios(3.0, 8.0)) API_UNAVAILABLE(tvos) API_UNAVAILABLE(visionos, watchos);
| `- note: 'willAnimateRotation(to:duration:)' has been explicitly marked unavailable here
404 |
405 | - (void)willAnimateFirstHalfOfRotationToInterfaceOrientation:(UIInterfaceOrientation)toInterfaceOrientation duration:(NSTimeInterval)duration API_DEPRECATED("", ios(2.0, 5.0)) API_UNAVAILABLE(tvos) API_UNAVAILABLE(visionos, watchos);
Failed frontend command:
/Applications/Xcode-27.0.0-Release.Candidate.app/Contents/Developer/Toolchains/XcodeDefault.xctoolchain/usr/bin/swift-frontend -frontend -emit-module -experimental-skip-non-inlinable-function-bodies-without-types /Users/admin/builder/spi-builder-workspace/Sources/CRToastSwift/CRToastConfig.swift /Users/admin/builder/spi-builder-workspace/Sources/CRToastSwift/CRToastManager.swift /Users/admin/builder/spi-builder-workspace/Sources/CRToastSwift/CRToastView.swift /Users/admin/builder/spi-builder-workspace/Sources/CRToastSwift/CRToastViewController.swift /Users/admin/builder/spi-builder-workspace/Sources/CRToastSwift/CRToastWindow.swift -target arm64-apple-xros1.0 -disable-cross-import-overlay-search -load-resolved-plugin /Applications/Xcode-27.0.0-Release.Candidate.app/Contents/Developer/Platforms/XROS.platform/Developer/usr/lib/swift/host/plugins/libFoundationMacros.dylib\#/Applications/Xcode-27.0.0-Release.Candidate.app/Contents/Developer/Platforms/XROS.platform/Developer/usr/bin/swift-plugin-server\#FoundationMacros -load-resolved-plugin /Applications/Xcode-27.0.0-Release.Candidate.app/Contents/Developer/Platforms/XROS.platform/Developer/usr/lib/swift/host/plugins/libObservationMacros.dylib\#/Applications/Xcode-27.0.0-Release.Candidate.app/Contents/Developer/Platforms/XROS.platform/Developer/usr/bin/swift-plugin-server\#ObservationMacros -load-resolved-plugin /Applications/Xcode-27.0.0-Release.Candidate.app/Contents/Developer/Platforms/XROS.platform/Developer/usr/lib/swift/host/plugins/libPreviewsMacros.dylib\#/Applications/Xcode-27.0.0-Release.Candidate.app/Contents/Developer/Platforms/XROS.platform/Developer/usr/bin/swift-plugin-server\#PreviewsMacros -load-resolved-plugin /Applications/Xcode-27.0.0-Release.Candidate.app/Contents/Developer/Platforms/XROS.platform/Developer/usr/lib/swift/host/plugins/libSwiftMacros.dylib\#/Applications/Xcode-27.0.0-Release.Candidate.app/Contents/Developer/Platforms/XROS.platform/Developer/usr/bin/swift-plugin-server\#SwiftMacros -load-resolved-plugin /Applications/Xcode-27.0.0-Release.Candidate.app/Contents/Developer/Platforms/XROS.platform/Developer/usr/lib/swift/host/plugins/libSwiftUIMacros.dylib\#/Applications/Xcode-27.0.0-Release.Candidate.app/Contents/Developer/Platforms/XROS.platform/Developer/usr/bin/swift-plugin-server\#SwiftUIMacros -disable-implicit-swift-modules -Xcc -fno-implicit-modules -Xcc -fno-implicit-module-maps -explicit-swift-module-map-file /Users/admin/builder/spi-builder-workspace/.derivedData/Build/Intermediates.noindex/CRToastSwift.build/Debug-xros/CRToastSwift-t.build/Objects-normal/arm64/CRToastSwift-dependencies-1.json -Xllvm -aarch64-use-tbi -enable-objc-interop -stack-check -sdk /Applications/Xcode-27.0.0-Release.Candidate.app/Contents/Developer/Platforms/XROS.platform/Developer/SDKs/XROS27.0.sdk -I /Users/admin/builder/spi-builder-workspace/.derivedData/Build/Products/Debug-xros -Isystem /Applications/Xcode-27.0.0-Release.Candidate.app/Contents/Developer/Platforms/XROS.platform/Developer/usr/lib -F /Users/admin/builder/spi-builder-workspace/.derivedData/Build/Products/Debug-xros -F /Applications/Xcode-27.0.0-Release.Candidate.app/Contents/Developer/Platforms/XROS.platform/Developer/Library/Frameworks -F /Applications/Xcode-27.0.0-Release.Candidate.app/Contents/Developer/Platforms/XROS.platform/Developer/SDKs/XROS27.0.sdk/Developer/Library/Frameworks -module-cache-path /Users/admin/builder/spi-builder-workspace/.derivedData/Build/Intermediates.noindex/SwiftExplicitPrecompiledModules -no-color-diagnostics -Xcc -fno-color-diagnostics -enable-testing -g -debug-info-format\=dwarf -dwarf-version\=4 -profile-generate -profile-coverage-mapping -swift-version 5 -Onone -D SWIFT_PACKAGE -D DEBUG -D SWIFT_MODULE_RESOURCE_BUNDLE_UNAVAILABLE -D Xcode -serialize-debugging-options -enable-experimental-feature DebugDescriptionMacro -empty-abi-descriptor -validate-clang-modules-once -clang-build-session-file /Users/admin/builder/spi-builder-workspace/.derivedData/ModuleCache.noindex/Session.modulevalidation -Xcc -working-directory -Xcc /Users/admin/builder/spi-builder-workspace/.swiftpm/xcode -enable-anonymous-context-mangled-names -file-compilation-dir /Users/admin/builder/spi-builder-workspace/.swiftpm/xcode -Xcc -D_LIBCPP_HARDENING_MODE\=_LIBCPP_HARDENING_MODE_DEBUG -Xcc -ivfsstatcache -Xcc /Users/admin/builder/spi-builder-workspace/.derivedData/SDKStatCaches.noindex/xros27.0-24M361-e829b21a6f8c9b70876ba0858053c044735bd543db762f57723cac368afd1ce4.sdkstatcache -Xcc -fmodules-prune-interval\=86400 -Xcc -fmodules-prune-after\=345600 -Xcc -I/Users/admin/builder/spi-builder-workspace/.derivedData/Build/Products/Debug-xros/include -Xcc -I/Users/admin/builder/spi-builder-workspace/.derivedData/Build/Intermediates.noindex/CRToastSwift.build/Debug-xros/CRToastSwift-t.build/DerivedSources-normal/arm64 -Xcc -I/Users/admin/builder/spi-builder-workspace/.derivedData/Build/Intermediates.noindex/CRToastSwift.build/Debug-xros/CRToastSwift-t.build/DerivedSources/arm64 -Xcc -I/Users/admin/builder/spi-builder-workspace/.derivedData/Build/Intermediates.noindex/CRToastSwift.build/Debug-xros/CRToastSwift-t.build/DerivedSources -Xcc -DSWIFT_PACKAGE -Xcc -DDEBUG\=1 -no-auto-bridging-header-chaining -module-name CRToastSwift -const-gather-protocols-file /Users/admin/builder/spi-builder-workspace/.derivedData/Build/Intermediates.noindex/CRToastSwift.build/Debug-xros/CRToastSwift-t.build/Objects-normal/arm64/CRToastSwift_const_extract_protocols.json -disable-clang-spi -clang-target arm64-apple-xros27.0 -target-sdk-version 27.0 -target-sdk-name xros27.0 -in-process-plugin-server-path /Applications/Xcode-27.0.0-Release.Candidate.app/Contents/Developer/Toolchains/XcodeDefault.xctoolchain/usr/lib/swift/host/libSwiftInProcPluginServer.dylib -emit-module-doc-path /Users/admin/builder/spi-builder-workspace/.derivedData/Build/Intermediates.noindex/CRToastSwift.build/Debug-xros/CRToastSwift-t.build/Objects-normal/arm64/CRToastSwift.swiftdoc -emit-module-source-info-path /Users/admin/builder/spi-builder-workspace/.derivedData/Build/Intermediates.noindex/CRToastSwift.build/Debug-xros/CRToastSwift-t.build/Objects-normal/arm64/CRToastSwift.swiftsourceinfo -emit-objc-header-path /Users/admin/builder/spi-builder-workspace/.derivedData/Build/Intermediates.noindex/CRToastSwift.build/Debug-xros/CRToastSwift-t.build/Objects-normal/arm64/CRToastSwift-Swift.h -serialize-diagnostics-path /Users/admin/builder/spi-builder-workspace/.derivedData/Build/Intermediates.noindex/CRToastSwift.build/Debug-xros/CRToastSwift-t.build/Objects-normal/arm64/CRToastSwift-primary-emit-module.dia -emit-dependencies-path /Users/admin/builder/spi-builder-workspace/.derivedData/Build/Intermediates.noindex/CRToastSwift.build/Debug-xros/CRToastSwift-t.build/Objects-normal/arm64/CRToastSwift-primary-emit-module.d -parse-as-library -o /Users/admin/builder/spi-builder-workspace/.derivedData/Build/Intermediates.noindex/CRToastSwift.build/Debug-xros/CRToastSwift-t.build/Objects-normal/arm64/CRToastSwift.swiftmodule -emit-abi-descriptor-path /Users/admin/builder/spi-builder-workspace/.derivedData/Build/Intermediates.noindex/CRToastSwift.build/Debug-xros/CRToastSwift-t.build/Objects-normal/arm64/CRToastSwift.abi.json
SwiftCompile normal arm64 (in target 'CRToastSwift' from project 'CRToastSwift')
cd /Users/admin/builder/spi-builder-workspace/.swiftpm/xcode
PruneExplicitPrecompiledModules /Users/admin/builder/spi-builder-workspace/.derivedData/Build/Intermediates.noindex/SwiftExplicitPrecompiledModules
PruneExplicitPrecompiledModules /Users/admin/builder/spi-builder-workspace/.derivedData/SDKExplicitPrecompiledModules
PruneExplicitPrecompiledModules /Users/admin/builder/spi-builder-workspace/.derivedData/Build/Intermediates.noindex/ExplicitPrecompiledModules
2026-09-16 08:59:47.042 xcodebuild[764:4785] [MT] IDERunDestination: Supported platforms for the buildables in the current scheme is empty.
** BUILD FAILED **
The following build commands failed:
SwiftEmitModule normal arm64 Emitting\ module\ for\ CRToastSwift (in target 'CRToastSwift' from project 'CRToastSwift')
SwiftCompile normal arm64 (in target 'CRToastSwift' from project 'CRToastSwift')
Building workspace CRToastSwift with scheme CRToastSwift
(3 failures)
BUILD FAILURE 6.4 visionOS