The Swift Package Index logo.Swift Package Index

Build Information

Failed to build RollbarSDK, reference master (773619), with Swift 6.1 for Wasm on 23 Oct 2026 19:34:17 UTC.

Build Command

bash -c docker run --pull=always --rm -v "checkouts-54344847-1":/host -w "$PWD" -e JAVA_HOME="/root/.sdkman/candidates/java/current" -e SPI_BUILD="1" -e SPI_PROCESSING="1" registry.gitlab.com/saguaro1/spi-images:wasm-6.1-latest swift build --swift-sdk wasm32-unknown-wasi 2>&1

Build Log

========================================
RunAll
========================================
Builder version: 5.1.3
Interrupt handler set up.
========================================
Checkout
========================================
Clone URL: https://github.com/rollbar/rollbar-apple.git
Reference: master
Initialized empty Git repository in /host/spi-builder-workspace/.git/
hint: Using 'master' as the name for the initial branch. This default branch name
hint: is subject to change. To configure the initial branch name to use in all
hint: of your new repositories, which will suppress this warning, call:
hint:
hint: 	git config --global init.defaultBranch <name>
hint:
hint: Names commonly chosen instead of 'master' are 'main', 'trunk' and
hint: 'development'. The just-created branch can be renamed via this command:
hint:
hint: 	git branch -m <name>
From https://github.com/rollbar/rollbar-apple
 * branch            master     -> FETCH_HEAD
 * [new branch]      master     -> origin/master
HEAD is now at 7736190 Xcode canary: read Xcode 27's destination list (#378)
Cloned https://github.com/rollbar/rollbar-apple.git
Revision (git rev-parse @):
77361904f3f22fe060d48fcd1e75f6d2f43641af
SUCCESS checkout https://github.com/rollbar/rollbar-apple.git at master
========================================
Build
========================================
Selected platform:         wasm
Swift version:             6.1
Building package at path:  $PWD
https://github.com/rollbar/rollbar-apple.git
https://github.com/rollbar/rollbar-apple.git
WARNING: environment variable SUPPRESS_SWIFT_6_FLAGS is not set
Running build ...
bash -c docker run --pull=always --rm -v "checkouts-54344847-1":/host -w "$PWD" -e JAVA_HOME="/root/.sdkman/candidates/java/current" -e SPI_BUILD="1" -e SPI_PROCESSING="1" registry.gitlab.com/saguaro1/spi-images:wasm-6.1-latest swift build --swift-sdk wasm32-unknown-wasi -Xswiftc -Xfrontend -Xswiftc -stats-output-dir -Xswiftc -Xfrontend -Xswiftc .stats -Xswiftc -strict-concurrency=complete -Xswiftc -enable-upcoming-feature -Xswiftc StrictConcurrency -Xswiftc -enable-upcoming-feature -Xswiftc DisableOutwardActorInference -Xswiftc -enable-upcoming-feature -Xswiftc GlobalActorIsolatedTypesUsability -Xswiftc -enable-upcoming-feature -Xswiftc InferSendableFromCaptures 2>&1
wasm-6.1-latest: Pulling from saguaro1/spi-images
Digest: sha256:f257c9b8465670613eb336f6def351d681b1d395aebdb231a45bac980c1f9d3c
Status: Image is up to date for registry.gitlab.com/saguaro1/spi-images:wasm-6.1-latest
Fetching https://github.com/CocoaLumberjack/CocoaLumberjack.git
[1/19155] Fetching cocoalumberjack
Fetched https://github.com/CocoaLumberjack/CocoaLumberjack.git from cache (0.85s)
Computing version for https://github.com/CocoaLumberjack/CocoaLumberjack.git
Computed https://github.com/CocoaLumberjack/CocoaLumberjack.git at 3.10.0 (1.10s)
Fetching https://github.com/apple/swift-log
[1/8373] Fetching swift-log
Fetched https://github.com/apple/swift-log from cache (0.48s)
Computing version for https://github.com/apple/swift-log
Computed https://github.com/apple/swift-log at 1.15.1 (0.23s)
Creating working copy for https://github.com/CocoaLumberjack/CocoaLumberjack.git
Working copy of https://github.com/CocoaLumberjack/CocoaLumberjack.git resolved at 3.10.0
Creating working copy for https://github.com/apple/swift-log
Working copy of https://github.com/apple/swift-log resolved at 1.15.1
Building for debugging...
In file included from /host/spi-builder-workspace/RollbarAUL/Sources/RollbarAUL/RollbarAulOSLogEntryLogLevelConverter.m:1:
/host/spi-builder-workspace/RollbarAUL/Sources/RollbarAUL/include/RollbarAulOSLogEntryLogLevelConverter.h:4:1: error: use of '@import' when modules are disabled
    4 | @import Foundation;
      | ^
1 error generated.
[0/148] Compiling RollbarAUL RollbarAulOSLogEntryLogLevelConverter.m
In file included from /host/spi-builder-workspace/RollbarAUL/Sources/RollbarAUL/RollbarAulStoreMonitor.m:1:
/host/spi-builder-workspace/RollbarAUL/Sources/RollbarAUL/include/RollbarAulStoreMonitor.h:4:1: error: use of '@import' when modules are disabled
    4 | @import Foundation;
      | ^
1 error generated.
[0/148] Compiling RollbarAUL RollbarAulStoreMonitor.m
In file included from /host/spi-builder-workspace/RollbarAUL/Sources/RollbarAUL/RollbarAulPredicateBuilder.m:1:
/host/spi-builder-workspace/RollbarAUL/Sources/RollbarAUL/RollbarAulPredicateBuilder.h:4:1: error: use of '@import' when modules are disabled
    4 | @import Foundation;
      | ^
1 error generated.
[0/148] Compiling RollbarAUL RollbarAulPredicateBuilder.m
In file included from /host/spi-builder-workspace/RollbarCommon/Sources/RollbarCommon/RollbarOsUtil.m:1:
/host/spi-builder-workspace/RollbarCommon/Sources/RollbarCommon/include/RollbarOsUtil.h:11:9: fatal error: 'Foundation/Foundation.h' file not found
   11 | #import <Foundation/Foundation.h>
      |         ^~~~~~~~~~~~~~~~~~~~~~~~~
1 error generated.
[0/148] Compiling RollbarCommon RollbarOsUtil.m
In file included from /host/spi-builder-workspace/RollbarCommon/Sources/RollbarCommon/RollbarHostingProcessUtil.m:1:
/host/spi-builder-workspace/RollbarCommon/Sources/RollbarCommon/include/RollbarHostingProcessUtil.h:4:9: fatal error: 'Foundation/Foundation.h' file not found
    4 | #import <Foundation/Foundation.h>
      |         ^~~~~~~~~~~~~~~~~~~~~~~~~
1 error generated.
[0/148] Compiling RollbarCommon RollbarHostingProcessUtil.m
In file included from /host/spi-builder-workspace/RollbarCommon/Sources/RollbarCommon/RollbarMemoryStatsDescriptors.m:1:
/host/spi-builder-workspace/RollbarCommon/Sources/RollbarCommon/include/RollbarMemoryStatsDescriptors.h:11:1: error: use of '@import' when modules are disabled
   11 | @import Foundation;
      | ^
/host/spi-builder-workspace/RollbarCommon/Sources/RollbarCommon/include/RollbarMemoryStatsDescriptors.h:15:1: error: function definition declared 'typedef'
   15 | typedef NS_ENUM(NSUInteger, RollbarMemoryStatsType) {
      | ^~~~~~~
[0/148] Compiling RollbarCommon RollbarMemoryStatsDescriptors.m
In file included from /host/spi-builder-workspace/RollbarCommon/Sources/RollbarCommon/RollbarInternalLogging.m:1:
/host/spi-builder-workspace/RollbarCommon/Sources/RollbarCommon/RollbarInternalLogging.h:4:1: error: use of '@import' when modules are disabled
    4 | @import Foundation;
      | ^
In file included from /host/spi-builder-workspace/RollbarCommon/Sources/RollbarCommon/RollbarMemoryUtil.m:1:
/host/spi-builder-workspace/RollbarCommon/Sources/RollbarCommon/include/RollbarMemoryUtil.h:11:1: error: use of '@import' when modules are disabled
   11 | @import Foundation;
      | ^
[0/148] Compiling RollbarCommon RollbarInternalLogging.m
[0/148] Compiling RollbarCommon RollbarMemoryUtil.m
Running build ...
bash -c docker run --pull=always --rm -v "checkouts-54344847-1":/host -w "$PWD" -e JAVA_HOME="/root/.sdkman/candidates/java/current" -e SPI_BUILD="1" -e SPI_PROCESSING="1" registry.gitlab.com/saguaro1/spi-images:wasm-6.1-latest swift build --swift-sdk wasm32-unknown-wasi 2>&1
wasm-6.1-latest: Pulling from saguaro1/spi-images
Digest: sha256:f257c9b8465670613eb336f6def351d681b1d395aebdb231a45bac980c1f9d3c
Status: Image is up to date for registry.gitlab.com/saguaro1/spi-images:wasm-6.1-latest
[0/1] Planning build
Building for debugging...
[0/148] Copying PrivacyInfo.xcprivacy
[0/148] Write sources
In file included from /host/spi-builder-workspace/RollbarDeploys/Sources/RollbarDeploys/DTOs/RollbarDeploymentDetails.m:3:
In file included from /host/spi-builder-workspace/RollbarDeploys/Sources/RollbarDeploys/include/RollbarDeploymentDetails.h:6:
/host/spi-builder-workspace/RollbarDeploys/Sources/RollbarDeploys/include/RollbarDeployment.h:6:1: error: use of '@import' when modules are disabled
    6 | @import Foundation;
      | ^
/host/spi-builder-workspace/RollbarDeploys/Sources/RollbarDeploys/include/RollbarDeployment.h:7:1: error: use of '@import' when modules are disabled
    7 | @import RollbarCommon;
      | ^
/host/spi-builder-workspace/RollbarDeploys/Sources/RollbarDeploys/include/RollbarDeployment.h:10:32: error: cannot find interface declaration for 'RollbarDTO', superclass of 'RollbarDeployment'
   10 | @interface RollbarDeployment : RollbarDTO
      | ~~~~~~~~~~~~~~~~~~~~~~~~~~~~   ^
/host/spi-builder-workspace/RollbarDeploys/Sources/RollbarDeploys/include/RollbarDeployment.h:15:30: error: unknown type name 'NSString'
   15 | @property (readonly, retain) NSString *environment;
      |                              ^
/host/spi-builder-workspace/RollbarDeploys/Sources/RollbarDeploys/include/RollbarDeployment.h:15:1: error: property with 'retain (or strong)' attribute must be of object type
   15 | @property (readonly, retain) NSString *environment;
      | ^
/host/spi-builder-workspace/RollbarDeploys/Sources/RollbarDeploys/include/RollbarDeployment.h:18:30: error: unknown type name 'NSString'
   18 | @property (readonly, retain) NSString *comment;
      |                              ^
/host/spi-builder-workspace/RollbarDeploys/Sources/RollbarDeploys/include/RollbarDeployment.h:18:1: error: property with 'retain (or strong)' attribute must be of object type
   18 | @property (readonly, retain) NSString *comment;
      | ^
/host/spi-builder-workspace/RollbarDeploys/Sources/RollbarDeploys/include/RollbarDeployment.h:21:30: error: unknown type name 'NSString'
   21 | @property (readonly, retain) NSString *revision;
      |                              ^
/host/spi-builder-workspace/RollbarDeploys/Sources/RollbarDeploys/include/RollbarDeployment.h:21:1: error: property with 'retain (or strong)' attribute must be of object type
   21 | @property (readonly, retain) NSString *revision;
      | ^
/host/spi-builder-workspace/RollbarDeploys/Sources/RollbarDeploys/include/RollbarDeployment.h:24:30: error: unknown type name 'NSString'
   24 | @property (readonly, retain) NSString *localUsername;
      |                              ^
/host/spi-builder-workspace/RollbarDeploys/Sources/RollbarDeploys/include/RollbarDeployment.h:24:1: error: property with 'retain (or strong)' attribute must be of object type
   24 | @property (readonly, retain) NSString *localUsername;
      | ^
/host/spi-builder-workspace/RollbarDeploys/Sources/RollbarDeploys/include/RollbarDeployment.h:27:30: error: unknown type name 'NSString'
   27 | @property (readonly, retain) NSString *rollbarUsername;
      |                              ^
/host/spi-builder-workspace/RollbarDeploys/Sources/RollbarDeploys/include/RollbarDeployment.h:27:1: error: property with 'retain (or strong)' attribute must be of object type
   27 | @property (readonly, retain) NSString *rollbarUsername;
      | ^
/host/spi-builder-workspace/RollbarDeploys/Sources/RollbarDeploys/include/RollbarDeployment.h:37:38: error: expected a type
   37 | - (instancetype)initWithEnvironment:(NSString *)environment
      |                                      ^
/host/spi-builder-workspace/RollbarDeploys/Sources/RollbarDeploys/include/RollbarDeployment.h:38:38: error: expected a type
   38 |                             comment:(NSString *)comment
      |                                      ^
/host/spi-builder-workspace/RollbarDeploys/Sources/RollbarDeploys/include/RollbarDeployment.h:39:38: error: expected a type
   39 |                            revision:(NSString *)revision
      |                                      ^
/host/spi-builder-workspace/RollbarDeploys/Sources/RollbarDeploys/include/RollbarDeployment.h:40:38: error: expected a type
   40 |                       localUserName:(NSString *)localUserName
      |                                      ^
/host/spi-builder-workspace/RollbarDeploys/Sources/RollbarDeploys/include/RollbarDeployment.h:41:38: error: expected a type
   41 |                     rollbarUserName:(NSString *)rollbarUserName
      |                                      ^
/host/spi-builder-workspace/RollbarDeploys/Sources/RollbarDeploys/include/RollbarDeployment.h:42:26: error: expected ':'
   42 | NS_DESIGNATED_INITIALIZER;
      |                          ^
      |                          :
fatal error: too many errors emitted, stopping now [-ferror-limit=]
20 errors generated.
[2/148] Compiling RollbarDeploymentDetails.m
In file included from /host/spi-builder-workspace/RollbarDeploys/Sources/RollbarDeploys/DTOs/RollbarDeployApiCallResult.m:3:
In file included from /host/spi-builder-workspace/RollbarDeploys/Sources/RollbarDeploys/include/RollbarDeployApiCallResult.h:6:
/host/spi-builder-workspace/RollbarDeploys/Sources/RollbarDeploys/include/RollbarDeployApiCallOutcome.h:12:1: error: use of '@import' when modules are disabled
   12 | @import Foundation;
      | ^
/host/spi-builder-workspace/RollbarDeploys/Sources/RollbarDeploys/include/RollbarDeployApiCallOutcome.h:14:1: error: function definition declared 'typedef'
   14 | typedef NS_ENUM(NSInteger, RollbarDeployApiCallOutcome) {
      | ^~~~~~~
/host/spi-builder-workspace/RollbarDeploys/Sources/RollbarDeploys/include/RollbarDeployApiCallOutcome.h:14:28: error: parameter 'RollbarDeployApiCallOutcome' was not declared, defaults to 'int'; ISO C99 and later do not support implicit int [-Wimplicit-int]
   14 | typedef NS_ENUM(NSInteger, RollbarDeployApiCallOutcome) {
      |                            ^
/host/spi-builder-workspace/RollbarDeploys/Sources/RollbarDeploys/include/RollbarDeployApiCallOutcome.h:14:17: error: parameter 'NSInteger' was not declared, defaults to 'int'; ISO C99 and later do not support implicit int [-Wimplicit-int]
   14 | typedef NS_ENUM(NSInteger, RollbarDeployApiCallOutcome) {
      |                 ^
/host/spi-builder-workspace/RollbarDeploys/Sources/RollbarDeploys/include/RollbarDeployApiCallOutcome.h:14:9: error: type specifier missing, defaults to 'int'; ISO C99 and later do not support implicit int [-Wimplicit-int]
   14 | typedef NS_ENUM(NSInteger, RollbarDeployApiCallOutcome) {
      | ~~~~~~~ ^
      | int
/host/spi-builder-workspace/RollbarDeploys/Sources/RollbarDeploys/include/RollbarDeployApiCallOutcome.h:15:5: error: use of undeclared identifier 'RollbarDeployApiCall_Success'; did you mean 'RollbarDeployApiCallOutcome'?
   15 |     RollbarDeployApiCall_Success,
      |     ^~~~~~~~~~~~~~~~~~~~~~~~~~~~
      |     RollbarDeployApiCallOutcome
/host/spi-builder-workspace/RollbarDeploys/Sources/RollbarDeploys/include/RollbarDeployApiCallOutcome.h:14:28: note: 'RollbarDeployApiCallOutcome' declared here
   14 | typedef NS_ENUM(NSInteger, RollbarDeployApiCallOutcome) {
      |                            ^
/host/spi-builder-workspace/RollbarDeploys/Sources/RollbarDeploys/include/RollbarDeployApiCallOutcome.h:16:31: error: expected ';' after expression
   16 |     RollbarDeployApiCall_Error,
      |                               ^
      |                               ;
/host/spi-builder-workspace/RollbarDeploys/Sources/RollbarDeploys/include/RollbarDeployApiCallOutcome.h:16:5: error: use of undeclared identifier 'RollbarDeployApiCall_Error'; did you mean 'RollbarDeployApiCallOutcome'?
   16 |     RollbarDeployApiCall_Error,
      |     ^~~~~~~~~~~~~~~~~~~~~~~~~~
      |     RollbarDeployApiCallOutcome
/host/spi-builder-workspace/RollbarDeploys/Sources/RollbarDeploys/include/RollbarDeployApiCallOutcome.h:14:28: note: 'RollbarDeployApiCallOutcome' declared here
   14 | typedef NS_ENUM(NSInteger, RollbarDeployApiCallOutcome) {
      |                            ^
/host/spi-builder-workspace/RollbarDeploys/Sources/RollbarDeploys/include/RollbarDeployApiCallOutcome.h:14:9: warning: a function definition without a prototype is deprecated in all versions of C and is not supported in C23 [-Wdeprecated-non-prototype]
   14 | typedef NS_ENUM(NSInteger, RollbarDeployApiCallOutcome) {
      |         ^
/host/spi-builder-workspace/RollbarDeploys/Sources/RollbarDeploys/include/RollbarDeployApiCallOutcome.h:19:1: error: unknown type name 'NS_ASSUME_NONNULL_BEGIN'
   19 | NS_ASSUME_NONNULL_BEGIN
      | ^
/host/spi-builder-workspace/RollbarDeploys/Sources/RollbarDeploys/include/RollbarDeployApiCallOutcome.h:22:46: error: cannot find interface declaration for 'NSObject', superclass of 'RollbarDeployApiCallOutcomeUtil'
   22 | @interface RollbarDeployApiCallOutcomeUtil : NSObject
      | ~~~~~~~~~~~~~~~~~~~~~~~~~~~~~~~~~~~~~~~~~~   ^
/host/spi-builder-workspace/RollbarDeploys/Sources/RollbarDeploys/include/RollbarDeployApiCallOutcome.h:26:4: error: expected a type
   26 | + (NSString *) DeployApiCallOutcomeToString:(RollbarDeployApiCallOutcome)value;
      |    ^
/host/spi-builder-workspace/RollbarDeploys/Sources/RollbarDeploys/include/RollbarDeployApiCallOutcome.h:26:46: error: expected a type
   26 | + (NSString *) DeployApiCallOutcomeToString:(RollbarDeployApiCallOutcome)value;
      |                                              ^
/host/spi-builder-workspace/RollbarDeploys/Sources/RollbarDeploys/include/RollbarDeployApiCallOutcome.h:30:4: error: expected a type
   30 | + (RollbarDeployApiCallOutcome) DeployApiCallOutcomeFromString:(NSString *)value;
      |    ^
/host/spi-builder-workspace/RollbarDeploys/Sources/RollbarDeploys/include/RollbarDeployApiCallOutcome.h:30:65: error: expected a type
   30 | + (RollbarDeployApiCallOutcome) DeployApiCallOutcomeFromString:(NSString *)value;
      |                                                                 ^
In file included from /host/spi-builder-workspace/RollbarDeploys/Sources/RollbarDeploys/DTOs/RollbarDeployment.m:3:
/host/spi-builder-workspace/RollbarDeploys/Sources/RollbarDeploys/include/RollbarDeployment.h:6:1: error: use of '@import' when modules are disabled
    6 | @import Foundation;
      | ^
/host/spi-builder-workspace/RollbarDeploys/Sources/RollbarDeploys/include/RollbarDeployment.h:7:1: error: use of '@import' when modules are disabled
    7 | @import RollbarCommon;
      | ^
/host/spi-builder-workspace/RollbarDeploys/Sources/RollbarDeploys/include/RollbarDeployment.h:10:32: error: cannot find interface declaration for 'RollbarDTO', superclass of 'RollbarDeployment'
   10 | @interface RollbarDeployment : RollbarDTO
      | ~~~~~~~~~~~~~~~~~~~~~~~~~~~~   ^
/host/spi-builder-workspace/RollbarDeploys/Sources/RollbarDeploys/include/RollbarDeployment.h:15:30: error: unknown type name 'NSString'
   15 | @property (readonly, retain) NSString *environment;
      |                              ^
/host/spi-builder-workspace/RollbarDeploys/Sources/RollbarDeploys/include/RollbarDeployment.h:15:1: error: property with 'retain (or strong)' attribute must be of object type
   15 | @property (readonly, retain) NSString *environment;
      | ^
/host/spi-builder-workspace/RollbarDeploys/Sources/RollbarDeploys/include/RollbarDeployment.h:18:30: error: unknown type name 'NSString'
   18 | @property (readonly, retain) NSString *comment;
      |                              ^
/host/spi-builder-workspace/RollbarDeploys/Sources/RollbarDeploys/include/RollbarDeployment.h:18:1: error: property with 'retain (or strong)' attribute must be of object type
   18 | @property (readonly, retain) NSString *comment;
      | ^
/host/spi-builder-workspace/RollbarDeploys/Sources/RollbarDeploys/include/RollbarDeployment.h:21:30: error: unknown type name 'NSString'
   21 | @property (readonly, retain) NSString *revision;
      |                              ^
/host/spi-builder-workspace/RollbarDeploys/Sources/RollbarDeploys/include/RollbarDeployment.h:21:1: error: property with 'retain (or strong)' attribute must be of object type
   21 | @property (readonly, retain) NSString *revision;
      | ^
/host/spi-builder-workspace/RollbarDeploys/Sources/RollbarDeploys/include/RollbarDeployment.h:24:30: error: unknown type name 'NSString'
   24 | @property (readonly, retain) NSString *localUsername;
      |                              ^
/host/spi-builder-workspace/RollbarDeploys/Sources/RollbarDeploys/include/RollbarDeployment.h:24:1: error: property with 'retain (or strong)' attribute must be of object type
   24 | @property (readonly, retain) NSString *localUsername;
      | ^
/host/spi-builder-workspace/RollbarDeploys/Sources/RollbarDeploys/include/RollbarDeployment.h:27:30: error: unknown type name 'NSString'
   27 | @property (readonly, retain) NSString *rollbarUsername;
      |                              ^
/host/spi-builder-workspace/RollbarDeploys/Sources/RollbarDeploys/include/RollbarDeployment.h:27:1: error: property with 'retain (or strong)' attribute must be of object type
   27 | @property (readonly, retain) NSString *rollbarUsername;
      | ^
/host/spi-builder-workspace/RollbarDeploys/Sources/RollbarDeploys/include/RollbarDeployment.h:37:38: error: expected a type
   37 | - (instancetype)initWithEnvironment:(NSString *)environment
      |                                      ^
/host/spi-builder-workspace/RollbarDeploys/Sources/RollbarDeploys/include/RollbarDeployment.h:38:38: error: expected a type
   38 |                             comment:(NSString *)comment
      |                                      ^
/host/spi-builder-workspace/RollbarDeploys/Sources/RollbarDeploys/include/RollbarDeployment.h:39:38: error: expected a type
   39 |                            revision:(NSString *)revision
      |                                      ^
/host/spi-builder-workspace/RollbarDeploys/Sources/RollbarDeploys/include/RollbarDeployment.h:40:38: error: expected a type
   40 |                       localUserName:(NSString *)localUserName
      |                                      ^
/host/spi-builder-workspace/RollbarDeploys/Sources/RollbarDeploys/include/RollbarDeployment.h:41:38: error: expected a type
   41 |                     rollbarUserName:(NSString *)rollbarUserName
      |                                      ^
/host/spi-builder-workspace/RollbarDeploys/Sources/RollbarDeploys/include/RollbarDeployment.h:42:26: error: expected ':'
   42 | NS_DESIGNATED_INITIALIZER;
      |                          ^
      |                          :
fatal error: too many errors emitted, stopping now [-ferror-limit=]
20 errors generated.
[2/148] Compiling RollbarDeployment.m
[2/148] Compiling RollbarDeployApiCallResult.m
In file included from /host/spi-builder-workspace/RollbarNotifier/Sources/RollbarCrash/Util/RollbarCrashThread.c:28:
/host/spi-builder-workspace/RollbarNotifier/Sources/RollbarCrash/include/RollbarCrashThread.h:39:9: error: unknown type name 'uintptr_t'
   39 | typedef uintptr_t RollbarCrashThread;
      |         ^
/host/spi-builder-workspace/RollbarNotifier/Sources/RollbarCrash/Util/RollbarCrashThread.c:36:10: fatal error: 'dispatch/dispatch.h' file not found
   36 | #include <dispatch/dispatch.h>
      |          ^~~~~~~~~~~~~~~~~~~~~
In file included from /host/spi-builder-workspace/RollbarDeploys/Sources/RollbarDeploys/DTOs/DeployApiCallOutcome.m:9:
/host/spi-builder-workspace/RollbarDeploys/Sources/RollbarDeploys/include/RollbarDeployApiCallOutcome.h:12:1: error: use of '@import' when modules are disabled
   12 | @import Foundation;
      | ^
/host/spi-builder-workspace/RollbarDeploys/Sources/RollbarDeploys/include/RollbarDeployApiCallOutcome.h:14:1: error: function definition declared 'typedef'
   14 | typedef NS_ENUM(NSInteger, RollbarDeployApiCallOutcome) {
      | ^~~~~~~
/host/spi-builder-workspace/RollbarDeploys/Sources/RollbarDeploys/include/RollbarDeployApiCallOutcome.h:14:28: error: parameter 'RollbarDeployApiCallOutcome' was not declared, defaults to 'int'; ISO C99 and later do not support implicit int [-Wimplicit-int]
   14 | typedef NS_ENUM(NSInteger, RollbarDeployApiCallOutcome) {
      |                            ^
/host/spi-builder-workspace/RollbarDeploys/Sources/RollbarDeploys/include/RollbarDeployApiCallOutcome.h:14:17: error: parameter 'NSInteger' was not declared, defaults to 'int'; ISO C99 and later do not support implicit int [-Wimplicit-int]
   14 | typedef NS_ENUM(NSInteger, RollbarDeployApiCallOutcome) {
      |                 ^
/host/spi-builder-workspace/RollbarDeploys/Sources/RollbarDeploys/include/RollbarDeployApiCallOutcome.h:14:9: error: type specifier missing, defaults to 'int'; ISO C99 and later do not support implicit int [-Wimplicit-int]
   14 | typedef NS_ENUM(NSInteger, RollbarDeployApiCallOutcome) {
      | ~~~~~~~ ^
      | int
/host/spi-builder-workspace/RollbarDeploys/Sources/RollbarDeploys/include/RollbarDeployApiCallOutcome.h:15:5: error: use of undeclared identifier 'RollbarDeployApiCall_Success'; did you mean 'RollbarDeployApiCallOutcome'?
   15 |     RollbarDeployApiCall_Success,
      |     ^~~~~~~~~~~~~~~~~~~~~~~~~~~~
      |     RollbarDeployApiCallOutcome
/host/spi-builder-workspace/RollbarDeploys/Sources/RollbarDeploys/include/RollbarDeployApiCallOutcome.h:14:28: note: 'RollbarDeployApiCallOutcome' declared here
   14 | typedef NS_ENUM(NSInteger, RollbarDeployApiCallOutcome) {
      |                            ^
/host/spi-builder-workspace/RollbarDeploys/Sources/RollbarDeploys/include/RollbarDeployApiCallOutcome.h:16:31: error: expected ';' after expression
   16 |     RollbarDeployApiCall_Error,
      |                               ^
      |                               ;
/host/spi-builder-workspace/RollbarDeploys/Sources/RollbarDeploys/include/RollbarDeployApiCallOutcome.h:16:5: error: use of undeclared identifier 'RollbarDeployApiCall_Error'; did you mean 'RollbarDeployApiCallOutcome'?
   16 |     RollbarDeployApiCall_Error,
      |     ^~~~~~~~~~~~~~~~~~~~~~~~~~
      |     RollbarDeployApiCallOutcome
/host/spi-builder-workspace/RollbarDeploys/Sources/RollbarDeploys/include/RollbarDeployApiCallOutcome.h:14:28: note: 'RollbarDeployApiCallOutcome' declared here
   14 | typedef NS_ENUM(NSInteger, RollbarDeployApiCallOutcome) {
      |                            ^
/host/spi-builder-workspace/RollbarDeploys/Sources/RollbarDeploys/include/RollbarDeployApiCallOutcome.h:14:9: warning: a function definition without a prototype is deprecated in all versions of C and is not supported in C23 [-Wdeprecated-non-prototype]
   14 | typedef NS_ENUM(NSInteger, RollbarDeployApiCallOutcome) {
      |         ^
/host/spi-builder-workspace/RollbarDeploys/Sources/RollbarDeploys/include/RollbarDeployApiCallOutcome.h:19:1: error: unknown type name 'NS_ASSUME_NONNULL_BEGIN'
   19 | NS_ASSUME_NONNULL_BEGIN
      | ^
/host/spi-builder-workspace/RollbarDeploys/Sources/RollbarDeploys/include/RollbarDeployApiCallOutcome.h:22:46: error: cannot find interface declaration for 'NSObject', superclass of 'RollbarDeployApiCallOutcomeUtil'
   22 | @interface RollbarDeployApiCallOutcomeUtil : NSObject
      | ~~~~~~~~~~~~~~~~~~~~~~~~~~~~~~~~~~~~~~~~~~   ^
/host/spi-builder-workspace/RollbarDeploys/Sources/RollbarDeploys/include/RollbarDeployApiCallOutcome.h:26:4: error: expected a type
   26 | + (NSString *) DeployApiCallOutcomeToString:(RollbarDeployApiCallOutcome)value;
      |    ^
/host/spi-builder-workspace/RollbarDeploys/Sources/RollbarDeploys/include/RollbarDeployApiCallOutcome.h:26:46: error: expected a type
   26 | + (NSString *) DeployApiCallOutcomeToString:(RollbarDeployApiCallOutcome)value;
      |                                              ^
/host/spi-builder-workspace/RollbarDeploys/Sources/RollbarDeploys/include/RollbarDeployApiCallOutcome.h:30:4: error: expected a type
   30 | + (RollbarDeployApiCallOutcome) DeployApiCallOutcomeFromString:(NSString *)value;
      |    ^
/host/spi-builder-workspace/RollbarDeploys/Sources/RollbarDeploys/include/RollbarDeployApiCallOutcome.h:30:65: error: expected a type
   30 | + (RollbarDeployApiCallOutcome) DeployApiCallOutcomeFromString:(NSString *)value;
      |                                                                 ^
[2/148] Compiling DeployApiCallOutcome.m
In file included from /host/spi-builder-workspace/RollbarNotifier/Sources/RollbarCrash/Util/RollbarCrashgetsect.c:48:
/host/spi-builder-workspace/RollbarNotifier/Sources/RollbarCrash/Util/RollbarCrashgetsect.h:32:10: fatal error: 'mach-o/loader.h' file not found
   32 | #include <mach-o/loader.h>
      |          ^~~~~~~~~~~~~~~~~
1 error generated.
[2/148] Compiling RollbarCrashgetsect.c
[2/148] Compiling RollbarCrashThread.c
In file included from /host/spi-builder-workspace/RollbarDeploys/Sources/RollbarDeploys/RollbarDeploysManager.m:4:
In file included from /host/spi-builder-workspace/RollbarDeploys/Sources/RollbarDeploys/include/RollbarDeploysManager.h:6:
/host/spi-builder-workspace/RollbarDeploys/Sources/RollbarDeploys/include/RollbarDeploysProtocol.h:6:1: error: use of '@import' when modules are disabled
    6 | @import Foundation;
      | ^
/host/spi-builder-workspace/RollbarDeploys/Sources/RollbarDeploys/include/RollbarDeploysProtocol.h:15:1: error: unknown type name 'NS_ASSUME_NONNULL_BEGIN'
   15 | NS_ASSUME_NONNULL_BEGIN
      | ^
/host/spi-builder-workspace/RollbarDeploys/Sources/RollbarDeploys/include/RollbarDeploysProtocol.h:60:45: error: expected a type
   60 | - (void) getDeploymentWithDeployId:(nonnull NSString *)deployId;
      |                                             ^
/host/spi-builder-workspace/RollbarDeploys/Sources/RollbarDeploys/include/RollbarDeploysProtocol.h:64:36: error: expected a type
   64 | - (void) getDeploymentsPageNumber:(NSUInteger)pageNumber;
      |                                    ^
/host/spi-builder-workspace/RollbarDeploys/Sources/RollbarDeploys/include/RollbarDeploysProtocol.h:69:1: error: unknown type name 'NS_ASSUME_NONNULL_END'
   69 | NS_ASSUME_NONNULL_END
      | ^
In file included from /host/spi-builder-workspace/RollbarDeploys/Sources/RollbarDeploys/RollbarDeploysManager.m:4:
/host/spi-builder-workspace/RollbarDeploys/Sources/RollbarDeploys/include/RollbarDeploysManager.h:7:2: error: prefix attribute must be followed by an interface, protocol, or implementation
    7 | @import Foundation;
      |  ^
/host/spi-builder-workspace/RollbarDeploys/Sources/RollbarDeploys/include/RollbarDeploysManager.h:8:1: error: use of '@import' when modules are disabled
    8 | @import RollbarCommon;
      | ^
/host/spi-builder-workspace/RollbarDeploys/Sources/RollbarDeploys/include/RollbarDeploysManager.h:10:1: error: unknown type name 'NS_ASSUME_NONNULL_BEGIN'
   10 | NS_ASSUME_NONNULL_BEGIN
      | ^
/host/spi-builder-workspace/RollbarDeploys/Sources/RollbarDeploys/include/RollbarDeploysManager.h:13:36: error: cannot find interface declaration for 'NSObject', superclass of 'RollbarDeploysManager'
   13 | @interface RollbarDeploysManager : NSObject <RollbarDeploysProtocol> {
      | ~~~~~~~~~~~~~~~~~~~~~~~~~~~~~~~~   ^
/host/spi-builder-workspace/RollbarDeploys/Sources/RollbarDeploys/include/RollbarDeploysManager.h:22:52: error: expected a type
   22 | - (instancetype)initWithWriteAccessToken:(nullable NSString *)writeAccessToken
      |                                                    ^
/host/spi-builder-workspace/RollbarDeploys/Sources/RollbarDeploys/include/RollbarDeploysManager.h:23:52: error: expected a type
   23 |                          readAccessToken:(nullable NSString *)readAccessToken
      |                                                    ^
/host/spi-builder-workspace/RollbarDeploys/Sources/RollbarDeploys/include/RollbarDeploysManager.h:24:52: error: expected a type
   24 |           deploymentRegistrationObserver:(nullable NSObject<RollbarDeploymentRegistrationObserver> *)deploymentRegistrationObserver
      |                                                    ^
/host/spi-builder-workspace/RollbarDeploys/Sources/RollbarDeploys/include/RollbarDeploysManager.h:25:52: error: expected a type
   25 |                deploymentDetailsObserver:(nullable NSObject<RollbarDeploymentDetailsObserver> *)deploymentDetailsObserver
      |                                                    ^
/host/spi-builder-workspace/RollbarDeploys/Sources/RollbarDeploys/include/RollbarDeploysManager.h:26:52: error: expected a type
   26 |            deploymentDetailsPageObserver:(nullable NSObject<RollbarDeploymentDetailsPageObserver> *)deploymentDetailsPageObserver
      |                                                    ^
/host/spi-builder-workspace/RollbarDeploys/Sources/RollbarDeploys/include/RollbarDeploysManager.h:27:26: error: expected ':'
   27 | NS_DESIGNATED_INITIALIZER;
      |                          ^
      |                          :
/host/spi-builder-workspace/RollbarDeploys/Sources/RollbarDeploys/include/RollbarDeploysManager.h:31:1: error: unknown type name 'NS_ASSUME_NONNULL_END'
   31 | NS_ASSUME_NONNULL_END
      | ^
In file included from /host/spi-builder-workspace/RollbarDeploys/Sources/RollbarDeploys/RollbarDeploysManager.m:5:
/host/spi-builder-workspace/RollbarDeploys/Sources/RollbarDeploys/include/RollbarDeployment.h:6:2: error: prefix attribute must be followed by an interface, protocol, or implementation
    6 | @import Foundation;
      |  ^
/host/spi-builder-workspace/RollbarDeploys/Sources/RollbarDeploys/include/RollbarDeployment.h:7:1: error: use of '@import' when modules are disabled
    7 | @import RollbarCommon;
      | ^
/host/spi-builder-workspace/RollbarDeploys/Sources/RollbarDeploys/include/RollbarDeployment.h:10:32: error: cannot find interface declaration for 'RollbarDTO', superclass of 'RollbarDeployment'
   10 | @interface RollbarDeployment : RollbarDTO
      | ~~~~~~~~~~~~~~~~~~~~~~~~~~~~   ^
fatal error: too many errors emitted, stopping now [-ferror-limit=]
[2/148] Compiling RollbarDeploys RollbarDeploysManager.m
[2/148] Write swift-version-24593BA9C3E375BF.txt
BUILD FAILURE 6.1 wasm