The Swift Package Index logo.Swift Package Index

Build Information

Failed to build AbrevvaSDK, reference 3.5.1 (37fb2d), with Swift 6.4 for macOS (Xcode) using Xcode 27.0 on 1 Oct 2026 02:19:56 UTC.

Build Command

env DEVELOPER_DIR=/Applications/Xcode-27.0.0-Release.Candidate.app xcrun xcodebuild -IDEClonedSourcePackagesDirPathOverride=$PWD/.dependencies -skipMacroValidation -skipPackagePluginValidation -derivedDataPath $PWD/.derivedData build -scheme AbrevvaSDK -destination platform=macOS,arch=arm64

Build Log

========================================
RunAll
========================================
Builder version: 5.1.1
Interrupt handler set up.
========================================
Checkout
========================================
Clone URL: https://github.com/evva-sfw/abrevva-sdk-ios.git
Reference: 3.5.1
Initialized empty Git repository in /Users/admin/builder/spi-builder-workspace/.git/
From https://github.com/evva-sfw/abrevva-sdk-ios
 * tag               3.5.1      -> FETCH_HEAD
HEAD is now at 37fb2d2 🔖 [Release] 3.5.1
Cloned https://github.com/evva-sfw/abrevva-sdk-ios.git
Revision (git rev-parse @):
37fb2d21d046b369d64f4aaf6474b18a0812a080
SUCCESS checkout https://github.com/evva-sfw/abrevva-sdk-ios.git at 3.5.1
========================================
Build
========================================
Selected platform:         macosXcodebuild
Swift version:             6.4
Building package at path:  $PWD
https://github.com/evva-sfw/abrevva-sdk-ios.git
Command line invocation:
    /Applications/Xcode-27.0.0-Release.Candidate.app/Contents/Developer/usr/bin/xcodebuild -IDEClonedSourcePackagesDirPathOverride=/Users/admin/builder/spi-builder-workspace/.dependencies -resolvePackageDependencies
Resolve Package Graph
Resolve Package Graph
Resolved source packages:
  AbrevvaSDK: /Users/admin/builder/spi-builder-workspace
resolved source packages: AbrevvaSDK
2026-09-30 22:19:17.916 xcodebuild[529:3034] [MT] IDERunDestination: Supported platforms for the buildables in the current scheme is empty.
{
  "dependencies" : [
  ],
  "manifest_display_name" : "AbrevvaSDK",
  "name" : "AbrevvaSDK",
  "path" : "/Users/admin/builder/spi-builder-workspace",
  "platforms" : [
    {
      "name" : "ios",
      "version" : "15.0"
    }
  ],
  "products" : [
    {
      "name" : "AbrevvaSDK",
      "targets" : [
        "AbrevvaSDK"
      ],
      "type" : {
        "library" : [
          "automatic"
        ]
      }
    }
  ],
  "targets" : [
    {
      "c99name" : "AbrevvaSDK",
      "module_type" : "BinaryTarget",
      "name" : "AbrevvaSDK",
      "path" : "AbrevvaSDK.xcframework",
      "product_memberships" : [
        "AbrevvaSDK"
      ],
      "sources" : [
      ],
      "type" : "binary"
    }
  ],
  "tools_version" : "5.10"
}
{
  "workspace" : {
    "name" : "AbrevvaSDK",
    "schemes" : [
      "AbrevvaSDK"
    ]
  }
}
2026-09-30 22:19:50.328 xcodebuild[626:3839] [MT] IDERunDestination: Supported platforms for the buildables in the current scheme is empty.
Running build ...
env DEVELOPER_DIR=/Applications/Xcode-27.0.0-Release.Candidate.app xcrun xcodebuild -IDEClonedSourcePackagesDirPathOverride=$PWD/.dependencies -skipMacroValidation -skipPackagePluginValidation -derivedDataPath $PWD/.derivedData build -scheme AbrevvaSDK -destination platform=macOS,arch=arm64
Command line invocation:
    /Applications/Xcode-27.0.0-Release.Candidate.app/Contents/Developer/usr/bin/xcodebuild -IDEClonedSourcePackagesDirPathOverride=/Users/admin/builder/spi-builder-workspace/.dependencies -skipMacroValidation -skipPackagePluginValidation -derivedDataPath /Users/admin/builder/spi-builder-workspace/.derivedData build -scheme AbrevvaSDK -destination platform=macOS,arch=arm64
Resolve Package Graph
Resolved source packages:
  AbrevvaSDK: /Users/admin/builder/spi-builder-workspace
ComputePackagePrebuildTargetDependencyGraph
Prepare packages
CreateBuildRequest
SendProjectDescription
CreateBuildOperation
ComputeTargetDependencyGraph
note: Building targets in dependency order
note: Target dependency graph (1 target)
    Target 'AbrevvaSDK-product' in project 'AbrevvaSDK' (no dependencies)
GatherProvisioningInputs
CreateBuildDescription
ExecuteExternalTool /Applications/Xcode-27.0.0-Release.Candidate.app/Contents/Developer/Toolchains/XcodeDefault.xctoolchain/usr/bin/clang -v -E -dM -isysroot /Applications/Xcode-27.0.0-Release.Candidate.app/Contents/Developer/Platforms/MacOSX.platform/Developer/SDKs/MacOSX27.0.sdk -x c -c /dev/null
Build description signature: 052401277137f8b37a08efe063a2e090
Build description path: /Users/admin/builder/spi-builder-workspace/.derivedData/Build/Intermediates.noindex/XCBuildData/052401277137f8b37a08efe063a2e090.xcbuilddata
/Users/admin/builder/spi-builder-workspace/AbrevvaSDK.xcframework:1:1: error: While building for macOS, no library for this platform was found in '/Users/admin/builder/spi-builder-workspace/AbrevvaSDK.xcframework'. (in target 'AbrevvaSDK-product' from project 'AbrevvaSDK')
2026-09-30 22:19:51.902 xcodebuild[627:3881] [MT] IDERunDestination: Supported platforms for the buildables in the current scheme is empty.
--- xcodebuild: WARNING: Using the first of multiple matching destinations:
{ platform:macOS, arch:arm64, id:4150351b6f0d6a3783710d0ecaab4049a7b92d05, name:My Mac }
{ platform:macOS, arch:arm64, variant:Mac Catalyst, id:4150351b6f0d6a3783710d0ecaab4049a7b92d05, name:My Mac }
{ platform:macOS, arch:arm64, variant:DriverKit, id:4150351b6f0d6a3783710d0ecaab4049a7b92d05, name:My Mac }
{ platform:macOS, arch:arm64, variant:Designed for [iPad,iPhone], id:4150351b6f0d6a3783710d0ecaab4049a7b92d05, name:My Mac }
** BUILD FAILED **
The following build commands failed:
	Building workspace AbrevvaSDK with scheme AbrevvaSDK
(1 failure)
Command line invocation:
    /Applications/Xcode-27.0.0-Release.Candidate.app/Contents/Developer/usr/bin/xcodebuild -IDEClonedSourcePackagesDirPathOverride=/Users/admin/builder/spi-builder-workspace/.dependencies -resolvePackageDependencies
Resolve Package Graph
Resolved source packages:
  AbrevvaSDK: /Users/admin/builder/spi-builder-workspace
resolved source packages: AbrevvaSDK
2026-09-30 22:19:53.584 xcodebuild[640:4000] [MT] IDERunDestination: Supported platforms for the buildables in the current scheme is empty.
{
  "dependencies" : [
  ],
  "manifest_display_name" : "AbrevvaSDK",
  "name" : "AbrevvaSDK",
  "path" : "/Users/admin/builder/spi-builder-workspace",
  "platforms" : [
    {
      "name" : "ios",
      "version" : "15.0"
    }
  ],
  "products" : [
    {
      "name" : "AbrevvaSDK",
      "targets" : [
        "AbrevvaSDK"
      ],
      "type" : {
        "library" : [
          "automatic"
        ]
      }
    }
  ],
  "targets" : [
    {
      "c99name" : "AbrevvaSDK",
      "module_type" : "BinaryTarget",
      "name" : "AbrevvaSDK",
      "path" : "AbrevvaSDK.xcframework",
      "product_memberships" : [
        "AbrevvaSDK"
      ],
      "sources" : [
      ],
      "type" : "binary"
    }
  ],
  "tools_version" : "5.10"
}
{
  "workspace" : {
    "name" : "AbrevvaSDK",
    "schemes" : [
      "AbrevvaSDK"
    ]
  }
}
2026-09-30 22:19:54.885 xcodebuild[668:4211] [MT] IDERunDestination: Supported platforms for the buildables in the current scheme is empty.
Running build ...
env DEVELOPER_DIR=/Applications/Xcode-27.0.0-Release.Candidate.app xcrun xcodebuild -IDEClonedSourcePackagesDirPathOverride=$PWD/.dependencies -skipMacroValidation -skipPackagePluginValidation -derivedDataPath $PWD/.derivedData build -scheme AbrevvaSDK -destination platform=macOS,arch=arm64
Command line invocation:
    /Applications/Xcode-27.0.0-Release.Candidate.app/Contents/Developer/usr/bin/xcodebuild -IDEClonedSourcePackagesDirPathOverride=/Users/admin/builder/spi-builder-workspace/.dependencies -skipMacroValidation -skipPackagePluginValidation -derivedDataPath /Users/admin/builder/spi-builder-workspace/.derivedData build -scheme AbrevvaSDK -destination platform=macOS,arch=arm64
Resolve Package Graph
Resolved source packages:
  AbrevvaSDK: /Users/admin/builder/spi-builder-workspace
ComputePackagePrebuildTargetDependencyGraph
Prepare packages
CreateBuildRequest
SendProjectDescription
CreateBuildOperation
ComputeTargetDependencyGraph
note: Building targets in dependency order
note: Target dependency graph (1 target)
    Target 'AbrevvaSDK-product' in project 'AbrevvaSDK' (no dependencies)
GatherProvisioningInputs
CreateBuildDescription
/Users/admin/builder/spi-builder-workspace/AbrevvaSDK.xcframework:1:1: error: While building for macOS, no library for this platform was found in '/Users/admin/builder/spi-builder-workspace/AbrevvaSDK.xcframework'. (in target 'AbrevvaSDK-product' from project 'AbrevvaSDK')
2026-09-30 22:19:55.867 xcodebuild[682:4312] [MT] IDERunDestination: Supported platforms for the buildables in the current scheme is empty.
--- xcodebuild: WARNING: Using the first of multiple matching destinations:
{ platform:macOS, arch:arm64, id:4150351b6f0d6a3783710d0ecaab4049a7b92d05, name:My Mac }
{ platform:macOS, arch:arm64, variant:Mac Catalyst, id:4150351b6f0d6a3783710d0ecaab4049a7b92d05, name:My Mac }
{ platform:macOS, arch:arm64, variant:DriverKit, id:4150351b6f0d6a3783710d0ecaab4049a7b92d05, name:My Mac }
{ platform:macOS, arch:arm64, variant:Designed for [iPad,iPhone], id:4150351b6f0d6a3783710d0ecaab4049a7b92d05, name:My Mac }
** BUILD FAILED **
The following build commands failed:
	Building workspace AbrevvaSDK with scheme AbrevvaSDK
(1 failure)
BUILD FAILURE 6.4 macosXcodebuild