The Swift Package Index logo.Swift Package Index

Build Information

Failed to build SpeziFoundation, reference main (cd1ffb), with Swift 6.4 for Android on 25 Sep 2026 08:11:50 UTC.

Build Command

bash -c docker run --pull=always --rm -v "checkouts-54344845-0":/host -w "$PWD" -e JAVA_HOME="/root/.sdkman/candidates/java/current" -e SPI_BUILD="1" -e SPI_PROCESSING="1" registry.gitlab.com/saguaro1/spi-images:android-6.4-latest swift build --swift-sdk aarch64-unknown-linux-android28 2>&1

Build Log

========================================
RunAll
========================================
Builder version: 5.1.0
Interrupt handler set up.
========================================
Checkout
========================================
Clone URL: https://github.com/StanfordSpezi/SpeziFoundation.git
Reference: main
Initialized empty Git repository in /host/spi-builder-workspace/.git/
hint: Using 'master' as the name for the initial branch. This default branch name
hint: is subject to change. To configure the initial branch name to use in all
hint: of your new repositories, which will suppress this warning, call:
hint:
hint: 	git config --global init.defaultBranch <name>
hint:
hint: Names commonly chosen instead of 'master' are 'main', 'trunk' and
hint: 'development'. The just-created branch can be renamed via this command:
hint:
hint: 	git branch -m <name>
From https://github.com/StanfordSpezi/SpeziFoundation
 * branch            main       -> FETCH_HEAD
 * [new branch]      main       -> origin/main
HEAD is now at cd1ffb8 Improve README & DocC Documentation with Code Examples (#61)
Cloned https://github.com/StanfordSpezi/SpeziFoundation.git
Revision (git rev-parse @):
cd1ffb8aaff63cc55bee4d40c06aa5fe43774958
SPI manifest file found: $PWD/.spi.yml
SUCCESS checkout https://github.com/StanfordSpezi/SpeziFoundation.git at main
========================================
Build
========================================
Selected platform:         android
Swift version:             6.4
Building package at path:  $PWD
https://github.com/StanfordSpezi/SpeziFoundation.git
Running build ...
bash -c docker run --pull=always --rm -v "checkouts-54344845-0":/host -w "$PWD" -e JAVA_HOME="/root/.sdkman/candidates/java/current" -e SPI_BUILD="1" -e SPI_PROCESSING="1" registry.gitlab.com/saguaro1/spi-images:android-6.4-latest swift build --swift-sdk aarch64-unknown-linux-android28 2>&1
android-6.4-latest: Pulling from saguaro1/spi-images
Digest: sha256:abadcff584c273feba50641b454858d377ba30b35ea7287a94f45ebd8afd0ea0
Status: Image is up to date for registry.gitlab.com/saguaro1/spi-images:android-6.4-latest
Fetching https://github.com/StanfordBDHG/XCTRuntimeAssertions.git
Fetching https://github.com/apple/swift-algorithms.git
Fetching https://github.com/StanfordBDHG/ThreadLocal.git
Fetching https://github.com/apple/swift-atomics.git
Fetching https://github.com/StanfordBDHG/zstd.git
Fetching https://github.com/apple/swift-log
[1/8165] Fetching swift-log
[7840/14310] Fetching swift-log, swift-algorithms
[8535/16191] Fetching swift-log, swift-algorithms, swift-atomics
[15454/79348] Fetching swift-log, swift-algorithms, swift-atomics, zstd
[16193/80083] Fetching swift-log, swift-algorithms, swift-atomics, zstd, xctruntimeassertions
Fetched https://github.com/apple/swift-atomics.git (0.59s)
[19364/78202] Fetching swift-log, swift-algorithms, zstd, xctruntimeassertions
Fetched https://github.com/apple/swift-log (0.59s)
[11206/70037] Fetching swift-algorithms, zstd, xctruntimeassertions
[32776/70220] Fetching swift-algorithms, zstd, xctruntimeassertions, threadlocal
Fetched https://github.com/StanfordBDHG/ThreadLocal.git (0.94s)
Fetched https://github.com/apple/swift-algorithms.git (0.94s)
[27261/63892] Fetching zstd, xctruntimeassertions
Fetched https://github.com/StanfordBDHG/XCTRuntimeAssertions.git (2.39s)
Fetched https://github.com/StanfordBDHG/zstd.git (2.41s)
Computing version for https://github.com/StanfordBDHG/XCTRuntimeAssertions.git
Computed https://github.com/StanfordBDHG/XCTRuntimeAssertions.git at 2.2.0 (2.67s)
Computing version for https://github.com/apple/swift-algorithms.git
Computed https://github.com/apple/swift-algorithms.git at 1.2.1 (1.07s)
Fetching https://github.com/apple/swift-numerics.git
[1/6640] Fetching swift-numerics
Fetched https://github.com/apple/swift-numerics.git (0.54s)
Computing version for https://github.com/apple/swift-atomics.git
Computed https://github.com/apple/swift-atomics.git at 1.3.1 (0.72s)
Computing version for https://github.com/StanfordBDHG/ThreadLocal.git
Computed https://github.com/StanfordBDHG/ThreadLocal.git at 0.1.3 (0.17s)
Fetching https://github.com/swiftlang/swift-syntax.git
[1/80067] Fetching swift-syntax
Fetched https://github.com/swiftlang/swift-syntax.git (3.57s)
Computing version for https://github.com/apple/swift-numerics.git
Computed https://github.com/apple/swift-numerics.git at 1.1.1 (3.79s)
Computing version for https://github.com/swiftlang/swift-syntax.git
Computed https://github.com/swiftlang/swift-syntax.git at 603.0.2 (0.33s)
Computing version for https://github.com/apple/swift-log
Computed https://github.com/apple/swift-log at 1.15.1 (0.20s)
Computing version for https://github.com/StanfordBDHG/zstd.git
Computed https://github.com/StanfordBDHG/zstd.git at 1.5.8-beta.1 (0.19s)
Creating working copy for https://github.com/apple/swift-atomics.git
Working copy of https://github.com/apple/swift-atomics.git resolved at 1.3.1
Creating working copy for https://github.com/StanfordBDHG/ThreadLocal.git
Working copy of https://github.com/StanfordBDHG/ThreadLocal.git resolved at 0.1.3
Creating working copy for https://github.com/swiftlang/swift-syntax.git
Working copy of https://github.com/swiftlang/swift-syntax.git resolved at 603.0.2
Creating working copy for https://github.com/StanfordBDHG/XCTRuntimeAssertions.git
Working copy of https://github.com/StanfordBDHG/XCTRuntimeAssertions.git resolved at 2.2.0
Creating working copy for https://github.com/apple/swift-numerics.git
Working copy of https://github.com/apple/swift-numerics.git resolved at 1.1.1
Creating working copy for https://github.com/StanfordBDHG/zstd.git
Working copy of https://github.com/StanfordBDHG/zstd.git resolved at 1.5.8-beta.1
Creating working copy for https://github.com/apple/swift-log
Working copy of https://github.com/apple/swift-log resolved at 1.15.1
Creating working copy for https://github.com/apple/swift-algorithms.git
Working copy of https://github.com/apple/swift-algorithms.git resolved at 1.2.1
Building for debugging...
[Computing dependencies]
[Pre-planning 1 / 1067]
[Planning deferred tasks]
[Starting]
[90 / 430] SwiftSyntax
warning: no rule to process file '/host/spi-builder-workspace/Sources/SpeziFoundation/Resources/Localizable.xcstrings' of type 'text.json.xcstrings' for architecture 'aarch64'
[199 / 430] libzstd
[201 / 430] libzstd
[203 / 430] libzstd
[206 / 430] libzstd
[208 / 430] libzstd
[212 / 430] libzstd
[214 / 430] libzstd
[216 / 430] libzstd
[217 / 430] libzstd
[219 / 430] libzstd
[222 / 430] _SwiftSyntaxCShims
[231 / 439] SwiftSyntax602
[236 / 439] SwiftSyntax601
[258 / 448] SwiftSyntax509
[261 / 448] SwiftSyntax600
[279 / 449]
[281 / 458] SwiftSyntax
[282 / 458] libzstd
[287 / 460] SwiftSyntax602
[293 / 461] SwiftSyntax602
[296 / 462] SwiftSyntax509
[298 / 464] SwiftSyntax509
[306 / 464] SwiftSyntax603
[308 / 464] SpeziFoundation_SpeziFoundation
[313 / 477] RuntimeAssertions
[314 / 486] RealModule
[315 / 486] Logging
[317 / 495] Logging
[318 / 504] Atomics
[319 / 504] RealModule
[321 / 504] SpeziFoundationObjC
[328 / 504] Logging
[338 / 504] RuntimeAssertions
[339 / 504] Atomics
error: SwiftCompile normal aarch64 /host/spi-builder-workspace/.build/checkouts/XCTRuntimeAssertions/Sources/RuntimeAssertions/RuntimePrecondition.swift failed with a nonzero exit code. Command line:     cd /host
    builtin-SwiftPerFileCompile RuntimePrecondition.swift
/host/spi-builder-workspace/.build/checkouts/XCTRuntimeAssertions/Sources/RuntimeAssertions/RuntimePrecondition.swift:41:5: error: cannot find 'usleep' in scope
39 |     // `wait(for: [expectation], timeout: timeout)`
40 |     // here as we need to make the method independent of XCTestCase to also use it in our TestApp UITest target which fails if you import XCTest.
41 |     usleep(useconds_t(1_000_000 * timeout))
   |     `- error: cannot find 'usleep' in scope
42 |     expressionWorkItem.cancel()
43 | }
/host/spi-builder-workspace/.build/checkouts/XCTRuntimeAssertions/Sources/RuntimeAssertions/RuntimePrecondition.swift:67:5: error: cannot find 'usleep' in scope
65 |     // `wait(for: [expectation], timeout: timeout)`
66 |     // here as we need to make the method independent of XCTestCase to also use it in our TestApp UITest target which fails if you import XCTest.
67 |     usleep(useconds_t(1_000_000 * timeout))
   |     `- error: cannot find 'usleep' in scope
68 |     task.cancel()
69 | }
Failed frontend command:
/root/.local/share/swiftly/toolchains/6.4.x-snapshot-2026-09-04/usr/bin/swift-frontend -frontend -c /host/spi-builder-workspace/.build/checkouts/XCTRuntimeAssertions/Sources/RuntimeAssertions/Assert.swift /host/spi-builder-workspace/.build/checkouts/XCTRuntimeAssertions/Sources/RuntimeAssertions/Counter.swift /host/spi-builder-workspace/.build/checkouts/XCTRuntimeAssertions/Sources/RuntimeAssertions/DebugOnly.swift /host/spi-builder-workspace/.build/checkouts/XCTRuntimeAssertions/Sources/RuntimeAssertions/NeverReturn.swift /host/spi-builder-workspace/.build/checkouts/XCTRuntimeAssertions/Sources/RuntimeAssertions/Precondition.swift /host/spi-builder-workspace/.build/checkouts/XCTRuntimeAssertions/Sources/RuntimeAssertions/RuntimeAssertion.swift /host/spi-builder-workspace/.build/checkouts/XCTRuntimeAssertions/Sources/RuntimeAssertions/RuntimeAssertionInjection.swift -primary-file /host/spi-builder-workspace/.build/checkouts/XCTRuntimeAssertions/Sources/RuntimeAssertions/RuntimePrecondition.swift -emit-dependencies-path /host/spi-builder-workspace/.build/out/Intermediates.noindex/RuntimeAssertions.build/Debug-android-aarch64/RuntimeAssertions-t.build/Objects-normal/aarch64/RuntimePrecondition.d -emit-const-values-path /host/spi-builder-workspace/.build/out/Intermediates.noindex/RuntimeAssertions.build/Debug-android-aarch64/RuntimeAssertions-t.build/Objects-normal/aarch64/RuntimePrecondition.swiftconstvalues -emit-reference-dependencies-path /host/spi-builder-workspace/.build/out/Intermediates.noindex/RuntimeAssertions.build/Debug-android-aarch64/RuntimeAssertions-t.build/Objects-normal/aarch64/RuntimePrecondition.swiftdeps -serialize-diagnostics-path /host/spi-builder-workspace/.build/out/Intermediates.noindex/RuntimeAssertions.build/Debug-android-aarch64/RuntimeAssertions-t.build/Objects-normal/aarch64/RuntimePrecondition.dia -target aarch64-unknown-linux-android28 -Xllvm -aarch64-use-tbi -disable-objc-interop -sdk /android-ndk/android-ndk-r27d/toolchains/llvm/prebuilt/linux-x86_64/sysroot -sysroot /android-ndk/android-ndk-r27d/toolchains/llvm/prebuilt/linux-x86_64/sysroot -I /host/spi-builder-workspace/.build/out/Products/Debug-android-aarch64 -module-cache-path /host/spi-builder-workspace/.build/out/ModuleCache.noindex -color-diagnostics -Xcc -fcolor-diagnostics -enable-testing -g -debug-info-format\=dwarf -dwarf-version\=4 -suppress-warnings -swift-version 5 -Onone -D SWIFT_PACKAGE -D DEBUG -D SWIFT_MODULE_RESOURCE_BUNDLE_UNAVAILABLE -D Xcode -serialize-debugging-options -enable-experimental-feature DebugDescriptionMacro -empty-abi-descriptor -external-plugin-path /root/.local/share/swiftly/toolchains/6.4.x-snapshot-2026-09-04/usr/lib/swift/host/plugins/testing\#/root/.local/share/swiftly/toolchains/6.4.x-snapshot-2026-09-04/usr/bin/swift-plugin-server -user-module-version 2.2.0 -validate-clang-modules-once -clang-build-session-file /host/spi-builder-workspace/.build/out/ModuleCache.noindex/Session.modulevalidation -Xcc -working-directory -Xcc /host -resource-dir /root/.swiftpm/swift-sdks/swift-6.4.x-DEVELOPMENT-SNAPSHOT-2026-09-04-a_android.artifactbundle/swift-android/swift-resources/usr/lib/swift-aarch64 -enable-anonymous-context-mangled-names -file-compilation-dir /host -Xcc -resource-dir -Xcc /android-ndk/android-ndk-r27d/toolchains/llvm/prebuilt/linux-x86_64/lib/clang/18 -Xcc -fno-omit-frame-pointer -Xcc -D_LIBCPP_HARDENING_MODE\=_LIBCPP_HARDENING_MODE_DEBUG -Xcc -fmodules-prune-interval\=86400 -Xcc -fmodules-prune-after\=345600 -Xcc -I/host/spi-builder-workspace/.build/out/Products/Debug-android-aarch64/include -Xcc -I/host/spi-builder-workspace/.build/out/Intermediates.noindex/RuntimeAssertions.build/Debug-android-aarch64/RuntimeAssertions-t.build/DerivedSources-normal/aarch64 -Xcc -I/host/spi-builder-workspace/.build/out/Intermediates.noindex/RuntimeAssertions.build/Debug-android-aarch64/RuntimeAssertions-t.build/DerivedSources/aarch64 -Xcc -I/host/spi-builder-workspace/.build/out/Intermediates.noindex/RuntimeAssertions.build/Debug-android-aarch64/RuntimeAssertions-t.build/DerivedSources -Xcc -DSWIFT_PACKAGE -Xcc -DDEBUG\=1 -no-auto-bridging-header-chaining -module-name RuntimeAssertions -package-name xctruntimeassertions -const-gather-protocols-file /host/spi-builder-workspace/.build/out/Intermediates.noindex/RuntimeAssertions.build/Debug-android-aarch64/RuntimeAssertions-t.build/Objects-normal/aarch64/RuntimeAssertions_const_extract_protocols.json -in-process-plugin-server-path /root/.local/share/swiftly/toolchains/6.4.x-snapshot-2026-09-04/usr/lib/swift/host/libSwiftInProcPluginServer.so -plugin-path /root/.local/share/swiftly/toolchains/6.4.x-snapshot-2026-09-04/usr/lib/swift/host/plugins -plugin-path /root/.local/share/swiftly/toolchains/6.4.x-snapshot-2026-09-04/usr/local/lib/swift/host/plugins -parse-as-library -o /host/spi-builder-workspace/.build/out/Intermediates.noindex/RuntimeAssertions.build/Debug-android-aarch64/RuntimeAssertions-t.build/Objects-normal/aarch64/RuntimePrecondition.o -index-unit-output-path /RuntimeAssertions.build/Debug-android-aarch64/RuntimeAssertions-t.build/Objects-normal/aarch64/RuntimePrecondition.o -index-store-path /host/spi-builder-workspace/.build/out -index-system-modules
error: Build failed
BUILD FAILURE 6.4 android