The Swift Package Index logo.Swift Package Index

Build Information

Failed to build GoogleCloudPrivilegedAccessManagerV1, reference 0.5.0 (41c295), with Swift 6.2 for Android on 12 Oct 2026 01:00:42 UTC.

Build Command

bash -c docker run --pull=always --rm -v "checkouts-54344845-0":/host -w "$PWD" -e JAVA_HOME="/root/.sdkman/candidates/java/current" -e SPI_BUILD="1" -e SPI_PROCESSING="1" registry.gitlab.com/saguaro1/spi-images:android-6.2-latest swift build --swift-sdk aarch64-unknown-linux-android28 2>&1

Build Log

========================================
RunAll
========================================
Builder version: 5.1.1
Interrupt handler set up.
========================================
Checkout
========================================
Clone URL: https://github.com/googleapis/swift-google-cloud-privilegedaccessmanager-v1.git
Reference: 0.5.0
Initialized empty Git repository in /host/spi-builder-workspace/.git/
hint: Using 'master' as the name for the initial branch. This default branch name
hint: is subject to change. To configure the initial branch name to use in all
hint: of your new repositories, which will suppress this warning, call:
hint:
hint: 	git config --global init.defaultBranch <name>
hint:
hint: Names commonly chosen instead of 'master' are 'main', 'trunk' and
hint: 'development'. The just-created branch can be renamed via this command:
hint:
hint: 	git branch -m <name>
From https://github.com/googleapis/swift-google-cloud-privilegedaccessmanager-v1
 * tag               0.5.0      -> FETCH_HEAD
HEAD is now at 41c2953 chore: release circa 2026-10-07 (#1382)
Cloned https://github.com/googleapis/swift-google-cloud-privilegedaccessmanager-v1.git
Revision (git rev-parse @):
41c2953ca9cd0ba43dbb49e68fd0ae2fa62b7019
SPI manifest file found: $PWD/.spi.yml
SUCCESS checkout https://github.com/googleapis/swift-google-cloud-privilegedaccessmanager-v1.git at 0.5.0
========================================
Build
========================================
Selected platform:         android
Swift version:             6.2
Building package at path:  $PWD
https://github.com/googleapis/swift-google-cloud-privilegedaccessmanager-v1.git
Running build ...
bash -c docker run --pull=always --rm -v "checkouts-54344845-0":/host -w "$PWD" -e JAVA_HOME="/root/.sdkman/candidates/java/current" -e SPI_BUILD="1" -e SPI_PROCESSING="1" registry.gitlab.com/saguaro1/spi-images:android-6.2-latest swift build --swift-sdk aarch64-unknown-linux-android28 2>&1
android-6.2-latest: Pulling from saguaro1/spi-images
Digest: sha256:a839c9ce201f1dacc8eb056626ec7ab0a1c6d53d7b77c83feda395f4507c51be
Status: Image is up to date for registry.gitlab.com/saguaro1/spi-images:android-6.2-latest
Fetching https://github.com/googleapis/swift-google-longrunning
Fetching https://github.com/googleapis/swift-google-wkt
Fetching https://github.com/googleapis/swift-google-cloud-location
Fetching https://github.com/googleapis/swift-google-rpc
Fetching https://github.com/googleapis/swift-google-gax
Fetching https://github.com/apple/swift-log
[1/619] Fetching swift-google-longrunning
[620/8876] Fetching swift-google-longrunning, swift-log
[621/10624] Fetching swift-google-longrunning, swift-log, swift-google-gax
[1563/11176] Fetching swift-google-longrunning, swift-log, swift-google-gax, swift-google-cloud-location
[11177/12199] Fetching swift-google-longrunning, swift-log, swift-google-gax, swift-google-cloud-location, swift-google-wkt
[11239/12621] Fetching swift-google-longrunning, swift-log, swift-google-gax, swift-google-cloud-location, swift-google-wkt, swift-google-rpc
Fetched https://github.com/apple/swift-log from cache (0.50s)
Fetched https://github.com/googleapis/swift-google-rpc from cache (0.50s)
Fetching https://github.com/googleapis/swift-google-auth
[2991/3942] Fetching swift-google-longrunning, swift-google-gax, swift-google-cloud-location, swift-google-wkt
Fetched https://github.com/googleapis/swift-google-cloud-location from cache (0.67s)
Fetched https://github.com/googleapis/swift-google-longrunning from cache (0.67s)
Fetched https://github.com/googleapis/swift-google-gax from cache (0.67s)
Fetched https://github.com/googleapis/swift-google-wkt from cache (0.67s)
[1/1023] Fetching swift-google-auth
Fetched https://github.com/googleapis/swift-google-auth from cache (0.42s)
Computing version for https://github.com/googleapis/swift-google-wkt
Computed https://github.com/googleapis/swift-google-wkt at 0.5.0 (1.08s)
Fetching https://github.com/swift-extras/swift-extras-base64
[1/954] Fetching swift-extras-base64
Fetched https://github.com/swift-extras/swift-extras-base64 from cache (0.40s)
Computing version for https://github.com/googleapis/swift-google-rpc
Computed https://github.com/googleapis/swift-google-rpc at 0.5.0 (0.56s)
Computing version for https://github.com/googleapis/swift-google-longrunning
Computed https://github.com/googleapis/swift-google-longrunning at 0.5.0 (0.16s)
Computing version for https://github.com/googleapis/swift-google-gax
Computed https://github.com/googleapis/swift-google-gax at 0.5.0 (0.16s)
Fetching https://github.com/swift-server/async-http-client.git
Fetching https://github.com/apple/swift-nio
[1/16464] Fetching async-http-client
[1648/102838] Fetching async-http-client, swift-nio
Fetched https://github.com/swift-server/async-http-client.git from cache (1.23s)
[4319/86374] Fetching swift-nio
Fetched https://github.com/apple/swift-nio from cache (4.64s)
Computing version for https://github.com/googleapis/swift-google-cloud-location
Computed https://github.com/googleapis/swift-google-cloud-location at 0.5.0 (4.82s)
Computing version for https://github.com/googleapis/swift-google-auth
Computed https://github.com/googleapis/swift-google-auth at 0.5.0 (0.16s)
Fetching https://github.com/vapor/jwt-kit.git
Fetching https://github.com/apple/swift-system.git
[1/7241] Fetching swift-system
[2/17495] Fetching swift-system, jwt-kit
Fetched https://github.com/apple/swift-system.git from cache (0.72s)
[3897/10254] Fetching jwt-kit
Fetched https://github.com/vapor/jwt-kit.git from cache (0.93s)
Computing version for https://github.com/swift-extras/swift-extras-base64
Computed https://github.com/swift-extras/swift-extras-base64 at 1.2.0 (1.07s)
Computing version for https://github.com/swift-server/async-http-client.git
Computed https://github.com/swift-server/async-http-client.git at 1.36.2 (0.17s)
Fetching https://github.com/apple/swift-atomics.git
Fetching https://github.com/apple/swift-algorithms.git
Fetching https://github.com/apple/swift-service-context.git
Fetching https://github.com/apple/swift-configuration.git
Fetching https://github.com/apple/swift-nio-transport-services.git
Fetching https://github.com/apple/swift-distributed-tracing.git
[1/2867] Fetching swift-nio-transport-services
[174/6795] Fetching swift-nio-transport-services, swift-configuration
[3733/8296] Fetching swift-nio-transport-services, swift-configuration, swift-service-context
Fetched https://github.com/apple/swift-nio-transport-services.git from cache (0.42s)
Fetching https://github.com/apple/swift-nio-extras.git
[4470/11980] Fetching swift-configuration, swift-service-context, swift-distributed-tracing
Fetched https://github.com/apple/swift-service-context.git from cache (0.47s)
[5108/10479] Fetching swift-configuration, swift-distributed-tracing
[5109/12368] Fetching swift-configuration, swift-distributed-tracing, swift-atomics
Fetching https://github.com/apple/swift-nio-http2.git
[6176/18532] Fetching swift-configuration, swift-distributed-tracing, swift-atomics, swift-algorithms
Fetched https://github.com/apple/swift-distributed-tracing.git from cache (0.57s)
[4827/11981] Fetching swift-configuration, swift-atomics, swift-algorithms
Fetching https://github.com/apple/swift-nio-ssl.git
Fetched https://github.com/apple/swift-atomics.git from cache (0.75s)
Fetched https://github.com/apple/swift-configuration.git from cache (0.75s)
Fetched https://github.com/apple/swift-algorithms.git from cache (0.75s)
[1/6703] Fetching swift-nio-extras
[5230/18997] Fetching swift-nio-extras, swift-nio-http2
[5420/35877] Fetching swift-nio-extras, swift-nio-http2, swift-nio-ssl
Fetched https://github.com/apple/swift-nio-extras.git from cache (0.61s)
[3426/29174] Fetching swift-nio-http2, swift-nio-ssl
Fetched https://github.com/apple/swift-nio-http2.git from cache (0.93s)
Fetched https://github.com/apple/swift-nio-ssl.git from cache (1.15s)
Computing version for https://github.com/apple/swift-service-context.git
Computed https://github.com/apple/swift-service-context.git at 1.3.0 (1.88s)
Computing version for https://github.com/apple/swift-algorithms.git
Computed https://github.com/apple/swift-algorithms.git at 1.2.1 (0.88s)
Fetching https://github.com/apple/swift-numerics.git
[1/6742] Fetching swift-numerics
Fetched https://github.com/apple/swift-numerics.git from cache (0.63s)
Computing version for https://github.com/apple/swift-log
Computed https://github.com/apple/swift-log at 1.16.1 (0.80s)
Computing version for https://github.com/apple/swift-distributed-tracing.git
Computed https://github.com/apple/swift-distributed-tracing.git at 1.5.0 (0.15s)
Computing version for https://github.com/apple/swift-atomics.git
Computed https://github.com/apple/swift-atomics.git at 1.3.1 (0.15s)
Computing version for https://github.com/apple/swift-numerics.git
Computed https://github.com/apple/swift-numerics.git at 1.1.1 (0.14s)
Computing version for https://github.com/apple/swift-nio
Computed https://github.com/apple/swift-nio at 2.104.0 (0.34s)
Fetching https://github.com/apple/swift-collections.git
[1/28703] Fetching swift-collections
Fetched https://github.com/apple/swift-collections.git from cache (1.17s)
Computing version for https://github.com/apple/swift-configuration.git
Computed https://github.com/apple/swift-configuration.git at 1.2.2 (1.97s)
Fetching https://github.com/swift-server/swift-service-lifecycle
[1/2867] Fetching swift-service-lifecycle
Fetched https://github.com/swift-server/swift-service-lifecycle from cache (0.42s)
Computing version for https://github.com/apple/swift-nio-transport-services.git
Computed https://github.com/apple/swift-nio-transport-services.git at 1.28.0 (0.58s)
Computing version for https://github.com/swift-server/swift-service-lifecycle
Computed https://github.com/swift-server/swift-service-lifecycle at 2.12.1 (0.15s)
Fetching https://github.com/apple/swift-async-algorithms.git
[1/6820] Fetching swift-async-algorithms
Fetched https://github.com/apple/swift-async-algorithms.git from cache (0.54s)
Computing version for https://github.com/apple/swift-async-algorithms.git
Computed https://github.com/apple/swift-async-algorithms.git at 1.1.7 (0.75s)
Computing version for https://github.com/apple/swift-collections.git
Computed https://github.com/apple/swift-collections.git at 1.7.2 (0.25s)
Computing version for https://github.com/apple/swift-nio-http2.git
Computed https://github.com/apple/swift-nio-http2.git at 1.46.0 (0.16s)
Computing version for https://github.com/vapor/jwt-kit.git
Computed https://github.com/vapor/jwt-kit.git at 5.7.1 (0.14s)
Fetching https://github.com/apple/swift-certificates.git
Fetching https://github.com/apple/swift-crypto.git
[1/18629] Fetching swift-crypto
[2/26242] Fetching swift-crypto, swift-certificates
Fetched https://github.com/apple/swift-certificates.git from cache (1.19s)
Fetched https://github.com/apple/swift-crypto.git from cache (1.20s)
Computing version for https://github.com/apple/swift-crypto.git
Computed https://github.com/apple/swift-crypto.git at 4.5.2 (1.81s)
Fetching https://github.com/apple/swift-asn1.git
[1/2009] Fetching swift-asn1
Fetched https://github.com/apple/swift-asn1.git from cache (0.39s)
Computing version for https://github.com/apple/swift-asn1.git
Computed https://github.com/apple/swift-asn1.git at 1.7.3 (0.58s)
Computing version for https://github.com/apple/swift-certificates.git
Computed https://github.com/apple/swift-certificates.git at 1.21.0 (0.21s)
Computing version for https://github.com/apple/swift-nio-ssl.git
Computed https://github.com/apple/swift-nio-ssl.git at 2.37.5 (0.19s)
Computing version for https://github.com/apple/swift-system.git
Computed https://github.com/apple/swift-system.git at 1.8.1 (0.19s)
Computing version for https://github.com/apple/swift-nio-extras.git
Computed https://github.com/apple/swift-nio-extras.git at 1.35.1 (0.26s)
Fetching https://github.com/apple/swift-http-structured-headers.git
Fetching https://github.com/apple/swift-http-types.git
[1/1939] Fetching swift-http-types
[2/3192] Fetching swift-http-types, swift-http-structured-headers
Fetched https://github.com/apple/swift-http-structured-headers.git from cache (0.39s)
Fetched https://github.com/apple/swift-http-types.git from cache (0.39s)
Computing version for https://github.com/apple/swift-http-structured-headers.git
Computed https://github.com/apple/swift-http-structured-headers.git at 1.7.0 (0.55s)
Computing version for https://github.com/apple/swift-http-types.git
Computed https://github.com/apple/swift-http-types.git at 1.8.0 (0.17s)
Creating working copy for https://github.com/apple/swift-http-types.git
Working copy of https://github.com/apple/swift-http-types.git resolved at 1.8.0
Creating working copy for https://github.com/googleapis/swift-google-rpc
Working copy of https://github.com/googleapis/swift-google-rpc resolved at 0.5.0
Creating working copy for https://github.com/apple/swift-numerics.git
Working copy of https://github.com/apple/swift-numerics.git resolved at 1.1.1
Creating working copy for https://github.com/apple/swift-nio
Working copy of https://github.com/apple/swift-nio resolved at 2.104.0
Creating working copy for https://github.com/apple/swift-atomics.git
Working copy of https://github.com/apple/swift-atomics.git resolved at 1.3.1
Creating working copy for https://github.com/apple/swift-crypto.git
Working copy of https://github.com/apple/swift-crypto.git resolved at 4.5.2
Creating working copy for https://github.com/apple/swift-nio-http2.git
Working copy of https://github.com/apple/swift-nio-http2.git resolved at 1.46.0
Creating working copy for https://github.com/googleapis/swift-google-longrunning
Working copy of https://github.com/googleapis/swift-google-longrunning resolved at 0.5.0
Creating working copy for https://github.com/apple/swift-distributed-tracing.git
Working copy of https://github.com/apple/swift-distributed-tracing.git resolved at 1.5.0
Creating working copy for https://github.com/apple/swift-http-structured-headers.git
Working copy of https://github.com/apple/swift-http-structured-headers.git resolved at 1.7.0
Creating working copy for https://github.com/apple/swift-nio-extras.git
Working copy of https://github.com/apple/swift-nio-extras.git resolved at 1.35.1
Creating working copy for https://github.com/apple/swift-collections.git
Working copy of https://github.com/apple/swift-collections.git resolved at 1.7.2
Creating working copy for https://github.com/swift-server/async-http-client.git
Working copy of https://github.com/swift-server/async-http-client.git resolved at 1.36.2
Creating working copy for https://github.com/googleapis/swift-google-cloud-location
Working copy of https://github.com/googleapis/swift-google-cloud-location resolved at 0.5.0
Creating working copy for https://github.com/googleapis/swift-google-auth
Working copy of https://github.com/googleapis/swift-google-auth resolved at 0.5.0
Creating working copy for https://github.com/apple/swift-log
Working copy of https://github.com/apple/swift-log resolved at 1.16.1
Creating working copy for https://github.com/apple/swift-configuration.git
Working copy of https://github.com/apple/swift-configuration.git resolved at 1.2.2
Creating working copy for https://github.com/apple/swift-system.git
Working copy of https://github.com/apple/swift-system.git resolved at 1.8.1
Creating working copy for https://github.com/apple/swift-algorithms.git
Working copy of https://github.com/apple/swift-algorithms.git resolved at 1.2.1
Creating working copy for https://github.com/apple/swift-nio-transport-services.git
Working copy of https://github.com/apple/swift-nio-transport-services.git resolved at 1.28.0
Creating working copy for https://github.com/swift-extras/swift-extras-base64
Working copy of https://github.com/swift-extras/swift-extras-base64 resolved at 1.2.0
Creating working copy for https://github.com/vapor/jwt-kit.git
Working copy of https://github.com/vapor/jwt-kit.git resolved at 5.7.1
Creating working copy for https://github.com/swift-server/swift-service-lifecycle
Working copy of https://github.com/swift-server/swift-service-lifecycle resolved at 2.12.1
Creating working copy for https://github.com/googleapis/swift-google-gax
Working copy of https://github.com/googleapis/swift-google-gax resolved at 0.5.0
Creating working copy for https://github.com/apple/swift-asn1.git
Working copy of https://github.com/apple/swift-asn1.git resolved at 1.7.3
Creating working copy for https://github.com/apple/swift-nio-ssl.git
Working copy of https://github.com/apple/swift-nio-ssl.git resolved at 2.37.5
Creating working copy for https://github.com/apple/swift-async-algorithms.git
Working copy of https://github.com/apple/swift-async-algorithms.git resolved at 1.1.7
Creating working copy for https://github.com/googleapis/swift-google-wkt
Working copy of https://github.com/googleapis/swift-google-wkt resolved at 0.5.0
Creating working copy for https://github.com/apple/swift-certificates.git
Working copy of https://github.com/apple/swift-certificates.git resolved at 1.21.0
Creating working copy for https://github.com/apple/swift-service-context.git
Working copy of https://github.com/apple/swift-service-context.git resolved at 1.3.0
Building for debugging...
[0/966] Write sources
[27/966] Write swift-version--11D90AFD9DD3AB2.txt
[28/966] Compiling _NumericsShims _NumericsShims.c
[29/977] Compiling base64.cc
[30/977] Write sources
[30/977] Compiling fd.cc
[30/977] Write sources
[36/977] Compiling errno.cc
[39/977] Write sources
[41/977] Compiling bio_mem.cc
[41/977] Write sources
[41/977] Compiling file.cc
[68/977] Compiling _AtomicsShims.c
[69/977] Compiling CXKCPShims shims.c
[70/977] Compiling SimpleFIPS202.c
[71/977] Compiling connect.cc
[72/977] Compiling KeccakSponge.c
[73/991] Compiling bio.cc
[74/1016] Compiling KeccakP-1600-opt64.c
[76/1044] Emitting module InternalCollectionsUtilities
[77/1047] Compiling InternalCollectionsUtilities MutableSpan+Extras.swift
[78/1047] Compiling InternalCollectionsUtilities OutputSpan+Extras.swift
[79/1047] Compiling InternalCollectionsUtilities RandomAccessCollection+Offsets.swift
[80/1047] Compiling InternalCollectionsUtilities Span+Extras.swift
[81/1047] Compiling Logging LoggingSystem.swift
[82/1048] Compiling InternalCollectionsUtilities Strideable+LimitHelpers.swift
[83/1048] Compiling InternalCollectionsUtilities String+Padding.swift
[84/1048] Compiling InternalCollectionsUtilities BorrowingIteratorProtocol+Equality.swift
[85/1048] Compiling InternalCollectionsUtilities BorrowingIteratorProtocol+Extras.swift
[86/1050] Compiling InternalCollectionsUtilities FixedWidthInteger+roundUpToPowerOfTwo.swift
[87/1050] Compiling InternalCollectionsUtilities Integer rank.swift
[88/1050] Compiling InternalCollectionsUtilities UInt+first and last set bit.swift
[89/1050] Compiling InternalCollectionsUtilities UInt+reversed.swift
[91/1050] Compiling InternalCollectionsUtilities TemporaryAllocation.swift
[92/1050] Compiling InternalCollectionsUtilities _UnsafeBitSet+Index.swift
[93/1050] Compiling InternalCollectionsUtilities MutableRef.swift
[95/1050] Compiling InternalCollectionsUtilities Iterable+CopyContents.swift
[96/1050] Compiling InternalCollectionsUtilities Iterable+Equality.swift
[97/1050] Compiling InternalCollectionsUtilities LifetimeOverride.swift
[102/1050] Compiling InternalCollectionsUtilities Debugging.swift
[103/1050] Compiling InternalCollectionsUtilities Descriptions.swift
[104/1050] Compiling ServiceContextModule ServiceContextKey.swift
[109/1051] Emitting module RealModule
[110/1051] Emitting module _NIODataStructures
[111/1051] Compiling _NIODataStructures Heap.swift
[112/1051] Compiling _NIODataStructures PriorityQueue.swift
[113/1051] Compiling SwiftASN1 DER.swift
[114/1051] Compiling _NIODataStructures _TinyArray.swift
[115/1051] Compiling SwiftASN1 Errors.swift
[116/1051] Compiling InternalCollectionsUtilities UnsafePointer+Extras.swift
[117/1051] Compiling InternalCollectionsUtilities _UnsafeBitSet+_Word.swift
[118/1051] Compiling InternalCollectionsUtilities _UnsafeBitSet.swift
[119/1051] Compiling InternalCollectionsUtilities UnsafeBufferPointer+Extras.swift
[120/1051] Compiling InternalCollectionsUtilities UnsafeMutableBufferPointer+Extras.swift
[121/1052] Compiling InternalCollectionsUtilities UnsafeRawBufferPointer+Extras.swift
[122/1052] Compiling InternalCollectionsUtilities _SortedCollection.swift
[123/1052] Compiling InternalCollectionsUtilities _UniqueCollection.swift
[130/1052] Compiling RealModule Float16+Real.swift
[136/1053] Compiling RealModule RelaxedArithmetic.swift
[138/1053] Emitting module _NIOBase64
[139/1053] Compiling RealModule RealFunctions.swift
[140/1053] Compiling RealModule Float80+Real.swift
[141/1053] Compiling _NIOBase64 Base64.swift
[142/1053] Compiling RealModule Real.swift
[143/1054] Compiling Logging Logger+With.swift
[144/1055] Emitting module _CertificateInternals
[145/1055] Compiling _CertificateInternals _TinyArray.swift
[148/1056] Compiling ServiceContextModule ServiceContext.swift
[149/1056] Emitting module ServiceContextModule
[150/1062] Wrapping AST for _NIODataStructures for debugging
[152/1062] Compiling Logging Logger+Attributes.swift
[153/1062] Compiling Logging Logger.swift
[153/1065] Wrapping AST for _NIOBase64 for debugging
[154/1066] Wrapping AST for InternalCollectionsUtilities for debugging
[156/1066] Wrapping AST for _CertificateInternals for debugging
[156/1066] Wrapping AST for RealModule for debugging
[158/1066] Compiling KeccakHash.c
[160/1066] Compiling SpanPreview OutputSpan+InputSpanHelpers.swift
[160/1066] Compiling CNIOWindows shim.c
[162/1066] Compiling SpanPreview InputSpan.swift
[163/1066] Emitting module SpanPreview
[164/1066] Compiling SpanPreview MutableSpan+InputSpanHelpers.swift
[164/1066] Compiling CSystem shims.c
[165/1067] Compiling CNIOWindows WSAStartup.c
[166/1067] Compiling CNIOWASI CNIOWASI.c
[168/1073] Compiling CNIOPosix event_loop_id.c
[169/1073] Wrapping AST for ServiceContextModule for debugging
[170/1073] Compiling CNIOOpenBSD shim.c
[171/1073] Compiling CNIOLinux liburing_shims.c
[173/1110] Compiling Instrumentation NoOpInstrument.swift
[173/1110] Wrapping AST for SpanPreview for debugging
[174/1110] Compiling CNIOLinux shim.c
[176/1110] Compiling Instrumentation MultiplexInstrument.swift
[176/1136] Compiling CNIOLLHTTP c_nio_http.c
[177/1152] Compiling CNIOLLHTTP c_nio_api.c
[178/1152] Compiling CNIOFreeBSD shim.c
[180/1152] Compiling DequeModule RigidDeque+ContainerOperations.swift
[181/1152] Compiling DequeModule RigidDeque+Deprecations.swift
[181/1152] Compiling CNIOExtrasZlib zutil.c
[182/1152] Compiling CNIOLLHTTP c_nio_llhttp.c
[184/1152] Compiling DequeModule RigidDeque+Descriptions.swift
[185/1152] Compiling DequeModule RigidDeque+Equatable.swift
[186/1152] Compiling DequeModule RigidDeque+Hashable.swift
[187/1152] Compiling DequeModule RigidDeque+Initializers.swift
[188/1152] Compiling DequeModule RigidDeque+Insertions.swift
[189/1152] Compiling DequeModule RigidDeque+Iterable.swift
[189/1157] Compiling CNIOExtrasZlib trees.c
[190/1157] Compiling CNIOExtrasZlib inftrees.c
[192/1157] Compiling DequeModule UniqueDeque+Consumption.swift
[193/1157] Compiling DequeModule UniqueDeque+ContainerOperations.swift
[194/1157] Compiling DequeModule UniqueDeque+Deprecations.swift
[195/1157] Compiling DequeModule UniqueDeque+Descriptions.swift
[196/1157] Compiling DequeModule UniqueDeque+Equatable.swift
[197/1157] Compiling DequeModule UniqueDeque+Hashable.swift
[198/1157] Compiling DequeModule UniqueDeque+Initializers.swift
[199/1157] Compiling DequeModule UniqueDeque+Insertions.swift
[200/1157] Compiling DequeModule UniqueDeque+Iterable.swift
[201/1157] Compiling DequeModule UniqueDeque+Prepend.swift
[202/1157] Compiling DequeModule UniqueDeque+Removals.swift
[202/1157] Compiling CNIOExtrasZlib inffast.c
[203/1157] Compiling CNIOExtrasZlib inflate.c
[204/1157] Compiling CNIOExtrasZlib crc32.c
[206/1157] Compiling DequeModule _DequeBuffer.swift
[207/1157] Compiling DequeModule _DequeBufferHeader.swift
[208/1157] Compiling DequeModule RigidDeque+Append.swift
[209/1157] Compiling DequeModule RigidDeque+Consumption.swift
[212/1157] Emitting module SwiftASN1
[212/1157] Compiling CNIOExtrasZlib adler32.c
[213/1157] Compiling CNIODarwin shim.c
[214/1157] Compiling CNIOExtrasZlib deflate.c
[216/1157] Compiling DequeModule RigidDeque+Prepend.swift
[217/1157] Compiling DequeModule RigidDeque+Removals.swift
[218/1157] Compiling DequeModule RigidDeque+Replacements.swift
[219/1157] Compiling DequeModule RigidDeque+Testing.swift
[220/1157] Compiling DequeModule RigidDeque.swift
[221/1157] Compiling DequeModule UniqueDeque+Append.swift
[221/1157] Compiling fiat_p256_adx_sqr.S
[222/1157] Compiling fiat_p256_adx_mul.S
[223/1157] Compiling fiat_curve25519_adx_square.S
[224/1157] Compiling fiat_curve25519_adx_mul.S
[225/1157] Compiling CNIOBoringSSLShims shims.c
[227/1157] Compiling ExtrasBase64 Base32+Span.swift
[228/1157] Compiling ExtrasBase64 Base32.swift
[229/1157] Compiling DequeModule Deque+Extras.swift
[230/1157] Compiling DequeModule Deque+Hashable.swift
[231/1157] Compiling DequeModule Deque+Testing.swift
[232/1157] Compiling DequeModule Deque._Storage.swift
[233/1157] Compiling DequeModule Deque._UnsafeHandle.swift
[234/1157] Compiling DequeModule Deque.swift
[235/1157] Compiling DequeModule Deque+Codable.swift
[236/1157] Compiling DequeModule Deque+Collection.swift
[237/1157] Compiling DequeModule Deque+CustomReflectable.swift
[238/1157] Compiling DequeModule Deque+Descriptions.swift
[239/1157] Compiling DequeModule Deque+Equatable.swift
[240/1157] Compiling DequeModule Deque+ExpressibleByArrayLiteral.swift
[246/1157] Compiling Logging MetadataProvider.swift
[247/1162] Compiling Instrumentation InstrumentationSystem.swift
[248/1162] Compiling Instrumentation Instrument.swift
[249/1162] Compiling Instrumentation Locks.swift
[250/1162] Emitting module Instrumentation
[278/1164] Emitting module SystemPackage
[288/1164] Emitting module Logging
[289/1173] Wrapping AST for SwiftASN1 for debugging
[290/1173] Wrapping AST for Logging for debugging
[292/1173] Compiling Tracing TracingTime.swift
[292/1174] Wrapping AST for Instrumentation for debugging
[299/1174] Compiling Tracing WithTracer.swift
[300/1174] Emitting module Tracing
[301/1174] Compiling Tracing TracerProtocol.swift
[301/1174] Compiling tls_record.cc
[303/1174] Compiling SystemPackage SystemString.swift
[304/1174] Compiling SystemPackage Util+StringArray.swift
[305/1174] Compiling SystemPackage Util.swift
[306/1174] Compiling SystemPackage UtilConsumers.swift
[307/1174] Compiling SystemPackage WinSDK+Overlay.swift
[307/1174] Compiling tls_method.cc
[309/1174] Compiling Tracing Tracer.swift
[310/1174] Compiling Tracing TracerProtocol+Legacy.swift
[312/1175] Compiling Tracing NoOpTracer.swift
[313/1175] Compiling Tracing InstrumentationSystem+Tracing.swift
[314/1175] Compiling Tracing SpanProtocol.swift
[315/1176] Wrapping AST for Tracing for debugging
[316/1176] Wrapping AST for SystemPackage for debugging
[317/1176] Compiling tls13_server.cc
[319/1176] Compiling DequeModule UniqueDeque+Replacements.swift
[320/1176] Compiling DequeModule UniqueDeque.swift
[321/1176] Compiling DequeModule _DequeSlot.swift
[322/1176] Compiling DequeModule _UnsafeDequeHandle.swift
[323/1176] Compiling DequeModule _UnsafeDequeSegments.swift
[324/1176] Emitting module DequeModule
[325/1177] Compiling tls13_enc.cc
[326/1220] Compiling tls13_both.cc
[327/1220] Compiling t1_enc.cc
[328/1220] Wrapping AST for DequeModule for debugging
[329/1220] Compiling tls13_client.cc
[331/1220] Compiling Configuration Deprecations.swift
[332/1220] Compiling Configuration ExpressibleByConfigInt.swift
[333/1220] Compiling Configuration ExpressibleByConfigString.swift
[334/1220] Compiling Configuration CLIKeyEncoder.swift
[335/1220] Compiling Configuration ConfigKeyEncoder.swift
[336/1220] Compiling Configuration DotSeparatorKeyDecoder.swift
[336/1225] Compiling ssl_versions.cc
[337/1225] Compiling ssl_x509.cc
[338/1225] Compiling ssl_transcript.cc
[339/1225] Compiling ssl_stat.cc
[340/1225] Compiling ssl_session.cc
[341/1225] Compiling ssl_key_share.cc
[342/1225] Compiling ssl_privkey.cc
[343/1225] Compiling ssl_lib.cc
[345/1225] Compiling ExtrasBase64 Base64+Span.swift
[346/1225] Compiling ExtrasBase64 Base64.swift
[347/1225] Emitting module ExtrasBase64
[348/1226] Compiling ssl_file.cc
[349/1257] Compiling ssl_credential.cc
[350/1257] Wrapping AST for ExtrasBase64 for debugging
[351/1257] Compiling ssl_buffer.cc
[352/1257] Compiling ssl_cert.cc
[354/1257] Compiling GoogleWKT WKTFloatValue.swift
[355/1257] Compiling GoogleWKT WKTInt32Value.swift
[356/1257] Compiling GoogleWKT WKTInt64Value.swift
[357/1257] Compiling GoogleWKT WKTRecursive.swift
[358/1257] Compiling GoogleWKT WKTStringValue.swift
[359/1257] Compiling GoogleWKT WKTTimestamp.swift
[359/1257] Compiling ssl_cipher.cc
[361/1257] Compiling Configuration CombineLatestManyStorage.swift
[362/1257] Compiling Configuration AsyncSequences.swift
[363/1257] Compiling Configuration FoundationExtensions.swift
[364/1257] Compiling Configuration Span.swift
[365/1257] Compiling Configuration ConfigBytesFromStringDecoder.swift
[366/1257] Compiling Configuration EnvironmentKeyEncoder.swift
[367/1257] Compiling Configuration EnvironmentVariablesProvider.swift
[368/1257] Compiling Configuration CommonProviderFileSystem.swift
[369/1257] Compiling Configuration DirectoryFilesProvider.swift
[370/1257] Compiling Configuration FileProvider.swift
[371/1257] Compiling Configuration FileProviderSnapshot.swift
[372/1257] Compiling Configuration MutableInMemoryProvider.swift
[373/1257] Compiling Configuration ConfigProvider+Operators.swift
[374/1257] Compiling Configuration KeyMappingProvider.swift
[375/1257] Compiling Configuration SecretsSpecifier.swift
[376/1257] Compiling Configuration AsyncCombineLatestManySequence.swift
[377/1257] Compiling Configuration CombineLatestManyStateMachine.swift
[378/1257] Compiling GoogleWKT WKTUInt32Value.swift
[379/1257] Compiling GoogleWKT WKTUInt64Value.swift
[380/1257] Compiling GoogleWKT WKTValue.swift
[381/1257] Compiling GoogleWKT WKTApi.swift
[382/1257] Compiling GoogleWKT WKTEnum.swift
[383/1257] Compiling GoogleWKT WKTEnumValue.swift
[384/1257] Compiling GoogleWKT AnyPackable.swift
[385/1257] Compiling GoogleWKT DecodeToDefault.swift
[386/1257] Compiling GoogleWKT DiscoveryBase64.swift
[387/1257] Compiling GoogleWKT ProtoJSONDecoder.swift
[388/1257] Compiling GoogleWKT ProtoJSONEncoder.swift
[389/1257] Compiling GoogleWKT WKTDoubleValue.swift
[390/1257] Emitting module Configuration
[390/1257] Compiling ssl_asn1.cc
[391/1257] Compiling ssl_aead_ctx.cc
[394/1257] Compiling GoogleWKT WKTDuration.swift
[395/1257] Compiling GoogleWKT WKTEmpty.swift
[396/1257] Compiling GoogleWKT WKTFieldMask.swift
[397/1257] Compiling GoogleWKT UnknownFields.swift
[398/1257] Compiling GoogleWKT WKTAny.swift
[399/1257] Compiling GoogleWKT WKTAnyError.swift
[400/1257] Compiling GoogleWKT WKTBoolValue.swift
[401/1257] Compiling GoogleWKT WKTBytesValue.swift
[406/1261] Compiling GoogleWKT WKTField.swift
[407/1261] Compiling GoogleWKT WKTMethod.swift
[408/1261] Compiling GoogleWKT WKTMixin.swift
[409/1261] Compiling GoogleWKT WKTOption.swift
[424/1262] Compiling s3_both.cc
[425/1262] Compiling s3_pkt.cc
[426/1262] Wrapping AST for Configuration for debugging
[428/1262] Compiling GoogleWKT WKTSourceContext.swift
[429/1262] Compiling GoogleWKT WKTSyntax.swift
[430/1262] Compiling GoogleWKT WKTType.swift
[431/1262] Compiling GoogleWKT PackageVersion.swift
[431/1262] Compiling handshake_server.cc
[432/1262] Compiling s3_lib.cc
[439/1262] Emitting module GoogleWKT
[440/1278] Compiling handshake.cc
[441/1278] Compiling handshake_client.cc
[442/1278] Wrapping AST for GoogleWKT for debugging
[444/1278] Compiling GoogleRpc LocalizedMessage.swift
[445/1278] Compiling GoogleRpc PackageVersion.swift
[446/1280] Compiling GoogleRpc HttpRequest.swift
[447/1280] Compiling GoogleRpc HttpResponse.swift
[448/1280] Compiling GoogleRpc RequestInfo.swift
[449/1280] Compiling GoogleRpc ResourceInfo.swift
[450/1280] Compiling GoogleRpc Help.swift
[451/1280] Compiling GoogleRpc HttpHeader.swift
[452/1280] Emitting module GoogleRpc
[453/1280] Compiling GoogleRpc DebugInfo.swift
[454/1280] Compiling GoogleRpc ErrorInfo.swift
[455/1280] Compiling GoogleRpc BadRequest.swift
[456/1280] Compiling GoogleRpc Code.swift
[457/1280] Compiling GoogleRpc RetryInfo.swift
[458/1280] Compiling GoogleRpc Status.swift
[458/1280] Compiling handoff.cc
[460/1280] Compiling GoogleRpc PreconditionFailure.swift
[461/1280] Compiling GoogleRpc QuotaFailure.swift
[461/1281] Compiling encrypted_client_hello.cc
[463/1281] Compiling dtls_method.cc
[464/1281] Compiling dtls_record.cc
[465/1281] Wrapping AST for GoogleRpc for debugging
[466/1281] Compiling md5-x86_64-linux.S
[467/1281] Compiling md5-x86_64-apple.S
[468/1281] Compiling md5-586-linux.S
[469/1281] Compiling md5-586-apple.S
[470/1281] Compiling chacha20_poly1305_x86_64-linux.S
[471/1281] Compiling chacha20_poly1305_x86_64-apple.S
[472/1281] Compiling chacha20_poly1305_armv8-win.S
[473/1281] Compiling chacha20_poly1305_armv8-linux.S
[474/1281] Compiling chacha20_poly1305_armv8-apple.S
[475/1281] Compiling extensions.cc
[476/1281] Compiling chacha-x86_64-linux.S
[477/1281] Compiling chacha-x86_64-apple.S
[478/1281] Compiling chacha-x86-linux.S
[479/1281] Compiling chacha-x86-apple.S
[480/1281] Compiling chacha-armv8-win.S
[481/1281] Compiling chacha-armv8-linux.S
[482/1281] Compiling chacha-armv8-apple.S
[483/1281] Compiling err_data.cc
[484/1281] Compiling chacha-armv4-linux.S
[485/1281] Compiling aes128gcmsiv-x86_64-linux.S
[485/1281] Compiling d1_srtp.cc
[487/1281] Compiling aes128gcmsiv-x86_64-apple.S
[488/1281] Compiling d1_pkt.cc
[489/1281] Compiling x86_64-mont5-linux.S
[490/1281] Compiling x86_64-mont-linux.S
[491/1281] Compiling x86_64-mont5-apple.S
[492/1281] Compiling x86_64-mont-apple.S
[493/1281] Compiling x86-mont-apple.S
[493/1281] Compiling x86-mont-linux.S
[495/1281] Compiling vpaes-x86_64-linux.S
[496/1281] Compiling vpaes-x86_64-apple.S
[497/1281] Compiling vpaes-x86-apple.S
[498/1281] Compiling vpaes-x86-linux.S
[499/1281] Compiling vpaes-armv8-win.S
[500/1281] Compiling vpaes-armv8-linux.S
[501/1281] Compiling vpaes-armv8-apple.S
[502/1281] Compiling vpaes-armv7-linux.S
[503/1281] Compiling sha512-x86_64-linux.S
[504/1281] Compiling sha512-x86_64-apple.S
[505/1281] Compiling sha512-armv8-win.S
[506/1281] Compiling sha512-armv8-apple.S
[507/1281] Compiling sha512-armv4-linux.S
[508/1281] Compiling sha512-586-apple.S
[509/1281] Compiling sha512-586-linux.S
[510/1281] Compiling sha512-armv8-linux.S
[511/1281] Compiling sha256-x86_64-linux.S
[512/1281] Compiling bio_ssl.cc
[513/1281] Compiling sha256-armv8-win.S
[514/1281] Compiling sha256-x86_64-apple.S
[515/1281] Compiling sha256-armv8-apple.S
[516/1281] Compiling sha256-armv8-linux.S
[517/1281] Compiling sha256-armv4-linux.S
[518/1281] Compiling sha256-586-linux.S
[519/1281] Compiling sha256-586-apple.S
[520/1281] Compiling sha1-x86_64-linux.S
[521/1281] Compiling sha1-x86_64-apple.S
[522/1281] Compiling sha1-armv8-win.S
[523/1281] Compiling sha1-armv8-apple.S
[524/1281] Compiling sha1-armv4-large-linux.S
[525/1281] Compiling sha1-armv8-linux.S
[526/1281] Compiling sha1-586-linux.S
[527/1281] Compiling sha1-586-apple.S
[528/1281] Compiling rsaz-avx2-linux.S
[529/1281] Compiling rsaz-avx2-apple.S
[530/1281] Compiling rdrand-x86_64-linux.S
[531/1281] Compiling rdrand-x86_64-apple.S
[532/1281] Compiling p256_beeu-x86_64-asm-apple.S
[533/1281] Compiling p256_beeu-x86_64-asm-linux.S
[534/1281] Compiling p256_beeu-armv8-asm-win.S
[535/1281] Compiling p256_beeu-armv8-asm-linux.S
[536/1281] Compiling p256_beeu-armv8-asm-apple.S
[537/1281] Compiling p256-x86_64-asm-linux.S
[538/1281] Compiling p256-x86_64-asm-apple.S
[539/1281] Compiling p256-armv8-asm-win.S
[540/1281] Compiling d1_lib.cc
[541/1281] Compiling p256-armv8-asm-apple.S
[542/1281] Compiling ghashv8-armv8-win.S
[543/1281] Compiling p256-armv8-asm-linux.S
[544/1281] Compiling ghashv8-armv8-apple.S
[545/1281] Compiling ghashv8-armv8-linux.S
[546/1281] Compiling ghashv8-armv7-linux.S
[547/1281] Compiling ghash-x86_64-linux.S
[548/1281] Compiling ghash-x86_64-apple.S
[549/1281] Compiling ghash-x86-linux.S
[550/1281] Compiling ghash-x86-apple.S
[551/1281] Compiling ghash-ssse3-x86_64-linux.S
[552/1281] Compiling ghash-ssse3-x86_64-apple.S
[553/1281] Compiling ghash-ssse3-x86-linux.S
[554/1281] Compiling ghash-neon-armv8-win.S
[555/1281] Compiling ghash-ssse3-x86-apple.S
[556/1281] Compiling ghash-armv4-linux.S
[557/1281] Compiling ghash-neon-armv8-apple.S
[558/1281] Compiling ghash-neon-armv8-linux.S
[559/1281] Compiling co-586-linux.S
[560/1281] Compiling co-586-apple.S
[561/1281] Compiling bn-armv8-win.S
[561/1281] Compiling bsaes-armv7-linux.S
[563/1281] Compiling bn-586-linux.S
[564/1281] Compiling bn-armv8-linux.S
[565/1281] Compiling bn-armv8-apple.S
[566/1281] Compiling bn-586-apple.S
[567/1281] Compiling armv8-mont-win.S
[568/1281] Compiling armv8-mont-apple.S
[569/1281] Compiling armv4-mont-linux.S
[570/1281] Compiling aesv8-gcm-armv8-win.S
[571/1281] Compiling aesv8-gcm-armv8-apple.S
[571/1281] Compiling armv8-mont-linux.S
[573/1281] Compiling aesv8-armv8-win.S
[574/1281] Compiling aesv8-gcm-armv8-linux.S
[575/1281] Compiling d1_both.cc
[576/1281] Compiling aesv8-armv8-linux.S
[577/1281] Compiling aesni-x86_64-apple.S
[578/1281] Compiling aesv8-armv8-apple.S
[579/1281] Compiling aesv8-armv7-linux.S
[580/1281] Compiling aesni-x86_64-linux.S
[581/1281] Compiling aesni-x86-linux.S
[582/1281] Compiling aesni-x86-apple.S
[583/1281] Compiling aesni-gcm-x86_64-linux.S
[584/1281] Compiling aesni-gcm-x86_64-apple.S
[585/1281] Compiling aes-gcm-avx2-x86_64-linux.S
[586/1281] Compiling aes-gcm-avx2-x86_64-apple.S
[587/1281] Compiling aes-gcm-avx10-x86_64-linux.S
[588/1281] Compiling aes-gcm-avx10-x86_64-apple.S
[589/1281] Compiling x_sig.cc
[590/1281] Compiling x_val.cc
[591/1281] Compiling x_spki.cc
[592/1281] Compiling x_req.cc
[593/1281] Compiling x_x509a.cc
[594/1281] Compiling x_x509.cc
[595/1281] Compiling x_pubkey.cc
[596/1281] Compiling x_name.cc
[597/1281] Compiling x_exten.cc
[598/1281] Compiling x509spki.cc
[599/1281] Compiling x_algor.cc
[600/1281] Compiling x_attrib.cc
[601/1281] Compiling x_crl.cc
[602/1281] Compiling x509rset.cc
[603/1281] Compiling x_all.cc
[604/1281] Compiling x509name.cc
[605/1281] Compiling x509cset.cc
[606/1281] Compiling x509_txt.cc
[607/1281] Compiling x509_vpm.cc
[608/1281] Compiling x509_v3.cc
[609/1281] Compiling x509_trs.cc
[610/1281] Compiling x509_vfy.cc
[611/1281] Compiling x509_set.cc
[612/1281] Compiling x509_req.cc
[613/1281] Compiling x509_obj.cc
[614/1281] Compiling x509_d2.cc
[615/1281] Compiling x509_def.cc
[616/1281] Compiling x509_ext.cc
[617/1281] Compiling x509_lu.cc
[618/1281] Compiling x509_cmp.cc
[619/1281] Compiling x509_att.cc
[620/1281] Compiling x509.cc
[621/1281] Compiling v3_skey.cc
[622/1281] Compiling v3_prn.cc
[623/1281] Compiling v3_purp.cc
[624/1281] Compiling v3_utl.cc
[625/1281] Compiling v3_ocsp.cc
[626/1281] Compiling v3_pcons.cc
[626/1281] Compiling v3_pmaps.cc
[628/1281] Compiling v3_ncons.cc
[629/1281] Compiling v3_int.cc
[630/1281] Compiling v3_lib.cc
[631/1281] Compiling v3_ia5.cc
[632/1281] Compiling v3_info.cc
[633/1281] Compiling v3_genn.cc
[634/1281] Compiling v3_extku.cc
[635/1281] Compiling v3_enum.cc
[636/1281] Compiling v3_crld.cc
[637/1281] Compiling v3_cpols.cc
[638/1281] Compiling v3_conf.cc
[639/1281] Compiling v3_bitst.cc
[640/1281] Compiling v3_bcons.cc
[641/1281] Compiling v3_alt.cc
[642/1281] Compiling v3_akeya.cc
[643/1281] Compiling v3_akey.cc
[644/1281] Compiling t_x509a.cc
[645/1281] Compiling i2d_pr.cc
[646/1281] Compiling t_crl.cc
[647/1281] Compiling t_x509.cc
[648/1281] Compiling t_req.cc
[649/1281] Compiling rsa_pss.cc
[650/1281] Compiling name_print.cc
[651/1281] Compiling policy.cc
[652/1281] Compiling by_file.cc
[653/1281] Compiling by_dir.cc
[654/1281] Compiling algorithm.cc
[655/1281] Compiling a_verify.cc
[656/1281] Compiling a_digest.cc
[657/1281] Compiling voprf.cc
[657/1281] Compiling asn1_gen.cc
[659/1281] Compiling a_sign.cc
[660/1281] Compiling trust_token.cc
[661/1281] Compiling thread_win.cc
[662/1281] Compiling thread_none.cc
[663/1281] Compiling thread.cc
[664/1281] Compiling thread_pthread.cc
[665/1281] Compiling stack.cc
[666/1281] Compiling pmbtoken.cc
[667/1281] Compiling slhdsa.cc
[668/1281] Compiling spake2plus.cc
[669/1281] Compiling siphash.cc
[670/1281] Compiling sha256.cc
[671/1281] Compiling sha1.cc
[672/1281] Compiling sha512.cc
[673/1281] Compiling rsa_print.cc
[674/1281] Compiling rsa_extra.cc
[675/1281] Compiling rsa_crypt.cc
[676/1281] Compiling rc4.cc
[677/1281] Compiling windows.cc
[678/1281] Compiling refcount.cc
[679/1281] Compiling trusty.cc
[680/1281] Compiling urandom.cc
[681/1281] Compiling rsa_asn1.cc
[682/1281] Compiling rand.cc
[683/1281] Compiling passive.cc
[684/1281] Compiling ios.cc
[685/1281] Compiling getentropy.cc
[686/1281] Compiling poly1305_arm_asm.S
[687/1281] Compiling forkunsafe.cc
[688/1281] Compiling deterministic.cc
[689/1281] Compiling fork_detect.cc
[690/1281] Compiling poly1305_vec.cc
[691/1281] Compiling pool.cc
[692/1281] Compiling poly1305_arm.cc
[693/1281] Compiling poly1305.cc
[694/1281] Compiling pkcs8.cc
[695/1281] Compiling pkcs7.cc
[696/1281] Compiling pkcs8_x509.cc
[697/1281] Compiling p5_pbev2.cc
[698/1281] Compiling pkcs7_x509.cc
[699/1281] Compiling pem_xaux.cc
[700/1281] Compiling pem_x509.cc
[701/1281] Compiling pem_pkey.cc
[702/1281] Compiling pem_pk8.cc
[703/1281] Compiling pem_oth.cc
[704/1281] Compiling mlkem.cc
[705/1281] Compiling pem_info.cc
[706/1281] Compiling pem_lib.cc
[707/1281] Compiling pem_all.cc
[708/1281] Compiling obj_xref.cc
[709/1281] Compiling obj.cc
[710/1281] Compiling poly_rq_mul.S
[711/1281] Compiling mldsa.cc
[712/1281] Compiling fips_shared_support.cc
[713/1281] Compiling md5.cc
[714/1281] Compiling mem.cc
[715/1281] Compiling lhash.cc
[716/1281] Compiling md4.cc
[717/1281] Compiling kyber.cc
[718/1281] Compiling sign.cc
[719/1281] Compiling ex_data.cc
[720/1281] Compiling hrss.cc
[721/1281] Compiling scrypt.cc
[722/1281] Compiling print.cc
[723/1281] Compiling hpke.cc
[724/1281] Compiling pbkdf.cc
[725/1281] Compiling p_x25519.cc
[726/1281] Compiling p_rsa_asn1.cc
[727/1281] Compiling p_x25519_asn1.cc
[728/1281] Compiling p_rsa.cc
[729/1281] Compiling p_ed25519.cc
[730/1281] Compiling p_hkdf.cc
[731/1281] Compiling p_ed25519_asn1.cc
[732/1281] Compiling p_ec_asn1.cc
[733/1281] Compiling p_ec.cc
[734/1281] Compiling p_dh.cc
[735/1281] Compiling p_dh_asn1.cc
[736/1281] Compiling evp_ctx.cc
[737/1281] Compiling p_dsa_asn1.cc
[738/1281] Compiling evp_asn1.cc
[739/1281] Compiling err.cc
[740/1281] Compiling evp.cc
[741/1281] Compiling engine.cc
[742/1281] Compiling ecdh.cc
[743/1281] Compiling hash_to_curve.cc
[744/1281] Compiling ecdsa_asn1.cc
[745/1281] Compiling ec_derive.cc
[746/1281] Compiling dsa.cc
[747/1281] Compiling dsa_asn1.cc
[748/1281] Compiling ec_asn1.cc
[749/1281] Compiling params.cc
[750/1281] Compiling x25519-asm-arm.S
[751/1281] Compiling bcm.cc
[752/1281] Compiling digest_extra.cc
[753/1281] Compiling des.cc
[754/1281] Compiling dh_asn1.cc
[755/1281] Compiling curve25519_64_adx.cc
[756/1281] Compiling cpu_intel.cc
[757/1281] Compiling spake25519.cc
[758/1281] Compiling crypto.cc
[759/1281] Compiling cpu_arm_linux.cc
[760/1281] Compiling curve25519.cc
[761/1281] Compiling cpu_arm_freebsd.cc
[762/1281] Compiling cpu_aarch64_win.cc
[763/1281] Compiling cpu_aarch64_sysreg.cc
[764/1281] Compiling cpu_aarch64_openbsd.cc
[765/1281] Compiling cpu_aarch64_linux.cc
[766/1281] Compiling cpu_aarch64_fuchsia.cc
[767/1281] Compiling cpu_aarch64_apple.cc
[768/1281] Compiling get_cipher.cc
[769/1281] Compiling conf.cc
[769/1281] Compiling tls_cbc.cc
[771/1281] Compiling e_tls.cc
[772/1281] Compiling e_rc4.cc
[773/1281] Compiling e_rc2.cc
[774/1281] Compiling e_null.cc
[775/1281] Compiling e_des.cc
[776/1281] Compiling e_chacha20poly1305.cc
[777/1281] Compiling e_aesgcmsiv.cc
[778/1281] Compiling e_aesctrhmac.cc
[779/1281] Compiling derive_key.cc
[780/1281] Compiling chacha.cc
[781/1281] Compiling unicode.cc
[782/1281] Compiling buf.cc
[783/1281] Compiling cbb.cc
[783/1281] Compiling cbs.cc
[785/1281] Compiling ber.cc
[786/1281] Compiling asn1_compat.cc
[787/1281] Compiling bn_asn1.cc
[788/1281] Compiling blake2.cc
[789/1281] Compiling convert.cc
[790/1281] Compiling socket_helper.cc
[791/1281] Compiling printf.cc
[792/1281] Compiling socket.cc
[793/1281] Compiling hexdump.cc
[794/1281] Compiling pair.cc
[795/1281] Compiling tasn_typ.cc
[796/1281] Compiling tasn_fre.cc
[797/1281] Compiling tasn_enc.cc
[798/1281] Compiling tasn_utl.cc
[799/1281] Compiling tasn_new.cc
[800/1281] Compiling f_string.cc
[800/1281] Compiling posix_time.cc
[802/1281] Compiling tasn_dec.cc
[803/1281] Compiling f_int.cc
[804/1281] Compiling asn_pack.cc
[805/1281] Compiling asn1_par.cc
[806/1281] Compiling a_utctm.cc
[807/1281] Compiling asn1_lib.cc
[808/1281] Compiling a_type.cc
[808/1281] Compiling a_time.cc
[810/1281] Compiling a_octet.cc
[811/1281] Compiling a_strnid.cc
[812/1281] Compiling a_strex.cc
[813/1281] Compiling a_object.cc
[814/1281] Compiling a_i2d_fp.cc
[815/1281] Compiling a_dup.cc
[816/1281] Compiling a_mbstr.cc
[817/1281] Compiling a_d2i_fp.cc
[818/1281] Compiling CGoogleGaxCRC32C CGoogleGaxCRC32C.c
[819/1281] Compiling a_gentm.cc
[820/1281] Compiling a_int.cc
[821/1281] Compiling fiat_p256_adx_sqr.S
[822/1281] Compiling fiat_p256_adx_mul.S
[823/1281] Compiling fiat_curve25519_adx_square.S
[824/1281] Compiling fiat_curve25519_adx_mul.S
[825/1281] Compiling md5-x86_64-linux.S
[826/1281] Compiling md5-x86_64-apple.S
[827/1281] Compiling md5-586-linux.S
[828/1281] Compiling md5-586-apple.S
[829/1281] Compiling chacha20_poly1305_x86_64-linux.S
[830/1281] Compiling chacha20_poly1305_x86_64-apple.S
[831/1281] Compiling a_bitstr.cc
[832/1281] Compiling chacha20_poly1305_armv8-win.S
[833/1281] Compiling chacha20_poly1305_armv8-apple.S
[834/1281] Compiling chacha-x86_64-linux.S
[835/1281] Compiling chacha20_poly1305_armv8-linux.S
[836/1281] Compiling CCryptoBoringSSLShims shims.c
[837/1281] Compiling a_bool.cc
[838/1281] Compiling chacha-x86_64-apple.S
[839/1281] Compiling chacha-x86-linux.S
[840/1281] Compiling chacha-x86-apple.S
[841/1281] Compiling chacha-armv8-win.S
[842/1281] Compiling chacha-armv8-apple.S
[843/1281] Compiling chacha-armv4-linux.S
[844/1281] Compiling aes128gcmsiv-x86_64-linux.S
[844/1281] Compiling chacha-armv8-linux.S
[846/1281] Compiling aes128gcmsiv-x86_64-apple.S
[847/1281] Compiling x86_64-mont5-linux.S
[848/1281] Compiling x86_64-mont5-apple.S
[849/1281] Compiling x86_64-mont-linux.S
[850/1281] Compiling x86_64-mont-apple.S
[851/1281] Compiling x86-mont-linux.S
[852/1281] Compiling x86-mont-apple.S
[853/1281] Compiling vpaes-x86_64-linux.S
[854/1281] Compiling vpaes-x86_64-apple.S
[855/1281] Compiling vpaes-x86-apple.S
[856/1281] Compiling vpaes-x86-linux.S
[857/1281] Compiling vpaes-armv8-win.S
[858/1281] Compiling vpaes-armv8-linux.S
[858/1281] Compiling vpaes-armv7-linux.S
[860/1281] Compiling sha512-x86_64-linux.S
[861/1281] Compiling vpaes-armv8-apple.S
[862/1281] Compiling sha512-x86_64-apple.S
[863/1281] Compiling sha512-armv8-win.S
[864/1281] Compiling err_data.cc
[865/1281] Compiling sha512-armv4-linux.S
[866/1281] Compiling sha512-armv8-apple.S
[867/1281] Compiling sha512-armv8-linux.S
[868/1281] Compiling sha512-586-linux.S
[869/1281] Compiling sha512-586-apple.S
[870/1281] Compiling sha256-x86_64-linux.S
[871/1281] Compiling sha256-x86_64-apple.S
[872/1281] Compiling sha256-armv8-win.S
[873/1281] Compiling sha256-armv8-linux.S
[874/1281] Compiling sha256-armv4-linux.S
[875/1281] Compiling sha256-586-linux.S
[876/1281] Compiling sha256-armv8-apple.S
[877/1281] Compiling sha256-586-apple.S
[878/1281] Compiling sha1-x86_64-linux.S
[879/1281] Compiling sha1-x86_64-apple.S
[880/1281] Compiling sha1-armv8-win.S
[881/1281] Compiling sha1-armv8-apple.S
[882/1281] Compiling sha1-armv4-large-linux.S
[883/1281] Compiling sha1-armv8-linux.S
[883/1281] Compiling sha1-586-linux.S
[885/1281] Compiling sha1-586-apple.S
[886/1281] Compiling rsaz-avx2-linux.S
[887/1281] Compiling rsaz-avx2-apple.S
[888/1281] Compiling rdrand-x86_64-linux.S
[889/1281] Compiling rdrand-x86_64-apple.S
[890/1281] Compiling p256_beeu-x86_64-asm-linux.S
[891/1281] Compiling p256_beeu-x86_64-asm-apple.S
[892/1281] Compiling p256_beeu-armv8-asm-win.S
[893/1281] Compiling p256_beeu-armv8-asm-linux.S
[894/1281] Compiling p256_beeu-armv8-asm-apple.S
[895/1281] Compiling p256-x86_64-asm-linux.S
[896/1281] Compiling p256-armv8-asm-win.S
[896/1281] Compiling p256-x86_64-asm-apple.S
[898/1281] Compiling ghashv8-armv8-win.S
[899/1281] Compiling p256-armv8-asm-apple.S
[900/1281] Compiling p256-armv8-asm-linux.S
[901/1281] Compiling ghashv8-armv7-linux.S
[902/1281] Compiling ghashv8-armv8-apple.S
[903/1281] Compiling ghashv8-armv8-linux.S
[904/1281] Compiling ghash-x86-linux.S
[905/1281] Compiling ghash-x86_64-linux.S
[906/1281] Compiling ghash-x86_64-apple.S
[907/1281] Compiling ghash-x86-apple.S
[908/1281] Compiling ghash-ssse3-x86_64-linux.S
[909/1281] Compiling ghash-ssse3-x86_64-apple.S
[910/1281] Compiling ghash-neon-armv8-win.S
[911/1281] Compiling ghash-ssse3-x86-linux.S
[912/1281] Compiling ghash-ssse3-x86-apple.S
[913/1281] Compiling ghash-neon-armv8-linux.S
[914/1281] Compiling ghash-armv4-linux.S
[915/1281] Compiling ghash-neon-armv8-apple.S
[916/1281] Compiling co-586-linux.S
[917/1281] Compiling co-586-apple.S
[918/1281] Compiling bn-armv8-win.S
[919/1281] Compiling bsaes-armv7-linux.S
[920/1281] Compiling bn-armv8-linux.S
[921/1281] Compiling bn-armv8-apple.S
[922/1281] Compiling bn-586-linux.S
[923/1281] Compiling bn-586-apple.S
[924/1281] Compiling armv8-mont-win.S
[925/1281] Compiling armv8-mont-apple.S
[926/1281] Compiling armv8-mont-linux.S
[927/1281] Compiling aesv8-gcm-armv8-win.S
[928/1281] Compiling armv4-mont-linux.S
[929/1281] Compiling aesv8-gcm-armv8-linux.S
[930/1281] Compiling aesv8-gcm-armv8-apple.S
[931/1281] Compiling aesv8-armv8-win.S
[932/1281] Compiling aesv8-armv8-linux.S
[933/1281] Compiling aesv8-armv7-linux.S
[933/1281] Compiling aesv8-armv8-apple.S
[935/1281] Compiling aesni-x86_64-linux.S
[936/1281] Compiling aesni-x86_64-apple.S
[936/1281] Compiling aesni-x86-linux.S
[938/1281] Compiling aesni-x86-apple.S
[939/1281] Compiling aesni-gcm-x86_64-linux.S
[940/1281] Compiling aes-gcm-avx512-x86_64-linux.S
[940/1281] Compiling aesni-gcm-x86_64-apple.S
[942/1281] Compiling aes-gcm-avx2-x86_64-linux.S
[942/1281] Compiling aes-gcm-avx512-x86_64-apple.S
[944/1281] Compiling aes-gcm-avx2-x86_64-apple.S
[945/1281] Compiling xwing.cc
[946/1281] Compiling x_sig.cc
[947/1281] Compiling x_spki.cc
[948/1281] Compiling x_req.cc
[949/1281] Compiling x_x509a.cc
[950/1281] Compiling x_x509.cc
[951/1281] Compiling x_name.cc
[952/1281] Compiling x_pubkey.cc
[953/1281] Compiling x_crl.cc
[954/1281] Compiling x_attrib.cc
[955/1281] Compiling x_exten.cc
[956/1281] Compiling x_all.cc
[957/1281] Compiling c-nioatomics.c
[958/1281] Compiling x509spki.cc
[959/1281] Compiling x_algor.cc
[960/1281] Compiling x509rset.cc
[961/1281] Compiling x509name.cc
[962/1281] Compiling x509cset.cc
[963/1281] Compiling c-atomics.c
[964/1281] Compiling x509_vpm.cc
[966/1288] Compiling NIOConcurrencyHelpers NIOLockedValueBox.swift
[966/1288] Compiling x509_vfy.cc
[968/1288] Compiling NIOConcurrencyHelpers NIOThreadPoolWorkAvailable.swift
[968/1288] Compiling x509_v3.cc
[969/1288] Compiling x509_txt.cc
[971/1288] Compiling NIOConcurrencyHelpers NIOLock.swift
[972/1288] Compiling NIOConcurrencyHelpers NIOAtomic.swift
[973/1288] Compiling NIOConcurrencyHelpers lock.swift
[974/1288] Emitting module NIOConcurrencyHelpers
[974/1288] Compiling x509_req.cc
[976/1288] Compiling NIOConcurrencyHelpers atomics.swift
[976/1289] Compiling x509_set.cc
[977/1289] Compiling x509_trs.cc
[979/1289] Compiling x509_obj.cc
[980/1289] Wrapping AST for NIOConcurrencyHelpers for debugging
[981/1289] Compiling x509_lu.cc
[982/1289] Compiling x509_def.cc
[983/1289] Compiling x509_ext.cc
[984/1289] Compiling x509_d2.cc
[985/1289] Compiling x509_cmp.cc
[986/1289] Compiling x509_att.cc
[987/1289] Compiling x509.cc
[988/1289] Compiling v3_utl.cc
[989/1289] Compiling v3_skey.cc
[990/1289] Compiling v3_prn.cc
[991/1289] Compiling v3_purp.cc
[992/1289] Compiling v3_pmaps.cc
[993/1289] Compiling v3_pcons.cc
[994/1289] Compiling v3_ocsp.cc
[995/1289] Compiling v3_ncons.cc
[996/1289] Compiling v3_lib.cc
[997/1289] Compiling v3_int.cc
[998/1289] Compiling v3_ia5.cc
[999/1289] Compiling v3_info.cc
[1000/1289] Compiling v3_genn.cc
[1001/1289] Compiling v3_enum.cc
[1001/1289] Compiling v3_extku.cc
[1003/1289] Compiling v3_crld.cc
[1004/1289] Compiling v3_cpols.cc
[1005/1289] Compiling v3_bitst.cc
[1006/1289] Compiling v3_conf.cc
[1007/1289] Compiling v3_bcons.cc
[1008/1289] Compiling v3_alt.cc
[1009/1289] Compiling v3_akeya.cc
[1010/1289] Compiling v3_akey.cc
[1011/1289] Compiling t_x509a.cc
[1012/1289] Compiling t_x509.cc
[1013/1289] Compiling t_req.cc
[1014/1289] Compiling t_crl.cc
[1015/1289] Compiling rsa_pss.cc
[1016/1289] Compiling i2d_pr.cc
[1017/1289] Compiling policy.cc
[1018/1289] Compiling name_print.cc
[1019/1289] Compiling by_file.cc
[1020/1289] Compiling by_dir.cc
[1021/1289] Compiling algorithm.cc
[1022/1289] Compiling asn1_gen.cc
[1023/1289] Compiling a_verify.cc
[1024/1289] Compiling a_sign.cc
[1025/1289] Compiling a_digest.cc
[1026/1289] Compiling voprf.cc
[1027/1289] Compiling trust_token.cc
[1028/1289] Compiling thread_pthread.cc
[1028/1289] Compiling thread_win.cc
[1030/1289] Compiling thread_none.cc
[1031/1289] Compiling thread.cc
[1032/1289] Compiling pmbtoken.cc
[1033/1289] Compiling stack.cc
[1034/1289] Compiling siphash.cc
[1035/1289] Compiling sha512.cc
[1036/1289] Compiling sha256.cc
[1037/1289] Compiling sha1.cc
[1038/1289] Compiling slhdsa.cc
[1039/1289] Compiling spake2plus.cc
[1040/1289] Compiling rsa_print.cc
[1041/1289] Compiling rsa_extra.cc
[1042/1289] Compiling refcount.cc
[1043/1289] Compiling rc4.cc
[1044/1289] Compiling rsa_crypt.cc
[1045/1289] Compiling windows.cc
[1046/1289] Compiling urandom.cc
[1047/1289] Compiling trusty.cc
[1048/1289] Compiling rand.cc
[1049/1289] Compiling rsa_asn1.cc
[1050/1289] Compiling ios.cc
[1050/1289] Compiling passive.cc
[1052/1289] Compiling poly1305_arm_asm.S
[1053/1289] Compiling getentropy.cc
[1054/1289] Compiling forkunsafe.cc
[1055/1289] Compiling deterministic.cc
[1056/1289] Compiling fork_detect.cc
[1057/1289] Compiling poly1305_vec.cc
[1058/1289] Compiling poly1305_arm.cc
[1059/1289] Compiling pool.cc
[1060/1289] Compiling poly1305.cc
[1061/1289] Compiling pkcs8_x509.cc
[1062/1289] Compiling p5_pbev2.cc
[1063/1289] Compiling pkcs8.cc
[1064/1289] Compiling pkcs7_x509.cc
[1065/1289] Compiling pkcs7.cc
[1066/1289] Compiling pem_xaux.cc
[1067/1289] Compiling pem_x509.cc
[1068/1289] Compiling pem_pkey.cc
[1069/1289] Compiling mlkem.cc
[1070/1289] Compiling pem_oth.cc
[1071/1289] Compiling pem_pk8.cc
[1072/1289] Compiling pem_info.cc
[1073/1289] Compiling pem_lib.cc
[1074/1289] Compiling obj_xref.cc
[1075/1289] Compiling pem_all.cc
[1076/1289] Compiling obj.cc
[1077/1289] Compiling poly_rq_mul.S
[1078/1289] Compiling mldsa.cc
[1079/1289] Compiling mem.cc
[1080/1289] Compiling fips_shared_support.cc
[1081/1289] Compiling lhash.cc
[1082/1289] Compiling md5.cc
[1083/1289] Compiling md4.cc
[1084/1289] Compiling kyber.cc
[1085/1289] Compiling fuzzer_mode.cc
[1086/1289] Compiling ex_data.cc
[1087/1289] Compiling hrss.cc
[1088/1289] Compiling hpke.cc
[1089/1289] Compiling scrypt.cc
[1090/1289] Compiling sign.cc
[1091/1289] Compiling pbkdf.cc
[1092/1289] Compiling print.cc
[1093/1289] Compiling p_x25519_asn1.cc
[1094/1289] Compiling p_x25519.cc
[1095/1289] Compiling p_rsa_asn1.cc
[1096/1289] Compiling p_rsa.cc
[1097/1289] Compiling p_hkdf.cc
[1098/1289] Compiling p_ed25519_asn1.cc
[1099/1289] Compiling p_ed25519.cc
[1100/1289] Compiling p_ec.cc
[1101/1289] Compiling p_dsa_asn1.cc
[1102/1289] Compiling p_ec_asn1.cc
[1103/1289] Compiling p_dh_asn1.cc
[1104/1289] Compiling p_dh.cc
[1105/1289] Compiling evp_ctx.cc
[1106/1289] Compiling err.cc
[1107/1289] Compiling engine.cc
[1108/1289] Compiling evp_asn1.cc
[1109/1289] Compiling ecdsa_p1363.cc
[1110/1289] Compiling evp.cc
[1111/1289] Compiling ecdh.cc
[1112/1289] Compiling ec_derive.cc
[1113/1289] Compiling ecdsa_asn1.cc
[1114/1289] Compiling hash_to_curve.cc
[1115/1289] Compiling dsa.cc
[1116/1289] Compiling ec_asn1.cc
[1117/1289] Compiling digest_extra.cc
[1118/1289] Compiling dsa_asn1.cc
[1119/1289] Compiling x25519-asm-arm.S
[1120/1289] Compiling params.cc
[1121/1289] Compiling des.cc
[1122/1289] Compiling curve25519_64_adx.cc
[1123/1289] Compiling dh_asn1.cc
[1124/1289] Compiling spake25519.cc
[1125/1289] Compiling crypto.cc
[1126/1289] Compiling curve25519.cc
[1127/1289] Compiling cpu_intel.cc
[1128/1289] Compiling cpu_arm_linux.cc
[1129/1289] Compiling cpu_aarch64_win.cc
[1130/1289] Compiling cpu_arm_freebsd.cc
[1131/1289] Compiling cpu_aarch64_sysreg.cc
[1132/1289] Compiling cpu_aarch64_openbsd.cc
[1133/1289] Compiling cpu_aarch64_linux.cc
[1134/1289] Compiling cpu_aarch64_fuchsia.cc
[1135/1289] Compiling cpu_aarch64_apple.cc
[1136/1289] Compiling conf.cc
[1137/1289] Compiling e_tls.cc
[1138/1289] Compiling get_cipher.cc
[1139/1289] Compiling tls_cbc.cc
[1140/1289] Compiling e_rc4.cc
[1141/1289] Compiling e_rc2.cc
[1142/1289] Compiling cms.cc
[1143/1289] Compiling e_null.cc
[1144/1289] Compiling e_des.cc
[1145/1289] Compiling e_chacha20poly1305.cc
[1146/1289] Compiling e_aesgcmsiv.cc
[1147/1289] Compiling derive_key.cc
[1148/1289] Compiling e_aeseax.cc
[1149/1289] Compiling e_aesctrhmac.cc
[1150/1289] Compiling chacha.cc
[1151/1289] Compiling unicode.cc
[1152/1289] Compiling buf.cc
[1153/1289] Compiling cbb.cc
[1153/1289] Compiling cbs.cc
[1155/1289] Compiling sqrt.cc
[1156/1289] Compiling ber.cc
[1157/1289] Compiling exponentiation.cc
[1158/1289] Compiling asn1_compat.cc
[1159/1289] Compiling div.cc
[1160/1289] Compiling blake2.cc
[1161/1289] Compiling printf.cc
[1162/1289] Compiling pair.cc
[1163/1289] Compiling bn_asn1.cc
[1164/1289] Compiling hexdump.cc
[1165/1289] Compiling convert.cc
[1166/1289] Compiling file.cc
[1167/1289] Compiling fd.cc
[1168/1289] Compiling errno.cc
[1169/1289] Compiling bio_mem.cc
[1170/1289] Compiling base64.cc
[1171/1289] Compiling bio.cc
[1172/1289] Compiling tasn_utl.cc
[1173/1289] Compiling tasn_typ.cc
[1174/1289] Compiling tasn_fre.cc
[1175/1289] Compiling tasn_enc.cc
[1176/1289] Compiling posix_time.cc
[1177/1289] Compiling tasn_new.cc
[1178/1289] Compiling f_string.cc
[1179/1289] Compiling tasn_dec.cc
[1180/1289] Compiling f_int.cc
[1181/1289] Compiling asn_pack.cc
[1182/1289] Compiling asn1_par.cc
[1183/1289] Compiling a_utctm.cc
[1184/1289] Compiling bcm.cc
[1185/1289] Compiling asn1_lib.cc
[1186/1289] Compiling a_octet.cc
[1187/1289] Compiling a_type.cc
[1188/1289] Compiling a_time.cc
[1189/1289] Compiling a_strnid.cc
[1190/1289] Compiling a_strex.cc
[1191/1289] Compiling a_i2d_fp.cc
[1192/1289] Compiling a_mbstr.cc
[1193/1289] Compiling a_object.cc
[1194/1289] Compiling a_int.cc
[1195/1289] Write sources
[1196/1289] Compiling a_dup.cc
[1197/1289] Write sources
[1199/1289] Compiling CAsyncHTTPClient CAsyncHTTPClient.c
[1200/1289] Compiling a_d2i_fp.cc
[1201/1332] Compiling a_gentm.cc
[1202/1332] Compiling a_bool.cc
[1204/1332] Compiling Algorithms Rotate.swift
[1205/1332] Compiling Algorithms Compacted.swift
[1206/1334] Compiling Algorithms Keyed.swift
[1207/1334] Compiling Algorithms MinMax.swift
[1208/1334] Compiling Algorithms Cycle.swift
[1209/1334] Compiling Algorithms EitherSequence.swift
[1210/1334] Compiling Algorithms RandomSample.swift
[1211/1334] Compiling Algorithms Reductions.swift
[1211/1334] Compiling aes.cc
[1213/1334] Compiling Algorithms Combinations.swift
[1214/1334] Compiling Algorithms FlattenCollection.swift
[1215/1334] Compiling Algorithms Grouped.swift
[1216/1334] Compiling Atomics IntegerOperations.swift
[1217/1334] Compiling Atomics Unmanaged extensions.swift
[1217/1334] Compiling a_bitstr.cc
[1223/1345] Compiling Algorithms Permutations.swift
[1224/1345] Compiling Algorithms Product.swift
[1229/1345] Compiling Algorithms Split.swift
[1230/1345] Compiling Algorithms Stride.swift
[1231/1345] Compiling Algorithms Suffix.swift
[1232/1345] Compiling CryptoBoringWrapper RandomBytes.swift
[1233/1345] Compiling Algorithms Trim.swift
[1234/1345] Compiling Algorithms Unique.swift
[1235/1345] Compiling Algorithms Windows.swift
[1236/1345] Emitting module CryptoBoringWrapper
[1237/1345] Compiling CryptoBoringWrapper FiniteFieldArithmeticContext.swift
[1238/1345] Compiling CryptoBoringWrapper CryptoKitErrors_boring.swift
[1239/1345] Compiling CryptoBoringWrapper BoringSSLAEAD.swift
[1240/1345] Compiling CryptoBoringWrapper EllipticCurve.swift
[1241/1345] Compiling CryptoBoringWrapper EllipticCurvePoint.swift
[1242/1345] Compiling CryptoBoringWrapper ArbitraryPrecisionInteger.swift
[1244/1346] Compiling Algorithms AdjacentPairs.swift
[1245/1346] Compiling Algorithms Chain.swift
[1246/1346] Compiling Algorithms Chunked.swift
[1247/1346] Emitting module Atomics
[1248/1346] Compiling Algorithms Indexed.swift
[1249/1346] Compiling Algorithms Intersperse.swift
[1250/1346] Compiling Algorithms Joined.swift
[1251/1347] Wrapping AST for CryptoBoringWrapper for debugging
[1252/1362] Wrapping AST for Atomics for debugging
[1254/1495] Compiling NIOCore ByteBuffer-lengthPrefix.swift
[1255/1495] Compiling NIOCore NIOCoreSendableMetatype.swift
[1256/1495] Compiling NIOCore NIODecodedAsyncSequence.swift
[1257/1495] Emitting module Algorithms
[1258/1495] Compiling NIOCore NIOThrowingAsyncSequenceProducer.swift
[1259/1495] Compiling NIOCore BSDSocketAPI.swift
[1260/1495] Compiling NIOCore ByteBuffer-aux.swift
[1261/1495] Compiling NIOCore ByteBuffer-binaryEncodedLengthPrefix.swift
[1262/1495] Compiling NIOCore ByteBuffer-conversions.swift
[1263/1495] Compiling NIOCore ByteBuffer-core.swift
[1264/1495] Compiling NIOCore ByteBuffer-hex.swift
[1265/1495] Compiling NIOCore ByteBuffer-int.swift
[1266/1496] Wrapping AST for Algorithms for debugging
[1270/1496] Compiling NIOCore NIOLoopBound.swift
[1271/1496] Compiling NIOCore NIOPooledRecvBufferAllocator.swift
[1272/1496] Compiling NIOCore NIOScheduledCallback.swift
[1273/1496] Compiling NIOCore NIOSendable.swift
[1274/1496] Compiling NIOCore NIOSplitLinesMessageDecoder.swift
[1275/1496] Compiling NIOCore NIOTransportAccessibleChannelCore.swift
[1276/1496] Compiling NIOCore RecvByteBufferAllocator.swift
[1277/1504] Compiling Crypto HPKE-LabeledExtract.swift
[1278/1504] Compiling Crypto HPKE-Utils.swift
[1279/1504] Compiling Crypto DHKEM.swift
[1280/1504] Compiling Crypto HPKE-KEM-Curve25519.swift
[1281/1504] Compiling Crypto HPKE-NIST-EC-KEMs.swift
[1282/1504] Compiling Crypto HPKE-KEM.swift
[1283/1504] Compiling Crypto HPKE-Errors.swift
[1284/1504] Compiling Crypto HPKE.swift
[1285/1504] Compiling Crypto HPKE-Context.swift
[1286/1504] Compiling Crypto HPKE-KeySchedule.swift
[1287/1504] Compiling Crypto HPKE-Modes.swift
[1288/1504] Compiling Crypto Insecure.swift
[1301/1515] Compiling NIOCore EventLoopFuture+Deprecated.swift
[1302/1515] Compiling NIOCore EventLoopFuture+WithEventLoop.swift
[1303/1515] Compiling NIOCore EventLoopFuture.swift
[1304/1515] Compiling NIOCore FileDescriptor.swift
[1305/1515] Compiling NIOCore FileHandle.swift
[1306/1515] Compiling NIOCore FileRegion.swift
[1307/1515] Compiling NIOCore GlobalSingletons.swift
[1308/1515] Compiling NIOCore IO.swift
[1309/1515] Compiling NIOCore IOData.swift
[1310/1515] Emitting module Crypto
[1311/1515] Compiling Crypto Signature.swift
[1312/1515] Compiling Crypto CryptoKitErrors_boring.swift
[1313/1515] Compiling Crypto Optional+withUnsafeBytes_boring.swift
[1314/1515] Compiling Crypto RNG_boring.swift
[1315/1515] Compiling Crypto SafeCompare_boring.swift
[1316/1515] Compiling Crypto Zeroization_boring.swift
[1317/1515] Compiling Crypto _CryptoModuleAnchor.swift
[1318/1515] Compiling Crypto PrettyBytes.swift
[1319/1515] Compiling Crypto SafeCompare.swift
[1320/1515] Compiling Crypto SecureBytes.swift
[1321/1515] Compiling Crypto Zeroization.swift
[1322/1515] Compiling NIOCore ChannelHandlers.swift
[1323/1515] Compiling NIOCore ChannelInvoker.swift
[1324/1515] Compiling NIOCore ChannelOption.swift
[1325/1515] Compiling NIOCore ChannelPipeline.swift
[1326/1515] Compiling NIOCore SingleStepByteToMessageDecoder.swift
[1327/1515] Compiling NIOCore SocketAddresses.swift
[1328/1515] Compiling NIOCore SocketOptionProvider.swift
[1329/1515] Compiling NIOCore SystemCallHelpers.swift
[1330/1515] Compiling NIOCore TimeAmount+Duration.swift
[1331/1515] Compiling NIOCore TypeAssistedChannelHandler.swift
[1332/1515] Compiling NIOCore UniversalBootstrapSupport.swift
[1333/1515] Compiling NIOCore Utilities.swift
[1334/1515] Compiling NIOCore IPProtocol.swift
[1335/1515] Compiling NIOCore IntegerBitPacking.swift
[1336/1515] Compiling NIOCore IntegerTypes.swift
[1337/1515] Compiling NIOCore Interfaces.swift
[1338/1515] Compiling NIOCore Linux.swift
[1339/1515] Compiling NIOCore MarkedCircularBuffer.swift
[1340/1515] Compiling NIOCore MulticastChannel.swift
[1341/1515] Compiling NIOCore NIOAny.swift
[1342/1515] Compiling NIOCore NIOCloseOnErrorHandler.swift
[1343/1515] Compiling NIOCore AddressedEnvelope.swift
[1344/1515] Compiling NIOCore AsyncAwaitSupport.swift
[1345/1515] Compiling NIOCore AsyncChannel.swift
[1346/1515] Compiling NIOCore AsyncChannelHandler.swift
[1347/1515] Compiling NIOCore AsyncChannelInboundStream.swift
[1348/1515] Compiling NIOCore AsyncChannelOutboundWriter.swift
[1349/1515] Compiling NIOCore NIOAsyncSequenceProducer.swift
[1350/1515] Compiling NIOCore NIOAsyncSequenceProducerStrategies.swift
[1351/1515] Compiling NIOCore NIOAsyncWriter.swift
[1352/1515] Compiling NIOCore ByteBuffer-multi-int.swift
[1353/1515] Compiling NIOCore ByteBuffer-quicBinaryEncodingStrategy.swift
[1354/1515] Compiling NIOCore ByteBuffer-views.swift
[1355/1515] Compiling NIOCore Channel.swift
[1356/1515] Compiling NIOCore ChannelHandler.swift
[1357/1515] Compiling NIOCore CircularBuffer.swift
[1358/1515] Compiling NIOCore Codec.swift
[1359/1515] Compiling NIOCore ConvenienceOptionSupport.swift
[1360/1515] Compiling NIOCore DeadChannel.swift
[1361/1515] Compiling NIOCore DispatchQueue+WithFuture.swift
[1362/1515] Compiling NIOCore EventLoop+Deprecated.swift
[1363/1515] Compiling NIOCore EventLoop+SerialExecutor.swift
[1364/1515] Compiling NIOCore EventLoop.swift
[1365/1515] Compiling NIOCore EventLoopFuture+AssumeIsolated.swift
[1390/1516] Wrapping AST for Crypto for debugging
[1400/1556] Compiling CryptoExtras PKCS8DERRepresentation.swift
[1401/1556] Compiling CryptoExtras PKCS8PrivateKey.swift
[1402/1556] Compiling CryptoExtras RFC8410AlgorithmIdentifier.swift
[1403/1556] Compiling CryptoExtras ECToolbox_boring.swift
[1404/1556] Compiling CryptoExtras ECToolbox.swift
[1405/1556] Compiling CryptoExtras HashToField.swift
[1406/1556] Compiling CryptoExtras KDF.swift
[1407/1556] Compiling CryptoExtras PBKDF2_boring.swift
[1408/1556] Compiling CryptoExtras PBKDF2_commoncrypto.swift
[1409/1578] Emitting module CryptoExtras
[1410/1586] Compiling CryptoExtras ARCServer.swift
[1411/1586] Compiling CryptoExtras ChaCha20CTR_boring.swift
[1412/1586] Compiling CryptoExtras ChaCha20CTR.swift
[1413/1586] Compiling CryptoExtras BoringSSLSHA512256Context.swift
[1414/1586] Compiling CryptoExtras BoringSSLSHA512256HashFunction.swift
[1415/1586] Compiling CryptoExtras SHA512256.swift
[1416/1586] Compiling CryptoExtras SHA512256Digest.swift
[1417/1586] Compiling CryptoExtras Curve25519+PEM.swift
[1418/1586] Compiling CryptoExtras ObjectIdentifier.swift
[1419/1586] Compiling CryptoExtras Data+Extensions.swift
[1420/1586] Compiling CryptoExtras DigestType.swift
[1421/1586] Compiling CryptoExtras Error.swift
[1422/1586] Compiling CryptoExtras I2OSP.swift
[1423/1586] Compiling CryptoExtras IntegerEncoding.swift
[1424/1586] Compiling CryptoExtras PEMDocument.swift
[1425/1586] Compiling CryptoExtras PrettyBytes.swift
[1426/1586] Compiling CryptoExtras SubjectPublicKeyInfo.swift
[1427/1586] Compiling CryptoExtras AES_CBC.swift
[1428/1586] Compiling CryptoExtras AES_CFB.swift
[1429/1586] Compiling CryptoExtras AES_CTR.swift
[1430/1586] Compiling CryptoExtras AES_GCM_SIV.swift
[1431/1586] Compiling CryptoExtras Block Function.swift
[1432/1586] Compiling CryptoExtras AES_CBC_boring.swift
[1433/1586] Compiling CryptoExtras AES_CFB_boring.swift
[1434/1586] Compiling CryptoExtras AES_CTR_boring.swift
[1435/1586] Compiling CryptoExtras AES_GCM_SIV_boring.swift
[1436/1586] Compiling CryptoExtras PBKDF2.swift
[1437/1586] Compiling CryptoExtras Scrypt_boring.swift
[1438/1586] Compiling CryptoExtras Scrypt.swift
[1439/1586] Compiling CryptoExtras OPRF.swift
[1440/1586] Compiling CryptoExtras OPRFClient.swift
[1441/1586] Compiling CryptoExtras OPRFServer.swift
[1442/1586] Compiling CryptoExtras VOPRF+API.swift
[1443/1586] Compiling CryptoExtras VOPRFClient.swift
[1444/1586] Compiling CryptoExtras VOPRFServer.swift
[1445/1586] Compiling CryptoExtras ThreadOps.swift
[1446/1586] Compiling CryptoExtras ThreadPosix.swift
[1447/1586] Compiling CryptoExtras ThreadSpecific.swift
[1448/1586] Compiling CryptoExtras ThreadWindows.swift
[1449/1586] Compiling CryptoExtras DLEQ.swift
[1450/1586] Compiling CryptoExtras Prover.swift
[1451/1586] Compiling CryptoExtras Verifier.swift
[1452/1586] Compiling CryptoExtras ZKPToolbox.swift
[1453/1586] Compiling CryptoExtras BoringSSLPassphraseCallbackManager.swift
[1454/1586] Compiling CryptoExtras RSA+BlindSigning.swift
[1455/1586] Compiling CryptoExtras RSA.swift
[1456/1586] Compiling CryptoExtras RSA_boring.swift
[1457/1586] Compiling CryptoExtras Reexport.swift
[1458/1586] Compiling CryptoExtras Zeroization_boring.swift
[1459/1586] Compiling CryptoExtras BoringSSLHelpers.swift
[1460/1586] Compiling CryptoExtras CryptoKitErrors_boring.swift
[1461/1586] Compiling CryptoExtras CMAC.swift
[1462/1586] Compiling CryptoExtras ARC+API.swift
[1463/1586] Compiling CryptoExtras ARC.swift
[1464/1586] Compiling CryptoExtras ARCCredential.swift
[1465/1586] Compiling CryptoExtras ARCEncoding.swift
[1466/1586] Compiling CryptoExtras ARCPrecredential.swift
[1467/1586] Compiling CryptoExtras ARCPresentation.swift
[1468/1586] Compiling CryptoExtras ARCRequest.swift
[1469/1586] Compiling CryptoExtras ARCResponse.swift
[1479/1587] Wrapping AST for CryptoExtras for debugging
[1481/1589] Emitting module _CryptoExtras
[1482/1589] Compiling _CryptoExtras Exports.swift
[1483/1590] Wrapping AST for _CryptoExtras for debugging
[1485/1638] Compiling X509 VersionPolicy.swift
[1486/1638] Compiling X509 ServerIdentityPolicy.swift
[1487/1638] Compiling X509 TrustRootLoading.swift
[1488/1638] Compiling X509 UnverifiedChain.swift
[1489/1638] Compiling X509 CMSIssuerAndSerialNumber.swift
[1490/1638] Compiling X509 CMSOperations.swift
[1491/1638] Compiling X509 CMSSignature.swift
[1492/1638] Compiling X509 CMSSignedData.swift
[1493/1638] Compiling X509 CMSSignerIdentifier.swift
[1494/1639] Compiling X509 CMSSignerInfo.swift
[1495/1639] Compiling X509 CMSVersion.swift
[1496/1639] Compiling X509 Curve25519+DER.swift
[1512/1685] Emitting module NIOCore
[1513/1691] Wrapping AST for NIOCore for debugging
[1515/1743] Compiling NIOFoundationEssentialsCompat Codable+ByteBuffer.swift
[1516/1743] Emitting module NIOEmbedded
[1517/1743] Compiling NIOFoundationEssentialsCompat ByteBuffer-foundation.swift
[1518/1743] Emitting module NIOFoundationEssentialsCompat
[1519/1744] Wrapping AST for NIOFoundationEssentialsCompat for debugging
[1521/1744] Compiling NIOEmbedded AsyncTestingEventLoop.swift
[1522/1744] Compiling NIOEmbedded AsyncTestingChannel.swift
[1523/1744] Compiling NIOEmbedded Embedded.swift
[1524/1745] Wrapping AST for NIOEmbedded for debugging
[1526/1745] Compiling NIOPosix PipeChannel.swift
[1527/1745] Compiling NIOPosix PipePair.swift
[1528/1745] Compiling NIOPosix Pool.swift
[1529/1745] Compiling NIOPosix PosixSingletons+ConcurrencyTakeOver.swift
[1530/1745] Compiling NIOPosix PosixSingletons.swift
[1531/1745] Compiling NIOPosix RawSocketBootstrap.swift
[1532/1745] Compiling NIOPosix Resolver.swift
[1533/1752] Compiling NIOPosix BSDSocketAPICommon.swift
[1534/1752] Compiling NIOPosix BSDSocketAPIPosix.swift
[1535/1752] Compiling NIOPosix BSDSocketAPIWindows.swift
[1536/1752] Compiling NIOPosix BaseSocket.swift
[1537/1752] Compiling NIOPosix BaseSocketChannel+AccessibleTransport.swift
[1538/1752] Compiling NIOPosix BaseSocketChannel+SocketOptionProvider.swift
[1539/1752] Compiling NIOPosix BaseSocketChannel.swift
[1540/1752] Compiling NIOPosix BaseStreamSocketChannel.swift
[1541/1752] Compiling NIOPosix Bootstrap.swift
[1542/1752] Compiling NIOPosix ControlMessage.swift
[1543/1752] Compiling NIOPosix DatagramVectorReadManager.swift
[1544/1752] Compiling NIOPosix Errors+Any.swift
[1545/1752] Compiling NIOPosix FileDescriptor.swift
[1546/1752] Compiling NIOPosix GetaddrinfoResolver.swift
[1547/1765] Compiling X509 PKCS8PrivateKey.swift
[1548/1765] Compiling X509 PromiseAndFuture.swift
[1549/1765] Compiling X509 RDNAttribute.swift
[1550/1765] Compiling X509 RandomNumberGenerator+bytes.swift
[1551/1765] Compiling X509 RelativeDistinguishedName.swift
[1552/1765] Compiling X509 SEC1PrivateKey.swift
[1553/1765] Compiling X509 SecKeyWrapper.swift
[1554/1765] Compiling X509 Signature.swift
[1555/1765] Compiling X509 SignatureAlgorithm.swift
[1556/1765] Compiling X509 AllOfPolicies.swift
[1557/1765] Compiling X509 AnyPolicy.swift
[1558/1765] Compiling X509 CertificateStore.swift
[1559/1765] Compiling X509 CustomCertificateStore.swift
[1560/1765] Compiling NIOPosix VsockChannelEvents.swift
[1561/1765] Compiling NIOPosix Windows.swift
[1562/1765] Compiling X509 CSRVersion.swift
[1563/1765] Compiling X509 CertificateSigningRequest.swift
[1564/1765] Compiling X509 CertificationRequestInfo.swift
[1565/1765] Compiling X509 ExtensionRequest.swift
[1566/1765] Compiling X509 Certificate.swift
[1567/1765] Compiling X509 CertificatePrivateKey.swift
[1568/1765] Compiling X509 CertificatePublicKey.swift
[1569/1765] Compiling X509 CertificateSerialNumber.swift
[1570/1765] Compiling X509 CertificateVersion.swift
[1571/1765] Compiling X509 CMSAttribute.swift
[1572/1765] Compiling X509 CMSContentInfo.swift
[1573/1765] Compiling X509 CMSEncapsulatedContentInfo.swift
[1575/1765] Compiling NIOPosix MultiThreadedEventLoopGroup.swift
[1576/1765] Compiling NIOPosix NIOPosixSendableMetatype.swift
[1577/1765] Compiling NIOPosix NIORandomizedDNSResolver.swift
[1578/1765] Compiling NIOPosix NIOThreadPool.swift
[1579/1765] Compiling NIOPosix NonBlockingFileIO.swift
[1580/1765] Compiling NIOPosix PendingDatagramWritesManager.swift
[1581/1765] Compiling NIOPosix PendingWritesManager.swift
[1582/1765] Compiling NIOPosix Selectable.swift
[1583/1765] Compiling NIOPosix SelectableChannel.swift
[1584/1765] Compiling NIOPosix SelectableEventLoop.swift
[1585/1765] Compiling NIOPosix SelectorEpoll.swift
[1586/1765] Compiling NIOPosix SelectorGeneric.swift
[1587/1765] Emitting module NIOPosix
[1588/1765] Compiling NIOPosix SelectorKqueue.swift
[1589/1765] Compiling NIOPosix SelectorUring.swift
[1590/1765] Compiling NIOPosix SelectorWSAPoll.swift
[1591/1765] Compiling NIOPosix ServerSocket.swift
[1592/1765] Compiling NIOPosix Socket.swift
[1593/1765] Compiling NIOPosix SocketChannel.swift
[1594/1765] Compiling NIOPosix SocketProtocols.swift
[1595/1765] Compiling NIOPosix StructuredConcurrencyHelpers.swift
[1596/1765] Compiling NIOPosix System.swift
[1597/1765] Compiling NIOPosix Thread.swift
[1598/1765] Compiling NIOPosix ThreadPosix.swift
[1599/1765] Compiling NIOPosix ThreadWindows.swift
[1600/1765] Compiling NIOPosix Utilities.swift
[1601/1765] Compiling NIOPosix VsockAddress.swift
[1602/1765] Compiling X509 NameConstraints.swift
[1603/1765] Compiling X509 SubjectAlternativeName.swift
[1604/1765] Compiling X509 SubjectKeyIdentifier.swift
[1605/1765] Compiling X509 Extension.swift
[1606/1765] Compiling X509 Extensions.swift
[1607/1765] Compiling X509 ExtensionsBuilder.swift
[1608/1765] Compiling X509 GeneralName.swift
[1609/1765] Compiling X509 Lock.swift
[1610/1765] Compiling X509 LockedValueBox.swift
[1611/1765] Compiling X509 BasicOCSPResponse.swift
[1612/1765] Compiling X509 DirectoryString.swift
[1613/1765] Compiling X509 OCSPCertID.swift
[1614/1765] Compiling X509 OCSPCertStatus.swift
[1615/1765] Compiling NIOPosix HappyEyeballs.swift
[1616/1765] Compiling NIOPosix IO.swift
[1617/1765] Compiling NIOPosix IntegerBitPacking.swift
[1618/1765] Compiling NIOPosix IntegerTypes.swift
[1619/1765] Compiling NIOPosix Linux.swift
[1620/1765] Compiling NIOPosix LinuxCPUSet.swift
[1621/1765] Compiling NIOPosix LinuxUring.swift
[1663/1765] Emitting module X509
[1678/1766] Wrapping AST for NIOPosix for debugging
[1680/1768] Emitting module NIO
[1681/1768] Compiling NIO Exports.swift
[1682/1771] Wrapping AST for NIO for debugging
[1684/1808] Compiling NIOFoundationCompat JSONSerialization+ByteBuffer.swift
[1685/1808] Compiling NIOTLS TLSEvents.swift
[1686/1808] Compiling NIOFoundationCompat WaitSpinningRunLoop.swift
[1687/1808] Emitting module NIOFoundationCompat
[1688/1808] Compiling NIOFoundationCompat Exports.swift
[1690/1809] Emitting module NIOSOCKS
[1690/1810] Wrapping AST for NIOFoundationCompat for debugging
[1692/1810] Compiling NIOHTTP1 HTTPEncoder.swift
[1693/1810] Compiling NIOHTTP1 HTTPServerRequestMethodQueue.swift
[1694/1810] Compiling NIOTLS ApplicationProtocolNegotiationHandler.swift
[1695/1810] Compiling NIOSOCKS SelectedAuthenticationMethod.swift
[1696/1810] Compiling NIOSOCKS ClientStateMachine.swift
[1697/1810] Compiling NIOSOCKS SOCKSResponse.swift
[1698/1810] Compiling NIOHTTP1 HTTPServerProtocolErrorHandler.swift
[1699/1810] Compiling NIOHTTP1 NIOTypedHTTPClientUpgradeHandler.swift
[1700/1810] Compiling NIOHTTP1 HTTPServerUpgradeHandler.swift
[1701/1810] Compiling NIOHTTP1 HTTPServerPipelineHandler.swift
[1702/1810] Compiling NIOHTTP1 ByteCollectionUtils.swift
[1703/1810] Compiling NIOHTTP1 HTTPDecoder.swift
[1704/1810] Compiling NIOSOCKS ServerStateMachine.swift
[1705/1811] Compiling X509 ValidatedCertificateChain.swift
[1706/1811] Compiling X509 VerificationDiagnostic.swift
[1707/1811] Compiling X509 Verifier.swift
[1708/1811] Compiling X509 VerifierPolicy.swift
[1709/1811] Compiling X509 AlgorithmIdentifier.swift
[1710/1811] Compiling X509 ECDSASignature.swift
[1711/1811] Compiling X509 RSAPKCS1PublicKey.swift
[1712/1811] Compiling X509 SubjectPublicKeyInfo.swift
[1713/1811] Compiling X509 TBSCertificate.swift
[1714/1811] Compiling X509 Time.swift
[1715/1811] Compiling X509 TimeCalculations.swift
[1716/1811] Compiling X509 Validity.swift
[1717/1811] Compiling X509 X509SendableMetatype.swift
[1719/1812] Wrapping AST for NIOSOCKS for debugging
[1721/1812] Compiling NIOTLS ProtocolNegotiationHandlerStateMachine.swift
[1722/1812] Emitting module NIOTLS
[1723/1812] Compiling NIOTLS NIOTypedApplicationProtocolNegotiationHandler.swift
[1724/1812] Compiling NIOTLS SNIHandler.swift
[1729/1815] Wrapping AST for X509 for debugging
[1730/1815] Wrapping AST for NIOTLS for debugging
[1732/1850] Compiling NIOSSL SSLConnection.swift
[1733/1850] Compiling NIOSSL LinuxCABundle.swift
[1734/1850] Compiling NIOSSL NIOSSLClientHandler.swift
[1735/1850] Compiling JWTKit LocaleClaim.swift
[1736/1850] Compiling JWTKit NotBeforeClaim.swift
[1737/1912] Compiling NIOSSL NIOSSLServerHandler.swift
[1738/1912] Compiling NIOSSL ObjectIdentifier.swift
[1739/1912] Compiling NIOSSL PosixPort.swift
[1740/1912] Emitting module NIOHTTP1
[1741/1912] Compiling NIOSSL AndroidCABundle.swift
[1742/1912] Compiling NIOSSL ByteBufferBIO.swift
[1745/1912] Compiling JWTKit SubjectClaim.swift
[1746/1912] Compiling NIOSSL SSLErrors.swift
[1747/1912] Compiling NIOSSL SSLInit.swift
[1748/1912] Compiling NIOSSL SSLPKCS12Bundle.swift
[1751/1912] Compiling NIOSSL CustomPrivateKey.swift
[1752/1912] Compiling NIOSSL FreeBSDCABundle.swift
[1761/1922] Compiling NIOSSL SSLCallbacks.swift
[1762/1922] Compiling NIOSSL SSLCertificate.swift
[1763/1922] Compiling NIOSSL SSLCertificateExtensions.swift
[1764/1922] Compiling NIOSSL SSLCertificateName.swift
[1767/1933] Wrapping AST for NIOHTTP1 for debugging
[1769/1939] Emitting module JWTKit
[1770/1939] Compiling JWTKit JWTSerializer.swift
[1771/1939] Compiling JWTKit JWTSigner.swift
[1772/1939] Compiling JWTKit JWTKeyCollection+MLDSA.swift
[1773/1939] Compiling JWTKit MLDSA.swift
[1774/1939] Compiling JWTKit MLDSA65+MLDSAKey.swift
[1775/1939] Compiling JWTKit MLDSA87+MLDSAKey.swift
[1776/1939] Compiling JWTKit MLDSAError.swift
[1777/1939] Compiling JWTKit MLDSAKey.swift
[1778/1939] Compiling JWTKit MLDSASigner.swift
[1779/1939] Compiling JWTKit MLDSAType.swift
[1780/1939] Compiling JWTKit JWTKeyCollection+UnsecuredNone.swift
[1781/1939] Compiling JWTKit UnsecuredNoneSigner.swift
[1782/1939] Compiling JWTKit JWTKeyCollection+RSA.swift
[1783/1939] Compiling JWTKit RSA.swift
[1784/1939] Compiling JWTKit RSAError.swift
[1785/1939] Compiling JWTKit RSASigner.swift
[1786/1939] Compiling JWTKit Base64URL.swift
[1787/1939] Compiling JWTKit CryptoSigner.swift
[1788/1939] Compiling NIOHTTPCompression HTTPCompression.swift
[1789/1939] Compiling NIOHTTPCompression HTTPRequestCompressor.swift
[1790/1939] Compiling NIOHTTPCompression HTTPDecompressor.swift
[1791/1939] Compiling NIOHPACK IndexedHeaderTable.swift
[1792/1939] Compiling NIOHPACK IntegerCoding.swift
[1793/1940] Compiling NIOHPACK DynamicHeaderTable.swift
[1794/1940] Compiling NIOHPACK HPACKDecoder.swift
[1795/1940] Compiling JWTKit HMAC.swift
[1796/1940] Compiling JWTKit HMACError.swift
[1797/1940] Compiling JWTKit HMACSigner.swift
[1798/1940] Compiling JWTKit JWTKeyCollection+HMAC.swift
[1799/1940] Compiling JWTKit Insecure.swift
[1800/1940] Compiling JWTKit JWK.swift
[1801/1940] Compiling JWTKit JWKIdentifier.swift
[1802/1940] Compiling JWTKit JWKS.swift
[1803/1940] Compiling JWTKit JWKSigner.swift
[1804/1940] Compiling NIOSSL IdentityVerification.swift
[1805/1940] Compiling NIOSSL SSLPrivateKey.swift
[1806/1940] Compiling NIOSSL SSLPublicKey.swift
[1807/1940] Compiling NIOSSL SecurityFrameworkCertificateVerification.swift
[1808/1940] Compiling JWTKit P521+CurveType.swift
[1809/1940] Compiling JWTKit EdDSA.swift
[1810/1940] Compiling JWTKit EdDSACurve.swift
[1811/1940] Compiling JWTKit EdDSAError.swift
[1812/1940] Compiling JWTKit EdDSASigner.swift
[1813/1940] Compiling JWTKit JWTKeyCollection+EdDSA.swift
[1814/1940] Compiling NIOHPACK HuffmanCoding.swift
[1815/1940] Compiling NIOHPACK HuffmanTables.swift
[1816/1940] Emitting module NIOHTTPCompression
[1817/1940] Compiling NIOHTTPCompression HTTPDecompression.swift
[1818/1940] Compiling NIOHTTPCompression HTTPResponseCompressor.swift
[1819/1941] Compiling JWTKit JWTAlgorithm.swift
[1820/1941] Compiling JWTKit JWTError.swift
[1821/1941] Compiling JWTKit JWTHeader+CommonFields.swift
[1822/1941] Compiling JWTKit JWTHeader.swift
[1823/1941] Compiling JWTKit JWTHeaderField.swift
[1824/1941] Compiling JWTKit JWTKeyCollection.swift
[1825/1941] Compiling JWTKit JWTParser+MandatoryVerificationFields.swift
[1826/1941] Compiling JWTKit JWTParser.swift
[1827/1941] Compiling JWTKit JWTPayload.swift
[1833/1942] Compiling NIOHPACK StaticHeaderTable.swift
[1833/1945] Wrapping AST for NIOHTTPCompression for debugging
[1835/1945] Compiling NIOHPACK HPACKHeader.swift
[1836/1945] Compiling NIOHPACK HeaderTables.swift
[1837/1945] Emitting module NIOHPACK
[1838/1945] Compiling NIOHPACK HPACKEncoder.swift
[1839/1945] Compiling NIOHPACK HPACKErrors.swift
[1844/1946] Wrapping AST for NIOHPACK for debugging
[1846/2009] Compiling JWTKit CustomizedJSONCoders.swift
[1847/2009] Compiling JWTKit Utilities.swift
[1848/2009] Compiling JWTKit AppleIdentityToken.swift
[1849/2009] Compiling JWTKit FirebaseAuthIdentityToken.swift
[1850/2009] Compiling JWTKit GoogleIdentityToken.swift
[1851/2009] Compiling JWTKit MicrosoftIdentityToken.swift
[1852/2009] Compiling JWTKit EmptyPolicy.swift
[1853/2009] Compiling JWTKit ValidationTimePayload.swift
[1854/2009] Compiling JWTKit X5CVerifier.swift
[1856/2010] Compiling NIOHTTP2 InboundWindowManager.swift
[1857/2010] Compiling NIOHTTP2 MultiplexerAbstractChannel.swift
[1858/2010] Compiling NIOHTTP2 NIOHTTP2FrameDelegate.swift
[1859/2010] Compiling NIOHTTP2 NIOHTTP2ServerConnectionManagementHandler+StateMachine.swift
[1860/2010] Compiling NIOHTTP2 HTTP2StreamMultiplexer.swift
[1861/2010] Compiling NIOHTTP2 HTTP2ToHTTP1Codec.swift
[1862/2010] Compiling NIOHTTP2 HTTP2UserEvents.swift
[1863/2010] Compiling NIOHTTP2 InboundEventBuffer.swift
[1863/2010] Wrapping AST for JWTKit for debugging
[1865/2010] Compiling NIOHTTP2 HasExtendedConnectSettings.swift
[1866/2010] Compiling NIOHTTP2 HasFlowControlWindows.swift
[1867/2010] Compiling NIOHTTP2 HasLocalSettings.swift
[1868/2010] Compiling NIOHTTP2 HasRemoteSettings.swift
[1869/2010] Compiling NIOHTTP2 LocallyQuiescingState.swift
[1870/2010] Compiling NIOHTTP2 MaySendFrames.swift
[1871/2010] Compiling NIOHTTP2 SendingDataState.swift
[1872/2010] Compiling NIOHTTP2 SendingGoawayState.swift
[1873/2010] Compiling NIOHTTP2 SendingHeadersState.swift
[1874/2010] Emitting module NIOSSL
[1875/2010] Compiling NIOHTTP2 SendingPushPromiseState.swift
[1876/2010] Compiling NIOHTTP2 SendingRstStreamState.swift
[1877/2010] Compiling NIOHTTP2 SendingWindowUpdateState.swift
[1878/2010] Compiling NIOHTTP2 HTTP2SettingsState.swift
[1888/2018] Compiling NIOHTTP2 HTTP2ConnectionStateChange.swift
[1889/2018] Compiling NIOHTTP2 HTTP2Error.swift
[1890/2018] Compiling NIOHTTP2 HTTP2ErrorCode.swift
[1891/2018] Compiling NIOHTTP2 HTTP2FlowControlWindow.swift
[1892/2019] Wrapping AST for NIOSSL for debugging
[1894/2019] Emitting module NIOHTTP2
[1903/2019] Compiling NIOHTTP2 ConnectionStateMachine.swift
[1904/2019] Compiling NIOHTTP2 ConnectionStreamsState.swift
[1905/2019] Compiling NIOHTTP2 MayReceiveFrames.swift
[1906/2019] Compiling NIOHTTP2 ReceivingDataState.swift
[1907/2019] Compiling NIOHTTP2 ReceivingGoAwayState.swift
[1908/2019] Compiling NIOHTTP2 ReceivingHeadersState.swift
[1909/2019] Compiling NIOHTTP2 ReceivingPushPromiseState.swift
[1910/2019] Compiling NIOHTTP2 ReceivingRstStreamState.swift
[1911/2019] Compiling NIOHTTP2 ReceivingWindowUpdateState.swift
[1912/2019] Compiling NIOHTTP2 NIOHTTP2ServerConnectionManagementHandler.swift
[1913/2019] Compiling NIOHTTP2 StreamChannelFlowController.swift
[1914/2019] Compiling NIOHTTP2 StreamChannelList.swift
[1915/2019] Compiling NIOHTTP2 StreamMap.swift
[1916/2019] Compiling NIOHTTP2 StreamStateMachine.swift
[1917/2019] Compiling NIOHTTP2 Timer.swift
[1918/2019] Compiling NIOHTTP2 UnsafeTransfer.swift
[1919/2019] Compiling NIOHTTP2 WatermarkedFlowController.swift
[1920/2019] Compiling NIOHTTP2 HTTP2FrameParser.swift
[1921/2019] Compiling NIOHTTP2 HTTP2PingData.swift
[1922/2019] Compiling NIOHTTP2 HTTP2PipelineHelpers.swift
[1923/2019] Compiling NIOHTTP2 HTTP2Settings.swift
[1924/2019] Compiling NIOHTTP2 HTTP2Stream.swift
[1925/2019] Compiling NIOHTTP2 HTTP2StreamChannel+OutboundStreamMultiplexer.swift
[1926/2019] Compiling NIOHTTP2 HTTP2StreamChannel.swift
[1927/2019] Compiling NIOHTTP2 HTTP2StreamDelegate.swift
[1928/2019] Compiling NIOHTTP2 HTTP2StreamID.swift
[1929/2019] Compiling NIOHTTP2 DOSHeuristics.swift
[1930/2019] Compiling NIOHTTP2 Error+Any.swift
[1931/2019] Compiling NIOHTTP2 ConcurrentStreamBuffer.swift
[1932/2019] Compiling NIOHTTP2 ControlFrameBuffer.swift
[1933/2019] Compiling NIOHTTP2 OutboundFlowControlBuffer.swift
[1934/2019] Compiling NIOHTTP2 OutboundFrameBuffer.swift
[1935/2019] Compiling NIOHTTP2 GlitchesMonitor.swift
[1936/2019] Compiling NIOHTTP2 HPACKHeaders+Validation.swift
[1937/2019] Compiling NIOHTTP2 HTTP2ChannelHandler+InboundStreamMultiplexer.swift
[1942/2019] Compiling NIOHTTP2 QuiescingState.swift
[1943/2019] Compiling NIOHTTP2 RemotelyQuiescingState.swift
[1944/2019] Compiling NIOHTTP2 SendAndReceiveGoawayState.swift
[1945/2019] Compiling NIOHTTP2 StateMachineResult.swift
[1946/2019] Compiling NIOHTTP2 ContentLengthVerifier.swift
[1947/2019] Compiling NIOHTTP2 HTTP2ChannelHandler+InlineStreamMultiplexer.swift
[1948/2019] Compiling NIOHTTP2 HTTP2ChannelHandler.swift
[1949/2019] Compiling NIOHTTP2 HTTP2CommonInboundStreamMultiplexer.swift
[1954/2019] Compiling NIOHTTP2 HTTP2Frame.swift
[1955/2019] Compiling NIOHTTP2 HTTP2FrameEncoder.swift
[1956/2020] Wrapping AST for NIOHTTP2 for debugging
[1958/2084] Emitting module AsyncHTTPClient
[1959/2092] Compiling AsyncHTTPClient AnyAsyncSequence.swift
[1960/2092] Compiling AsyncHTTPClient AnyAsyncSequenceProucerDelete.swift
[1961/2092] Compiling AsyncHTTPClient AsyncLazySequence.swift
[1962/2092] Compiling AsyncHTTPClient HTTPClient+execute.swift
[1963/2092] Compiling AsyncHTTPClient HTTPClient+shutdown.swift
[1964/2092] Compiling AsyncHTTPClient HTTPClient+tracing.swift
[1965/2092] Compiling AsyncHTTPClient HTTPClientRequest+Prepared.swift
[1966/2092] Compiling AsyncHTTPClient HTTPClientRequest+auth.swift
[1967/2092] Compiling AsyncHTTPClient HTTPClientRequest.swift
[1968/2092] Compiling AsyncHTTPClient HTTPClientResponse.swift
[1969/2092] Compiling AsyncHTTPClient SingleIteratorPrecondition.swift
[1970/2092] Compiling AsyncHTTPClient Transaction+StateMachine.swift
[1971/2092] Compiling AsyncHTTPClient Transaction.swift
[1972/2092] Compiling AsyncHTTPClient Base64.swift
[1973/2092] Compiling AsyncHTTPClient BasicAuth.swift
[1974/2092] Compiling AsyncHTTPClient BestEffortHashableTLSConfiguration.swift
[1975/2092] Compiling AsyncHTTPClient Configuration+BrowserLike.swift
[1976/2092] Compiling AsyncHTTPClient ConnectionPool.swift
[1977/2092] Compiling AsyncHTTPClient HTTP1ProxyConnectHandler.swift
[1978/2092] Compiling AsyncHTTPClient SOCKSEventsHandler.swift
[1979/2092] Compiling AsyncHTTPClient TLSEventsHandler.swift
[1980/2092] Compiling AsyncHTTPClient HTTP1ClientChannelHandler.swift
[1981/2092] Compiling AsyncHTTPClient HTTP1Connection.swift
[1982/2092] Compiling AsyncHTTPClient HTTP1ConnectionStateMachine.swift
[1983/2092] Compiling AsyncHTTPClient HTTP2ClientRequestHandler.swift
[1984/2092] Compiling AsyncHTTPClient HTTP2Connection.swift
[1985/2092] Compiling AsyncHTTPClient HTTP2IdleHandler.swift
[1986/2092] Compiling AsyncHTTPClient RequestValidation.swift
[1987/2092] Compiling AsyncHTTPClient SSLContextCache.swift
[1988/2092] Compiling AsyncHTTPClient Scheme.swift
[1989/2092] Compiling AsyncHTTPClient Singleton.swift
[1990/2092] Compiling AsyncHTTPClient StringConvertibleInstances.swift
[1991/2092] Compiling AsyncHTTPClient StructuredConcurrencyHelpers.swift
[1992/2092] Compiling AsyncHTTPClient TracingSupport.swift
[1993/2092] Compiling AsyncHTTPClient Utils.swift
[1994/2092] Compiling AsyncHTTPClient HTTPConnectionEvent.swift
[1995/2092] Compiling AsyncHTTPClient HTTPConnectionPool+Factory.swift
[1996/2092] Compiling AsyncHTTPClient HTTPConnectionPool+Manager.swift
[1997/2092] Compiling AsyncHTTPClient HTTPConnectionPool.swift
[1998/2092] Compiling AsyncHTTPClient HTTPExecutableRequest.swift
[1999/2092] Compiling AsyncHTTPClient HTTPRequestStateMachine+Demand.swift
[2000/2092] Compiling AsyncHTTPClient HTTPRequestStateMachine.swift
[2001/2092] Compiling AsyncHTTPClient RequestBodyLength.swift
[2002/2092] Compiling AsyncHTTPClient RequestFramingMetadata.swift
[2003/2092] Compiling AsyncHTTPClient LRUCache.swift
[2004/2092] Compiling AsyncHTTPClient NIOLoopBound+Execute.swift
[2005/2092] Compiling AsyncHTTPClient NWErrorHandler.swift
[2006/2092] Compiling AsyncHTTPClient NWWaitingHandler.swift
[2007/2092] Compiling AsyncHTTPClient TLSConfiguration.swift
[2008/2092] Compiling AsyncHTTPClient RedirectState.swift
[2009/2092] Compiling AsyncHTTPClient RequestBag+StateMachine.swift
[2010/2092] Compiling AsyncHTTPClient RequestBag+Tracing.swift
[2011/2092] Compiling AsyncHTTPClient RequestBag.swift
[2012/2092] Compiling AsyncHTTPClient RequestOptions.swift
[2013/2092] Compiling AsyncHTTPClient HTTPConnectionPool+Backoff.swift
[2014/2092] Compiling AsyncHTTPClient HTTPConnectionPool+HTTP1Connections.swift
[2015/2092] Compiling AsyncHTTPClient HTTPConnectionPool+HTTP1StateMachine.swift
[2016/2092] Compiling AsyncHTTPClient HTTPConnectionPool+HTTP2Connections.swift
[2017/2092] Compiling AsyncHTTPClient HTTPConnectionPool+HTTP2StateMachine.swift
[2018/2092] Compiling AsyncHTTPClient HTTPConnectionPool+RequestQueue.swift
[2019/2092] Compiling AsyncHTTPClient HTTPConnectionPool+StateMachine.swift
[2020/2092] Compiling AsyncHTTPClient ConnectionTarget.swift
[2021/2092] Compiling AsyncHTTPClient DeconstructedURL.swift
[2022/2092] Compiling AsyncHTTPClient FileDownloadDelegate.swift
[2023/2092] Compiling AsyncHTTPClient FoundationExtensions.swift
[2024/2092] Compiling AsyncHTTPClient HTTPClient+HTTPCookie.swift
[2025/2092] Compiling AsyncHTTPClient HTTPClient+Proxy.swift
[2026/2092] Compiling AsyncHTTPClient HTTPClient+StructuredConcurrency.swift
[2027/2092] Compiling AsyncHTTPClient HTTPClient.swift
[2028/2092] Compiling AsyncHTTPClient HTTPClientConfiguration+SwiftConfiguration.swift
[2029/2092] Compiling AsyncHTTPClient HTTPHandler.swift
[2030/2093] Wrapping AST for AsyncHTTPClient for debugging
[2032/2116] Compiling GoogleAuth AnonymousCredentials.swift
[2033/2116] Compiling GoogleAuth ApiKeyCredentials.swift
[2034/2116] Compiling GoogleAuth ExternalAccountCredentials.swift
[2035/2119] Emitting module GoogleAuth
[2036/2119] Compiling GoogleAuth ServiceAccountCredentials.swift
[2037/2119] Compiling GoogleAuth ServiceAccountData.swift
[2038/2119] Compiling GoogleAuth ServiceAccountTokenProvider.swift
[2039/2119] Compiling GoogleAuth UserAccountData.swift
[2040/2119] Compiling GoogleAuth UserAccountTokenProvider.swift
[2041/2119] Compiling GoogleAuth UserCredentials.swift
[2042/2119] Compiling GoogleAuth ADC.swift
[2043/2119] Compiling GoogleAuth ADCPath.swift
[2044/2119] Compiling GoogleAuth ADCResolver.swift
[2045/2119] Compiling GoogleAuth AuthHeaders.swift
[2046/2119] Compiling GoogleAuth AuthHTTPClient.swift
[2047/2119] Compiling GoogleAuth AuthHTTPError.swift
[2048/2119] Compiling GoogleAuth RetryEngine.swift
[2049/2119] Compiling GoogleAuth CredentialParserRegistry.swift
[2050/2119] Compiling GoogleAuth Credentials.swift
[2051/2119] Compiling GoogleAuth CredentialsError.swift
[2052/2119] Compiling GoogleAuth SubjectTokenProvider.swift
[2053/2119] Compiling GoogleAuth MDSAccessTokenProvider.swift
[2054/2119] Compiling GoogleAuth MDSCredentials.swift
[2055/2119] Compiling GoogleAuth STSHandler.swift
[2056/2119] Compiling GoogleAuth TokenCache.swift
[2057/2119] Compiling GoogleAuth PackageVersion.swift
[2058/2120] Wrapping AST for GoogleAuth for debugging
[2060/2178] Emitting module GoogleGax
[2061/2186] Compiling GoogleGax BaseRetryPolicy.swift
[2062/2186] Compiling GoogleGax BindingError.swift
[2063/2186] Compiling GoogleGax CRC32C.swift
[2064/2186] Compiling GoogleGax CircuitBreaker.swift
[2065/2186] Compiling GoogleGax ClientError.swift
[2066/2186] Compiling GoogleGax ClientOptions.swift
[2067/2186] Compiling GoogleGax ContinueOnIO+PollingErrorPolicy.swift
[2068/2186] Compiling GoogleGax ContinueOnIO+RetryPolicy.swift
[2069/2186] Compiling GoogleGax ContinueOnIO.swift
[2070/2186] Compiling GoogleGax CredentialsProtocol.swift
[2071/2186] Compiling GoogleGax ErrorWrapper.swift
[2072/2186] Compiling GoogleGax ExponentialBackoff+BackoffPolicy.swift
[2073/2186] Compiling GoogleGax ExponentialBackoff+PollingBackoffPolicy.swift
[2074/2186] Compiling GoogleGax ExponentialBackoff.swift
[2075/2186] Compiling GoogleGax HTTPClient.swift
[2076/2186] Compiling GoogleGax HTTPClientHolder.swift
[2077/2186] Compiling GoogleGax AIP194+PollingErrorPolicy.swift
[2078/2186] Compiling GoogleGax AIP194+RetryPolicy.swift
[2079/2186] Compiling GoogleGax AIP194.swift
[2080/2186] Compiling GoogleGax AdaptiveThrottler.swift
[2081/2186] Compiling GoogleGax AlwaysPoll.swift
[2082/2186] Compiling GoogleGax AlwaysRetry.swift
[2083/2186] Compiling GoogleGax ApiClientHeader.swift
[2084/2186] Compiling GoogleGax BackoffPolicy.swift
[2085/2186] Compiling GoogleGax BasePollingErrorPolicy.swift
[2086/2186] Compiling GoogleGax LimitedAttemptCount+PollingErrorPolicy.swift
[2087/2186] Compiling GoogleGax LimitedAttemptCount+RetryPolicy.swift
[2088/2186] Compiling GoogleGax LimitedAttemptCount.swift
[2089/2186] Compiling GoogleGax LimitedElapsedTime+PollingErrorPolicy.swift
[2090/2186] Compiling GoogleGax LimitedElapsedTime+RetryPolicy.swift
[2091/2186] Compiling GoogleGax LimitedElapsedTime.swift
[2092/2186] Compiling GoogleGax LongRunningOperations.swift
[2093/2186] Compiling GoogleGax NeverRetry.swift
[2094/2186] Compiling GoogleGax HTTPClientProtocol.swift
[2095/2186] Compiling GoogleGax HTTPClientRequest.swift
[2096/2186] Compiling GoogleGax HTTPClientResponse.swift
[2097/2186] Compiling GoogleGax HTTPHeaders.swift
[2098/2186] Compiling GoogleGax HTTPResponseBody.swift
[2099/2186] Compiling GoogleGax HeaderNames.swift
[2100/2186] Compiling GoogleGax Host.swift
[2101/2186] Compiling GoogleGax InProgressResult.swift
[2102/2186] Compiling GoogleGax RequestOptions.swift
[2103/2186] Compiling GoogleGax RetryLoop.swift
[2104/2186] Compiling GoogleGax RetryPolicy.swift
[2105/2186] Compiling GoogleGax RetryResult.swift
[2106/2186] Compiling GoogleGax RetryState.swift
[2107/2186] Compiling GoogleGax RetryThrottler.swift
[2108/2186] Compiling GoogleGax RetryThrottlerError.swift
[2109/2186] Compiling GoogleGax RoutingMatcher.swift
[2110/2186] Compiling GoogleGax Pagination.swift
/host/spi-builder-workspace/.build/checkouts/swift-google-gax/Sources/GoogleGax/Pagination.swift:44:22: error: cannot convert '@Sendable (String) async throws -> (response: ResponseType, items: [Item], nextToken: String)' to 'nonisolated(nonsending) @Sendable (String) async throws -> (response: ResponseType, items: [Item], nextToken: String)' because crossing of an isolation boundary requires parameter and result types to conform to 'Sendable' protocol
 42 |   ) where ResponseType: _PaginatedResponse<Item> {
 43 |     self.initialPageToken = initialPageToken ?? ""
 44 |     self.fetchPage = { token in
    |                      |- error: cannot convert '@Sendable (String) async throws -> (response: ResponseType, items: [Item], nextToken: String)' to 'nonisolated(nonsending) @Sendable (String) async throws -> (response: ResponseType, items: [Item], nextToken: String)' because crossing of an isolation boundary requires parameter and result types to conform to 'Sendable' protocol
    |                      `- note: type 'Item' does not conform to 'Sendable' protocol
 45 |       let response = try await listRpc(token)
 46 |       return (response, response._getPaginatedItems(), response._nextPageToken())
[2111/2186] Compiling GoogleGax PollingBackoffPolicy.swift
/host/spi-builder-workspace/.build/checkouts/swift-google-gax/Sources/GoogleGax/Pagination.swift:44:22: error: cannot convert '@Sendable (String) async throws -> (response: ResponseType, items: [Item], nextToken: String)' to 'nonisolated(nonsending) @Sendable (String) async throws -> (response: ResponseType, items: [Item], nextToken: String)' because crossing of an isolation boundary requires parameter and result types to conform to 'Sendable' protocol
 42 |   ) where ResponseType: _PaginatedResponse<Item> {
 43 |     self.initialPageToken = initialPageToken ?? ""
 44 |     self.fetchPage = { token in
    |                      |- error: cannot convert '@Sendable (String) async throws -> (response: ResponseType, items: [Item], nextToken: String)' to 'nonisolated(nonsending) @Sendable (String) async throws -> (response: ResponseType, items: [Item], nextToken: String)' because crossing of an isolation boundary requires parameter and result types to conform to 'Sendable' protocol
    |                      `- note: type 'Item' does not conform to 'Sendable' protocol
 45 |       let response = try await listRpc(token)
 46 |       return (response, response._getPaginatedItems(), response._nextPageToken())
[2112/2186] Compiling GoogleGax PollingErrorPolicy.swift
/host/spi-builder-workspace/.build/checkouts/swift-google-gax/Sources/GoogleGax/Pagination.swift:44:22: error: cannot convert '@Sendable (String) async throws -> (response: ResponseType, items: [Item], nextToken: String)' to 'nonisolated(nonsending) @Sendable (String) async throws -> (response: ResponseType, items: [Item], nextToken: String)' because crossing of an isolation boundary requires parameter and result types to conform to 'Sendable' protocol
 42 |   ) where ResponseType: _PaginatedResponse<Item> {
 43 |     self.initialPageToken = initialPageToken ?? ""
 44 |     self.fetchPage = { token in
    |                      |- error: cannot convert '@Sendable (String) async throws -> (response: ResponseType, items: [Item], nextToken: String)' to 'nonisolated(nonsending) @Sendable (String) async throws -> (response: ResponseType, items: [Item], nextToken: String)' because crossing of an isolation boundary requires parameter and result types to conform to 'Sendable' protocol
    |                      `- note: type 'Item' does not conform to 'Sendable' protocol
 45 |       let response = try await listRpc(token)
 46 |       return (response, response._getPaginatedItems(), response._nextPageToken())
[2113/2186] Compiling GoogleGax PollingResult.swift
/host/spi-builder-workspace/.build/checkouts/swift-google-gax/Sources/GoogleGax/Pagination.swift:44:22: error: cannot convert '@Sendable (String) async throws -> (response: ResponseType, items: [Item], nextToken: String)' to 'nonisolated(nonsending) @Sendable (String) async throws -> (response: ResponseType, items: [Item], nextToken: String)' because crossing of an isolation boundary requires parameter and result types to conform to 'Sendable' protocol
 42 |   ) where ResponseType: _PaginatedResponse<Item> {
 43 |     self.initialPageToken = initialPageToken ?? ""
 44 |     self.fetchPage = { token in
    |                      |- error: cannot convert '@Sendable (String) async throws -> (response: ResponseType, items: [Item], nextToken: String)' to 'nonisolated(nonsending) @Sendable (String) async throws -> (response: ResponseType, items: [Item], nextToken: String)' because crossing of an isolation boundary requires parameter and result types to conform to 'Sendable' protocol
    |                      `- note: type 'Item' does not conform to 'Sendable' protocol
 45 |       let response = try await listRpc(token)
 46 |       return (response, response._getPaginatedItems(), response._nextPageToken())
[2114/2186] Compiling GoogleGax PollingState.swift
/host/spi-builder-workspace/.build/checkouts/swift-google-gax/Sources/GoogleGax/Pagination.swift:44:22: error: cannot convert '@Sendable (String) async throws -> (response: ResponseType, items: [Item], nextToken: String)' to 'nonisolated(nonsending) @Sendable (String) async throws -> (response: ResponseType, items: [Item], nextToken: String)' because crossing of an isolation boundary requires parameter and result types to conform to 'Sendable' protocol
 42 |   ) where ResponseType: _PaginatedResponse<Item> {
 43 |     self.initialPageToken = initialPageToken ?? ""
 44 |     self.fetchPage = { token in
    |                      |- error: cannot convert '@Sendable (String) async throws -> (response: ResponseType, items: [Item], nextToken: String)' to 'nonisolated(nonsending) @Sendable (String) async throws -> (response: ResponseType, items: [Item], nextToken: String)' because crossing of an isolation boundary requires parameter and result types to conform to 'Sendable' protocol
    |                      `- note: type 'Item' does not conform to 'Sendable' protocol
 45 |       let response = try await listRpc(token)
 46 |       return (response, response._getPaginatedItems(), response._nextPageToken())
[2115/2186] Compiling GoogleGax ProtobufConversionError.swift
/host/spi-builder-workspace/.build/checkouts/swift-google-gax/Sources/GoogleGax/Pagination.swift:44:22: error: cannot convert '@Sendable (String) async throws -> (response: ResponseType, items: [Item], nextToken: String)' to 'nonisolated(nonsending) @Sendable (String) async throws -> (response: ResponseType, items: [Item], nextToken: String)' because crossing of an isolation boundary requires parameter and result types to conform to 'Sendable' protocol
 42 |   ) where ResponseType: _PaginatedResponse<Item> {
 43 |     self.initialPageToken = initialPageToken ?? ""
 44 |     self.fetchPage = { token in
    |                      |- error: cannot convert '@Sendable (String) async throws -> (response: ResponseType, items: [Item], nextToken: String)' to 'nonisolated(nonsending) @Sendable (String) async throws -> (response: ResponseType, items: [Item], nextToken: String)' because crossing of an isolation boundary requires parameter and result types to conform to 'Sendable' protocol
    |                      `- note: type 'Item' does not conform to 'Sendable' protocol
 45 |       let response = try await listRpc(token)
 46 |       return (response, response._getPaginatedItems(), response._nextPageToken())
[2116/2186] Compiling GoogleGax QueryParameter.swift
/host/spi-builder-workspace/.build/checkouts/swift-google-gax/Sources/GoogleGax/Pagination.swift:44:22: error: cannot convert '@Sendable (String) async throws -> (response: ResponseType, items: [Item], nextToken: String)' to 'nonisolated(nonsending) @Sendable (String) async throws -> (response: ResponseType, items: [Item], nextToken: String)' because crossing of an isolation boundary requires parameter and result types to conform to 'Sendable' protocol
 42 |   ) where ResponseType: _PaginatedResponse<Item> {
 43 |     self.initialPageToken = initialPageToken ?? ""
 44 |     self.fetchPage = { token in
    |                      |- error: cannot convert '@Sendable (String) async throws -> (response: ResponseType, items: [Item], nextToken: String)' to 'nonisolated(nonsending) @Sendable (String) async throws -> (response: ResponseType, items: [Item], nextToken: String)' because crossing of an isolation boundary requires parameter and result types to conform to 'Sendable' protocol
    |                      `- note: type 'Item' does not conform to 'Sendable' protocol
 45 |       let response = try await listRpc(token)
 46 |       return (response, response._getPaginatedItems(), response._nextPageToken())
[2117/2186] Compiling GoogleGax RequestError.swift
/host/spi-builder-workspace/.build/checkouts/swift-google-gax/Sources/GoogleGax/Pagination.swift:44:22: error: cannot convert '@Sendable (String) async throws -> (response: ResponseType, items: [Item], nextToken: String)' to 'nonisolated(nonsending) @Sendable (String) async throws -> (response: ResponseType, items: [Item], nextToken: String)' because crossing of an isolation boundary requires parameter and result types to conform to 'Sendable' protocol
 42 |   ) where ResponseType: _PaginatedResponse<Item> {
 43 |     self.initialPageToken = initialPageToken ?? ""
 44 |     self.fetchPage = { token in
    |                      |- error: cannot convert '@Sendable (String) async throws -> (response: ResponseType, items: [Item], nextToken: String)' to 'nonisolated(nonsending) @Sendable (String) async throws -> (response: ResponseType, items: [Item], nextToken: String)' because crossing of an isolation boundary requires parameter and result types to conform to 'Sendable' protocol
    |                      `- note: type 'Item' does not conform to 'Sendable' protocol
 45 |       let response = try await listRpc(token)
 46 |       return (response, response._getPaginatedItems(), response._nextPageToken())
[2118/2186] Compiling GoogleGax ServiceError.swift
[2119/2186] Compiling GoogleGax StatusDetail.swift
[2120/2186] Compiling GoogleGax StrictIdempotency.swift
[2121/2186] Compiling GoogleGax ThrottleResult.swift
[2122/2186] Compiling GoogleGax TooManyRequests+PollingErrorPolicy.swift
[2123/2186] Compiling GoogleGax TooManyRequests+RetryPolicy.swift
[2124/2186] Compiling GoogleGax TooManyRequests.swift
[2125/2186] Compiling GoogleGax PackageVersion.swift
BUILD FAILURE 6.2 android