Build Information
Failed to build UIExtensions, reference master (91e463), with Swift 6.3 for macOS (SPM) on 4 Oct 2026 04:36:41 UTC.
Build Command
env DEVELOPER_DIR=/Applications/Xcode-26.5.0.app xcrun swift build --arch arm64Build Log
========================================
RunAll
========================================
Builder version: 5.1.1
Interrupt handler set up.
========================================
Checkout
========================================
Clone URL: https://github.com/couriere/uiextensions.git
Reference: master
Initialized empty Git repository in /Users/admin/builder/spi-builder-workspace/.git/
From https://github.com/couriere/uiextensions
* branch master -> FETCH_HEAD
* [new branch] master -> origin/master
HEAD is now at 91e463a Added async onChange overload passing both new values
Cloned https://github.com/couriere/uiextensions.git
Revision (git rev-parse @):
91e463a8c5396ee5df239a51665d3bb0ce393b97
SUCCESS checkout https://github.com/couriere/uiextensions.git at master
========================================
ResolveProductDependencies
========================================
Resolving dependencies ...
{
"identity": ".resolve-product-dependencies",
"name": "resolve-dependencies",
"url": "/Users/admin/builder/spi-builder-workspace/.resolve-product-dependencies",
"version": "unspecified",
"path": "/Users/admin/builder/spi-builder-workspace/.resolve-product-dependencies",
"traits": [
"default"
],
"dependencies": [
{
"identity": "uiextensions",
"name": "UIExtensions",
"url": "https://github.com/couriere/uiextensions.git",
"version": "unspecified",
"path": "/Users/admin/builder/spi-builder-workspace/.resolve-product-dependencies/.build/checkouts/uiextensions",
"traits": [
"default"
],
"dependencies": [
]
}
]
}
Fetching https://github.com/couriere/uiextensions.git
[1/2328] Fetching uiextensions
Fetched https://github.com/couriere/uiextensions.git from cache (1.02s)
Creating working copy for https://github.com/couriere/uiextensions.git
Working copy of https://github.com/couriere/uiextensions.git resolved at master (91e463a)
warning: '.resolve-product-dependencies': dependency 'uiextensions' is not used by any target
Found 0 product dependencies
========================================
Build
========================================
Selected platform: macosSpm
Swift version: 6.3
Building package at path: $PWD
https://github.com/couriere/uiextensions.git
Running build ...
env DEVELOPER_DIR=/Applications/Xcode-26.5.0.app xcrun swift build --arch arm64
Building for debugging...
[0/2] Write sources
[1/2] Write swift-version-69A768CDF2A0BEE1.txt
error: emit-module command failed with exit code 1 (use -v to see invocation)
[3/79] Emitting module UIExtensions
/Users/admin/builder/spi-builder-workspace/Sources/Foundation/Decoder+Extensions.swift:61:3: error: any Apple OS requires '-enable-experimental-feature AnyAppleOSAvailability'
59 | /// decoder.dateDecodingStrategy = .iso8601Lenient
60 | @available(
61 | anyAppleOS,
| `- error: any Apple OS requires '-enable-experimental-feature AnyAppleOSAvailability'
62 | deprecated: 26.0,
63 | message: "The system `iso8601` strategy parses fractional seconds itself starting with version 26"
[4/87] Compiling UIExtensions UIView+Constraints.swift
[5/87] Compiling UIExtensions UIView+Extensions.swift
[6/87] Compiling UIExtensions UIViewController+Extensions.swift
[7/87] Compiling UIExtensions UIBarButtonItem+Extensions.swift
[8/87] Compiling UIExtensions UIButton+Extensions.swift
[9/87] Compiling UIExtensions UIGestureRecognizer+Extensions.swift
[10/87] Compiling UIExtensions UIImageView+Extensions.swift
[11/87] Compiling UIExtensions UITabBarController+Extensions.swift
[12/87] Compiling UIExtensions IsAnimatingEnvironmentKey.swift
[13/87] Compiling UIExtensions Label+Inits.swift
[14/87] Compiling UIExtensions Loader+Inits.swift
[15/87] Compiling UIExtensions Loader+Placeholder.swift
[16/87] Compiling UIExtensions Loader+RefreshableLoaderModifier.swift
[17/87] Compiling UIExtensions Loader.swift
[18/87] Compiling UIExtensions LoaderModel.swift
[19/87] Compiling UIExtensions OnFirstAppear.swift
[20/87] Compiling UIExtensions UINavigationController+Blocks.swift
[21/87] Compiling UIExtensions UIScrollView+Extensions.swift
[22/87] Compiling UIExtensions UIStackView+Extensions.swift
[23/87] Compiling UIExtensions UIStackView+ResultBuilder.swift
[24/87] Compiling UIExtensions UIStoryboard+Extensions.swift
[25/87] Compiling UIExtensions UITableViewCell+Register.swift
[26/87] Compiling UIExtensions UITextField+Extensions.swift
[27/87] Compiling UIExtensions UIView+Builder.swift
[28/87] Compiling UIExtensions URL+Extensions.swift
[29/87] Compiling UIExtensions UUID+Extensions.swift
[30/87] Compiling UIExtensions AsyncButton.swift
[31/87] Compiling UIExtensions Axis+Extensions.swift
[32/87] Compiling UIExtensions Button+Inits.swift
[33/87] Compiling UIExtensions Color+Extension.swift
[34/87] Compiling UIExtensions CustomIntensityVisualEffectView.swift
[35/87] Compiling UIExtensions EdgeInsets+Extensions.swift
[36/87] Compiling UIExtensions FullScreenPopupView.swift
[37/87] Compiling UIExtensions Collections+Extensions.swift
/Users/admin/builder/spi-builder-workspace/Sources/Foundation/Decoder+Extensions.swift:61:3: error: any Apple OS requires '-enable-experimental-feature AnyAppleOSAvailability'
59 | /// decoder.dateDecodingStrategy = .iso8601Lenient
60 | @available(
61 | anyAppleOS,
| `- error: any Apple OS requires '-enable-experimental-feature AnyAppleOSAvailability'
62 | deprecated: 26.0,
63 | message: "The system `iso8601` strategy parses fractional seconds itself starting with version 26"
[38/87] Compiling UIExtensions CoreGraphics+Extensions.swift
/Users/admin/builder/spi-builder-workspace/Sources/Foundation/Decoder+Extensions.swift:61:3: error: any Apple OS requires '-enable-experimental-feature AnyAppleOSAvailability'
59 | /// decoder.dateDecodingStrategy = .iso8601Lenient
60 | @available(
61 | anyAppleOS,
| `- error: any Apple OS requires '-enable-experimental-feature AnyAppleOSAvailability'
62 | deprecated: 26.0,
63 | message: "The system `iso8601` strategy parses fractional seconds itself starting with version 26"
[39/87] Compiling UIExtensions Data+Extensions.swift
/Users/admin/builder/spi-builder-workspace/Sources/Foundation/Decoder+Extensions.swift:61:3: error: any Apple OS requires '-enable-experimental-feature AnyAppleOSAvailability'
59 | /// decoder.dateDecodingStrategy = .iso8601Lenient
60 | @available(
61 | anyAppleOS,
| `- error: any Apple OS requires '-enable-experimental-feature AnyAppleOSAvailability'
62 | deprecated: 26.0,
63 | message: "The system `iso8601` strategy parses fractional seconds itself starting with version 26"
[40/87] Compiling UIExtensions Date+Extensions.swift
/Users/admin/builder/spi-builder-workspace/Sources/Foundation/Decoder+Extensions.swift:61:3: error: any Apple OS requires '-enable-experimental-feature AnyAppleOSAvailability'
59 | /// decoder.dateDecodingStrategy = .iso8601Lenient
60 | @available(
61 | anyAppleOS,
| `- error: any Apple OS requires '-enable-experimental-feature AnyAppleOSAvailability'
62 | deprecated: 26.0,
63 | message: "The system `iso8601` strategy parses fractional seconds itself starting with version 26"
[41/87] Compiling UIExtensions Decoder+Extensions.swift
/Users/admin/builder/spi-builder-workspace/Sources/Foundation/Decoder+Extensions.swift:61:3: error: any Apple OS requires '-enable-experimental-feature AnyAppleOSAvailability'
59 | /// decoder.dateDecodingStrategy = .iso8601Lenient
60 | @available(
61 | anyAppleOS,
| `- error: any Apple OS requires '-enable-experimental-feature AnyAppleOSAvailability'
62 | deprecated: 26.0,
63 | message: "The system `iso8601` strategy parses fractional seconds itself starting with version 26"
[42/87] Compiling UIExtensions Dictionary+Extensions.swift
/Users/admin/builder/spi-builder-workspace/Sources/Foundation/Decoder+Extensions.swift:61:3: error: any Apple OS requires '-enable-experimental-feature AnyAppleOSAvailability'
59 | /// decoder.dateDecodingStrategy = .iso8601Lenient
60 | @available(
61 | anyAppleOS,
| `- error: any Apple OS requires '-enable-experimental-feature AnyAppleOSAvailability'
62 | deprecated: 26.0,
63 | message: "The system `iso8601` strategy parses fractional seconds itself starting with version 26"
[43/87] Compiling UIExtensions Empty.swift
/Users/admin/builder/spi-builder-workspace/Sources/Foundation/Decoder+Extensions.swift:61:3: error: any Apple OS requires '-enable-experimental-feature AnyAppleOSAvailability'
59 | /// decoder.dateDecodingStrategy = .iso8601Lenient
60 | @available(
61 | anyAppleOS,
| `- error: any Apple OS requires '-enable-experimental-feature AnyAppleOSAvailability'
62 | deprecated: 26.0,
63 | message: "The system `iso8601` strategy parses fractional seconds itself starting with version 26"
[44/87] Compiling UIExtensions GCD+Extensions.swift
/Users/admin/builder/spi-builder-workspace/Sources/Foundation/Decoder+Extensions.swift:61:3: error: any Apple OS requires '-enable-experimental-feature AnyAppleOSAvailability'
59 | /// decoder.dateDecodingStrategy = .iso8601Lenient
60 | @available(
61 | anyAppleOS,
| `- error: any Apple OS requires '-enable-experimental-feature AnyAppleOSAvailability'
62 | deprecated: 26.0,
63 | message: "The system `iso8601` strategy parses fractional seconds itself starting with version 26"
[45/87] Compiling UIExtensions NSAttributedString+Extensions.swift
/Users/admin/builder/spi-builder-workspace/Sources/Foundation/Decoder+Extensions.swift:61:3: error: any Apple OS requires '-enable-experimental-feature AnyAppleOSAvailability'
59 | /// decoder.dateDecodingStrategy = .iso8601Lenient
60 | @available(
61 | anyAppleOS,
| `- error: any Apple OS requires '-enable-experimental-feature AnyAppleOSAvailability'
62 | deprecated: 26.0,
63 | message: "The system `iso8601` strategy parses fractional seconds itself starting with version 26"
[46/87] Compiling UIExtensions OnReappear.swift
[47/87] Compiling UIExtensions RedactionReasons+Extensions.swift
[48/87] Compiling UIExtensions TabContainer.swift
[49/87] Compiling UIExtensions TransparentBackground.swift
[50/87] Compiling UIExtensions UnwrappingButton.swift
[51/87] Compiling UIExtensions View+Extensions.swift
[52/87] Compiling UIExtensions View+Measurements.swift
[53/87] Compiling UIExtensions View+OnChangeAsync.swift
[54/87] Compiling UIExtensions CodableUserDefaults.swift
[55/87] Compiling UIExtensions RubberBandEffect.swift
[56/87] Compiling UIExtensions Singleton.swift
[57/87] Compiling UIExtensions TypeAliases.swift
[58/87] Compiling UIExtensions UnsafeSendable.swift
[59/87] Compiling UIExtensions Array+Extensions.swift
[60/87] Compiling UIExtensions Array+ResultBuilder.swift
[61/87] Compiling UIExtensions Async+Extensions.swift
[62/87] Compiling UIExtensions AsyncTimer.swift
[63/87] Compiling UIExtensions View+OnChangeTo.swift
[64/87] Compiling UIExtensions ContainerView.swift
[65/87] Compiling UIExtensions CustomIntensityVisualEffectUIView.swift
[66/87] Compiling UIExtensions NSLayoutConstraint+Extensions.swift
[67/87] Compiling UIExtensions PaddingContainer.swift
[68/87] Compiling UIExtensions SeparatorView.swift
[69/87] Compiling UIExtensions UIAlertController+Blocks.swift
[70/87] Compiling UIExtensions UIApplication+Extensions.swift
[71/87] Compiling UIExtensions NSRegularExpression+Extensions.swift
[72/87] Compiling UIExtensions Numbers+Extensions.swift
[73/87] Compiling UIExtensions Optional+Extensions.swift
[74/87] Compiling UIExtensions Protocol+Extensions.swift
[75/87] Compiling UIExtensions Result+Extensions.swift
[76/87] Compiling UIExtensions Sequences+Extensions.swift
[77/87] Compiling UIExtensions String+Extensions.swift
[78/87] Compiling UIExtensions Then.swift
[79/87] Compiling UIExtensions Timer+Blocks.swift
[80/87] Compiling UIExtensions UICollectionReusableView+Register.swift
[81/87] Compiling UIExtensions UICollectionView+Extensions.swift
[82/87] Compiling UIExtensions UIColor+Inits.swift
[83/87] Compiling UIExtensions UIControl+Extensions.swift
[84/87] Compiling UIExtensions UIDevice+Extensions.swift
[85/87] Compiling UIExtensions UIImage+Extensions.swift
[86/87] Compiling UIExtensions UILabel+Extensions.swift
[87/87] Compiling UIExtensions UILayoutGuide+Constraints.swift
BUILD FAILURE 6.3 macosSpm