Build Information
Failed to build Scaffolding, reference 3.6.2 (70cc8a), with Swift 6.3 for Linux on 8 Oct 2026 20:19:45 UTC.
Build Command
bash -c docker run --pull=always --rm -v "checkouts-53886768-3":/host -w "$PWD" -e JAVA_HOME="/root/.sdkman/candidates/java/current" -e SPI_BUILD="1" -e SPI_PROCESSING="1" registry.gitlab.com/saguaro1/spi-images:basic-6.3-latest swift build --triple x86_64-unknown-linux-gnu 2>&1Build Log
========================================
RunAll
========================================
Builder version: 5.1.1
Interrupt handler set up.
========================================
Checkout
========================================
Clone URL: https://github.com/dotaeva/scaffolding.git
Reference: 3.6.2
Initialized empty Git repository in /host/spi-builder-workspace/.git/
hint: Using 'master' as the name for the initial branch. This default branch name
hint: is subject to change. To configure the initial branch name to use in all
hint: of your new repositories, which will suppress this warning, call:
hint:
hint: git config --global init.defaultBranch <name>
hint:
hint: Names commonly chosen instead of 'master' are 'main', 'trunk' and
hint: 'development'. The just-created branch can be renamed via this command:
hint:
hint: git branch -m <name>
From https://github.com/dotaeva/scaffolding
* tag 3.6.2 -> FETCH_HEAD
HEAD is now at 70cc8ad fix: preserve navigation lifetimes and harden route generation
Cloned https://github.com/dotaeva/scaffolding.git
Revision (git rev-parse @):
70cc8ad93f79a44650e81dbc1931e5de228f0d00
SUCCESS checkout https://github.com/dotaeva/scaffolding.git at 3.6.2
========================================
Build
========================================
Selected platform: linux
Swift version: 6.3
Building package at path: $PWD
https://github.com/dotaeva/scaffolding.git
Running build ...
bash -c docker run --pull=always --rm -v "checkouts-53886768-3":/host -w "$PWD" -e JAVA_HOME="/root/.sdkman/candidates/java/current" -e SPI_BUILD="1" -e SPI_PROCESSING="1" registry.gitlab.com/saguaro1/spi-images:basic-6.3-latest swift build --triple x86_64-unknown-linux-gnu 2>&1
basic-6.3-latest: Pulling from saguaro1/spi-images
Digest: sha256:3ca70b9b8664d81efdd98fa96053b1e7cad14580e7715018d5ab4380e807ba72
Status: Image is up to date for registry.gitlab.com/saguaro1/spi-images:basic-6.3-latest
Fetching https://github.com/swiftlang/swift-syntax
Fetching https://github.com/swiftlang/swift-docc-plugin
[1/2345] Fetching swift-docc-plugin
[2346/82735] Fetching swift-docc-plugin, swift-syntax
Fetched https://github.com/swiftlang/swift-docc-plugin from cache (3.86s)
Fetched https://github.com/swiftlang/swift-syntax from cache (3.88s)
Computing version for https://github.com/swiftlang/swift-syntax
Computed https://github.com/swiftlang/swift-syntax at 600.0.1 (5.19s)
Computing version for https://github.com/swiftlang/swift-docc-plugin
Computed https://github.com/swiftlang/swift-docc-plugin at 1.5.0 (0.21s)
Fetching https://github.com/swiftlang/swift-docc-symbolkit
[1/3834] Fetching swift-docc-symbolkit
Fetched https://github.com/swiftlang/swift-docc-symbolkit from cache (0.56s)
Computing version for https://github.com/swiftlang/swift-docc-symbolkit
Computed https://github.com/swiftlang/swift-docc-symbolkit at 1.0.0 (0.76s)
Creating working copy for https://github.com/swiftlang/swift-docc-plugin
Working copy of https://github.com/swiftlang/swift-docc-plugin resolved at 1.5.0
Creating working copy for https://github.com/swiftlang/swift-docc-symbolkit
Working copy of https://github.com/swiftlang/swift-docc-symbolkit resolved at 1.0.0
Creating working copy for https://github.com/swiftlang/swift-syntax
Working copy of https://github.com/swiftlang/swift-syntax resolved at 600.0.1
[1/1] Compiling plugin Swift-DocC Preview
[2/2] Compiling plugin Swift-DocC
Building for debugging...
[2/40] Write sources
[21/40] Compiling _SwiftSyntaxCShims dummy.c
[22/40] Write swift-version-24593BA9C3E375BF.txt
[24/46] Emitting module SwiftSyntax509
[25/46] Emitting module SwiftSyntax510
[26/46] Compiling SwiftSyntax509 Empty.swift
[27/47] Wrapping AST for SwiftSyntax509 for debugging
[29/47] Emitting module SwiftSyntax600
[30/47] Compiling SwiftSyntax600 Empty.swift
[31/47] Compiling SwiftSyntax510 Empty.swift
[33/49] Wrapping AST for SwiftSyntax600 for debugging
[34/49] Wrapping AST for SwiftSyntax510 for debugging
[36/113] Compiling SwiftSyntax SyntaxNodeFactory.swift
[37/113] Compiling SwiftSyntax SyntaxNodeStructure.swift
[38/113] Compiling SwiftSyntax SyntaxProtocol.swift
[39/113] Compiling SwiftSyntax SyntaxText.swift
[40/113] Compiling SwiftSyntax SyntaxTreeViewMode.swift
[41/113] Compiling SwiftSyntax TokenDiagnostic.swift
[42/113] Compiling SwiftSyntax TokenSequence.swift
[43/113] Compiling SwiftSyntax TokenSyntax.swift
[44/113] Compiling SwiftSyntax Trivia.swift
[45/121] Compiling SwiftSyntax SourcePresence.swift
[46/121] Compiling SwiftSyntax SwiftSyntaxCompatibility.swift
[47/121] Compiling SwiftSyntax Syntax.swift
[48/121] Compiling SwiftSyntax SyntaxArena.swift
[49/121] Compiling SwiftSyntax SyntaxArenaAllocatedBuffer.swift
[50/121] Compiling SwiftSyntax SyntaxChildren.swift
[51/121] Compiling SwiftSyntax SyntaxCollection.swift
[52/121] Compiling SwiftSyntax SyntaxHashable.swift
[53/121] Compiling SwiftSyntax SyntaxIdentifier.swift
[54/121] Compiling SwiftSyntax MemoryLayout.swift
[55/121] Compiling SwiftSyntax MissingNodeInitializers.swift
[56/121] Compiling SwiftSyntax RawSyntax.swift
[57/121] Compiling SwiftSyntax RawSyntaxLayoutView.swift
[58/121] Compiling SwiftSyntax RawSyntaxNodeProtocol.swift
[59/121] Compiling SwiftSyntax RawSyntaxTokenView.swift
[60/121] Compiling SwiftSyntax SourceEdit.swift
[61/121] Compiling SwiftSyntax SourceLength.swift
[62/121] Compiling SwiftSyntax SourceLocation.swift
[63/121] Compiling SwiftSyntax AbsolutePosition.swift
[64/121] Compiling SwiftSyntax AbsoluteRawSyntax.swift
[65/121] Compiling SwiftSyntax AbsoluteSyntaxInfo.swift
[66/121] Compiling SwiftSyntax Assert.swift
[67/121] Compiling SwiftSyntax BumpPtrAllocator.swift
[68/121] Compiling SwiftSyntax CommonAncestor.swift
[69/121] Compiling SwiftSyntax Convenience.swift
[70/121] Compiling SwiftSyntax CustomTraits.swift
[71/121] Compiling SwiftSyntax Identifier.swift
[72/121] Emitting module SwiftSyntax
[73/121] Compiling SwiftSyntax RawSyntaxNodesD.swift
[74/121] Compiling SwiftSyntax RawSyntaxNodesEF.swift
[75/121] Compiling SwiftSyntax RawSyntaxNodesGHI.swift
[76/121] Compiling SwiftSyntax RawSyntaxNodesJKLMN.swift
[77/121] Compiling SwiftSyntax RawSyntaxNodesOP.swift
[78/121] Compiling SwiftSyntax RawSyntaxNodesQRS.swift
[79/121] Compiling SwiftSyntax RawSyntaxNodesTUVWXYZ.swift
[80/121] Compiling SwiftSyntax RawSyntaxValidation.swift
[81/121] Compiling SwiftSyntax SyntaxNodesAB.swift
[82/121] Compiling SwiftSyntax SyntaxKind.swift
[83/121] Compiling SwiftSyntax SyntaxRewriter.swift
[84/121] Compiling SwiftSyntax SyntaxTraits.swift
[85/121] Compiling SwiftSyntax SyntaxVisitor.swift
[86/121] Compiling SwiftSyntax TokenKind.swift
[87/121] Compiling SwiftSyntax Tokens.swift
[88/121] Compiling SwiftSyntax TriviaPieces.swift
[89/121] Compiling SwiftSyntax RawSyntaxNodesAB.swift
[90/121] Compiling SwiftSyntax RawSyntaxNodesC.swift
[91/121] Compiling SwiftSyntax Utils.swift
[92/121] Compiling SwiftSyntax ChildNameForKeyPath.swift
[93/121] Compiling SwiftSyntax Keyword.swift
[94/121] Compiling SwiftSyntax RenamedChildrenCompatibility.swift
[95/121] Compiling SwiftSyntax RenamedNodesCompatibility.swift
[96/121] Compiling SwiftSyntax SyntaxAnyVisitor.swift
[97/121] Compiling SwiftSyntax SyntaxBaseNodes.swift
[98/121] Compiling SwiftSyntax SyntaxCollections.swift
[99/121] Compiling SwiftSyntax SyntaxEnum.swift
[100/121] Compiling SwiftSyntax SyntaxNodesC.swift
[101/121] Compiling SwiftSyntax SyntaxNodesD.swift
[102/121] Compiling SwiftSyntax SyntaxNodesEF.swift
[103/121] Compiling SwiftSyntax SyntaxNodesGHI.swift
[104/121] Compiling SwiftSyntax SyntaxNodesJKLMN.swift
[105/121] Compiling SwiftSyntax SyntaxNodesOP.swift
[106/121] Compiling SwiftSyntax SyntaxNodesQRS.swift
[107/121] Compiling SwiftSyntax SyntaxNodesTUVWXYZ.swift
[108/132] Wrapping AST for SwiftSyntax for debugging
[110/179] Compiling SwiftParser ExpressionInterpretedAsVersionTuple.swift
[111/179] Compiling SwiftParser Expressions.swift
[112/180] Compiling SwiftDiagnostics Message.swift
[113/180] Compiling SwiftBasicFormat Trivia+FormatExtensions.swift
[114/180] Compiling SwiftBasicFormat Syntax+Extensions.swift
[115/180] Compiling SwiftBasicFormat InferIndentation.swift
[116/180] Compiling SwiftBasicFormat SyntaxProtocol+Formatted.swift
[117/180] Compiling SwiftParser IncrementalParseTransition.swift
[118/180] Compiling SwiftParser IsValidIdentifier.swift
[119/180] Emitting module SwiftBasicFormat
[120/180] Compiling SwiftDiagnostics Note.swift
[121/180] Compiling SwiftBasicFormat BasicFormat.swift
[122/181] Wrapping AST for SwiftBasicFormat for debugging
[124/181] Compiling SwiftDiagnostics GroupedDiagnostics.swift
[125/181] Compiling SwiftDiagnostics FixIt.swift
[126/181] Compiling SwiftParser SwiftParserCompatibility.swift
[127/181] Compiling SwiftParser SwiftVersion.swift
[128/181] Compiling SwiftParser SyntaxUtils.swift
[129/181] Compiling SwiftParser TokenConsumer.swift
[130/181] Compiling SwiftParser TokenPrecedence.swift
[131/186] Emitting module SwiftDiagnostics
[132/186] Compiling SwiftDiagnostics DiagnosticsFormatter.swift
[133/186] Compiling SwiftDiagnostics DiagnosticDecorator.swift
[134/187] Wrapping AST for SwiftDiagnostics for debugging
[136/187] Emitting module SwiftParser
[137/187] Compiling SwiftParser Patterns.swift
[138/187] Compiling SwiftParser Recovery.swift
[139/187] Compiling SwiftParser Specifiers.swift
[140/187] Compiling SwiftParser Statements.swift
[141/187] Compiling SwiftParser StringLiteralRepresentedLiteralValue.swift
[142/187] Compiling SwiftParser StringLiterals.swift
[143/187] Compiling SwiftParser LexemeSequence.swift
[144/187] Compiling SwiftParser Lexer.swift
[145/187] Compiling SwiftParser RegexLiteralLexer.swift
[146/187] Compiling SwiftParser UnicodeScalarExtensions.swift
[147/187] Compiling SwiftParser Lookahead.swift
[148/187] Compiling SwiftParser LoopProgressCondition.swift
[149/187] Compiling SwiftParser Attributes.swift
[150/187] Compiling SwiftParser Availability.swift
[151/187] Compiling SwiftParser CharacterInfo.swift
[152/187] Compiling SwiftParser CollectionNodes+Parsable.swift
[153/187] Compiling SwiftParser Declarations.swift
[154/187] Compiling SwiftParser Directives.swift
[159/187] Compiling SwiftParser Cursor.swift
[160/187] Compiling SwiftParser Lexeme.swift
[161/187] Compiling SwiftParser Modifiers.swift
[162/187] Compiling SwiftParser Names.swift
[163/187] Compiling SwiftParser Nominals.swift
[164/187] Compiling SwiftParser Parameters.swift
[165/187] Compiling SwiftParser ParseSourceFile.swift
[166/187] Compiling SwiftParser Parser.swift
[167/187] Compiling SwiftParser TokenSpec.swift
[168/187] Compiling SwiftParser TokenSpecSet.swift
[169/187] Compiling SwiftParser TopLevel.swift
[170/187] Compiling SwiftParser TriviaParser.swift
[171/187] Compiling SwiftParser Types.swift
[172/187] Compiling SwiftParser ExperimentalFeatures.swift
[173/187] Compiling SwiftParser IsLexerClassified.swift
[174/187] Compiling SwiftParser LayoutNodes+Parsable.swift
[175/187] Compiling SwiftParser Parser+TokenSpecSet.swift
[176/187] Compiling SwiftParser TokenSpecStaticMembers.swift
[177/188] Wrapping AST for SwiftParser for debugging
[179/211] Compiling SwiftParserDiagnostics SyntaxKindNameForDiagnostics.swift
[180/212] Compiling SwiftOperators PrecedenceGraph.swift
[181/213] Compiling SwiftOperators PrecedenceGroup.swift
[182/213] Compiling SwiftParserDiagnostics TokenNameForDiagnostics.swift
[183/213] Compiling SwiftOperators OperatorTable.swift
[184/213] Compiling SwiftParserDiagnostics SyntaxExtensions.swift
[185/213] Compiling SwiftParserDiagnostics Utils.swift
[186/213] Compiling SwiftOperators SyntaxSynthesis.swift
[187/213] Compiling SwiftOperators OperatorTable+Semantics.swift
[188/213] Compiling SwiftOperators OperatorError.swift
[189/213] Compiling SwiftOperators OperatorTable+Defaults.swift
[190/213] Compiling SwiftOperators OperatorTable+Folding.swift
[191/213] Emitting module SwiftOperators
[192/213] Compiling SwiftOperators Operator.swift
[193/213] Compiling SwiftOperators OperatorError+Diagnostics.swift
[194/214] Wrapping AST for SwiftOperators for debugging
[196/214] Compiling SwiftParserDiagnostics ChildNameForDiagnostics.swift
[201/214] Emitting module SwiftParserDiagnostics
[202/214] Compiling SwiftParserDiagnostics MissingNodesError.swift
[203/214] Compiling SwiftParserDiagnostics MissingTokenError.swift
[204/214] Compiling SwiftParserDiagnostics MultiLineStringLiteralDiagnosticsGenerator.swift
[205/214] Compiling SwiftParserDiagnostics ParseDiagnosticsGenerator.swift
[206/215] Wrapping AST for SwiftParserDiagnostics for debugging
[208/230] Compiling SwiftSyntaxBuilder SyntaxParsable+ExpressibleByStringInterpolation.swift
[209/230] Compiling SwiftSyntaxBuilder ValidatingSyntaxNodes.swift
[210/231] Compiling SwiftSyntaxBuilder SyntaxExpressibleByStringInterpolationConformances.swift
[211/231] Compiling SwiftSyntaxBuilder WithTrailingCommaSyntax+EnsuringTrailingComma.swift
[212/231] Compiling SwiftSyntaxBuilder BuildableNodes.swift
[213/231] Compiling SwiftSyntaxBuilder Syntax+StringInterpolation.swift
[214/231] Compiling SwiftSyntaxBuilder SyntaxNodeWithBody.swift
[215/231] Compiling SwiftSyntaxBuilder ConvenienceInitializers.swift
[216/231] Compiling SwiftSyntaxBuilder DeclSyntaxParseable.swift
[217/231] Compiling SwiftSyntaxBuilder Indenter.swift
[218/231] Compiling SwiftSyntaxBuilder ListBuilder.swift
[219/231] Emitting module SwiftSyntaxBuilder
[220/231] Compiling SwiftSyntaxBuilder ResultBuilderExtensions.swift
[221/231] Compiling SwiftSyntaxBuilder SwiftSyntaxBuilderCompatibility.swift
[222/231] Compiling SwiftSyntaxBuilder RenamedChildrenBuilderCompatibility.swift
[223/231] Compiling SwiftSyntaxBuilder ResultBuilders.swift
[224/232] Wrapping AST for SwiftSyntaxBuilder for debugging
[226/249] Emitting module SwiftSyntaxMacros
[227/251] Compiling SwiftSyntaxMacros ExpressionMacro.swift
[228/251] Compiling SwiftSyntaxMacros ExtensionMacro.swift
[229/251] Compiling SwiftSyntaxMacros CodeItemMacro.swift
[230/251] Compiling SwiftSyntaxMacros DeclarationMacro.swift
[231/251] Compiling SwiftSyntaxMacros FreestandingMacro.swift
[232/251] Compiling SwiftSyntaxMacros Macro+Format.swift
[233/251] Compiling SwiftSyntaxMacros Macro.swift
[234/251] Compiling SwiftSyntaxMacros MemberAttributeMacro.swift
[235/251] Compiling SwiftSyntaxMacros MemberMacro.swift
[236/251] Compiling SwiftSyntaxMacros PeerMacro.swift
[237/251] Compiling SwiftSyntaxMacros AccessorMacro.swift
[238/251] Compiling SwiftSyntaxMacros AttachedMacro.swift
[239/251] Compiling SwiftSyntaxMacros BodyMacro.swift
[240/251] Compiling SwiftSyntaxMacros PreambleMacro.swift
[241/251] Compiling SwiftSyntaxMacros Syntax+LexicalContext.swift
[242/251] Compiling SwiftSyntaxMacros AbstractSourceLocation.swift
[243/251] Compiling SwiftSyntaxMacros MacroExpansionContext.swift
[244/251] Compiling SwiftSyntaxMacros MacroExpansionDiagnosticMessages.swift
[245/252] Wrapping AST for SwiftSyntaxMacros for debugging
[247/261] Compiling SwiftSyntaxMacroExpansion BasicMacroExpansionContext.swift
[248/261] Compiling SwiftSyntaxMacroExpansion FunctionParameterUtils.swift
[249/261] Compiling SwiftSyntaxMacroExpansion MacroArgument.swift
[250/261] Compiling SwiftSyntaxMacroExpansion IndentationUtils.swift
[251/262] Compiling SwiftSyntaxMacroExpansion MacroSpec.swift
[252/262] Compiling SwiftSyntaxMacroExpansion MacroReplacement.swift
[253/262] Emitting module SwiftSyntaxMacroExpansion
[254/262] Compiling SwiftSyntaxMacroExpansion MacroExpansion.swift
[255/262] Compiling SwiftSyntaxMacroExpansion MacroExpansionDiagnosticMessages.swift
[256/262] Compiling SwiftSyntaxMacroExpansion MacroSystem.swift
[257/263] Wrapping AST for SwiftSyntaxMacroExpansion for debugging
[259/275] Compiling SwiftCompilerPluginMessageHandling PluginMessageCompatibility.swift
[260/276] Compiling SwiftCompilerPluginMessageHandling LRUCache.swift
[261/276] Compiling SwiftCompilerPluginMessageHandling Macros.swift
[262/276] Compiling SwiftCompilerPluginMessageHandling StandardIOMessageConnection.swift
[263/276] Compiling SwiftCompilerPluginMessageHandling PluginMessages.swift
[264/276] Compiling SwiftCompilerPluginMessageHandling PluginMacroExpansionContext.swift
[265/276] Compiling SwiftCompilerPluginMessageHandling JSONDecoding.swift
[266/276] Compiling SwiftCompilerPluginMessageHandling JSONEncoding.swift
[267/276] Emitting module SwiftCompilerPluginMessageHandling
[268/276] Compiling SwiftCompilerPluginMessageHandling CodingUtilities.swift
[269/276] Compiling SwiftCompilerPluginMessageHandling JSON.swift
[270/276] Compiling SwiftCompilerPluginMessageHandling CompilerPluginMessageHandler.swift
[271/276] Compiling SwiftCompilerPluginMessageHandling Diagnostics.swift
[272/277] Wrapping AST for SwiftCompilerPluginMessageHandling for debugging
[274/279] Emitting module SwiftCompilerPlugin
[275/279] Compiling SwiftCompilerPlugin CompilerPlugin.swift
[276/280] Wrapping AST for SwiftCompilerPlugin for debugging
[278/284] Compiling ScaffoldingMacros Plugin.swift
[279/284] Compiling ScaffoldingMacros ScaffoldingIgnoredMacro.swift
[280/284] Compiling ScaffoldingMacros ScaffoldableMacro.swift
[281/284] Emitting module ScaffoldingMacros
[282/285] Wrapping AST for ScaffoldingMacros for debugging
[283/285] Write Objects.LinkFileList
[284/285] Linking ScaffoldingMacros-tool
[286/335] Compiling Scaffolding Coordinatable.swift
/host/spi-builder-workspace/Sources/Scaffolding/Coordinatable/Coordinatable.swift:8:8: error: no such module 'SwiftUI'
6 | //
7 |
8 | import SwiftUI
| `- error: no such module 'SwiftUI'
9 | import os.log
10 |
[287/335] Compiling Scaffolding CoordinatableData.swift
/host/spi-builder-workspace/Sources/Scaffolding/Coordinatable/Coordinatable.swift:8:8: error: no such module 'SwiftUI'
6 | //
7 |
8 | import SwiftUI
| `- error: no such module 'SwiftUI'
9 | import os.log
10 |
[288/335] Compiling Scaffolding CoordinatableView.swift
/host/spi-builder-workspace/Sources/Scaffolding/Coordinatable/Coordinatable.swift:8:8: error: no such module 'SwiftUI'
6 | //
7 |
8 | import SwiftUI
| `- error: no such module 'SwiftUI'
9 | import os.log
10 |
[289/335] Compiling Scaffolding DebugHierarchy.swift
/host/spi-builder-workspace/Sources/Scaffolding/Coordinatable/Coordinatable.swift:8:8: error: no such module 'SwiftUI'
6 | //
7 |
8 | import SwiftUI
| `- error: no such module 'SwiftUI'
9 | import os.log
10 |
[290/338] Compiling Scaffolding Destination+Dismissal.swift
/host/spi-builder-workspace/Sources/Scaffolding/Coordinatable/Coordinatable.swift:8:8: error: no such module 'SwiftUI'
6 | //
7 |
8 | import SwiftUI
| `- error: no such module 'SwiftUI'
9 | import os.log
10 |
[291/338] Compiling Scaffolding Destination.swift
/host/spi-builder-workspace/Sources/Scaffolding/Coordinatable/Coordinatable.swift:8:8: error: no such module 'SwiftUI'
6 | //
7 |
8 | import SwiftUI
| `- error: no such module 'SwiftUI'
9 | import os.log
10 |
[292/338] Compiling Scaffolding DestinationLifecycle.swift
/host/spi-builder-workspace/Sources/Scaffolding/Coordinatable/Coordinatable.swift:8:8: error: no such module 'SwiftUI'
6 | //
7 |
8 | import SwiftUI
| `- error: no such module 'SwiftUI'
9 | import os.log
10 |
[293/338] Compiling Scaffolding DummyDestination.swift
/host/spi-builder-workspace/Sources/Scaffolding/Coordinatable/Coordinatable.swift:8:8: error: no such module 'SwiftUI'
6 | //
7 |
8 | import SwiftUI
| `- error: no such module 'SwiftUI'
9 | import os.log
10 |
/host/spi-builder-workspace/Sources/Scaffolding/Coordinatable/Coordinatable.swift:8:8: error: no such module 'SwiftUI'
6 | //
7 |
8 | import SwiftUI
| `- error: no such module 'SwiftUI'
9 | import os.log
10 |
/host/spi-builder-workspace/Sources/Scaffolding/Coordinatable/Coordinatable.swift:8:8: error: no such module 'SwiftUI'
6 | //
7 |
8 | import SwiftUI
| `- error: no such module 'SwiftUI'
9 | import os.log
10 |
/host/spi-builder-workspace/Sources/Scaffolding/Coordinatable/Coordinatable.swift:8:8: error: no such module 'SwiftUI'
6 | //
7 |
8 | import SwiftUI
| `- error: no such module 'SwiftUI'
9 | import os.log
10 |
/host/spi-builder-workspace/Sources/Scaffolding/Coordinatable/Coordinatable.swift:8:8: error: no such module 'SwiftUI'
6 | //
7 |
8 | import SwiftUI
| `- error: no such module 'SwiftUI'
9 | import os.log
10 |
/host/spi-builder-workspace/Sources/Scaffolding/Coordinatable/Coordinatable.swift:8:8: error: no such module 'SwiftUI'
6 | //
7 |
8 | import SwiftUI
| `- error: no such module 'SwiftUI'
9 | import os.log
10 |
/host/spi-builder-workspace/Sources/Scaffolding/Coordinatable/Coordinatable.swift:8:8: error: no such module 'SwiftUI'
6 | //
7 |
8 | import SwiftUI
| `- error: no such module 'SwiftUI'
9 | import os.log
10 |
/host/spi-builder-workspace/Sources/Scaffolding/Coordinatable/Coordinatable.swift:8:8: error: no such module 'SwiftUI'
6 | //
7 |
8 | import SwiftUI
| `- error: no such module 'SwiftUI'
9 | import os.log
10 |
/host/spi-builder-workspace/Sources/Scaffolding/Coordinatable/Coordinatable.swift:8:8: error: no such module 'SwiftUI'
6 | //
7 |
8 | import SwiftUI
| `- error: no such module 'SwiftUI'
9 | import os.log
10 |
[302/341] Compiling Scaffolding HierarchySnapshot.swift
/host/spi-builder-workspace/Sources/Scaffolding/Coordinatable/Coordinatable.swift:8:8: error: no such module 'SwiftUI'
6 | //
7 |
8 | import SwiftUI
| `- error: no such module 'SwiftUI'
9 | import os.log
10 |
Internal Error: DecodingError.dataCorrupted: Data was corrupted. Debug description: Corrupted JSON. Underlying error: unexpected end of file
[303/341] Compiling Scaffolding ModalNavigation.swift
/host/spi-builder-workspace/Sources/Scaffolding/Coordinatable/Coordinatable.swift:8:8: error: no such module 'SwiftUI'
6 | //
7 |
8 | import SwiftUI
| `- error: no such module 'SwiftUI'
9 | import os.log
10 |
Internal Error: DecodingError.dataCorrupted: Data was corrupted. Debug description: Corrupted JSON. Underlying error: unexpected end of file
[304/341] Compiling Scaffolding NavigationAnimation.swift
/host/spi-builder-workspace/Sources/Scaffolding/Coordinatable/Coordinatable.swift:8:8: error: no such module 'SwiftUI'
6 | //
7 |
8 | import SwiftUI
| `- error: no such module 'SwiftUI'
9 | import os.log
10 |
Internal Error: DecodingError.dataCorrupted: Data was corrupted. Debug description: Corrupted JSON. Underlying error: unexpected end of file
[305/341] Compiling Scaffolding NavigationState.swift
/host/spi-builder-workspace/Sources/Scaffolding/Coordinatable/Coordinatable.swift:8:8: error: no such module 'SwiftUI'
6 | //
7 |
8 | import SwiftUI
| `- error: no such module 'SwiftUI'
9 | import os.log
10 |
[306/341] Compiling Scaffolding NavigationStateReport.swift
/host/spi-builder-workspace/Sources/Scaffolding/Coordinatable/Coordinatable.swift:8:8: error: no such module 'SwiftUI'
6 | //
7 |
8 | import SwiftUI
| `- error: no such module 'SwiftUI'
9 | import os.log
10 |
[307/341] Compiling Scaffolding PresentationInheritance.swift
/host/spi-builder-workspace/Sources/Scaffolding/Coordinatable/Coordinatable.swift:8:8: error: no such module 'SwiftUI'
6 | //
7 |
8 | import SwiftUI
| `- error: no such module 'SwiftUI'
9 | import os.log
10 |
[308/341] Compiling Scaffolding View+FlowCoordinatable.swift
/host/spi-builder-workspace/Sources/Scaffolding/Coordinatable/Coordinatable.swift:8:8: error: no such module 'SwiftUI'
6 | //
7 |
8 | import SwiftUI
| `- error: no such module 'SwiftUI'
9 | import os.log
10 |
[309/341] Compiling Scaffolding Root.swift
/host/spi-builder-workspace/Sources/Scaffolding/Coordinatable/Coordinatable.swift:8:8: error: no such module 'SwiftUI'
6 | //
7 |
8 | import SwiftUI
| `- error: no such module 'SwiftUI'
9 | import os.log
10 |
[310/341] Compiling Scaffolding Hierarchy.swift
/host/spi-builder-workspace/Sources/Scaffolding/Coordinatable/Coordinatable.swift:8:8: error: no such module 'SwiftUI'
6 | //
7 |
8 | import SwiftUI
| `- error: no such module 'SwiftUI'
9 | import os.log
10 |
[311/341] Compiling Scaffolding View+Coordinatable.swift
/host/spi-builder-workspace/Sources/Scaffolding/Coordinatable/Coordinatable.swift:8:8: error: no such module 'SwiftUI'
6 | //
7 |
8 | import SwiftUI
| `- error: no such module 'SwiftUI'
9 | import os.log
10 |
[312/341] Compiling Scaffolding FlowCoordinatable.swift
/host/spi-builder-workspace/Sources/Scaffolding/Coordinatable/Coordinatable.swift:8:8: error: no such module 'SwiftUI'
6 | //
7 |
8 | import SwiftUI
| `- error: no such module 'SwiftUI'
9 | import os.log
10 |
[313/341] Compiling Scaffolding FlowStack.swift
/host/spi-builder-workspace/Sources/Scaffolding/Coordinatable/Coordinatable.swift:8:8: error: no such module 'SwiftUI'
6 | //
7 |
8 | import SwiftUI
| `- error: no such module 'SwiftUI'
9 | import os.log
10 |
error: emit-module command failed with exit code 1 (use -v to see invocation)
[314/341] Emitting module Scaffolding
/host/spi-builder-workspace/Sources/Scaffolding/Coordinatable/Coordinatable.swift:8:8: error: no such module 'SwiftUI'
6 | //
7 |
8 | import SwiftUI
| `- error: no such module 'SwiftUI'
9 | import os.log
10 |
Internal Error: DecodingError.dataCorrupted: Data was corrupted. Debug description: Corrupted JSON. Underlying error: unexpected end of file
[315/341] Compiling Scaffolding Scaffolding.swift
/host/spi-builder-workspace/Sources/Scaffolding/Coordinatable/Coordinatable.swift:8:8: error: no such module 'SwiftUI'
6 | //
7 |
8 | import SwiftUI
| `- error: no such module 'SwiftUI'
9 | import os.log
10 |
[316/341] Compiling Scaffolding SplitColumns.swift
/host/spi-builder-workspace/Sources/Scaffolding/Coordinatable/Coordinatable.swift:8:8: error: no such module 'SwiftUI'
6 | //
7 |
8 | import SwiftUI
| `- error: no such module 'SwiftUI'
9 | import os.log
10 |
[317/341] Compiling Scaffolding SplitCoordinatable.swift
/host/spi-builder-workspace/Sources/Scaffolding/Coordinatable/Coordinatable.swift:8:8: error: no such module 'SwiftUI'
6 | //
7 |
8 | import SwiftUI
| `- error: no such module 'SwiftUI'
9 | import os.log
10 |
/host/spi-builder-workspace/Sources/Scaffolding/Coordinatable/Coordinatable.swift:8:8: error: no such module 'SwiftUI'
6 | //
7 |
8 | import SwiftUI
| `- error: no such module 'SwiftUI'
9 | import os.log
10 |
/host/spi-builder-workspace/Sources/Scaffolding/Coordinatable/Coordinatable.swift:8:8: error: no such module 'SwiftUI'
6 | //
7 |
8 | import SwiftUI
| `- error: no such module 'SwiftUI'
9 | import os.log
10 |
/host/spi-builder-workspace/Sources/Scaffolding/Coordinatable/Coordinatable.swift:8:8: error: no such module 'SwiftUI'
6 | //
7 |
8 | import SwiftUI
| `- error: no such module 'SwiftUI'
9 | import os.log
10 |
error: emit-module command failed with exit code 1 (use -v to see invocation)
[321/341] Emitting module Scaffolding
/host/spi-builder-workspace/Sources/Scaffolding/Coordinatable/Coordinatable.swift:8:8: error: no such module 'SwiftUI'
6 | //
7 |
8 | import SwiftUI
| `- error: no such module 'SwiftUI'
9 | import os.log
10 |
[322/341] Compiling Scaffolding View+FlowCoordinatable.swift
/host/spi-builder-workspace/Sources/Scaffolding/Coordinatable/Coordinatable.swift:8:8: error: no such module 'SwiftUI'
6 | //
7 |
8 | import SwiftUI
| `- error: no such module 'SwiftUI'
9 | import os.log
10 |
/host/spi-builder-workspace/Sources/Scaffolding/Coordinatable/Coordinatable.swift:8:8: error: no such module 'SwiftUI'
6 | //
7 |
8 | import SwiftUI
| `- error: no such module 'SwiftUI'
9 | import os.log
10 |
/host/spi-builder-workspace/Sources/Scaffolding/Coordinatable/Coordinatable.swift:8:8: error: no such module 'SwiftUI'
6 | //
7 |
8 | import SwiftUI
| `- error: no such module 'SwiftUI'
9 | import os.log
10 |
/host/spi-builder-workspace/Sources/Scaffolding/Coordinatable/Coordinatable.swift:8:8: error: no such module 'SwiftUI'
6 | //
7 |
8 | import SwiftUI
| `- error: no such module 'SwiftUI'
9 | import os.log
10 |
/host/spi-builder-workspace/Sources/Scaffolding/Coordinatable/Coordinatable.swift:8:8: error: no such module 'SwiftUI'
6 | //
7 |
8 | import SwiftUI
| `- error: no such module 'SwiftUI'
9 | import os.log
10 |
/host/spi-builder-workspace/Sources/Scaffolding/Coordinatable/Coordinatable.swift:8:8: error: no such module 'SwiftUI'
6 | //
7 |
8 | import SwiftUI
| `- error: no such module 'SwiftUI'
9 | import os.log
10 |
/host/spi-builder-workspace/Sources/Scaffolding/Coordinatable/Coordinatable.swift:8:8: error: no such module 'SwiftUI'
6 | //
7 |
8 | import SwiftUI
| `- error: no such module 'SwiftUI'
9 | import os.log
10 |
/host/spi-builder-workspace/Sources/Scaffolding/Coordinatable/Coordinatable.swift:8:8: error: no such module 'SwiftUI'
6 | //
7 |
8 | import SwiftUI
| `- error: no such module 'SwiftUI'
9 | import os.log
10 |
/host/spi-builder-workspace/Sources/Scaffolding/Coordinatable/Coordinatable.swift:8:8: error: no such module 'SwiftUI'
6 | //
7 |
8 | import SwiftUI
| `- error: no such module 'SwiftUI'
9 | import os.log
10 |
/host/spi-builder-workspace/Sources/Scaffolding/Coordinatable/Coordinatable.swift:8:8: error: no such module 'SwiftUI'
6 | //
7 |
8 | import SwiftUI
| `- error: no such module 'SwiftUI'
9 | import os.log
10 |
/host/spi-builder-workspace/Sources/Scaffolding/Coordinatable/Coordinatable.swift:8:8: error: no such module 'SwiftUI'
6 | //
7 |
8 | import SwiftUI
| `- error: no such module 'SwiftUI'
9 | import os.log
10 |
/host/spi-builder-workspace/Sources/Scaffolding/Coordinatable/Coordinatable.swift:8:8: error: no such module 'SwiftUI'
6 | //
7 |
8 | import SwiftUI
| `- error: no such module 'SwiftUI'
9 | import os.log
10 |
/host/spi-builder-workspace/Sources/Scaffolding/Coordinatable/Coordinatable.swift:8:8: error: no such module 'SwiftUI'
6 | //
7 |
8 | import SwiftUI
| `- error: no such module 'SwiftUI'
9 | import os.log
10 |
/host/spi-builder-workspace/Sources/Scaffolding/Coordinatable/Coordinatable.swift:8:8: error: no such module 'SwiftUI'
6 | //
7 |
8 | import SwiftUI
| `- error: no such module 'SwiftUI'
9 | import os.log
10 |
[336/341] Compiling Scaffolding NativeTabMetadata.swift
/host/spi-builder-workspace/Sources/Scaffolding/Coordinatable/Coordinatable.swift:8:8: error: no such module 'SwiftUI'
6 | //
7 |
8 | import SwiftUI
| `- error: no such module 'SwiftUI'
9 | import os.log
10 |
[337/341] Compiling Scaffolding TabCoordinatable.swift
/host/spi-builder-workspace/Sources/Scaffolding/Coordinatable/Coordinatable.swift:8:8: error: no such module 'SwiftUI'
6 | //
7 |
8 | import SwiftUI
| `- error: no such module 'SwiftUI'
9 | import os.log
10 |
[338/341] Compiling Scaffolding TabItems.swift
/host/spi-builder-workspace/Sources/Scaffolding/Coordinatable/Coordinatable.swift:8:8: error: no such module 'SwiftUI'
6 | //
7 |
8 | import SwiftUI
| `- error: no such module 'SwiftUI'
9 | import os.log
10 |
BUILD FAILURE 6.3 linux