Build Information
Failed to build SimulatorStatusMagic, reference master (39abc4), with Swift 6.1 for macOS (SPM) on 28 Aug 2026 11:40:08 UTC.
Build Command
env DEVELOPER_DIR=/Applications/Xcode-16.3.0.app xcrun swift build --arch arm64Build Log
========================================
RunAll
========================================
Builder version: 5.0.2
Interrupt handler set up.
========================================
Checkout
========================================
Clone URL: https://github.com/shinydevelopment/SimulatorStatusMagic.git
Reference: master
Initialized empty Git repository in /Users/admin/builder/spi-builder-workspace/.git/
From https://github.com/shinydevelopment/SimulatorStatusMagic
* branch master -> FETCH_HEAD
* [new branch] master -> origin/master
HEAD is now at 39abc4e Merge pull request #126 from shinydevelopment/bump-deployment-target
Cloned https://github.com/shinydevelopment/SimulatorStatusMagic.git
Revision (git rev-parse @):
39abc4e7ddc356d7689fee134939aa9e2d477005
SUCCESS checkout https://github.com/shinydevelopment/SimulatorStatusMagic.git at master
========================================
Build
========================================
Selected platform: macosSpm
Swift version: 6.1
Building package at path: $PWD
https://github.com/shinydevelopment/SimulatorStatusMagic.git
https://github.com/shinydevelopment/SimulatorStatusMagic.git
{
"default_localization" : "en",
"dependencies" : [
],
"manifest_display_name" : "SimulatorStatusMagic",
"name" : "SimulatorStatusMagic",
"path" : "/Users/admin/builder/spi-builder-workspace",
"platforms" : [
{
"name" : "ios",
"version" : "9.0"
},
{
"name" : "macos",
"version" : "10.15"
}
],
"products" : [
{
"name" : "SimulatorStatusMagic",
"targets" : [
"SimulatorStatusMagic"
],
"type" : {
"library" : [
"dynamic"
]
}
}
],
"targets" : [
{
"c99name" : "SimulatorStatusMagic",
"module_type" : "ClangTarget",
"name" : "SimulatorStatusMagic",
"path" : "SDStatusBarManager",
"product_memberships" : [
"SimulatorStatusMagic"
],
"sources" : [
"SDStatusBarManager.m",
"SDStatusBarOverriderPost10_0.m",
"SDStatusBarOverriderPost10_3.m",
"SDStatusBarOverriderPost11_0.m",
"SDStatusBarOverriderPost12_0.m",
"SDStatusBarOverriderPost13_0.m",
"SDStatusBarOverriderPost14_0.m",
"SDStatusBarOverriderPost15_0.m",
"SDStatusBarOverriderPost16_0.m",
"SDStatusBarOverriderPost17_0.m",
"SDStatusBarOverriderPost8_3.m",
"SDStatusBarOverriderPost9_0.m",
"SDStatusBarOverriderPost9_3.m",
"SDStatusBarOverriderPre8_3.m"
],
"type" : "library"
}
],
"tools_version" : "5.6"
}
Running build ...
env DEVELOPER_DIR=/Applications/Xcode-16.3.0.app xcrun swift build --arch arm64 -Xswiftc -Xfrontend -Xswiftc -stats-output-dir -Xswiftc -Xfrontend -Xswiftc .stats -Xswiftc -strict-concurrency=complete -Xswiftc -enable-upcoming-feature -Xswiftc StrictConcurrency -Xswiftc -enable-upcoming-feature -Xswiftc DisableOutwardActorInference -Xswiftc -enable-upcoming-feature -Xswiftc GlobalActorIsolatedTypesUsability -Xswiftc -enable-upcoming-feature -Xswiftc InferSendableFromCaptures
Building for debugging...
/Users/admin/builder/spi-builder-workspace/SDStatusBarManager/SDStatusBarOverriderPost10_3.m:9:9: fatal error: 'UIKit/UIKit.h' file not found
9 | #import <UIKit/UIKit.h>
| ^~~~~~~~~~~~~~~
1 error generated.
[0/16] Compiling SimulatorStatusMagic SDStatusBarOverriderPost10_3.m
/Users/admin/builder/spi-builder-workspace/SDStatusBarManager/SDStatusBarOverriderPost9_3.m:25:9: fatal error: 'UIKit/UIKit.h' file not found
25 | #import <UIKit/UIKit.h>
| ^~~~~~~~~~~~~~~
[0/16] Compiling SimulatorStatusMagic SDStatusBarOverriderPost9_3.m
/Users/admin/builder/spi-builder-workspace/SDStatusBarManager/SDStatusBarOverriderPost9_0.m:25:9: fatal error: 'UIKit/UIKit.h' file not found
25 | #import <UIKit/UIKit.h>
| ^~~~~~~~~~~~~~~
[0/16] Compiling SimulatorStatusMagic SDStatusBarOverriderPost9_0.m
/Users/admin/builder/spi-builder-workspace/SDStatusBarManager/SDStatusBarOverriderPre8_3.m:25:9: fatal error: 'UIKit/UIKit.h' file not found
25 | #import <UIKit/UIKit.h>
| ^~~~~~~~~~~~~~~
[0/16] Compiling SimulatorStatusMagic SDStatusBarOverriderPre8_3.m
/Users/admin/builder/spi-builder-workspace/SDStatusBarManager/SDStatusBarManager.m:25:9: fatal error: 'UIKit/UIKit.h' file not found
25 | #import <UIKit/UIKit.h>
| ^~~~~~~~~~~~~~~
[0/16] Compiling SimulatorStatusMagic SDStatusBarManager.m
/Users/admin/builder/spi-builder-workspace/SDStatusBarManager/SDStatusBarOverriderPost12_0.m:9:9: fatal error: 'UIKit/UIKit.h' file not found
9 | #import <UIKit/UIKit.h>
| ^~~~~~~~~~~~~~~
/Users/admin/builder/spi-builder-workspace/SDStatusBarManager/SDStatusBarOverriderPost13_0.m:9:9: fatal error: 'UIKit/UIKit.h' file not found
9 | #import <UIKit/UIKit.h>
| ^~~~~~~~~~~~~~~
[0/16] Compiling SimulatorStatusMagic SDStatusBarOverriderPost13_0.m
[0/16] Compiling SimulatorStatusMagic SDStatusBarOverriderPost12_0.m
/Users/admin/builder/spi-builder-workspace/SDStatusBarManager/SDStatusBarOverriderPost10_0.m:25:9: fatal error: 'UIKit/UIKit.h' file not found
25 | #import <UIKit/UIKit.h>
| ^~~~~~~~~~~~~~~
[0/16] Compiling SimulatorStatusMagic SDStatusBarOverriderPost10_0.m
/Users/admin/builder/spi-builder-workspace/SDStatusBarManager/SDStatusBarOverriderPost14_0.m:9:9: fatal error: 'UIKit/UIKit.h' file not found
9 | #import <UIKit/UIKit.h>
| ^~~~~~~~~~~~~~~
/Users/admin/builder/spi-builder-workspace/SDStatusBarManager/SDStatusBarOverriderPost11_0.m:9:9: fatal error: 'UIKit/UIKit.h' file not found
9 | #import <UIKit/UIKit.h>
| ^~~~~~~~~~~~~~~
[0/16] Compiling SimulatorStatusMagic SDStatusBarOverriderPost11_0.m
[0/16] Compiling SimulatorStatusMagic SDStatusBarOverriderPost14_0.m
Running build ...
env DEVELOPER_DIR=/Applications/Xcode-16.3.0.app xcrun swift build --arch arm64
[0/1] Planning build
Building for debugging...
/Users/admin/builder/spi-builder-workspace/SDStatusBarManager/SDStatusBarOverriderPost9_3.m:25:9: fatal error: 'UIKit/UIKit.h' file not found
25 | #import <UIKit/UIKit.h>
| ^~~~~~~~~~~~~~~
1 error generated.
[0/16] Compiling SimulatorStatusMagic SDStatusBarOverriderPost9_3.m
/Users/admin/builder/spi-builder-workspace/SDStatusBarManager/SDStatusBarOverriderPost9_0.m:25:9: fatal error: 'UIKit/UIKit.h' file not found
25 | #import <UIKit/UIKit.h>
| ^~~~~~~~~~~~~~~
[0/16] Compiling SimulatorStatusMagic SDStatusBarOverriderPost9_0.m
/Users/admin/builder/spi-builder-workspace/SDStatusBarManager/SDStatusBarOverriderPost15_0.m:9:9: fatal error: 'UIKit/UIKit.h' file not found
9 | #import <UIKit/UIKit.h>
| ^~~~~~~~~~~~~~~
/Users/admin/builder/spi-builder-workspace/SDStatusBarManager/SDStatusBarOverriderPost14_0.m:9:9: fatal error: 'UIKit/UIKit.h' file not found
9 | #import <UIKit/UIKit.h>
| ^~~~~~~~~~~~~~~
[0/16] Compiling SimulatorStatusMagic SDStatusBarOverriderPost15_0.m
[0/16] Compiling SimulatorStatusMagic SDStatusBarOverriderPost14_0.m
/Users/admin/builder/spi-builder-workspace/SDStatusBarManager/SDStatusBarOverriderPost13_0.m:9:9: fatal error: 'UIKit/UIKit.h' file not found
9 | #import <UIKit/UIKit.h>
| ^~~~~~~~~~~~~~~
[0/16] Compiling SimulatorStatusMagic SDStatusBarOverriderPost13_0.m
/Users/admin/builder/spi-builder-workspace/SDStatusBarManager/SDStatusBarOverriderPost12_0.m:9:9: fatal error: 'UIKit/UIKit.h' file not found
9 | #import <UIKit/UIKit.h>
| ^~~~~~~~~~~~~~~
[0/16] Compiling SimulatorStatusMagic SDStatusBarOverriderPost12_0.m
/Users/admin/builder/spi-builder-workspace/SDStatusBarManager/SDStatusBarOverriderPost16_0.m:9:9: fatal error: 'UIKit/UIKit.h' file not found
9 | #import <UIKit/UIKit.h>
| ^~~~~~~~~~~~~~~
[0/16] Compiling SimulatorStatusMagic SDStatusBarOverriderPost16_0.m
/Users/admin/builder/spi-builder-workspace/SDStatusBarManager/SDStatusBarOverriderPost8_3.m:25:9: fatal error: 'UIKit/UIKit.h' file not found
25 | #import <UIKit/UIKit.h>
| ^~~~~~~~~~~~~~~
[0/16] Compiling SimulatorStatusMagic SDStatusBarOverriderPost8_3.m
/Users/admin/builder/spi-builder-workspace/SDStatusBarManager/SDStatusBarOverriderPre8_3.m:25:9: fatal error: 'UIKit/UIKit.h' file not found
25 | #import <UIKit/UIKit.h>
| ^~~~~~~~~~~~~~~
[0/16] Compiling SimulatorStatusMagic SDStatusBarOverriderPre8_3.m
/Users/admin/builder/spi-builder-workspace/SDStatusBarManager/SDStatusBarOverriderPost17_0.m:9:9: fatal error: 'UIKit/UIKit.h' file not found
9 | #import <UIKit/UIKit.h>
| ^~~~~~~~~~~~~~~
[0/16] Compiling SimulatorStatusMagic SDStatusBarOverriderPost17_0.m
BUILD FAILURE 6.1 macosSpm