The Swift Package Index logo.Swift Package Index

Build Information

Failed to build adaptive-modal, reference main (11835e), with Swift 6.4 for macOS (SPM) on 20 Sep 2026 07:09:50 UTC.

Build Command

env DEVELOPER_DIR=/Applications/Xcode-27.0.0-Release.Candidate.app xcrun swift build --arch arm64

Build Log

========================================
RunAll
========================================
Builder version: 5.1.0
Interrupt handler set up.
========================================
Checkout
========================================
Clone URL: https://github.com/yoshiysh/adaptive-modal.git
Reference: main
Initialized empty Git repository in /Users/admin/builder/spi-builder-workspace/.git/
From https://github.com/yoshiysh/adaptive-modal
 * branch            main       -> FETCH_HEAD
 * [new branch]      main       -> origin/main
HEAD is now at 11835ef Remove coordinator.
Cloned https://github.com/yoshiysh/adaptive-modal.git
Revision (git rev-parse @):
11835ef36323b755ab007bdd5d627cfbe273ce95
SUCCESS checkout https://github.com/yoshiysh/adaptive-modal.git at main
========================================
Build
========================================
Selected platform:         macosSpm
Swift version:             6.4
Building package at path:  $PWD
https://github.com/yoshiysh/adaptive-modal.git
Running build ...
env DEVELOPER_DIR=/Applications/Xcode-27.0.0-Release.Candidate.app xcrun swift build --arch arm64
Building for debugging...
[Planning deferred tasks]
[19 / 28]
[20 / 29] AdaptiveModal
[30 / 106]
[33 / 106]
[41 / 106]
[43 / 106]
[44 / 106]
[49 / 106]
[52 / 106]
[55 / 106]
[61 / 106]
[64 / 106]
[66 / 106]
[67 / 106]
[77 / 106]
[79 / 106]
[80 / 106]
[83 / 106]
[85 / 106]
[97 / 106] AdaptiveModal
error: SwiftCompile normal arm64 failed with a nonzero exit code. Command line:     cd /Users/admin/builder

/Users/admin/builder/spi-builder-workspace/Sources/AdaptiveModal/Controller/ModalHostingController.swift:10:46: error: cannot find type 'UIHostingController' in scope
 8 | import SwiftUI
 9 |
10 | class ModalHostingController<Content: View>: UIHostingController<Content> {
   |                                              `- error: cannot find type 'UIHostingController' in scope
11 |     override init(rootView: Content) {
12 |         super.init(rootView: rootView)
/Users/admin/builder/spi-builder-workspace/Sources/AdaptiveModal/Controller/ModalHostingController.swift:11:14: error: initializer does not override a designated initializer from its superclass
 9 |
10 | class ModalHostingController<Content: View>: UIHostingController<Content> {
11 |     override init(rootView: Content) {
   |              `- error: initializer does not override a designated initializer from its superclass
12 |         super.init(rootView: rootView)
13 |         modalPresentationStyle = .custom
/Users/admin/builder/spi-builder-workspace/Sources/AdaptiveModal/Controller/ModalPresentationController.swift:10:36: error: cannot find type 'UIPresentationController' in scope
 8 | import SwiftUI
 9 |
10 | class ModalPresentationController: UIPresentationController {
   |                                    `- error: cannot find type 'UIPresentationController' in scope
11 |     private let dimmedView: UIView = {
12 |         let view = UIView()
/Users/admin/builder/spi-builder-workspace/Sources/AdaptiveModal/Controller/ModalPresentationController.swift:11:29: error: cannot find type 'UIView' in scope
 9 |
10 | class ModalPresentationController: UIPresentationController {
11 |     private let dimmedView: UIView = {
   |                             `- error: cannot find type 'UIView' in scope
12 |         let view = UIView()
13 |         view.backgroundColor = .black
/Users/admin/builder/spi-builder-workspace/Sources/AdaptiveModal/Controller/ModalPresentationController.swift:12:20: error: cannot find 'UIView' in scope
10 | class ModalPresentationController: UIPresentationController {
11 |     private let dimmedView: UIView = {
12 |         let view = UIView()
   |                    `- error: cannot find 'UIView' in scope
13 |         view.backgroundColor = .black
14 |         view.translatesAutoresizingMaskIntoConstraints = false
/Users/admin/builder/spi-builder-workspace/Sources/AdaptiveModal/Controller/ModalPresentationController.swift:18:19: error: method does not override any method from its superclass
16 |     }()
17 |
18 |     override func presentationTransitionWillBegin() {
   |                   `- error: method does not override any method from its superclass
19 |         guard let containerView else { return }
20 |
/Users/admin/builder/spi-builder-workspace/Sources/AdaptiveModal/Controller/ModalPresentationController.swift:36:19: error: method does not override any method from its superclass
34 |     }
35 |
36 |     override func dismissalTransitionWillBegin() {
   |                   `- error: method does not override any method from its superclass
37 |         presentedViewController.transitionCoordinator?.animate { [weak self] _ in
38 |             self?.dimmedView.alpha = 0
/Users/admin/builder/spi-builder-workspace/Sources/AdaptiveModal/Controller/ModalPresentationController.swift:42:19: error: method does not override any method from its superclass
40 |     }
41 |
42 |     override func dismissalTransitionDidEnd(_ completed: Bool) {
   |                   `- error: method does not override any method from its superclass
43 |         if completed {
44 |             dimmedView.removeFromSuperview()
/Users/admin/builder/spi-builder-workspace/Sources/AdaptiveModal/Controller/ModalViewController.swift:10:28: error: cannot find type 'UIViewController' in scope
 8 | import SwiftUI
 9 |
10 | class ModalViewController: UIViewController {
   |                            `- error: cannot find type 'UIViewController' in scope
11 |     private var modalPresentationController: ModalPresentationController?
12 | }
/Users/admin/builder/spi-builder-workspace/Sources/AdaptiveModal/Controller/ModalViewController.swift:15:32: error: cannot find type 'UIViewControllerTransitioningDelegate' in scope
13 |
14 | // MARK: - UIViewControllerTransitioningDelegate
15 | extension ModalViewController: UIViewControllerTransitioningDelegate {
   |                                `- error: cannot find type 'UIViewControllerTransitioningDelegate' in scope
16 |     func presentationController(
17 |         forPresented presented: UIViewController,
/Users/admin/builder/spi-builder-workspace/Sources/AdaptiveModal/Controller/ModalViewController.swift:20:10: error: cannot find type 'UIPresentationController' in scope
18 |         presenting: UIViewController?,
19 |         source: UIViewController
20 |     ) -> UIPresentationController? {
   |          `- error: cannot find type 'UIPresentationController' in scope
21 |         let controller = ModalPresentationController(
22 |             presentedViewController: presented,
/Users/admin/builder/spi-builder-workspace/Sources/AdaptiveModal/Controller/ModalViewController.swift:17:33: error: cannot find type 'UIViewController' in scope
15 | extension ModalViewController: UIViewControllerTransitioningDelegate {
16 |     func presentationController(
17 |         forPresented presented: UIViewController,
   |                                 `- error: cannot find type 'UIViewController' in scope
18 |         presenting: UIViewController?,
19 |         source: UIViewController
/Users/admin/builder/spi-builder-workspace/Sources/AdaptiveModal/Controller/ModalViewController.swift:18:21: error: cannot find type 'UIViewController' in scope
16 |     func presentationController(
17 |         forPresented presented: UIViewController,
18 |         presenting: UIViewController?,
   |                     `- error: cannot find type 'UIViewController' in scope
19 |         source: UIViewController
20 |     ) -> UIPresentationController? {
/Users/admin/builder/spi-builder-workspace/Sources/AdaptiveModal/Controller/ModalViewController.swift:19:17: error: cannot find type 'UIViewController' in scope
17 |         forPresented presented: UIViewController,
18 |         presenting: UIViewController?,
19 |         source: UIViewController
   |                 `- error: cannot find type 'UIViewController' in scope
20 |     ) -> UIPresentationController? {
21 |         let controller = ModalPresentationController(
/Users/admin/builder/spi-builder-workspace/Sources/AdaptiveModal/PreferenceKey/ModalBackgroundColor.swift:13:44: error: cannot find 'UIColor' in scope
11 |     typealias Value = Color?
12 |
13 |     static let defaultValue: Value = Color(UIColor.secondarySystemBackground)
   |                                            `- error: cannot find 'UIColor' in scope
14 |     static func reduce(value: inout Value, nextValue: () -> Value) {
15 |         value = nextValue() ?? defaultValue
/Users/admin/builder/spi-builder-workspace/Sources/AdaptiveModal/Representable/ModalRepresentable.swift:26:31: error: cannot find type 'UIViewControllerRepresentable' in scope
24 |
25 | // MARK: - UIViewControllerRepresentable
26 | extension ModalRepresentable: UIViewControllerRepresentable {
   |                               `- error: cannot find type 'UIViewControllerRepresentable' in scope
27 |     typealias UIViewControllerType = ModalViewController
28 |
/Users/admin/builder/spi-builder-workspace/Sources/AdaptiveModal/Representable/ModalRepresentable.swift:29:40: error: cannot find type 'Context' in scope
27 |     typealias UIViewControllerType = ModalViewController
28 |
29 |     func makeUIViewController(context: Context) -> UIViewControllerType {
   |                                        `- error: cannot find type 'Context' in scope
30 |         ModalViewController()
31 |     }
/Users/admin/builder/spi-builder-workspace/Sources/AdaptiveModal/Representable/ModalRepresentable.swift:35:18: error: cannot find type 'Context' in scope
33 |     func updateUIViewController(
34 |         _ uiViewController: UIViewControllerType,
35 |         context: Context
   |                  `- error: cannot find type 'Context' in scope
36 |     ) {
37 |         if isPresented {
/Users/admin/builder/spi-builder-workspace/Sources/AdaptiveModal/Representable/ModalRepresentable.swift:50:18: error: cannot find type 'Context' in scope
48 |     func present(
49 |         _ uiViewController: UIViewControllerType,
50 |         context: Context
   |                  `- error: cannot find type 'Context' in scope
51 |     ) {
52 |         if isHostingControllerPresented(uiViewController) { return }
/Users/admin/builder/spi-builder-workspace/Sources/AdaptiveModal/Style/RoundedRectangleShape.swift:12:26: error: cannot find type 'UIRectCorner' in scope
10 | struct RoundedRectangleShape: Shape {
11 |     private let radius: CGFloat
12 |     private let corners: UIRectCorner
   |                          `- error: cannot find type 'UIRectCorner' in scope
13 |
14 |     init(
/Users/admin/builder/spi-builder-workspace/Sources/AdaptiveModal/Style/RoundedRectangleShape.swift:16:18: error: cannot find type 'UIRectCorner' in scope
14 |     init(
15 |         cornerRadius: CGFloat,
16 |         corners: UIRectCorner
   |                  `- error: cannot find type 'UIRectCorner' in scope
17 |     ) {
18 |         radius = cornerRadius
Failed frontend command:
/Applications/Xcode-27.0.0-Release.Candidate.app/Contents/Developer/Toolchains/XcodeDefault.xctoolchain/usr/bin/swift-frontend -frontend -emit-module -experimental-skip-non-inlinable-function-bodies-without-types /Users/admin/builder/spi-builder-workspace/Sources/AdaptiveModal/AdaptiveModal.swift /Users/admin/builder/spi-builder-workspace/Sources/AdaptiveModal/Content/ModalContent.swift /Users/admin/builder/spi-builder-workspace/Sources/AdaptiveModal/Controller/ModalHostingController.swift /Users/admin/builder/spi-builder-workspace/Sources/AdaptiveModal/Controller/ModalPresentationController.swift /Users/admin/builder/spi-builder-workspace/Sources/AdaptiveModal/Controller/ModalViewController.swift /Users/admin/builder/spi-builder-workspace/Sources/AdaptiveModal/EnvironmentKey/ModalPresentedKey.swift /Users/admin/builder/spi-builder-workspace/Sources/AdaptiveModal/Extension/Binding.swift /Users/admin/builder/spi-builder-workspace/Sources/AdaptiveModal/PreferenceKey/ModalBackgroundColor.swift /Users/admin/builder/spi-builder-workspace/Sources/AdaptiveModal/PreferenceKey/ModalDraggableDisabled.swift /Users/admin/builder/spi-builder-workspace/Sources/AdaptiveModal/PreferenceKey/ModalInteractiveDismissDisabled.swift /Users/admin/builder/spi-builder-workspace/Sources/AdaptiveModal/Representable/ModalRepresentable.swift /Users/admin/builder/spi-builder-workspace/Sources/AdaptiveModal/Style/RoundedRectangleShape.swift /Users/admin/builder/spi-builder-workspace/Sources/AdaptiveModal/ViewModifier/AdaptiveModalViewModifier.swift /Users/admin/builder/spi-builder-workspace/Sources/AdaptiveModal/ViewModifier/AnimationCompletionObserverModifier.swift /Users/admin/builder/spi-builder-workspace/Sources/AdaptiveModal/ViewModifier/ContentHeightViewModifier.swift /Users/admin/builder/spi-builder-workspace/Sources/AdaptiveModal/ViewModifier/DraggableBackgroundViewModifier.swift /Users/admin/builder/spi-builder-workspace/Sources/AdaptiveModal/ViewModifier/ModalViewModifier.swift /Users/admin/builder/spi-builder-workspace/Sources/AdaptiveModal/ViewModifier/UpperRoundedRectangleViewModifier.swift -target arm64-apple-macos12.0 -disable-cross-import-overlay-search -load-resolved-plugin /Applications/Xcode-27.0.0-Release.Candidate.app/Contents/Developer/Platforms/MacOSX.platform/Developer/usr/lib/swift/host/plugins/libFoundationMacros.dylib\#/Applications/Xcode-27.0.0-Release.Candidate.app/Contents/Developer/Platforms/MacOSX.platform/Developer/usr/bin/swift-plugin-server\#FoundationMacros -load-resolved-plugin /Applications/Xcode-27.0.0-Release.Candidate.app/Contents/Developer/Platforms/MacOSX.platform/Developer/usr/lib/swift/host/plugins/libObservationMacros.dylib\#/Applications/Xcode-27.0.0-Release.Candidate.app/Contents/Developer/Platforms/MacOSX.platform/Developer/usr/bin/swift-plugin-server\#ObservationMacros -load-resolved-plugin /Applications/Xcode-27.0.0-Release.Candidate.app/Contents/Developer/Platforms/MacOSX.platform/Developer/usr/lib/swift/host/plugins/libPreviewsMacros.dylib\#/Applications/Xcode-27.0.0-Release.Candidate.app/Contents/Developer/Platforms/MacOSX.platform/Developer/usr/bin/swift-plugin-server\#PreviewsMacros -load-resolved-plugin /Applications/Xcode-27.0.0-Release.Candidate.app/Contents/Developer/Platforms/MacOSX.platform/Developer/usr/lib/swift/host/plugins/libSwiftMacros.dylib\#/Applications/Xcode-27.0.0-Release.Candidate.app/Contents/Developer/Platforms/MacOSX.platform/Developer/usr/bin/swift-plugin-server\#SwiftMacros -load-resolved-plugin /Applications/Xcode-27.0.0-Release.Candidate.app/Contents/Developer/Platforms/MacOSX.platform/Developer/usr/lib/swift/host/plugins/libSwiftUIMacros.dylib\#/Applications/Xcode-27.0.0-Release.Candidate.app/Contents/Developer/Platforms/MacOSX.platform/Developer/usr/bin/swift-plugin-server\#SwiftUIMacros -disable-implicit-swift-modules -Xcc -fno-implicit-modules -Xcc -fno-implicit-module-maps -explicit-swift-module-map-file /Users/admin/builder/spi-builder-workspace/.build/out/Intermediates.noindex/adaptive-modal.build/Debug/AdaptiveModal-t.build/Objects-normal/arm64/AdaptiveModal-dependencies-1.json -Xllvm -aarch64-use-tbi -enable-objc-interop -stack-check -sdk /Applications/Xcode-27.0.0-Release.Candidate.app/Contents/Developer/Platforms/MacOSX.platform/Developer/SDKs/MacOSX27.0.sdk -I /Users/admin/builder/spi-builder-workspace/.build/out/Products/Debug -Isystem /Applications/Xcode-27.0.0-Release.Candidate.app/Contents/Developer/Platforms/MacOSX.platform/Developer/usr/lib -F /Users/admin/builder/spi-builder-workspace/.build/out/Products/Debug -F /Applications/Xcode-27.0.0-Release.Candidate.app/Contents/Developer/Platforms/MacOSX.platform/Developer/Library/Frameworks -module-cache-path /Users/admin/builder/spi-builder-workspace/.build/out/Intermediates.noindex/SwiftExplicitPrecompiledModules -color-diagnostics -Xcc -fcolor-diagnostics -enable-testing -g -debug-info-format\=dwarf -dwarf-version\=4 -swift-version 5 -Onone -D SWIFT_PACKAGE -D DEBUG -D SWIFT_MODULE_RESOURCE_BUNDLE_UNAVAILABLE -D Xcode -serialize-debugging-options -enable-experimental-feature DebugDescriptionMacro -empty-abi-descriptor -validate-clang-modules-once -clang-build-session-file /Users/admin/builder/spi-builder-workspace/.build/out/ModuleCache.noindex/Session.modulevalidation -Xcc -working-directory -Xcc /Users/admin/builder -enable-anonymous-context-mangled-names -file-compilation-dir /Users/admin/builder -Xcc -D_LIBCPP_HARDENING_MODE\=_LIBCPP_HARDENING_MODE_DEBUG -Xcc -ivfsstatcache -Xcc /Users/admin/builder/spi-builder-workspace/.build/out/SDKStatCaches.noindex/macosx27.0-26A425-80c5bbf1d171475443272936d42f90a36a22442a12e9d48fe1a705f55a1adfc4.sdkstatcache -Xcc -fmodules-prune-interval\=86400 -Xcc -fmodules-prune-after\=345600 -Xcc -I/Users/admin/builder/spi-builder-workspace/.build/out/Products/Debug/include -Xcc -I/Users/admin/builder/spi-builder-workspace/.build/out/Intermediates.noindex/adaptive-modal.build/Debug/AdaptiveModal-t.build/DerivedSources-normal/arm64 -Xcc -I/Users/admin/builder/spi-builder-workspace/.build/out/Intermediates.noindex/adaptive-modal.build/Debug/AdaptiveModal-t.build/DerivedSources/arm64 -Xcc -I/Users/admin/builder/spi-builder-workspace/.build/out/Intermediates.noindex/adaptive-modal.build/Debug/AdaptiveModal-t.build/DerivedSources -Xcc -DSWIFT_PACKAGE -Xcc -DDEBUG\=1 -no-auto-bridging-header-chaining -module-name AdaptiveModal -const-gather-protocols-file /Users/admin/builder/spi-builder-workspace/.build/out/Intermediates.noindex/adaptive-modal.build/Debug/AdaptiveModal-t.build/Objects-normal/arm64/AdaptiveModal_const_extract_protocols.json -disable-clang-spi -clang-target arm64-apple-macos27.0 -target-sdk-version 27.0 -target-sdk-name macosx27.0 -in-process-plugin-server-path /Applications/Xcode-27.0.0-Release.Candidate.app/Contents/Developer/Toolchains/XcodeDefault.xctoolchain/usr/lib/swift/host/libSwiftInProcPluginServer.dylib -emit-module-doc-path /Users/admin/builder/spi-builder-workspace/.build/out/Intermediates.noindex/adaptive-modal.build/Debug/AdaptiveModal-t.build/Objects-normal/arm64/AdaptiveModal.swiftdoc -emit-module-source-info-path /Users/admin/builder/spi-builder-workspace/.build/out/Intermediates.noindex/adaptive-modal.build/Debug/AdaptiveModal-t.build/Objects-normal/arm64/AdaptiveModal.swiftsourceinfo -emit-objc-header-path /Users/admin/builder/spi-builder-workspace/.build/out/Intermediates.noindex/adaptive-modal.build/Debug/AdaptiveModal-t.build/Objects-normal/arm64/AdaptiveModal-Swift.h -serialize-diagnostics-path /Users/admin/builder/spi-builder-workspace/.build/out/Intermediates.noindex/adaptive-modal.build/Debug/AdaptiveModal-t.build/Objects-normal/arm64/AdaptiveModal-primary-emit-module.dia -emit-dependencies-path /Users/admin/builder/spi-builder-workspace/.build/out/Intermediates.noindex/adaptive-modal.build/Debug/AdaptiveModal-t.build/Objects-normal/arm64/AdaptiveModal-primary-emit-module.d -parse-as-library -o /Users/admin/builder/spi-builder-workspace/.build/out/Intermediates.noindex/adaptive-modal.build/Debug/AdaptiveModal-t.build/Objects-normal/arm64/AdaptiveModal.swiftmodule -emit-abi-descriptor-path /Users/admin/builder/spi-builder-workspace/.build/out/Intermediates.noindex/adaptive-modal.build/Debug/AdaptiveModal-t.build/Objects-normal/arm64/AdaptiveModal.abi.json
error: Build failed
BUILD FAILURE 6.4 macosSpm