Build Information
Failed to build SegmentAppsFlyer, reference main (91e844), with Swift 6.3 for Android on 12 Aug 2026 01:07:58 UTC.
Build Command
bash -c docker run --pull=always --rm -v "checkouts-54344847-0":/host -w "$PWD" -e JAVA_HOME="/root/.sdkman/candidates/java/current" -e SPI_BUILD="1" -e SPI_PROCESSING="1" registry.gitlab.com/saguaro1/spi-images:android-6.3-latest swift build --swift-sdk aarch64-unknown-linux-android28 2>&1Build Log
========================================
RunAll
========================================
Builder version: 729ceb5fcd9493dc13ee340bc4f0908bd201f85d
Interrupt handler set up.
========================================
Checkout
========================================
Clone URL: https://github.com/segment-integrations/analytics-swift-appsflyer.git
Reference: main
Initialized empty Git repository in /host/spi-builder-workspace/.git/
hint: Using 'master' as the name for the initial branch. This default branch name
hint: is subject to change. To configure the initial branch name to use in all
hint: of your new repositories, which will suppress this warning, call:
hint:
hint: git config --global init.defaultBranch <name>
hint:
hint: Names commonly chosen instead of 'master' are 'main', 'trunk' and
hint: 'development'. The just-created branch can be renamed via this command:
hint:
hint: git branch -m <name>
From https://github.com/segment-integrations/analytics-swift-appsflyer
* branch main -> FETCH_HEAD
* [new branch] main -> origin/main
HEAD is now at 91e844f Version 1.3.3
Cloned https://github.com/segment-integrations/analytics-swift-appsflyer.git
Revision (git rev-parse @):
91e844f65ec45f1675c4d672050521d3714d5c22
SUCCESS checkout https://github.com/segment-integrations/analytics-swift-appsflyer.git at main
========================================
Build
========================================
Selected platform: android
Swift version: 6.3
Building package at path: $PWD
https://github.com/segment-integrations/analytics-swift-appsflyer.git
Running build ...
bash -c docker run --pull=always --rm -v "checkouts-54344847-0":/host -w "$PWD" -e JAVA_HOME="/root/.sdkman/candidates/java/current" -e SPI_BUILD="1" -e SPI_PROCESSING="1" registry.gitlab.com/saguaro1/spi-images:android-6.3-latest swift build --swift-sdk aarch64-unknown-linux-android28 2>&1
android-6.3-latest: Pulling from saguaro1/spi-images
Digest: sha256:2b782c87e0bdf114eb0da12f6379a346f06569d6991407581da7dc03d1813adf
Status: Image is up to date for registry.gitlab.com/saguaro1/spi-images:android-6.3-latest
Fetching https://github.com/segmentio/analytics-swift.git
Fetching https://github.com/AppsFlyerSDK/AppsFlyerFramework-Dynamic
[1/127] Fetching appsflyerframework-dynamic
[128/9987] Fetching appsflyerframework-dynamic, analytics-swift
Fetched https://github.com/AppsFlyerSDK/AppsFlyerFramework-Dynamic from cache (0.62s)
Fetched https://github.com/segmentio/analytics-swift.git from cache (0.62s)
Computing version for https://github.com/AppsFlyerSDK/AppsFlyerFramework-Dynamic
Computed https://github.com/AppsFlyerSDK/AppsFlyerFramework-Dynamic at 6.17.9 (0.79s)
Computing version for https://github.com/segmentio/analytics-swift.git
Computed https://github.com/segmentio/analytics-swift.git at 1.10.0 (0.13s)
Fetching https://github.com/segmentio/sovran-swift.git
Fetching https://github.com/segmentio/jsonsafeencoding-swift.git
[1/94] Fetching jsonsafeencoding-swift
[95/483] Fetching jsonsafeencoding-swift, sovran-swift
Fetched https://github.com/segmentio/jsonsafeencoding-swift.git from cache (0.41s)
[24/389] Fetching sovran-swift
Fetched https://github.com/segmentio/sovran-swift.git from cache (0.42s)
Computing version for https://github.com/segmentio/jsonsafeencoding-swift.git
Computed https://github.com/segmentio/jsonsafeencoding-swift.git at 2.0.0 (0.58s)
Computing version for https://github.com/segmentio/sovran-swift.git
Computed https://github.com/segmentio/sovran-swift.git at 1.1.2 (0.15s)
Creating working copy for https://github.com/segmentio/jsonsafeencoding-swift.git
Working copy of https://github.com/segmentio/jsonsafeencoding-swift.git resolved at 2.0.0
Creating working copy for https://github.com/segmentio/analytics-swift.git
Working copy of https://github.com/segmentio/analytics-swift.git resolved at 1.10.0
Creating working copy for https://github.com/segmentio/sovran-swift.git
Working copy of https://github.com/segmentio/sovran-swift.git resolved at 1.1.2
Creating working copy for https://github.com/AppsFlyerSDK/AppsFlyerFramework-Dynamic
Working copy of https://github.com/AppsFlyerSDK/AppsFlyerFramework-Dynamic resolved at 6.17.9
Downloading binary artifact https://github.com/AppsFlyerSDK/AppsFlyerFramework/releases/download/6.17.9/AppsFlyerLib-Dynamic-SPM.xcframework.zip
[1369/8341930] Downloading https://github.com/AppsFlyerSDK/AppsFlyerFramework/releases/download/6.17.9/AppsFlyerLib-Dynamic-SPM.xcframework.zip
Downloaded https://github.com/AppsFlyerSDK/AppsFlyerFramework/releases/download/6.17.9/AppsFlyerLib-Dynamic-SPM.xcframework.zip (0.96s)
Building for debugging...
[0/6] Copying PrivacyInfo.xcprivacy
[1/6] Write sources
[5/6] Write swift-version-272D24FF697CF451.txt
[7/19] Emitting module JSONSafeEncoding
[8/19] Compiling JSONSafeEncoding Version.swift
[9/19] Compiling Sovran Version.swift
[10/19] Compiling Sovran Subscriber.swift
[11/19] Compiling Sovran Testing.swift
[12/19] Compiling JSONSafeEncoding JSONValue.swift
[13/19] Compiling JSONSafeEncoding Extensions.swift
[14/19] Compiling Sovran Store.swift
[15/19] Compiling Sovran Action.swift
[16/19] Emitting module Sovran
[17/19] Compiling Sovran State.swift
[19/20] Compiling JSONSafeEncoding JSONError.swift
[20/20] Compiling JSONSafeEncoding JSONSafeEncoder.swift
[22/80] Compiling Segment Plugins.swift
/host/spi-builder-workspace/.build/checkouts/analytics-swift/Sources/Segment/Utilities/OutputFileStream.swift:17:8: error: no such module 'Darwin.C'
15 | import WinSDK
16 | #else
17 | import Darwin.C
| `- error: no such module 'Darwin.C'
18 | #endif
19 |
[23/80] Compiling Segment Context.swift
/host/spi-builder-workspace/.build/checkouts/analytics-swift/Sources/Segment/Utilities/OutputFileStream.swift:17:8: error: no such module 'Darwin.C'
15 | import WinSDK
16 | #else
17 | import Darwin.C
| `- error: no such module 'Darwin.C'
18 | #endif
19 |
[24/80] Compiling Segment DestinationMetadataPlugin.swift
/host/spi-builder-workspace/.build/checkouts/analytics-swift/Sources/Segment/Utilities/OutputFileStream.swift:17:8: error: no such module 'Darwin.C'
15 | import WinSDK
16 | #else
17 | import Darwin.C
| `- error: no such module 'Darwin.C'
18 | #endif
19 |
[25/80] Compiling Segment DeviceToken.swift
/host/spi-builder-workspace/.build/checkouts/analytics-swift/Sources/Segment/Utilities/OutputFileStream.swift:17:8: error: no such module 'Darwin.C'
15 | import WinSDK
16 | #else
17 | import Darwin.C
| `- error: no such module 'Darwin.C'
18 | #endif
19 |
[26/80] Compiling Segment LinuxLifecycleMonitor.swift
/host/spi-builder-workspace/.build/checkouts/analytics-swift/Sources/Segment/Utilities/OutputFileStream.swift:17:8: error: no such module 'Darwin.C'
15 | import WinSDK
16 | #else
17 | import Darwin.C
| `- error: no such module 'Darwin.C'
18 | #endif
19 |
[27/80] Compiling Segment macOSLifecycleEvents.swift
/host/spi-builder-workspace/.build/checkouts/analytics-swift/Sources/Segment/Utilities/OutputFileStream.swift:17:8: error: no such module 'Darwin.C'
15 | import WinSDK
16 | #else
17 | import Darwin.C
| `- error: no such module 'Darwin.C'
18 | #endif
19 |
[28/80] Compiling Segment macOSLifecycleMonitor.swift
/host/spi-builder-workspace/.build/checkouts/analytics-swift/Sources/Segment/Utilities/OutputFileStream.swift:17:8: error: no such module 'Darwin.C'
15 | import WinSDK
16 | #else
17 | import Darwin.C
| `- error: no such module 'Darwin.C'
18 | #endif
19 |
[29/80] Compiling Segment AppleUtils.swift
/host/spi-builder-workspace/.build/checkouts/analytics-swift/Sources/Segment/Utilities/OutputFileStream.swift:17:8: error: no such module 'Darwin.C'
15 | import WinSDK
16 | #else
17 | import Darwin.C
| `- error: no such module 'Darwin.C'
18 | #endif
19 |
[30/80] Compiling Segment LinuxUtils.swift
/host/spi-builder-workspace/.build/checkouts/analytics-swift/Sources/Segment/Utilities/OutputFileStream.swift:17:8: error: no such module 'Darwin.C'
15 | import WinSDK
16 | #else
17 | import Darwin.C
| `- error: no such module 'Darwin.C'
18 | #endif
19 |
error: emit-module command failed with exit code 1 (use -v to see invocation)
[31/88] Emitting module Segment
/host/spi-builder-workspace/.build/checkouts/analytics-swift/Sources/Segment/Utilities/OutputFileStream.swift:17:8: error: no such module 'Darwin.C'
15 | import WinSDK
16 | #else
17 | import Darwin.C
| `- error: no such module 'Darwin.C'
18 | #endif
19 |
[32/88] Compiling Segment Analytics.swift
/host/spi-builder-workspace/.build/checkouts/analytics-swift/Sources/Segment/Utilities/OutputFileStream.swift:17:8: error: no such module 'Darwin.C'
15 | import WinSDK
16 | #else
17 | import Darwin.C
| `- error: no such module 'Darwin.C'
18 | #endif
19 |
[33/88] Compiling Segment Configuration.swift
/host/spi-builder-workspace/.build/checkouts/analytics-swift/Sources/Segment/Utilities/OutputFileStream.swift:17:8: error: no such module 'Darwin.C'
15 | import WinSDK
16 | #else
17 | import Darwin.C
| `- error: no such module 'Darwin.C'
18 | #endif
19 |
[34/88] Compiling Segment Deprecations.swift
/host/spi-builder-workspace/.build/checkouts/analytics-swift/Sources/Segment/Utilities/OutputFileStream.swift:17:8: error: no such module 'Darwin.C'
15 | import WinSDK
16 | #else
17 | import Darwin.C
| `- error: no such module 'Darwin.C'
18 | #endif
19 |
[35/88] Compiling Segment Errors.swift
/host/spi-builder-workspace/.build/checkouts/analytics-swift/Sources/Segment/Utilities/OutputFileStream.swift:17:8: error: no such module 'Darwin.C'
15 | import WinSDK
16 | #else
17 | import Darwin.C
| `- error: no such module 'Darwin.C'
18 | #endif
19 |
[36/88] Compiling Segment Events.swift
/host/spi-builder-workspace/.build/checkouts/analytics-swift/Sources/Segment/Utilities/OutputFileStream.swift:17:8: error: no such module 'Darwin.C'
15 | import WinSDK
16 | #else
17 | import Darwin.C
| `- error: no such module 'Darwin.C'
18 | #endif
19 |
[37/88] Compiling Segment ObjCAnalytics.swift
/host/spi-builder-workspace/.build/checkouts/analytics-swift/Sources/Segment/Utilities/OutputFileStream.swift:17:8: error: no such module 'Darwin.C'
15 | import WinSDK
16 | #else
17 | import Darwin.C
| `- error: no such module 'Darwin.C'
18 | #endif
19 |
[38/88] Compiling Segment ObjCConfiguration.swift
/host/spi-builder-workspace/.build/checkouts/analytics-swift/Sources/Segment/Utilities/OutputFileStream.swift:17:8: error: no such module 'Darwin.C'
15 | import WinSDK
16 | #else
17 | import Darwin.C
| `- error: no such module 'Darwin.C'
18 | #endif
19 |
[39/88] Compiling Segment ObjCEvents.swift
/host/spi-builder-workspace/.build/checkouts/analytics-swift/Sources/Segment/Utilities/OutputFileStream.swift:17:8: error: no such module 'Darwin.C'
15 | import WinSDK
16 | #else
17 | import Darwin.C
| `- error: no such module 'Darwin.C'
18 | #endif
19 |
[40/88] Compiling Segment ObjCPlugin.swift
/host/spi-builder-workspace/.build/checkouts/analytics-swift/Sources/Segment/Utilities/OutputFileStream.swift:17:8: error: no such module 'Darwin.C'
15 | import WinSDK
16 | #else
17 | import Darwin.C
| `- error: no such module 'Darwin.C'
18 | #endif
19 |
[41/88] Compiling Segment CompletionGroup.swift
/host/spi-builder-workspace/.build/checkouts/analytics-swift/Sources/Segment/Utilities/OutputFileStream.swift:17:8: error: no such module 'Darwin.C'
15 | import WinSDK
16 | #else
17 | import Darwin.C
| `- error: no such module 'Darwin.C'
18 | #endif
19 |
[42/88] Compiling Segment JSON.swift
/host/spi-builder-workspace/.build/checkouts/analytics-swift/Sources/Segment/Utilities/OutputFileStream.swift:17:8: error: no such module 'Darwin.C'
15 | import WinSDK
16 | #else
17 | import Darwin.C
| `- error: no such module 'Darwin.C'
18 | #endif
19 |
[43/88] Compiling Segment JSONKeyPath.swift
/host/spi-builder-workspace/.build/checkouts/analytics-swift/Sources/Segment/Utilities/OutputFileStream.swift:17:8: error: no such module 'Darwin.C'
15 | import WinSDK
16 | #else
17 | import Darwin.C
| `- error: no such module 'Darwin.C'
18 | #endif
19 |
[44/88] Compiling Segment Logging.swift
/host/spi-builder-workspace/.build/checkouts/analytics-swift/Sources/Segment/Utilities/OutputFileStream.swift:17:8: error: no such module 'Darwin.C'
15 | import WinSDK
16 | #else
17 | import Darwin.C
| `- error: no such module 'Darwin.C'
18 | #endif
19 |
[45/88] Compiling Segment HTTPClient.swift
/host/spi-builder-workspace/.build/checkouts/analytics-swift/Sources/Segment/Utilities/OutputFileStream.swift:17:8: error: no such module 'Darwin.C'
15 | import WinSDK
16 | #else
17 | import Darwin.C
| `- error: no such module 'Darwin.C'
18 | #endif
19 |
[46/88] Compiling Segment HTTPSession+Apple.swift
/host/spi-builder-workspace/.build/checkouts/analytics-swift/Sources/Segment/Utilities/OutputFileStream.swift:17:8: error: no such module 'Darwin.C'
15 | import WinSDK
16 | #else
17 | import Darwin.C
| `- error: no such module 'Darwin.C'
18 | #endif
19 |
[47/88] Compiling Segment HTTPSession.swift
/host/spi-builder-workspace/.build/checkouts/analytics-swift/Sources/Segment/Utilities/OutputFileStream.swift:17:8: error: no such module 'Darwin.C'
15 | import WinSDK
16 | #else
17 | import Darwin.C
| `- error: no such module 'Darwin.C'
18 | #endif
19 |
[48/88] Compiling Segment Noncodable.swift
/host/spi-builder-workspace/.build/checkouts/analytics-swift/Sources/Segment/Utilities/OutputFileStream.swift:17:8: error: no such module 'Darwin.C'
15 | import WinSDK
16 | #else
17 | import Darwin.C
| `- error: no such module 'Darwin.C'
18 | #endif
19 |
[49/88] Compiling Segment VendorSystem.swift
/host/spi-builder-workspace/.build/checkouts/analytics-swift/Sources/Segment/Utilities/OutputFileStream.swift:17:8: error: no such module 'Darwin.C'
15 | import WinSDK
16 | #else
17 | import Darwin.C
| `- error: no such module 'Darwin.C'
18 | #endif
19 |
[50/88] Compiling Segment WindowsUtils.swift
/host/spi-builder-workspace/.build/checkouts/analytics-swift/Sources/Segment/Utilities/OutputFileStream.swift:17:8: error: no such module 'Darwin.C'
15 | import WinSDK
16 | #else
17 | import Darwin.C
| `- error: no such module 'Darwin.C'
18 | #endif
19 |
[51/88] Compiling Segment iOSDelegation.swift
/host/spi-builder-workspace/.build/checkouts/analytics-swift/Sources/Segment/Utilities/OutputFileStream.swift:17:8: error: no such module 'Darwin.C'
15 | import WinSDK
16 | #else
17 | import Darwin.C
| `- error: no such module 'Darwin.C'
18 | #endif
19 |
[52/88] Compiling Segment iOSLifecycleEvents.swift
/host/spi-builder-workspace/.build/checkouts/analytics-swift/Sources/Segment/Utilities/OutputFileStream.swift:17:8: error: no such module 'Darwin.C'
15 | import WinSDK
16 | #else
17 | import Darwin.C
| `- error: no such module 'Darwin.C'
18 | #endif
19 |
[53/88] Compiling Segment iOSLifecycleMonitor.swift
/host/spi-builder-workspace/.build/checkouts/analytics-swift/Sources/Segment/Utilities/OutputFileStream.swift:17:8: error: no such module 'Darwin.C'
15 | import WinSDK
16 | #else
17 | import Darwin.C
| `- error: no such module 'Darwin.C'
18 | #endif
19 |
[54/88] Compiling Segment watchOSDelegation.swift
/host/spi-builder-workspace/.build/checkouts/analytics-swift/Sources/Segment/Utilities/OutputFileStream.swift:17:8: error: no such module 'Darwin.C'
15 | import WinSDK
16 | #else
17 | import Darwin.C
| `- error: no such module 'Darwin.C'
18 | #endif
19 |
[55/88] Compiling Segment watchOSLifecycleEvents.swift
/host/spi-builder-workspace/.build/checkouts/analytics-swift/Sources/Segment/Utilities/OutputFileStream.swift:17:8: error: no such module 'Darwin.C'
15 | import WinSDK
16 | #else
17 | import Darwin.C
| `- error: no such module 'Darwin.C'
18 | #endif
19 |
[56/88] Compiling Segment watchOSLifecycleMonitor.swift
/host/spi-builder-workspace/.build/checkouts/analytics-swift/Sources/Segment/Utilities/OutputFileStream.swift:17:8: error: no such module 'Darwin.C'
15 | import WinSDK
16 | #else
17 | import Darwin.C
| `- error: no such module 'Darwin.C'
18 | #endif
19 |
[57/88] Compiling Segment RetryTypes.swift
/host/spi-builder-workspace/.build/checkouts/analytics-swift/Sources/Segment/Utilities/OutputFileStream.swift:17:8: error: no such module 'Darwin.C'
15 | import WinSDK
16 | #else
17 | import Darwin.C
| `- error: no such module 'Darwin.C'
18 | #endif
19 |
[58/88] Compiling Segment TimeProvider.swift
/host/spi-builder-workspace/.build/checkouts/analytics-swift/Sources/Segment/Utilities/OutputFileStream.swift:17:8: error: no such module 'Darwin.C'
15 | import WinSDK
16 | #else
17 | import Darwin.C
| `- error: no such module 'Darwin.C'
18 | #endif
19 |
[59/88] Compiling Segment DataStore.swift
/host/spi-builder-workspace/.build/checkouts/analytics-swift/Sources/Segment/Utilities/OutputFileStream.swift:17:8: error: no such module 'Darwin.C'
15 | import WinSDK
16 | #else
17 | import Darwin.C
| `- error: no such module 'Darwin.C'
18 | #endif
19 |
[60/88] Compiling Segment Storage.swift
/host/spi-builder-workspace/.build/checkouts/analytics-swift/Sources/Segment/Utilities/OutputFileStream.swift:17:8: error: no such module 'Darwin.C'
15 | import WinSDK
16 | #else
17 | import Darwin.C
| `- error: no such module 'Darwin.C'
18 | #endif
19 |
[61/88] Compiling Segment TransientDB.swift
/host/spi-builder-workspace/.build/checkouts/analytics-swift/Sources/Segment/Utilities/OutputFileStream.swift:17:8: error: no such module 'Darwin.C'
15 | import WinSDK
16 | #else
17 | import Darwin.C
| `- error: no such module 'Darwin.C'
18 | #endif
19 |
[62/88] Compiling Segment DirectoryStore.swift
/host/spi-builder-workspace/.build/checkouts/analytics-swift/Sources/Segment/Utilities/OutputFileStream.swift:17:8: error: no such module 'Darwin.C'
15 | import WinSDK
16 | #else
17 | import Darwin.C
| `- error: no such module 'Darwin.C'
18 | #endif
19 |
[63/88] Compiling Segment MemoryStore.swift
/host/spi-builder-workspace/.build/checkouts/analytics-swift/Sources/Segment/Utilities/OutputFileStream.swift:17:8: error: no such module 'Darwin.C'
15 | import WinSDK
16 | #else
17 | import Darwin.C
| `- error: no such module 'Darwin.C'
18 | #endif
19 |
[64/88] Compiling Segment FileHandleExt.swift
/host/spi-builder-workspace/.build/checkouts/analytics-swift/Sources/Segment/Utilities/OutputFileStream.swift:17:8: error: no such module 'Darwin.C'
15 | import WinSDK
16 | #else
17 | import Darwin.C
| `- error: no such module 'Darwin.C'
18 | #endif
19 |
[65/88] Compiling Segment OutputFileStream.swift
/host/spi-builder-workspace/.build/checkouts/analytics-swift/Sources/Segment/Utilities/OutputFileStream.swift:17:8: error: no such module 'Darwin.C'
15 | import WinSDK
16 | #else
17 | import Darwin.C
| `- error: no such module 'Darwin.C'
18 | #endif
19 |
[66/88] Compiling Segment CountBasedFlushPolicy.swift
/host/spi-builder-workspace/.build/checkouts/analytics-swift/Sources/Segment/Utilities/OutputFileStream.swift:17:8: error: no such module 'Darwin.C'
15 | import WinSDK
16 | #else
17 | import Darwin.C
| `- error: no such module 'Darwin.C'
18 | #endif
19 |
[67/88] Compiling Segment FlushPolicy.swift
/host/spi-builder-workspace/.build/checkouts/analytics-swift/Sources/Segment/Utilities/OutputFileStream.swift:17:8: error: no such module 'Darwin.C'
15 | import WinSDK
16 | #else
17 | import Darwin.C
| `- error: no such module 'Darwin.C'
18 | #endif
19 |
[68/88] Compiling Segment IntervalBasedFlushPolicy.swift
/host/spi-builder-workspace/.build/checkouts/analytics-swift/Sources/Segment/Utilities/OutputFileStream.swift:17:8: error: no such module 'Darwin.C'
15 | import WinSDK
16 | #else
17 | import Darwin.C
| `- error: no such module 'Darwin.C'
18 | #endif
19 |
[69/88] Compiling Segment QueueTimer.swift
/host/spi-builder-workspace/.build/checkouts/analytics-swift/Sources/Segment/Utilities/OutputFileStream.swift:17:8: error: no such module 'Darwin.C'
15 | import WinSDK
16 | #else
17 | import Darwin.C
| `- error: no such module 'Darwin.C'
18 | #endif
19 |
[70/88] Compiling Segment HttpConfig.swift
/host/spi-builder-workspace/.build/checkouts/analytics-swift/Sources/Segment/Utilities/OutputFileStream.swift:17:8: error: no such module 'Darwin.C'
15 | import WinSDK
16 | #else
17 | import Darwin.C
| `- error: no such module 'Darwin.C'
18 | #endif
19 |
[71/88] Compiling Segment RetryState.swift
/host/spi-builder-workspace/.build/checkouts/analytics-swift/Sources/Segment/Utilities/OutputFileStream.swift:17:8: error: no such module 'Darwin.C'
15 | import WinSDK
16 | #else
17 | import Darwin.C
| `- error: no such module 'Darwin.C'
18 | #endif
19 |
[72/88] Compiling Segment RetryStateMachine.swift
/host/spi-builder-workspace/.build/checkouts/analytics-swift/Sources/Segment/Utilities/OutputFileStream.swift:17:8: error: no such module 'Darwin.C'
15 | import WinSDK
16 | #else
17 | import Darwin.C
| `- error: no such module 'Darwin.C'
18 | #endif
19 |
[73/88] Compiling Segment LineStream.swift
/host/spi-builder-workspace/.build/checkouts/analytics-swift/Sources/Segment/Utilities/OutputFileStream.swift:17:8: error: no such module 'Darwin.C'
15 | import WinSDK
16 | #else
17 | import Darwin.C
| `- error: no such module 'Darwin.C'
18 | #endif
19 |
[74/88] Compiling Segment Telemetry.swift
/host/spi-builder-workspace/.build/checkouts/analytics-swift/Sources/Segment/Utilities/OutputFileStream.swift:17:8: error: no such module 'Darwin.C'
15 | import WinSDK
16 | #else
17 | import Darwin.C
| `- error: no such module 'Darwin.C'
18 | #endif
19 |
[75/88] Compiling Segment UserAgent.swift
/host/spi-builder-workspace/.build/checkouts/analytics-swift/Sources/Segment/Utilities/OutputFileStream.swift:17:8: error: no such module 'Darwin.C'
15 | import WinSDK
16 | #else
17 | import Darwin.C
| `- error: no such module 'Darwin.C'
18 | #endif
19 |
[76/88] Compiling Segment Utils.swift
/host/spi-builder-workspace/.build/checkouts/analytics-swift/Sources/Segment/Utilities/OutputFileStream.swift:17:8: error: no such module 'Darwin.C'
15 | import WinSDK
16 | #else
17 | import Darwin.C
| `- error: no such module 'Darwin.C'
18 | #endif
19 |
[77/88] Compiling Segment iso8601.swift
/host/spi-builder-workspace/.build/checkouts/analytics-swift/Sources/Segment/Utilities/OutputFileStream.swift:17:8: error: no such module 'Darwin.C'
15 | import WinSDK
16 | #else
17 | import Darwin.C
| `- error: no such module 'Darwin.C'
18 | #endif
19 |
[78/88] Compiling Segment Version.swift
/host/spi-builder-workspace/.build/checkouts/analytics-swift/Sources/Segment/Utilities/OutputFileStream.swift:17:8: error: no such module 'Darwin.C'
15 | import WinSDK
16 | #else
17 | import Darwin.C
| `- error: no such module 'Darwin.C'
18 | #endif
19 |
[79/88] Compiling Segment Waiting.swift
/host/spi-builder-workspace/.build/checkouts/analytics-swift/Sources/Segment/Utilities/OutputFileStream.swift:17:8: error: no such module 'Darwin.C'
15 | import WinSDK
16 | #else
17 | import Darwin.C
| `- error: no such module 'Darwin.C'
18 | #endif
19 |
[80/88] Compiling Segment resource_bundle_accessor.swift
/host/spi-builder-workspace/.build/checkouts/analytics-swift/Sources/Segment/Utilities/OutputFileStream.swift:17:8: error: no such module 'Darwin.C'
15 | import WinSDK
16 | #else
17 | import Darwin.C
| `- error: no such module 'Darwin.C'
18 | #endif
19 |
[81/88] Compiling Segment SegmentDestination.swift
/host/spi-builder-workspace/.build/checkouts/analytics-swift/Sources/Segment/Utilities/OutputFileStream.swift:17:8: error: no such module 'Darwin.C'
15 | import WinSDK
16 | #else
17 | import Darwin.C
| `- error: no such module 'Darwin.C'
18 | #endif
19 |
[82/88] Compiling Segment StartupQueue.swift
/host/spi-builder-workspace/.build/checkouts/analytics-swift/Sources/Segment/Utilities/OutputFileStream.swift:17:8: error: no such module 'Darwin.C'
15 | import WinSDK
16 | #else
17 | import Darwin.C
| `- error: no such module 'Darwin.C'
18 | #endif
19 |
[83/88] Compiling Segment Settings.swift
/host/spi-builder-workspace/.build/checkouts/analytics-swift/Sources/Segment/Utilities/OutputFileStream.swift:17:8: error: no such module 'Darwin.C'
15 | import WinSDK
16 | #else
17 | import Darwin.C
| `- error: no such module 'Darwin.C'
18 | #endif
19 |
[84/88] Compiling Segment Startup.swift
/host/spi-builder-workspace/.build/checkouts/analytics-swift/Sources/Segment/Utilities/OutputFileStream.swift:17:8: error: no such module 'Darwin.C'
15 | import WinSDK
16 | #else
17 | import Darwin.C
| `- error: no such module 'Darwin.C'
18 | #endif
19 |
[85/88] Compiling Segment State.swift
/host/spi-builder-workspace/.build/checkouts/analytics-swift/Sources/Segment/Utilities/OutputFileStream.swift:17:8: error: no such module 'Darwin.C'
15 | import WinSDK
16 | #else
17 | import Darwin.C
| `- error: no such module 'Darwin.C'
18 | #endif
19 |
[86/88] Compiling Segment Timeline.swift
/host/spi-builder-workspace/.build/checkouts/analytics-swift/Sources/Segment/Utilities/OutputFileStream.swift:17:8: error: no such module 'Darwin.C'
15 | import WinSDK
16 | #else
17 | import Darwin.C
| `- error: no such module 'Darwin.C'
18 | #endif
19 |
[87/88] Compiling Segment Types.swift
/host/spi-builder-workspace/.build/checkouts/analytics-swift/Sources/Segment/Utilities/OutputFileStream.swift:17:8: error: no such module 'Darwin.C'
15 | import WinSDK
16 | #else
17 | import Darwin.C
| `- error: no such module 'Darwin.C'
18 | #endif
19 |
[88/88] Compiling Segment Atomic.swift
/host/spi-builder-workspace/.build/checkouts/analytics-swift/Sources/Segment/Utilities/OutputFileStream.swift:17:8: error: no such module 'Darwin.C'
15 | import WinSDK
16 | #else
17 | import Darwin.C
| `- error: no such module 'Darwin.C'
18 | #endif
19 |
BUILD FAILURE 6.3 android