The Swift Package Index logo.Swift Package Index

Build Information

Failed to build AnylinePackage, reference main (995092), with Swift 6.2 for macOS (Xcode) using Xcode 26.3 on 29 Sep 2026 02:51:11 UTC.

Build Command

env DEVELOPER_DIR=/Applications/Xcode-26.3.0.app xcrun xcodebuild -IDEClonedSourcePackagesDirPathOverride=$PWD/.dependencies -skipMacroValidation -skipPackagePluginValidation -derivedDataPath $PWD/.derivedData build -scheme AnylinePackage -destination platform=macOS,arch=arm64

Build Log

========================================
RunAll
========================================
Builder version: 5.1.0
Interrupt handler set up.
========================================
Checkout
========================================
Clone URL: https://github.com/Anyline/anyline-ocr-spm-module.git
Reference: main
Initialized empty Git repository in /Users/admin/builder/spi-builder-workspace/.git/
From https://github.com/Anyline/anyline-ocr-spm-module
 * branch            main       -> FETCH_HEAD
 * [new branch]      main       -> origin/main
HEAD is now at 9950924 release/56.5.1 (#39)
Cloned https://github.com/Anyline/anyline-ocr-spm-module.git
Revision (git rev-parse @):
99509242437ab83f69edc8593514bb41acc7d491
SUCCESS checkout https://github.com/Anyline/anyline-ocr-spm-module.git at main
========================================
Build
========================================
Selected platform:         macosXcodebuild
Swift version:             6.2
Building package at path:  $PWD
https://github.com/Anyline/anyline-ocr-spm-module.git
Command line invocation:
    /Applications/Xcode-26.3.0.app/Contents/Developer/usr/bin/xcodebuild -IDEClonedSourcePackagesDirPathOverride=/Users/admin/builder/spi-builder-workspace/.dependencies -resolvePackageDependencies
Resolve Package Graph
Resolve Package Graph
Resolved source packages:
  AnylinePackage: /Users/admin/builder/spi-builder-workspace
resolved source packages: AnylinePackage
2026-09-28 22:50:45.303 xcodebuild[532:3070] [MT] IDERunDestination: Supported platforms for the buildables in the current scheme is empty.
{
  "dependencies" : [
  ],
  "manifest_display_name" : "AnylinePackage",
  "name" : "AnylinePackage",
  "path" : "/Users/admin/builder/spi-builder-workspace",
  "platforms" : [
    {
      "name" : "ios",
      "version" : "12.0"
    }
  ],
  "products" : [
    {
      "name" : "AnylinePackage",
      "targets" : [
        "Anyline"
      ],
      "type" : {
        "library" : [
          "automatic"
        ]
      }
    }
  ],
  "targets" : [
    {
      "c99name" : "Anyline",
      "module_type" : "BinaryTarget",
      "name" : "Anyline",
      "path" : "remote/archive/Anyline.xcframework-spm-56.5.1.zip",
      "product_memberships" : [
        "AnylinePackage"
      ],
      "sources" : [
      ],
      "type" : "binary"
    }
  ],
  "tools_version" : "5.5"
}
{
  "workspace" : {
    "name" : "spi-builder-workspace",
    "schemes" : [
      "AnylinePackage"
    ]
  }
}
2026-09-28 22:51:05.663 xcodebuild[681:4247] [MT] IDERunDestination: Supported platforms for the buildables in the current scheme is empty.
Running build ...
env DEVELOPER_DIR=/Applications/Xcode-26.3.0.app xcrun xcodebuild -IDEClonedSourcePackagesDirPathOverride=$PWD/.dependencies -skipMacroValidation -skipPackagePluginValidation -derivedDataPath $PWD/.derivedData build -scheme AnylinePackage -destination platform=macOS,arch=arm64
Command line invocation:
    /Applications/Xcode-26.3.0.app/Contents/Developer/usr/bin/xcodebuild -IDEClonedSourcePackagesDirPathOverride=/Users/admin/builder/spi-builder-workspace/.dependencies -skipMacroValidation -skipPackagePluginValidation -derivedDataPath /Users/admin/builder/spi-builder-workspace/.derivedData build -scheme AnylinePackage -destination platform=macOS,arch=arm64
Resolve Package Graph
Resolved source packages:
  AnylinePackage: /Users/admin/builder/spi-builder-workspace
ComputePackagePrebuildTargetDependencyGraph
Prepare packages
CreateBuildRequest
SendProjectDescription
CreateBuildOperation
ComputeTargetDependencyGraph
note: Building targets in dependency order
note: Target dependency graph (1 target)
    Target 'AnylinePackage' in project 'AnylinePackage' (no dependencies)
GatherProvisioningInputs
CreateBuildDescription
ExecuteExternalTool /Applications/Xcode-26.3.0.app/Contents/Developer/Toolchains/XcodeDefault.xctoolchain/usr/bin/clang -v -E -dM -isysroot /Applications/Xcode-26.3.0.app/Contents/Developer/Platforms/MacOSX.platform/Developer/SDKs/MacOSX26.2.sdk -x c -c /dev/null
Build description signature: 5936d6888a59cc4beea8c66fdfa58690
Build description path: /Users/admin/builder/spi-builder-workspace/.derivedData/Build/Intermediates.noindex/XCBuildData/5936d6888a59cc4beea8c66fdfa58690.xcbuilddata
/Users/admin/builder/spi-builder-workspace/.dependencies/artifacts/spi-builder-workspace/Anyline/Anyline.xcframework:1:1: error: While building for macOS, no library for this platform was found in '/Users/admin/builder/spi-builder-workspace/.dependencies/artifacts/spi-builder-workspace/Anyline/Anyline.xcframework'. (in target 'AnylinePackage' from project 'AnylinePackage')
2026-09-28 22:51:07.105 xcodebuild[683:4298] [MT] IDERunDestination: Supported platforms for the buildables in the current scheme is empty.
--- xcodebuild: WARNING: Using the first of multiple matching destinations:
{ platform:macOS, arch:arm64, id:2ef3e40f0b74b426f1f9be4e8f3825f114c6b34c, name:My Mac }
{ platform:macOS, arch:arm64, variant:Mac Catalyst, id:2ef3e40f0b74b426f1f9be4e8f3825f114c6b34c, name:My Mac }
{ platform:macOS, arch:arm64, variant:DriverKit, id:2ef3e40f0b74b426f1f9be4e8f3825f114c6b34c, name:My Mac }
{ platform:macOS, arch:arm64, variant:Designed for [iPad,iPhone], id:2ef3e40f0b74b426f1f9be4e8f3825f114c6b34c, name:My Mac }
** BUILD FAILED **
The following build commands failed:
	Building workspace spi-builder-workspace with scheme AnylinePackage
(1 failure)
Command line invocation:
    /Applications/Xcode-26.3.0.app/Contents/Developer/usr/bin/xcodebuild -IDEClonedSourcePackagesDirPathOverride=/Users/admin/builder/spi-builder-workspace/.dependencies -resolvePackageDependencies
Resolve Package Graph
Resolved source packages:
  AnylinePackage: /Users/admin/builder/spi-builder-workspace
resolved source packages: AnylinePackage
2026-09-28 22:51:09.369 xcodebuild[696:4396] [MT] IDERunDestination: Supported platforms for the buildables in the current scheme is empty.
{
  "dependencies" : [
  ],
  "manifest_display_name" : "AnylinePackage",
  "name" : "AnylinePackage",
  "path" : "/Users/admin/builder/spi-builder-workspace",
  "platforms" : [
    {
      "name" : "ios",
      "version" : "12.0"
    }
  ],
  "products" : [
    {
      "name" : "AnylinePackage",
      "targets" : [
        "Anyline"
      ],
      "type" : {
        "library" : [
          "automatic"
        ]
      }
    }
  ],
  "targets" : [
    {
      "c99name" : "Anyline",
      "module_type" : "BinaryTarget",
      "name" : "Anyline",
      "path" : "remote/archive/Anyline.xcframework-spm-56.5.1.zip",
      "product_memberships" : [
        "AnylinePackage"
      ],
      "sources" : [
      ],
      "type" : "binary"
    }
  ],
  "tools_version" : "5.5"
}
{
  "workspace" : {
    "name" : "spi-builder-workspace",
    "schemes" : [
      "AnylinePackage"
    ]
  }
}
2026-09-28 22:51:10.408 xcodebuild[704:4456] [MT] IDERunDestination: Supported platforms for the buildables in the current scheme is empty.
Running build ...
env DEVELOPER_DIR=/Applications/Xcode-26.3.0.app xcrun xcodebuild -IDEClonedSourcePackagesDirPathOverride=$PWD/.dependencies -skipMacroValidation -skipPackagePluginValidation -derivedDataPath $PWD/.derivedData build -scheme AnylinePackage -destination platform=macOS,arch=arm64
Command line invocation:
    /Applications/Xcode-26.3.0.app/Contents/Developer/usr/bin/xcodebuild -IDEClonedSourcePackagesDirPathOverride=/Users/admin/builder/spi-builder-workspace/.dependencies -skipMacroValidation -skipPackagePluginValidation -derivedDataPath /Users/admin/builder/spi-builder-workspace/.derivedData build -scheme AnylinePackage -destination platform=macOS,arch=arm64
Resolve Package Graph
Resolved source packages:
  AnylinePackage: /Users/admin/builder/spi-builder-workspace
ComputePackagePrebuildTargetDependencyGraph
Prepare packages
CreateBuildRequest
SendProjectDescription
CreateBuildOperation
ComputeTargetDependencyGraph
note: Building targets in dependency order
note: Target dependency graph (1 target)
    Target 'AnylinePackage' in project 'AnylinePackage' (no dependencies)
GatherProvisioningInputs
CreateBuildDescription
ExecuteExternalTool /Applications/Xcode-26.3.0.app/Contents/Developer/Toolchains/XcodeDefault.xctoolchain/usr/bin/clang -v -E -dM -isysroot /Applications/Xcode-26.3.0.app/Contents/Developer/Platforms/MacOSX.platform/Developer/SDKs/MacOSX26.2.sdk -x c -c /dev/null
Build description signature: 5936d6888a59cc4beea8c66fdfa58690
Build description path: /Users/admin/builder/spi-builder-workspace/.derivedData/Build/Intermediates.noindex/XCBuildData/5936d6888a59cc4beea8c66fdfa58690.xcbuilddata
/Users/admin/builder/spi-builder-workspace/.dependencies/artifacts/spi-builder-workspace/Anyline/Anyline.xcframework:1:1: error: While building for macOS, no library for this platform was found in '/Users/admin/builder/spi-builder-workspace/.dependencies/artifacts/spi-builder-workspace/Anyline/Anyline.xcframework'. (in target 'AnylinePackage' from project 'AnylinePackage')
2026-09-28 22:51:11.235 xcodebuild[706:4493] [MT] IDERunDestination: Supported platforms for the buildables in the current scheme is empty.
--- xcodebuild: WARNING: Using the first of multiple matching destinations:
{ platform:macOS, arch:arm64, id:2ef3e40f0b74b426f1f9be4e8f3825f114c6b34c, name:My Mac }
{ platform:macOS, arch:arm64, variant:Mac Catalyst, id:2ef3e40f0b74b426f1f9be4e8f3825f114c6b34c, name:My Mac }
{ platform:macOS, arch:arm64, variant:DriverKit, id:2ef3e40f0b74b426f1f9be4e8f3825f114c6b34c, name:My Mac }
{ platform:macOS, arch:arm64, variant:Designed for [iPad,iPhone], id:2ef3e40f0b74b426f1f9be4e8f3825f114c6b34c, name:My Mac }
** BUILD FAILED **
The following build commands failed:
	Building workspace spi-builder-workspace with scheme AnylinePackage
(1 failure)
BUILD FAILURE 6.2 macosXcodebuild