Build Information
Failed to build VoicemodAudioFilterExtension, reference 0.3.0 (76800a), with Swift 6.4 for watchOS using Xcode 27.0 on 18 Sep 2026 18:46:58 UTC.
Build Command
env DEVELOPER_DIR=/Applications/Xcode-27.0.0-Release.Candidate.app xcrun xcodebuild -IDEClonedSourcePackagesDirPathOverride=$PWD/.dependencies -skipMacroValidation -skipPackagePluginValidation -derivedDataPath $PWD/.derivedData build -scheme VoicemodAudioFilterExtension -destination generic/platform=watchOSBuild Log
========================================
RunAll
========================================
Builder version: 5.1.0
Interrupt handler set up.
========================================
Checkout
========================================
Clone URL: https://github.com/AgoraIO-Community/Extension-Voicemod-iOS.git
Reference: 0.3.0
Initialized empty Git repository in /Users/admin/builder/spi-builder-workspace/.git/
From https://github.com/AgoraIO-Community/Extension-Voicemod-iOS
* tag 0.3.0 -> FETCH_HEAD
HEAD is now at 76800a1 bump version to 0.3.0
Cloned https://github.com/AgoraIO-Community/Extension-Voicemod-iOS.git
Revision (git rev-parse @):
76800a1520e6b59c658260809b114155d0d36646
SUCCESS checkout https://github.com/AgoraIO-Community/Extension-Voicemod-iOS.git at 0.3.0
========================================
Build
========================================
Selected platform: watchOS
Swift version: 6.4
Building package at path: $PWD
https://github.com/AgoraIO-Community/Extension-Voicemod-iOS.git
Command line invocation:
/Applications/Xcode-27.0.0-Release.Candidate.app/Contents/Developer/usr/bin/xcodebuild -IDEClonedSourcePackagesDirPathOverride=/Users/admin/builder/spi-builder-workspace/.dependencies -resolvePackageDependencies
Resolve Package Graph
Resolve Package Graph
Resolved source packages:
VoicemodAudioFilterExtension: /Users/admin/builder/spi-builder-workspace
resolved source packages: VoicemodAudioFilterExtension
2026-09-18 14:46:12.117 xcodebuild[529:3055] [MT] IDERunDestination: Supported platforms for the buildables in the current scheme is empty.
{
"default_localization" : "en",
"dependencies" : [
],
"manifest_display_name" : "VoicemodAudioFilterExtension",
"name" : "VoicemodAudioFilterExtension",
"path" : "/Users/admin/builder/spi-builder-workspace",
"platforms" : [
{
"name" : "ios",
"version" : "9.0"
}
],
"products" : [
{
"name" : "VoicemodAudioFilterExtension",
"targets" : [
"VoicemodAudioFilterExtension"
],
"type" : {
"library" : [
"automatic"
]
}
}
],
"targets" : [
{
"c99name" : "VoicemodAudioFilterExtension",
"module_type" : "BinaryTarget",
"name" : "VoicemodAudioFilterExtension",
"path" : "remote/archive/VoicemodAudioFilterExtension.xcframework.zip",
"product_memberships" : [
"VoicemodAudioFilterExtension"
],
"sources" : [
],
"type" : "binary"
}
],
"tools_version" : "5.3"
}
{
"workspace" : {
"name" : "VoicemodAudioFilterExtension",
"schemes" : [
"VoicemodAudioFilterExtension"
]
}
}
2026-09-18 14:46:53.025 xcodebuild[660:4201] [MT] IDERunDestination: Supported platforms for the buildables in the current scheme is empty.
Running build ...
env DEVELOPER_DIR=/Applications/Xcode-27.0.0-Release.Candidate.app xcrun xcodebuild -IDEClonedSourcePackagesDirPathOverride=$PWD/.dependencies -skipMacroValidation -skipPackagePluginValidation -derivedDataPath $PWD/.derivedData build -scheme VoicemodAudioFilterExtension -destination generic/platform=watchOS
Command line invocation:
/Applications/Xcode-27.0.0-Release.Candidate.app/Contents/Developer/usr/bin/xcodebuild -IDEClonedSourcePackagesDirPathOverride=/Users/admin/builder/spi-builder-workspace/.dependencies -skipMacroValidation -skipPackagePluginValidation -derivedDataPath /Users/admin/builder/spi-builder-workspace/.derivedData build -scheme VoicemodAudioFilterExtension -destination generic/platform=watchOS
Resolve Package Graph
Resolved source packages:
VoicemodAudioFilterExtension: /Users/admin/builder/spi-builder-workspace
ComputePackagePrebuildTargetDependencyGraph
Prepare packages
CreateBuildRequest
SendProjectDescription
CreateBuildOperation
ComputeTargetDependencyGraph
note: Building targets in dependency order
note: Target dependency graph (1 target)
Target 'VoicemodAudioFilterExtension-product' in project 'VoicemodAudioFilterExtension' (no dependencies)
GatherProvisioningInputs
CreateBuildDescription
ExecuteExternalTool /Applications/Xcode-27.0.0-Release.Candidate.app/Contents/Developer/Toolchains/XcodeDefault.xctoolchain/usr/bin/clang -v -E -dM -isysroot /Applications/Xcode-27.0.0-Release.Candidate.app/Contents/Developer/Platforms/WatchOS.platform/Developer/SDKs/WatchOS27.0.sdk -x c -c /dev/null
Build description signature: 9348a228d27a76c64110bf3b0685ce52
Build description path: /Users/admin/builder/spi-builder-workspace/.derivedData/Build/Intermediates.noindex/XCBuildData/9348a228d27a76c64110bf3b0685ce52.xcbuilddata
/Users/admin/builder/spi-builder-workspace/.dependencies/artifacts/spi-builder-workspace/VoicemodAudioFilterExtension/VoicemodAudioFilterExtension.xcframework:1:1: error: While building for watchOS, no library for this platform was found in '/Users/admin/builder/spi-builder-workspace/.dependencies/artifacts/spi-builder-workspace/VoicemodAudioFilterExtension/VoicemodAudioFilterExtension.xcframework'. (in target 'VoicemodAudioFilterExtension-product' from project 'VoicemodAudioFilterExtension')
2026-09-18 14:46:54.598 xcodebuild[661:4245] [MT] IDERunDestination: Supported platforms for the buildables in the current scheme is empty.
** BUILD FAILED **
The following build commands failed:
Building workspace VoicemodAudioFilterExtension with scheme VoicemodAudioFilterExtension
(1 failure)
Command line invocation:
/Applications/Xcode-27.0.0-Release.Candidate.app/Contents/Developer/usr/bin/xcodebuild -IDEClonedSourcePackagesDirPathOverride=/Users/admin/builder/spi-builder-workspace/.dependencies -resolvePackageDependencies
Resolve Package Graph
Resolved source packages:
VoicemodAudioFilterExtension: /Users/admin/builder/spi-builder-workspace
resolved source packages: VoicemodAudioFilterExtension
2026-09-18 14:46:56.194 xcodebuild[673:4344] [MT] IDERunDestination: Supported platforms for the buildables in the current scheme is empty.
{
"default_localization" : "en",
"dependencies" : [
],
"manifest_display_name" : "VoicemodAudioFilterExtension",
"name" : "VoicemodAudioFilterExtension",
"path" : "/Users/admin/builder/spi-builder-workspace",
"platforms" : [
{
"name" : "ios",
"version" : "9.0"
}
],
"products" : [
{
"name" : "VoicemodAudioFilterExtension",
"targets" : [
"VoicemodAudioFilterExtension"
],
"type" : {
"library" : [
"automatic"
]
}
}
],
"targets" : [
{
"c99name" : "VoicemodAudioFilterExtension",
"module_type" : "BinaryTarget",
"name" : "VoicemodAudioFilterExtension",
"path" : "remote/archive/VoicemodAudioFilterExtension.xcframework.zip",
"product_memberships" : [
"VoicemodAudioFilterExtension"
],
"sources" : [
],
"type" : "binary"
}
],
"tools_version" : "5.3"
}
{
"workspace" : {
"name" : "VoicemodAudioFilterExtension",
"schemes" : [
"VoicemodAudioFilterExtension"
]
}
}
2026-09-18 14:46:57.370 xcodebuild[681:4400] [MT] IDERunDestination: Supported platforms for the buildables in the current scheme is empty.
Running build ...
env DEVELOPER_DIR=/Applications/Xcode-27.0.0-Release.Candidate.app xcrun xcodebuild -IDEClonedSourcePackagesDirPathOverride=$PWD/.dependencies -skipMacroValidation -skipPackagePluginValidation -derivedDataPath $PWD/.derivedData build -scheme VoicemodAudioFilterExtension -destination generic/platform=watchOS
Command line invocation:
/Applications/Xcode-27.0.0-Release.Candidate.app/Contents/Developer/usr/bin/xcodebuild -IDEClonedSourcePackagesDirPathOverride=/Users/admin/builder/spi-builder-workspace/.dependencies -skipMacroValidation -skipPackagePluginValidation -derivedDataPath /Users/admin/builder/spi-builder-workspace/.derivedData build -scheme VoicemodAudioFilterExtension -destination generic/platform=watchOS
Resolve Package Graph
Resolved source packages:
VoicemodAudioFilterExtension: /Users/admin/builder/spi-builder-workspace
ComputePackagePrebuildTargetDependencyGraph
Prepare packages
CreateBuildRequest
SendProjectDescription
CreateBuildOperation
ComputeTargetDependencyGraph
note: Building targets in dependency order
note: Target dependency graph (1 target)
Target 'VoicemodAudioFilterExtension-product' in project 'VoicemodAudioFilterExtension' (no dependencies)
GatherProvisioningInputs
CreateBuildDescription
/Users/admin/builder/spi-builder-workspace/.dependencies/artifacts/spi-builder-workspace/VoicemodAudioFilterExtension/VoicemodAudioFilterExtension.xcframework:1:1: error: While building for watchOS, no library for this platform was found in '/Users/admin/builder/spi-builder-workspace/.dependencies/artifacts/spi-builder-workspace/VoicemodAudioFilterExtension/VoicemodAudioFilterExtension.xcframework'. (in target 'VoicemodAudioFilterExtension-product' from project 'VoicemodAudioFilterExtension')
2026-09-18 14:46:58.294 xcodebuild[682:4425] [MT] IDERunDestination: Supported platforms for the buildables in the current scheme is empty.
** BUILD FAILED **
The following build commands failed:
Building workspace VoicemodAudioFilterExtension with scheme VoicemodAudioFilterExtension
(1 failure)
BUILD FAILURE 6.4 watchOS