Build Information
Failed to build CasperishTheme, reference main (304741), with Swift 6.4 for watchOS using Xcode 27.0 on 17 Sep 2026 15:27:23 UTC.
Build Command
No build command. This typically means the build failed at an early stage where we determine the build command.Build Log
========================================
RunAll
========================================
Builder version: 5.1.0
Interrupt handler set up.
========================================
Checkout
========================================
Clone URL: https://github.com/sowenjub/CasperishTheme.git
Reference: main
Initialized empty Git repository in /Users/admin/builder/spi-builder-workspace/.git/
From https://github.com/sowenjub/CasperishTheme
* branch main -> FETCH_HEAD
* [new branch] main -> origin/main
HEAD is now at 304741e Merge pull request #2 from aure/patch-1
Cloned https://github.com/sowenjub/CasperishTheme.git
Revision (git rev-parse @):
304741e76057782ca57896e78efb8969a550e4c3
SUCCESS checkout https://github.com/sowenjub/CasperishTheme.git at main
========================================
Build
========================================
Selected platform: watchOS
Swift version: 6.4
Building package at path: $PWD
https://github.com/sowenjub/CasperishTheme.git
Command line invocation:
/Applications/Xcode-27.0.0-Release.Candidate.app/Contents/Developer/usr/bin/xcodebuild -IDEClonedSourcePackagesDirPathOverride=/Users/admin/builder/spi-builder-workspace/.dependencies -resolvePackageDependencies
Resolve Package Graph
Fetching from https://github.com/Ze0nC/SwiftPygmentsPublishPlugin
Fetching from https://github.com/Ze0nC/SwiftPygments
Fetching from https://github.com/pvieito/PythonKit.git
could not find a branch named ‘master’ in https://github.com/pvieito/PythonKit.git (did you mean ‘main’?)Resolve Package Graph
Updating from https://github.com/Ze0nC/SwiftPygmentsPublishPlugin
Updating from https://github.com/Ze0nC/SwiftPygments
Updating from https://github.com/pvieito/PythonKit.git
could not find a branch named ‘master’ in https://github.com/pvieito/PythonKit.git (did you mean ‘main’?)Resolve Package Graph
Updating from https://github.com/Ze0nC/SwiftPygmentsPublishPlugin
Updating from https://github.com/Ze0nC/SwiftPygments
Updating from https://github.com/pvieito/PythonKit.git
could not find a branch named ‘master’ in https://github.com/pvieito/PythonKit.git (did you mean ‘main’?)Resolve Package Graph
Updating from https://github.com/Ze0nC/SwiftPygmentsPublishPlugin
Updating from https://github.com/Ze0nC/SwiftPygments
Updating from https://github.com/pvieito/PythonKit.git
could not find a branch named ‘master’ in https://github.com/pvieito/PythonKit.git (did you mean ‘main’?)
Resolved source packages:
spi-builder-workspace: (null)
2026-09-17 11:27:20.315 xcodebuild[526:3032] Writing error result bundle to /var/folders/xq/y_g06wb113726d38xsyx71_h0000gn/T/ResultBundle_2026-17-09_11-27-0020.xcresult
xcodebuild: error: Could not resolve package dependencies:
could not find a branch named ‘master’ in https://github.com/pvieito/PythonKit.git (did you mean ‘main’?)
Command line invocation:
/Applications/Xcode-27.0.0-Release.Candidate.app/Contents/Developer/usr/bin/xcodebuild -IDEClonedSourcePackagesDirPathOverride=/Users/admin/builder/spi-builder-workspace/.dependencies -resolvePackageDependencies
Resolve Package Graph
Updating from https://github.com/Ze0nC/SwiftPygmentsPublishPlugin
Updating from https://github.com/Ze0nC/SwiftPygments
Updating from https://github.com/pvieito/PythonKit.git
could not find a branch named ‘master’ in https://github.com/pvieito/PythonKit.git (did you mean ‘main’?)
Resolved source packages:
spi-builder-workspace: (null)
2026-09-17 11:27:23.243 xcodebuild[742:4130] Writing error result bundle to /var/folders/xq/y_g06wb113726d38xsyx71_h0000gn/T/ResultBundle_2026-17-09_11-27-0023.xcresult
xcodebuild: error: Could not resolve package dependencies:
could not find a branch named ‘master’ in https://github.com/pvieito/PythonKit.git (did you mean ‘main’?)
BUILD FAILURE 6.4 watchOS