Build Information
Failed to build XCGLogger, reference main (4def3c), with Swift 6.4 for visionOS using Xcode 27.0 on 20 Sep 2026 16:55:17 UTC.
Build Command
env DEVELOPER_DIR=/Applications/Xcode-27.0.0-Release.Candidate.app xcrun xcodebuild -IDEClonedSourcePackagesDirPathOverride=$PWD/.dependencies -skipMacroValidation -skipPackagePluginValidation -derivedDataPath $PWD/.derivedData build -scheme XCGLogger-Package -destination generic/platform=xrOSBuild Log
========================================
RunAll
========================================
Builder version: 5.1.0
Interrupt handler set up.
========================================
Checkout
========================================
Clone URL: https://github.com/DaveWoodCom/XCGLogger.git
Reference: main
Initialized empty Git repository in /Users/admin/builder/spi-builder-workspace/.git/
From https://github.com/DaveWoodCom/XCGLogger
* branch main -> FETCH_HEAD
* [new branch] main -> origin/main
HEAD is now at 4def3c1 chore: version bump 7.1.5
Cloned https://github.com/DaveWoodCom/XCGLogger.git
Revision (git rev-parse @):
4def3c1c772ca90ad5e7bfc8ac437c3b0b4276cf
SUCCESS checkout https://github.com/DaveWoodCom/XCGLogger.git at main
========================================
Build
========================================
Selected platform: visionOS
Swift version: 6.4
Building package at path: $PWD
https://github.com/DaveWoodCom/XCGLogger.git
Command line invocation:
/Applications/Xcode-27.0.0-Release.Candidate.app/Contents/Developer/usr/bin/xcodebuild -IDEClonedSourcePackagesDirPathOverride=/Users/admin/builder/spi-builder-workspace/.dependencies -resolvePackageDependencies
resolved source packages:
{
"dependencies" : [
],
"manifest_display_name" : "XCGLogger",
"name" : "XCGLogger",
"path" : "/Users/admin/builder/spi-builder-workspace",
"platforms" : [
],
"products" : [
{
"name" : "XCGLogger",
"targets" : [
"XCGLogger"
],
"type" : {
"library" : [
"automatic"
]
}
},
{
"name" : "ObjcExceptionBridging",
"targets" : [
"ObjcExceptionBridging"
],
"type" : {
"library" : [
"automatic"
]
}
}
],
"targets" : [
{
"c99name" : "XCGLoggerTests",
"module_type" : "SwiftTarget",
"name" : "XCGLoggerTests",
"path" : "Tests/XCGLoggerTests",
"sources" : [
"XCGLoggerTests.swift"
],
"target_dependencies" : [
"XCGLogger"
],
"type" : "test"
},
{
"c99name" : "XCGLogger",
"module_type" : "SwiftTarget",
"name" : "XCGLogger",
"path" : "Sources/XCGLogger",
"product_memberships" : [
"XCGLogger"
],
"resources" : [
{
"path" : "/Users/admin/builder/spi-builder-workspace/Sources/XCGLogger/PrivacyInfo.xcprivacy",
"rule" : {
"process" : {
}
}
}
],
"sources" : [
"Destinations/AppleSystemLogDestination.swift",
"Destinations/AutoRotatingFileDestination.swift",
"Destinations/BaseDestination.swift",
"Destinations/BaseQueuedDestination.swift",
"Destinations/ConsoleDestination.swift",
"Destinations/DestinationProtocol.swift",
"Destinations/FileDestination.swift",
"Destinations/TestDestination.swift",
"Extensions/DispatchQueue+XCGAdditions.swift",
"Extensions/URL+XCGAdditions.swift",
"Filters/DevFilter.swift",
"Filters/FileNameFilter.swift",
"Filters/FilterProtocol.swift",
"Filters/TagFilter.swift",
"Filters/UserInfoFilter.swift",
"LogFormatters/ANSIColorLogFormatter.swift",
"LogFormatters/Base64LogFormatter.swift",
"LogFormatters/LogFormatterProtocol.swift",
"LogFormatters/PrePostFixLogFormatter.swift",
"LogFormatters/XcodeColorsLogFormatter.swift",
"Misc/HelperFunctions.swift",
"Misc/LogDetails.swift",
"Misc/Optional/UserInfoHelpers.swift",
"XCGLogger.swift"
],
"target_dependencies" : [
"ObjcExceptionBridging"
],
"type" : "library"
},
{
"c99name" : "ObjcExceptionBridging",
"module_type" : "ClangTarget",
"name" : "ObjcExceptionBridging",
"path" : "Sources/ObjcExceptionBridging",
"product_memberships" : [
"XCGLogger",
"ObjcExceptionBridging"
],
"resources" : [
{
"path" : "/Users/admin/builder/spi-builder-workspace/Sources/ObjcExceptionBridging/PrivacyInfo.xcprivacy",
"rule" : {
"process" : {
}
}
}
],
"sources" : [
"ObjectiveCMarker.m"
],
"type" : "library"
}
],
"tools_version" : "5.3"
}
{
"project" : {
"configurations" : [
"Debug",
"Release"
],
"name" : "XCGLogger",
"schemes" : [
"ObjcExceptionBridging (iOS)",
"ObjcExceptionBridging (macOS)",
"ObjcExceptionBridging (tvOS)",
"ObjcExceptionBridging (watchOS)",
"XCGLogger (iOS)",
"XCGLogger (macOS)",
"XCGLogger (tvOS)",
"XCGLogger (watchOS)",
"XCGLoggerTests (watchOS)"
],
"targets" : [
"XCGLogger (iOS)",
"XCGLogger (macOS)",
"XCGLogger (watchOS)",
"XCGLogger (tvOS)",
"XCGLoggerTests (iOS)",
"XCGLoggerTests (macOS)",
"XCGLoggerTests (watchOS)",
"XCGLoggerTests (tvOS)",
"ObjcExceptionBridging (iOS)",
"ObjcExceptionBridging (macOS)",
"ObjcExceptionBridging (watchOS)",
"ObjcExceptionBridging (tvOS)"
]
}
}
{
"workspace" : {
"name" : "XCGLogger",
"schemes" : [
"ObjcExceptionBridging",
"XCGLogger",
"XCGLogger-Package"
]
}
}
2026-09-20 12:55:04.247 xcodebuild[616:3842] [MT] IDERunDestination: Supported platforms for the buildables in the current scheme is empty.
Running build ...
env DEVELOPER_DIR=/Applications/Xcode-27.0.0-Release.Candidate.app xcrun xcodebuild -IDEClonedSourcePackagesDirPathOverride=$PWD/.dependencies -skipMacroValidation -skipPackagePluginValidation -derivedDataPath $PWD/.derivedData build -scheme XCGLogger-Package -destination generic/platform=xrOS
Command line invocation:
/Applications/Xcode-27.0.0-Release.Candidate.app/Contents/Developer/usr/bin/xcodebuild -IDEClonedSourcePackagesDirPathOverride=/Users/admin/builder/spi-builder-workspace/.dependencies -skipMacroValidation -skipPackagePluginValidation -derivedDataPath /Users/admin/builder/spi-builder-workspace/.derivedData build -scheme XCGLogger-Package -destination generic/platform=xrOS
Resolve Package Graph
Resolved source packages:
XCGLogger: /Users/admin/builder/spi-builder-workspace
ComputePackagePrebuildTargetDependencyGraph
Prepare packages
CreateBuildRequest
SendProjectDescription
CreateBuildOperation
ComputeTargetDependencyGraph
note: Building targets in dependency order
note: Target dependency graph (6 targets)
Target 'ObjcExceptionBridging-product' in project 'XCGLogger'
➜ Explicit dependency on target 'ObjcExceptionBridging' in project 'XCGLogger'
➜ Explicit dependency on target 'XCGLogger_ObjcExceptionBridging' in project 'XCGLogger'
Target 'XCGLogger-product' in project 'XCGLogger'
➜ Explicit dependency on target 'XCGLogger' in project 'XCGLogger'
➜ Explicit dependency on target 'XCGLogger_XCGLogger' in project 'XCGLogger'
➜ Explicit dependency on target 'ObjcExceptionBridging' in project 'XCGLogger'
Target 'XCGLogger' in project 'XCGLogger'
➜ Explicit dependency on target 'XCGLogger_XCGLogger' in project 'XCGLogger'
➜ Explicit dependency on target 'ObjcExceptionBridging' in project 'XCGLogger'
Target 'ObjcExceptionBridging' in project 'XCGLogger'
➜ Explicit dependency on target 'XCGLogger_ObjcExceptionBridging' in project 'XCGLogger'
Target 'XCGLogger_ObjcExceptionBridging' in project 'XCGLogger' (no dependencies)
Target 'XCGLogger_XCGLogger' in project 'XCGLogger' (no dependencies)
GatherProvisioningInputs
CreateBuildDescription
ExecuteExternalTool /Applications/Xcode-27.0.0-Release.Candidate.app/Contents/Developer/Toolchains/XcodeDefault.xctoolchain/usr/bin/clang -v -E -dM -isysroot /Applications/Xcode-27.0.0-Release.Candidate.app/Contents/Developer/Platforms/XROS.platform/Developer/SDKs/XROS27.0.sdk -x c -c /dev/null
ExecuteExternalTool /Applications/Xcode-27.0.0-Release.Candidate.app/Contents/Developer/Toolchains/XcodeDefault.xctoolchain/usr/bin/clang -v -E -dM -arch arm64 -isysroot /Applications/Xcode-27.0.0-Release.Candidate.app/Contents/Developer/Platforms/XROS.platform/Developer/SDKs/XROS27.0.sdk -x objective-c -c /dev/null
ExecuteExternalTool /Applications/Xcode-27.0.0-Release.Candidate.app/Contents/Developer/Toolchains/XcodeDefault.xctoolchain/usr/bin/swiftc --version
ExecuteExternalTool /Applications/Xcode-27.0.0-Release.Candidate.app/Contents/Developer/Toolchains/XcodeDefault.xctoolchain/usr/bin/clang -v -E -dM -arch arm64 -isysroot /Applications/Xcode-27.0.0-Release.Candidate.app/Contents/Developer/Platforms/XROS.platform/Developer/SDKs/XROS27.0.sdk -x c -c /dev/null
ExecuteExternalTool /Applications/Xcode-27.0.0-Release.Candidate.app/Contents/Developer/Toolchains/XcodeDefault.xctoolchain/usr/bin/ld -version_details
Build description signature: c551a8ba96b39f7196d90ddbe6c8f923
Build description path: /Users/admin/builder/spi-builder-workspace/.derivedData/Build/Intermediates.noindex/XCBuildData/c551a8ba96b39f7196d90ddbe6c8f923.xcbuilddata
CreateBuildDirectory /Users/admin/builder/spi-builder-workspace/.derivedData/SDKExplicitPrecompiledModules
cd /Users/admin/builder/spi-builder-workspace/.swiftpm/xcode
builtin-create-build-directory /Users/admin/builder/spi-builder-workspace/.derivedData/SDKExplicitPrecompiledModules
CreateBuildDirectory /Users/admin/builder/spi-builder-workspace/.derivedData/ModuleCache.noindex
cd /Users/admin/builder/spi-builder-workspace/.swiftpm/xcode
builtin-create-build-directory /Users/admin/builder/spi-builder-workspace/.derivedData/ModuleCache.noindex
CreateBuildDirectory /Users/admin/builder/spi-builder-workspace/.derivedData/Build/Intermediates.noindex
cd /Users/admin/builder/spi-builder-workspace/.swiftpm/xcode
builtin-create-build-directory /Users/admin/builder/spi-builder-workspace/.derivedData/Build/Intermediates.noindex
CreateBuildDirectory /Users/admin/builder/spi-builder-workspace/.derivedData/CompilationCache.noindex
cd /Users/admin/builder/spi-builder-workspace/.swiftpm/xcode
builtin-create-build-directory /Users/admin/builder/spi-builder-workspace/.derivedData/CompilationCache.noindex
CreateBuildDirectory /Users/admin/builder/spi-builder-workspace/.derivedData/Build/Products
cd /Users/admin/builder/spi-builder-workspace/.swiftpm/xcode
builtin-create-build-directory /Users/admin/builder/spi-builder-workspace/.derivedData/Build/Products
ClangStatCache /Applications/Xcode-27.0.0-Release.Candidate.app/Contents/Developer/Toolchains/XcodeDefault.xctoolchain/usr/bin/clang-stat-cache /Applications/Xcode-27.0.0-Release.Candidate.app/Contents/Developer/Platforms/XROS.platform/Developer/SDKs/XROS27.0.sdk /Users/admin/builder/spi-builder-workspace/.derivedData/SDKStatCaches.noindex/xros27.0-24M361-e829b21a6f8c9b70876ba0858053c044735bd543db762f57723cac368afd1ce4.sdkstatcache
cd /Users/admin/builder/spi-builder-workspace/.swiftpm/xcode
/Applications/Xcode-27.0.0-Release.Candidate.app/Contents/Developer/Toolchains/XcodeDefault.xctoolchain/usr/bin/clang-stat-cache /Applications/Xcode-27.0.0-Release.Candidate.app/Contents/Developer/Platforms/XROS.platform/Developer/SDKs/XROS27.0.sdk -o /Users/admin/builder/spi-builder-workspace/.derivedData/SDKStatCaches.noindex/xros27.0-24M361-e829b21a6f8c9b70876ba0858053c044735bd543db762f57723cac368afd1ce4.sdkstatcache
CreateBuildDirectory /Users/admin/builder/spi-builder-workspace/.derivedData/Build/Intermediates.noindex/SwiftExplicitPrecompiledModules
cd /Users/admin/builder/spi-builder-workspace/.swiftpm/xcode
builtin-create-build-directory /Users/admin/builder/spi-builder-workspace/.derivedData/Build/Intermediates.noindex/SwiftExplicitPrecompiledModules
CreateBuildDirectory /Users/admin/builder/spi-builder-workspace/.derivedData/Build/Intermediates.noindex/ExplicitPrecompiledModules
cd /Users/admin/builder/spi-builder-workspace/.swiftpm/xcode
builtin-create-build-directory /Users/admin/builder/spi-builder-workspace/.derivedData/Build/Intermediates.noindex/ExplicitPrecompiledModules
CreateBuildDirectory /Users/admin/builder/spi-builder-workspace/.derivedData/Build/Intermediates.noindex/PrecompiledHeaders
cd /Users/admin/builder/spi-builder-workspace/.swiftpm/xcode
builtin-create-build-directory /Users/admin/builder/spi-builder-workspace/.derivedData/Build/Intermediates.noindex/PrecompiledHeaders
CreateBuildDirectory /Users/admin/builder/spi-builder-workspace/.derivedData/Build/Products/Debug-xros
cd /Users/admin/builder/spi-builder-workspace/.swiftpm/xcode
builtin-create-build-directory /Users/admin/builder/spi-builder-workspace/.derivedData/Build/Products/Debug-xros
CreateBuildDirectory /Users/admin/builder/spi-builder-workspace/.derivedData/Build/Intermediates.noindex/EagerLinkingTBDs/Debug-xros
cd /Users/admin/builder/spi-builder-workspace/.swiftpm/xcode
builtin-create-build-directory /Users/admin/builder/spi-builder-workspace/.derivedData/Build/Intermediates.noindex/EagerLinkingTBDs/Debug-xros
CreateBuildDirectory /Users/admin/builder/spi-builder-workspace/.derivedData/Build/Products/Debug-xros/PackageFrameworks
cd /Users/admin/builder/spi-builder-workspace/.swiftpm/xcode
builtin-create-build-directory /Users/admin/builder/spi-builder-workspace/.derivedData/Build/Products/Debug-xros/PackageFrameworks
MkDir /Users/admin/builder/spi-builder-workspace/.derivedData/Build/Products/Debug-xros/XCGLogger_XCGLogger.bundle (in target 'XCGLogger_XCGLogger' from project 'XCGLogger')
cd /Users/admin/builder/spi-builder-workspace
/bin/mkdir -p /Users/admin/builder/spi-builder-workspace/.derivedData/Build/Products/Debug-xros/XCGLogger_XCGLogger.bundle
WriteAuxiliaryFile /Users/admin/builder/spi-builder-workspace/.derivedData/Build/Intermediates.noindex/XCGLogger.build/Debug-xros/XCGLogger_XCGLogger-b.build/empty-XCGLogger_XCGLogger.plist (in target 'XCGLogger_XCGLogger' from project 'XCGLogger')
cd /Users/admin/builder/spi-builder-workspace
write-file /Users/admin/builder/spi-builder-workspace/.derivedData/Build/Intermediates.noindex/XCGLogger.build/Debug-xros/XCGLogger_XCGLogger-b.build/empty-XCGLogger_XCGLogger.plist
WriteAuxiliaryFile /Users/admin/builder/spi-builder-workspace/.derivedData/Build/Intermediates.noindex/XCGLogger.build/Debug-xros/XCGLogger_XCGLogger-b.build/XCGLogger_XCGLogger.DependencyMetadataFileList (in target 'XCGLogger_XCGLogger' from project 'XCGLogger')
cd /Users/admin/builder/spi-builder-workspace
write-file /Users/admin/builder/spi-builder-workspace/.derivedData/Build/Intermediates.noindex/XCGLogger.build/Debug-xros/XCGLogger_XCGLogger-b.build/XCGLogger_XCGLogger.DependencyMetadataFileList
WriteAuxiliaryFile /Users/admin/builder/spi-builder-workspace/.derivedData/Build/Intermediates.noindex/XCGLogger.build/Debug-xros/XCGLogger-t.build/XCGLogger.DependencyStaticMetadataFileList (in target 'XCGLogger' from project 'XCGLogger')
cd /Users/admin/builder/spi-builder-workspace
write-file /Users/admin/builder/spi-builder-workspace/.derivedData/Build/Intermediates.noindex/XCGLogger.build/Debug-xros/XCGLogger-t.build/XCGLogger.DependencyStaticMetadataFileList
WriteAuxiliaryFile /Users/admin/builder/spi-builder-workspace/.derivedData/Build/Intermediates.noindex/XCGLogger.build/Debug-xros/XCGLogger-t.build/XCGLogger.modulemap (in target 'XCGLogger' from project 'XCGLogger')
cd /Users/admin/builder/spi-builder-workspace
write-file /Users/admin/builder/spi-builder-workspace/.derivedData/Build/Intermediates.noindex/XCGLogger.build/Debug-xros/XCGLogger-t.build/XCGLogger.modulemap
WriteAuxiliaryFile /Users/admin/builder/spi-builder-workspace/.derivedData/Build/Intermediates.noindex/XCGLogger.build/Debug-xros/XCGLogger_ObjcExceptionBridging-b.build/XCGLogger_ObjcExceptionBridging.DependencyStaticMetadataFileList (in target 'XCGLogger_ObjcExceptionBridging' from project 'XCGLogger')
cd /Users/admin/builder/spi-builder-workspace
write-file /Users/admin/builder/spi-builder-workspace/.derivedData/Build/Intermediates.noindex/XCGLogger.build/Debug-xros/XCGLogger_ObjcExceptionBridging-b.build/XCGLogger_ObjcExceptionBridging.DependencyStaticMetadataFileList
WriteAuxiliaryFile /Users/admin/builder/spi-builder-workspace/.derivedData/Build/Intermediates.noindex/XCGLogger.build/Debug-xros/XCGLogger_XCGLogger-b.build/XCGLogger_XCGLogger.DependencyStaticMetadataFileList (in target 'XCGLogger_XCGLogger' from project 'XCGLogger')
cd /Users/admin/builder/spi-builder-workspace
write-file /Users/admin/builder/spi-builder-workspace/.derivedData/Build/Intermediates.noindex/XCGLogger.build/Debug-xros/XCGLogger_XCGLogger-b.build/XCGLogger_XCGLogger.DependencyStaticMetadataFileList
WriteAuxiliaryFile /Users/admin/builder/spi-builder-workspace/.derivedData/Build/Intermediates.noindex/XCGLogger.build/Debug-xros/XCGLogger_ObjcExceptionBridging-b.build/empty-XCGLogger_ObjcExceptionBridging.plist (in target 'XCGLogger_ObjcExceptionBridging' from project 'XCGLogger')
cd /Users/admin/builder/spi-builder-workspace
write-file /Users/admin/builder/spi-builder-workspace/.derivedData/Build/Intermediates.noindex/XCGLogger.build/Debug-xros/XCGLogger_ObjcExceptionBridging-b.build/empty-XCGLogger_ObjcExceptionBridging.plist
WriteAuxiliaryFile /Users/admin/builder/spi-builder-workspace/.derivedData/Build/Intermediates.noindex/XCGLogger.build/Debug-xros/XCGLogger_ObjcExceptionBridging-b.build/XCGLogger_ObjcExceptionBridging.DependencyMetadataFileList (in target 'XCGLogger_ObjcExceptionBridging' from project 'XCGLogger')
cd /Users/admin/builder/spi-builder-workspace
write-file /Users/admin/builder/spi-builder-workspace/.derivedData/Build/Intermediates.noindex/XCGLogger.build/Debug-xros/XCGLogger_ObjcExceptionBridging-b.build/XCGLogger_ObjcExceptionBridging.DependencyMetadataFileList
WriteAuxiliaryFile /Users/admin/builder/spi-builder-workspace/.derivedData/Build/Intermediates.noindex/XCGLogger.build/Debug-xros/XCGLogger-t.build/XCGLogger.DependencyMetadataFileList (in target 'XCGLogger' from project 'XCGLogger')
cd /Users/admin/builder/spi-builder-workspace
write-file /Users/admin/builder/spi-builder-workspace/.derivedData/Build/Intermediates.noindex/XCGLogger.build/Debug-xros/XCGLogger-t.build/XCGLogger.DependencyMetadataFileList
WriteAuxiliaryFile /Users/admin/builder/spi-builder-workspace/.derivedData/Build/Intermediates.noindex/XCGLogger.build/Debug-xros/XCGLogger-t.build/Objects-normal/arm64/XCGLogger_const_extract_protocols.json (in target 'XCGLogger' from project 'XCGLogger')
cd /Users/admin/builder/spi-builder-workspace
write-file /Users/admin/builder/spi-builder-workspace/.derivedData/Build/Intermediates.noindex/XCGLogger.build/Debug-xros/XCGLogger-t.build/Objects-normal/arm64/XCGLogger_const_extract_protocols.json
WriteAuxiliaryFile /Users/admin/builder/spi-builder-workspace/.derivedData/Build/Intermediates.noindex/XCGLogger.build/Debug-xros/XCGLogger-t.build/Objects-normal/arm64/XCGLogger.SwiftFileList (in target 'XCGLogger' from project 'XCGLogger')
cd /Users/admin/builder/spi-builder-workspace
write-file /Users/admin/builder/spi-builder-workspace/.derivedData/Build/Intermediates.noindex/XCGLogger.build/Debug-xros/XCGLogger-t.build/Objects-normal/arm64/XCGLogger.SwiftFileList
WriteAuxiliaryFile /Users/admin/builder/spi-builder-workspace/.derivedData/Build/Intermediates.noindex/XCGLogger.build/Debug-xros/XCGLogger-t.build/Objects-normal/arm64/XCGLogger.SwiftConstValuesFileList (in target 'XCGLogger' from project 'XCGLogger')
cd /Users/admin/builder/spi-builder-workspace
write-file /Users/admin/builder/spi-builder-workspace/.derivedData/Build/Intermediates.noindex/XCGLogger.build/Debug-xros/XCGLogger-t.build/Objects-normal/arm64/XCGLogger.SwiftConstValuesFileList
WriteAuxiliaryFile /Users/admin/builder/spi-builder-workspace/.derivedData/Build/Intermediates.noindex/XCGLogger.build/Debug-xros/XCGLogger-t.build/Objects-normal/arm64/XCGLogger.LinkFileList (in target 'XCGLogger' from project 'XCGLogger')
cd /Users/admin/builder/spi-builder-workspace
write-file /Users/admin/builder/spi-builder-workspace/.derivedData/Build/Intermediates.noindex/XCGLogger.build/Debug-xros/XCGLogger-t.build/Objects-normal/arm64/XCGLogger.LinkFileList
WriteAuxiliaryFile /Users/admin/builder/spi-builder-workspace/.derivedData/Build/Intermediates.noindex/XCGLogger.build/Debug-xros/XCGLogger-t.build/Objects-normal/arm64/XCGLogger-OutputFileMap.json (in target 'XCGLogger' from project 'XCGLogger')
cd /Users/admin/builder/spi-builder-workspace
write-file /Users/admin/builder/spi-builder-workspace/.derivedData/Build/Intermediates.noindex/XCGLogger.build/Debug-xros/XCGLogger-t.build/Objects-normal/arm64/XCGLogger-OutputFileMap.json
WriteAuxiliaryFile /Users/admin/builder/spi-builder-workspace/.derivedData/Build/Intermediates.noindex/XCGLogger.build/Debug-xros/XCGLogger-t.build/DerivedSources/resource_bundle_accessor.swift (in target 'XCGLogger' from project 'XCGLogger')
cd /Users/admin/builder/spi-builder-workspace
write-file /Users/admin/builder/spi-builder-workspace/.derivedData/Build/Intermediates.noindex/XCGLogger.build/Debug-xros/XCGLogger-t.build/DerivedSources/resource_bundle_accessor.swift
Copy /Users/admin/builder/spi-builder-workspace/.derivedData/Build/Intermediates.noindex/GeneratedModuleMaps-xros/XCGLogger.modulemap /Users/admin/builder/spi-builder-workspace/.derivedData/Build/Intermediates.noindex/XCGLogger.build/Debug-xros/XCGLogger-t.build/XCGLogger.modulemap (in target 'XCGLogger' from project 'XCGLogger')
cd /Users/admin/builder/spi-builder-workspace
builtin-copy -exclude .DS_Store -exclude CVS -exclude .svn -exclude .git -exclude .hg -resolve-src-symlinks /Users/admin/builder/spi-builder-workspace/.derivedData/Build/Intermediates.noindex/XCGLogger.build/Debug-xros/XCGLogger-t.build/XCGLogger.modulemap /Users/admin/builder/spi-builder-workspace/.derivedData/Build/Intermediates.noindex/GeneratedModuleMaps-xros
WriteAuxiliaryFile /Users/admin/builder/spi-builder-workspace/.derivedData/Build/Intermediates.noindex/XCGLogger.build/Debug-xros/ObjcExceptionBridging-t.build/Objects-normal/arm64/e6072d4f65d7061329687fe24e3d63a7-common-args.resp (in target 'ObjcExceptionBridging' from project 'XCGLogger')
cd /Users/admin/builder/spi-builder-workspace
write-file /Users/admin/builder/spi-builder-workspace/.derivedData/Build/Intermediates.noindex/XCGLogger.build/Debug-xros/ObjcExceptionBridging-t.build/Objects-normal/arm64/e6072d4f65d7061329687fe24e3d63a7-common-args.resp
-fobjc-arc -fmodules -gmodules '-fmodules-cache-path=/Users/admin/builder/spi-builder-workspace/.derivedData/ModuleCache.noindex' '-fmodule-name=ObjcExceptionBridging' -fpascal-strings -O0 -DSWIFT_PACKAGE '-DDEBUG=1' '-DOBJC_OLD_DISPATCH_PROTOTYPES=1' -g -fprofile-instr-generate -fcoverage-mapping -I/Users/admin/builder/spi-builder-workspace/.derivedData/Build/Products/Debug-xros/include -I/Users/admin/builder/spi-builder-workspace/Sources/ObjcExceptionBridging/include -I/Users/admin/builder/spi-builder-workspace/.derivedData/Build/Intermediates.noindex/XCGLogger.build/Debug-xros/ObjcExceptionBridging-t.build/DerivedSources-normal/arm64 -I/Users/admin/builder/spi-builder-workspace/.derivedData/Build/Intermediates.noindex/XCGLogger.build/Debug-xros/ObjcExceptionBridging-t.build/DerivedSources/arm64 -I/Users/admin/builder/spi-builder-workspace/.derivedData/Build/Intermediates.noindex/XCGLogger.build/Debug-xros/ObjcExceptionBridging-t.build/DerivedSources -F/Users/admin/builder/spi-builder-workspace/.derivedData/Build/Products/Debug-xros -iframework /Applications/Xcode-27.0.0-Release.Candidate.app/Contents/Developer/Platforms/XROS.platform/Developer/Library/Frameworks -iframework /Applications/Xcode-27.0.0-Release.Candidate.app/Contents/Developer/Platforms/XROS.platform/Developer/SDKs/XROS27.0.sdk/Developer/Library/Frameworks -DXcode
WriteAuxiliaryFile /Users/admin/builder/spi-builder-workspace/.derivedData/Build/Intermediates.noindex/XCGLogger.build/Debug-xros/ObjcExceptionBridging-t.build/Objects-normal/arm64/ObjcExceptionBridging.LinkFileList (in target 'ObjcExceptionBridging' from project 'XCGLogger')
cd /Users/admin/builder/spi-builder-workspace
write-file /Users/admin/builder/spi-builder-workspace/.derivedData/Build/Intermediates.noindex/XCGLogger.build/Debug-xros/ObjcExceptionBridging-t.build/Objects-normal/arm64/ObjcExceptionBridging.LinkFileList
WriteAuxiliaryFile /Users/admin/builder/spi-builder-workspace/.derivedData/Build/Intermediates.noindex/XCGLogger.build/Debug-xros/ObjcExceptionBridging-t.build/ObjcExceptionBridging.modulemap (in target 'ObjcExceptionBridging' from project 'XCGLogger')
cd /Users/admin/builder/spi-builder-workspace
write-file /Users/admin/builder/spi-builder-workspace/.derivedData/Build/Intermediates.noindex/XCGLogger.build/Debug-xros/ObjcExceptionBridging-t.build/ObjcExceptionBridging.modulemap
WriteAuxiliaryFile /Users/admin/builder/spi-builder-workspace/.derivedData/Build/Intermediates.noindex/XCGLogger.build/Debug-xros/ObjcExceptionBridging-t.build/ObjcExceptionBridging.DependencyStaticMetadataFileList (in target 'ObjcExceptionBridging' from project 'XCGLogger')
cd /Users/admin/builder/spi-builder-workspace
write-file /Users/admin/builder/spi-builder-workspace/.derivedData/Build/Intermediates.noindex/XCGLogger.build/Debug-xros/ObjcExceptionBridging-t.build/ObjcExceptionBridging.DependencyStaticMetadataFileList
WriteAuxiliaryFile /Users/admin/builder/spi-builder-workspace/.derivedData/Build/Intermediates.noindex/XCGLogger.build/Debug-xros/ObjcExceptionBridging-t.build/ObjcExceptionBridging.DependencyMetadataFileList (in target 'ObjcExceptionBridging' from project 'XCGLogger')
cd /Users/admin/builder/spi-builder-workspace
write-file /Users/admin/builder/spi-builder-workspace/.derivedData/Build/Intermediates.noindex/XCGLogger.build/Debug-xros/ObjcExceptionBridging-t.build/ObjcExceptionBridging.DependencyMetadataFileList
WriteAuxiliaryFile /Users/admin/builder/spi-builder-workspace/.derivedData/Build/Intermediates.noindex/XCGLogger.build/Debug-xros/ObjcExceptionBridging-t.build/DerivedSources/resource_bundle_accessor.m (in target 'ObjcExceptionBridging' from project 'XCGLogger')
cd /Users/admin/builder/spi-builder-workspace
write-file /Users/admin/builder/spi-builder-workspace/.derivedData/Build/Intermediates.noindex/XCGLogger.build/Debug-xros/ObjcExceptionBridging-t.build/DerivedSources/resource_bundle_accessor.m
WriteAuxiliaryFile /Users/admin/builder/spi-builder-workspace/.derivedData/Build/Intermediates.noindex/XCGLogger.build/Debug-xros/ObjcExceptionBridging-t.build/DerivedSources/resource_bundle_accessor.h (in target 'ObjcExceptionBridging' from project 'XCGLogger')
cd /Users/admin/builder/spi-builder-workspace
write-file /Users/admin/builder/spi-builder-workspace/.derivedData/Build/Intermediates.noindex/XCGLogger.build/Debug-xros/ObjcExceptionBridging-t.build/DerivedSources/resource_bundle_accessor.h
MkDir /Users/admin/builder/spi-builder-workspace/.derivedData/Build/Products/Debug-xros/XCGLogger_ObjcExceptionBridging.bundle (in target 'XCGLogger_ObjcExceptionBridging' from project 'XCGLogger')
cd /Users/admin/builder/spi-builder-workspace
/bin/mkdir -p /Users/admin/builder/spi-builder-workspace/.derivedData/Build/Products/Debug-xros/XCGLogger_ObjcExceptionBridging.bundle
Copy /Users/admin/builder/spi-builder-workspace/.derivedData/Build/Intermediates.noindex/GeneratedModuleMaps-xros/ObjcExceptionBridging.modulemap /Users/admin/builder/spi-builder-workspace/.derivedData/Build/Intermediates.noindex/XCGLogger.build/Debug-xros/ObjcExceptionBridging-t.build/ObjcExceptionBridging.modulemap (in target 'ObjcExceptionBridging' from project 'XCGLogger')
cd /Users/admin/builder/spi-builder-workspace
builtin-copy -exclude .DS_Store -exclude CVS -exclude .svn -exclude .git -exclude .hg -resolve-src-symlinks /Users/admin/builder/spi-builder-workspace/.derivedData/Build/Intermediates.noindex/XCGLogger.build/Debug-xros/ObjcExceptionBridging-t.build/ObjcExceptionBridging.modulemap /Users/admin/builder/spi-builder-workspace/.derivedData/Build/Intermediates.noindex/GeneratedModuleMaps-xros
ProcessInfoPlistFile /Users/admin/builder/spi-builder-workspace/.derivedData/Build/Products/Debug-xros/XCGLogger_XCGLogger.bundle/Info.plist /Users/admin/builder/spi-builder-workspace/.derivedData/Build/Intermediates.noindex/XCGLogger.build/Debug-xros/XCGLogger_XCGLogger-b.build/empty-XCGLogger_XCGLogger.plist (in target 'XCGLogger_XCGLogger' from project 'XCGLogger')
cd /Users/admin/builder/spi-builder-workspace
builtin-infoPlistUtility /Users/admin/builder/spi-builder-workspace/.derivedData/Build/Intermediates.noindex/XCGLogger.build/Debug-xros/XCGLogger_XCGLogger-b.build/empty-XCGLogger_XCGLogger.plist -producttype com.apple.product-type.bundle -expandbuildsettings -format binary -platform xros -o /Users/admin/builder/spi-builder-workspace/.derivedData/Build/Products/Debug-xros/XCGLogger_XCGLogger.bundle/Info.plist
CpResource /Users/admin/builder/spi-builder-workspace/.derivedData/Build/Products/Debug-xros/XCGLogger_XCGLogger.bundle/PrivacyInfo.xcprivacy /Users/admin/builder/spi-builder-workspace/Sources/XCGLogger/PrivacyInfo.xcprivacy (in target 'XCGLogger_XCGLogger' from project 'XCGLogger')
cd /Users/admin/builder/spi-builder-workspace
builtin-copy -exclude .DS_Store -exclude CVS -exclude .svn -exclude .git -exclude .hg -resolve-src-symlinks /Users/admin/builder/spi-builder-workspace/Sources/XCGLogger/PrivacyInfo.xcprivacy /Users/admin/builder/spi-builder-workspace/.derivedData/Build/Products/Debug-xros/XCGLogger_XCGLogger.bundle
ProcessInfoPlistFile /Users/admin/builder/spi-builder-workspace/.derivedData/Build/Products/Debug-xros/XCGLogger_ObjcExceptionBridging.bundle/Info.plist /Users/admin/builder/spi-builder-workspace/.derivedData/Build/Intermediates.noindex/XCGLogger.build/Debug-xros/XCGLogger_ObjcExceptionBridging-b.build/empty-XCGLogger_ObjcExceptionBridging.plist (in target 'XCGLogger_ObjcExceptionBridging' from project 'XCGLogger')
cd /Users/admin/builder/spi-builder-workspace
builtin-infoPlistUtility /Users/admin/builder/spi-builder-workspace/.derivedData/Build/Intermediates.noindex/XCGLogger.build/Debug-xros/XCGLogger_ObjcExceptionBridging-b.build/empty-XCGLogger_ObjcExceptionBridging.plist -producttype com.apple.product-type.bundle -expandbuildsettings -format binary -platform xros -o /Users/admin/builder/spi-builder-workspace/.derivedData/Build/Products/Debug-xros/XCGLogger_ObjcExceptionBridging.bundle/Info.plist
CpResource /Users/admin/builder/spi-builder-workspace/.derivedData/Build/Products/Debug-xros/XCGLogger_ObjcExceptionBridging.bundle/PrivacyInfo.xcprivacy /Users/admin/builder/spi-builder-workspace/Sources/ObjcExceptionBridging/PrivacyInfo.xcprivacy (in target 'XCGLogger_ObjcExceptionBridging' from project 'XCGLogger')
cd /Users/admin/builder/spi-builder-workspace
builtin-copy -exclude .DS_Store -exclude CVS -exclude .svn -exclude .git -exclude .hg -resolve-src-symlinks /Users/admin/builder/spi-builder-workspace/Sources/ObjcExceptionBridging/PrivacyInfo.xcprivacy /Users/admin/builder/spi-builder-workspace/.derivedData/Build/Products/Debug-xros/XCGLogger_ObjcExceptionBridging.bundle
RegisterExecutionPolicyException /Users/admin/builder/spi-builder-workspace/.derivedData/Build/Products/Debug-xros/XCGLogger_XCGLogger.bundle (in target 'XCGLogger_XCGLogger' from project 'XCGLogger')
cd /Users/admin/builder/spi-builder-workspace
builtin-RegisterExecutionPolicyException /Users/admin/builder/spi-builder-workspace/.derivedData/Build/Products/Debug-xros/XCGLogger_XCGLogger.bundle
RegisterExecutionPolicyException /Users/admin/builder/spi-builder-workspace/.derivedData/Build/Products/Debug-xros/XCGLogger_ObjcExceptionBridging.bundle (in target 'XCGLogger_ObjcExceptionBridging' from project 'XCGLogger')
cd /Users/admin/builder/spi-builder-workspace
builtin-RegisterExecutionPolicyException /Users/admin/builder/spi-builder-workspace/.derivedData/Build/Products/Debug-xros/XCGLogger_ObjcExceptionBridging.bundle
Touch /Users/admin/builder/spi-builder-workspace/.derivedData/Build/Products/Debug-xros/XCGLogger_XCGLogger.bundle (in target 'XCGLogger_XCGLogger' from project 'XCGLogger')
cd /Users/admin/builder/spi-builder-workspace
/usr/bin/touch -c /Users/admin/builder/spi-builder-workspace/.derivedData/Build/Products/Debug-xros/XCGLogger_XCGLogger.bundle
Touch /Users/admin/builder/spi-builder-workspace/.derivedData/Build/Products/Debug-xros/XCGLogger_ObjcExceptionBridging.bundle (in target 'XCGLogger_ObjcExceptionBridging' from project 'XCGLogger')
cd /Users/admin/builder/spi-builder-workspace
/usr/bin/touch -c /Users/admin/builder/spi-builder-workspace/.derivedData/Build/Products/Debug-xros/XCGLogger_ObjcExceptionBridging.bundle
ScanDependencies /Users/admin/builder/spi-builder-workspace/.derivedData/Build/Intermediates.noindex/XCGLogger.build/Debug-xros/ObjcExceptionBridging-t.build/Objects-normal/arm64/ObjectiveCMarker.o /Users/admin/builder/spi-builder-workspace/Sources/ObjcExceptionBridging/ObjectiveCMarker.m normal arm64 objective-c com.apple.compilers.llvm.clang.1_0.compiler (in target 'ObjcExceptionBridging' from project 'XCGLogger')
cd /Users/admin/builder/spi-builder-workspace/.swiftpm/xcode
Using response file: /Users/admin/builder/spi-builder-workspace/.derivedData/Build/Intermediates.noindex/XCGLogger.build/Debug-xros/ObjcExceptionBridging-t.build/Objects-normal/arm64/e6072d4f65d7061329687fe24e3d63a7-common-args.resp
builtin-ScanDependencies -o /Users/admin/builder/spi-builder-workspace/.derivedData/Build/Intermediates.noindex/XCGLogger.build/Debug-xros/ObjcExceptionBridging-t.build/Objects-normal/arm64/ObjectiveCMarker.o.scan -- /Applications/Xcode-27.0.0-Release.Candidate.app/Contents/Developer/Toolchains/XcodeDefault.xctoolchain/usr/bin/clang -x objective-c -ivfsstatcache /Users/admin/builder/spi-builder-workspace/.derivedData/SDKStatCaches.noindex/xros27.0-24M361-e829b21a6f8c9b70876ba0858053c044735bd543db762f57723cac368afd1ce4.sdkstatcache -target arm64-apple-xros1.0 -fmessage-length\=0 -fdiagnostics-show-note-include-stack -fmacro-backtrace-limit\=0 -fno-color-diagnostics -fmodules-prune-interval\=86400 -fmodules-prune-after\=345600 -fbuild-session-file\=/Users/admin/builder/spi-builder-workspace/.derivedData/ModuleCache.noindex/Session.modulevalidation -fmodules-validate-once-per-build-session -Wnon-modular-include-in-framework-module -Werror\=non-modular-include-in-framework-module -Wno-trigraphs -Wno-missing-field-initializers -Wno-missing-prototypes -Wno-return-type -Wno-implicit-atomic-properties -Wno-objc-interface-ivars -Wno-arc-repeated-use-of-weak -Wno-missing-braces -Wparentheses -Wswitch -Wno-unused-function -Wno-unused-label -Wno-unused-parameter -Wno-unused-variable -Wunused-value -Wno-empty-body -Wno-uninitialized -Wno-unknown-pragmas -Wno-shadow -Wno-four-char-constants -Wno-conversion -Wno-constant-conversion -Wno-int-conversion -Wno-bool-conversion -Wno-enum-conversion -Wno-float-conversion -Wno-non-literal-null-conversion -Wno-objc-literal-conversion -Wshorten-64-to-32 -Wpointer-sign -Wno-newline-eof -Wno-selector -Wno-strict-selector-match -Wno-undeclared-selector -Wno-deprecated-implementations -Wno-implicit-fallthrough -isysroot /Applications/Xcode-27.0.0-Release.Candidate.app/Contents/Developer/Platforms/XROS.platform/Developer/SDKs/XROS27.0.sdk -fstrict-aliasing -Wprotocol -Wdeprecated-declarations -Wno-sign-conversion -Wno-infinite-recursion -Wno-comma -Wno-block-capture-autoreleasing -Wno-strict-prototypes -Wno-semicolon-before-method-body -index-store-path /Users/admin/builder/spi-builder-workspace/.derivedData/Index.noindex/DataStore @/Users/admin/builder/spi-builder-workspace/.derivedData/Build/Intermediates.noindex/XCGLogger.build/Debug-xros/ObjcExceptionBridging-t.build/Objects-normal/arm64/e6072d4f65d7061329687fe24e3d63a7-common-args.resp -include /Users/admin/builder/spi-builder-workspace/.derivedData/Build/Intermediates.noindex/XCGLogger.build/Debug-xros/ObjcExceptionBridging-t.build/DerivedSources/resource_bundle_accessor.h -MMD -MT dependencies -MF /Users/admin/builder/spi-builder-workspace/.derivedData/Build/Intermediates.noindex/XCGLogger.build/Debug-xros/ObjcExceptionBridging-t.build/Objects-normal/arm64/ObjectiveCMarker.d --serialize-diagnostics /Users/admin/builder/spi-builder-workspace/.derivedData/Build/Intermediates.noindex/XCGLogger.build/Debug-xros/ObjcExceptionBridging-t.build/Objects-normal/arm64/ObjectiveCMarker.dia -c /Users/admin/builder/spi-builder-workspace/Sources/ObjcExceptionBridging/ObjectiveCMarker.m -o /Users/admin/builder/spi-builder-workspace/.derivedData/Build/Intermediates.noindex/XCGLogger.build/Debug-xros/ObjcExceptionBridging-t.build/Objects-normal/arm64/ObjectiveCMarker.o -index-unit-output-path /XCGLogger.build/Debug-xros/ObjcExceptionBridging-t.build/Objects-normal/arm64/ObjectiveCMarker.o
ScanDependencies /Users/admin/builder/spi-builder-workspace/.derivedData/Build/Intermediates.noindex/XCGLogger.build/Debug-xros/ObjcExceptionBridging-t.build/Objects-normal/arm64/resource_bundle_accessor.o /Users/admin/builder/spi-builder-workspace/.derivedData/Build/Intermediates.noindex/XCGLogger.build/Debug-xros/ObjcExceptionBridging-t.build/DerivedSources/resource_bundle_accessor.m normal arm64 objective-c com.apple.compilers.llvm.clang.1_0.compiler (in target 'ObjcExceptionBridging' from project 'XCGLogger')
cd /Users/admin/builder/spi-builder-workspace/.swiftpm/xcode
Using response file: /Users/admin/builder/spi-builder-workspace/.derivedData/Build/Intermediates.noindex/XCGLogger.build/Debug-xros/ObjcExceptionBridging-t.build/Objects-normal/arm64/e6072d4f65d7061329687fe24e3d63a7-common-args.resp
builtin-ScanDependencies -o /Users/admin/builder/spi-builder-workspace/.derivedData/Build/Intermediates.noindex/XCGLogger.build/Debug-xros/ObjcExceptionBridging-t.build/Objects-normal/arm64/resource_bundle_accessor.o.scan -- /Applications/Xcode-27.0.0-Release.Candidate.app/Contents/Developer/Toolchains/XcodeDefault.xctoolchain/usr/bin/clang -x objective-c -ivfsstatcache /Users/admin/builder/spi-builder-workspace/.derivedData/SDKStatCaches.noindex/xros27.0-24M361-e829b21a6f8c9b70876ba0858053c044735bd543db762f57723cac368afd1ce4.sdkstatcache -target arm64-apple-xros1.0 -fmessage-length\=0 -fdiagnostics-show-note-include-stack -fmacro-backtrace-limit\=0 -fno-color-diagnostics -fmodules-prune-interval\=86400 -fmodules-prune-after\=345600 -fbuild-session-file\=/Users/admin/builder/spi-builder-workspace/.derivedData/ModuleCache.noindex/Session.modulevalidation -fmodules-validate-once-per-build-session -Wnon-modular-include-in-framework-module -Werror\=non-modular-include-in-framework-module -Wno-trigraphs -Wno-missing-field-initializers -Wno-missing-prototypes -Wno-return-type -Wno-implicit-atomic-properties -Wno-objc-interface-ivars -Wno-arc-repeated-use-of-weak -Wno-missing-braces -Wparentheses -Wswitch -Wno-unused-function -Wno-unused-label -Wno-unused-parameter -Wno-unused-variable -Wunused-value -Wno-empty-body -Wno-uninitialized -Wno-unknown-pragmas -Wno-shadow -Wno-four-char-constants -Wno-conversion -Wno-constant-conversion -Wno-int-conversion -Wno-bool-conversion -Wno-enum-conversion -Wno-float-conversion -Wno-non-literal-null-conversion -Wno-objc-literal-conversion -Wshorten-64-to-32 -Wpointer-sign -Wno-newline-eof -Wno-selector -Wno-strict-selector-match -Wno-undeclared-selector -Wno-deprecated-implementations -Wno-implicit-fallthrough -isysroot /Applications/Xcode-27.0.0-Release.Candidate.app/Contents/Developer/Platforms/XROS.platform/Developer/SDKs/XROS27.0.sdk -fstrict-aliasing -Wprotocol -Wdeprecated-declarations -Wno-sign-conversion -Wno-infinite-recursion -Wno-comma -Wno-block-capture-autoreleasing -Wno-strict-prototypes -Wno-semicolon-before-method-body -index-store-path /Users/admin/builder/spi-builder-workspace/.derivedData/Index.noindex/DataStore @/Users/admin/builder/spi-builder-workspace/.derivedData/Build/Intermediates.noindex/XCGLogger.build/Debug-xros/ObjcExceptionBridging-t.build/Objects-normal/arm64/e6072d4f65d7061329687fe24e3d63a7-common-args.resp -include /Users/admin/builder/spi-builder-workspace/.derivedData/Build/Intermediates.noindex/XCGLogger.build/Debug-xros/ObjcExceptionBridging-t.build/DerivedSources/resource_bundle_accessor.h -MMD -MT dependencies -MF /Users/admin/builder/spi-builder-workspace/.derivedData/Build/Intermediates.noindex/XCGLogger.build/Debug-xros/ObjcExceptionBridging-t.build/Objects-normal/arm64/resource_bundle_accessor.d --serialize-diagnostics /Users/admin/builder/spi-builder-workspace/.derivedData/Build/Intermediates.noindex/XCGLogger.build/Debug-xros/ObjcExceptionBridging-t.build/Objects-normal/arm64/resource_bundle_accessor.dia -c /Users/admin/builder/spi-builder-workspace/.derivedData/Build/Intermediates.noindex/XCGLogger.build/Debug-xros/ObjcExceptionBridging-t.build/DerivedSources/resource_bundle_accessor.m -o /Users/admin/builder/spi-builder-workspace/.derivedData/Build/Intermediates.noindex/XCGLogger.build/Debug-xros/ObjcExceptionBridging-t.build/Objects-normal/arm64/resource_bundle_accessor.o -index-unit-output-path /XCGLogger.build/Debug-xros/ObjcExceptionBridging-t.build/Objects-normal/arm64/resource_bundle_accessor.o
SwiftDriver XCGLogger normal arm64 com.apple.xcode.tools.swift.compiler (in target 'XCGLogger' from project 'XCGLogger')
cd /Users/admin/builder/spi-builder-workspace/.swiftpm/xcode
builtin-SwiftDriver -- /Applications/Xcode-27.0.0-Release.Candidate.app/Contents/Developer/Toolchains/XcodeDefault.xctoolchain/usr/bin/swiftc -parse-as-library -module-name XCGLogger -Onone @/Users/admin/builder/spi-builder-workspace/.derivedData/Build/Intermediates.noindex/XCGLogger.build/Debug-xros/XCGLogger-t.build/Objects-normal/arm64/XCGLogger.SwiftFileList -DSWIFT_PACKAGE -DDEBUG -DSWIFT_MODULE_RESOURCE_BUNDLE_AVAILABLE -Xcc -fmodule-map-file\=/Users/admin/builder/spi-builder-workspace/.derivedData/Build/Intermediates.noindex/GeneratedModuleMaps-xros/ObjcExceptionBridging.modulemap -DXcode -plugin-path /Applications/Xcode-27.0.0-Release.Candidate.app/Contents/Developer/Toolchains/XcodeDefault.xctoolchain/usr/lib/swift/host/plugins/testing -enable-experimental-feature DebugDescriptionMacro -sdk /Applications/Xcode-27.0.0-Release.Candidate.app/Contents/Developer/Platforms/XROS.platform/Developer/SDKs/XROS27.0.sdk -target arm64-apple-xros1.0 -g -module-cache-path /Users/admin/builder/spi-builder-workspace/.derivedData/ModuleCache.noindex -Xfrontend -serialize-debugging-options -profile-coverage-mapping -profile-generate -enable-testing -index-store-path /Users/admin/builder/spi-builder-workspace/.derivedData/Index.noindex/DataStore -Xcc -D_LIBCPP_HARDENING_MODE\=_LIBCPP_HARDENING_MODE_DEBUG -swift-version 5 -I /Users/admin/builder/spi-builder-workspace/.derivedData/Build/Products/Debug-xros -Isystem /Applications/Xcode-27.0.0-Release.Candidate.app/Contents/Developer/Platforms/XROS.platform/Developer/usr/lib -F /Users/admin/builder/spi-builder-workspace/.derivedData/Build/Products/Debug-xros/PackageFrameworks -F /Users/admin/builder/spi-builder-workspace/.derivedData/Build/Products/Debug-xros -F /Applications/Xcode-27.0.0-Release.Candidate.app/Contents/Developer/Platforms/XROS.platform/Developer/Library/Frameworks -F /Applications/Xcode-27.0.0-Release.Candidate.app/Contents/Developer/Platforms/XROS.platform/Developer/SDKs/XROS27.0.sdk/Developer/Library/Frameworks -c -j10 -enable-batch-mode -incremental -Xcc -ivfsstatcache -Xcc /Users/admin/builder/spi-builder-workspace/.derivedData/SDKStatCaches.noindex/xros27.0-24M361-e829b21a6f8c9b70876ba0858053c044735bd543db762f57723cac368afd1ce4.sdkstatcache -output-file-map /Users/admin/builder/spi-builder-workspace/.derivedData/Build/Intermediates.noindex/XCGLogger.build/Debug-xros/XCGLogger-t.build/Objects-normal/arm64/XCGLogger-OutputFileMap.json -save-temps -no-color-diagnostics -explicit-module-build -module-cache-path /Users/admin/builder/spi-builder-workspace/.derivedData/Build/Intermediates.noindex/SwiftExplicitPrecompiledModules -clang-scanner-module-cache-path /Users/admin/builder/spi-builder-workspace/.derivedData/ModuleCache.noindex -sdk-module-cache-path /Users/admin/builder/spi-builder-workspace/.derivedData/SDKExplicitPrecompiledModules -emit-dependencies -emit-module -emit-module-path /Users/admin/builder/spi-builder-workspace/.derivedData/Build/Intermediates.noindex/XCGLogger.build/Debug-xros/XCGLogger-t.build/Objects-normal/arm64/XCGLogger.swiftmodule -serialize-diagnostics -dependency-scan-serialize-diagnostics-path /Users/admin/builder/spi-builder-workspace/.derivedData/Build/Intermediates.noindex/XCGLogger.build/Debug-xros/XCGLogger-t.build/Objects-normal/arm64/XCGLogger-dependency-scan.dia -validate-clang-modules-once -clang-build-session-file /Users/admin/builder/spi-builder-workspace/.derivedData/ModuleCache.noindex/Session.modulevalidation -Xcc -fmodules-prune-interval\=86400 -Xcc -fmodules-prune-after\=345600 -emit-const-values -const-gather-protocols-list /Users/admin/builder/spi-builder-workspace/.derivedData/Build/Intermediates.noindex/XCGLogger.build/Debug-xros/XCGLogger-t.build/Objects-normal/arm64/XCGLogger_const_extract_protocols.json -Xcc -I/Users/admin/builder/spi-builder-workspace/Sources/ObjcExceptionBridging/include -Xcc -I/Users/admin/builder/spi-builder-workspace/.derivedData/Build/Products/Debug-xros/include -Xcc -I/Users/admin/builder/spi-builder-workspace/.derivedData/Build/Intermediates.noindex/XCGLogger.build/Debug-xros/XCGLogger-t.build/DerivedSources-normal/arm64 -Xcc -I/Users/admin/builder/spi-builder-workspace/.derivedData/Build/Intermediates.noindex/XCGLogger.build/Debug-xros/XCGLogger-t.build/DerivedSources/arm64 -Xcc -I/Users/admin/builder/spi-builder-workspace/.derivedData/Build/Intermediates.noindex/XCGLogger.build/Debug-xros/XCGLogger-t.build/DerivedSources -Xcc -DSWIFT_PACKAGE -Xcc -DDEBUG\=1 -emit-objc-header -emit-objc-header-path /Users/admin/builder/spi-builder-workspace/.derivedData/Build/Intermediates.noindex/XCGLogger.build/Debug-xros/XCGLogger-t.build/Objects-normal/arm64/XCGLogger-Swift.h -working-directory /Users/admin/builder/spi-builder-workspace/.swiftpm/xcode -experimental-emit-module-separately -disable-cmo
PrecompileModule /Users/admin/builder/spi-builder-workspace/.derivedData/Build/Intermediates.noindex/ExplicitPrecompiledModules/_AvailabilityInternal-ACCTE0RG5RCWRONKKWPHRTA5L.scan
cd /
builtin-precompileModule /Users/admin/builder/spi-builder-workspace/.derivedData/Build/Intermediates.noindex/ExplicitPrecompiledModules/_AvailabilityInternal-ACCTE0RG5RCWRONKKWPHRTA5L.scan
PrecompileModule /Users/admin/builder/spi-builder-workspace/.derivedData/Build/Intermediates.noindex/ExplicitPrecompiledModules/_Builtin_stddef-37BO0P252DJ5APFPZTV8FX4QH.scan
cd /
builtin-precompileModule /Users/admin/builder/spi-builder-workspace/.derivedData/Build/Intermediates.noindex/ExplicitPrecompiledModules/_Builtin_stddef-37BO0P252DJ5APFPZTV8FX4QH.scan
PrecompileModule /Users/admin/builder/spi-builder-workspace/.derivedData/Build/Intermediates.noindex/ExplicitPrecompiledModules/ptrcheck-3R3I2L0ROGESWM94IW3TDZ7ZO.scan
cd /
builtin-precompileModule /Users/admin/builder/spi-builder-workspace/.derivedData/Build/Intermediates.noindex/ExplicitPrecompiledModules/ptrcheck-3R3I2L0ROGESWM94IW3TDZ7ZO.scan
PrecompileModule /Users/admin/builder/spi-builder-workspace/.derivedData/Build/Intermediates.noindex/ExplicitPrecompiledModules/_Builtin_float-8D9VEJGZPXN1J9DY16N78XAIW.scan
cd /
builtin-precompileModule /Users/admin/builder/spi-builder-workspace/.derivedData/Build/Intermediates.noindex/ExplicitPrecompiledModules/_Builtin_float-8D9VEJGZPXN1J9DY16N78XAIW.scan
PrecompileModule /Users/admin/builder/spi-builder-workspace/.derivedData/Build/Intermediates.noindex/ExplicitPrecompiledModules/_Builtin_stdarg-3YPNYSJCKS5V13YYUVXO3HGQ1.scan
cd /
builtin-precompileModule /Users/admin/builder/spi-builder-workspace/.derivedData/Build/Intermediates.noindex/ExplicitPrecompiledModules/_Builtin_stdarg-3YPNYSJCKS5V13YYUVXO3HGQ1.scan
PrecompileModule /Users/admin/builder/spi-builder-workspace/.derivedData/Build/Intermediates.noindex/ExplicitPrecompiledModules/_Builtin_stdbool-DSJWFF6LU7LT8RYOEZHJ4CWEO.scan
cd /
builtin-precompileModule /Users/admin/builder/spi-builder-workspace/.derivedData/Build/Intermediates.noindex/ExplicitPrecompiledModules/_Builtin_stdbool-DSJWFF6LU7LT8RYOEZHJ4CWEO.scan
PrecompileModule /Users/admin/builder/spi-builder-workspace/.derivedData/Build/Intermediates.noindex/ExplicitPrecompiledModules/ptrauth-20OGKC5BEA0XI76L64XS6OV78.scan
cd /
builtin-precompileModule /Users/admin/builder/spi-builder-workspace/.derivedData/Build/Intermediates.noindex/ExplicitPrecompiledModules/ptrauth-20OGKC5BEA0XI76L64XS6OV78.scan
PrecompileModule /Users/admin/builder/spi-builder-workspace/.derivedData/Build/Intermediates.noindex/ExplicitPrecompiledModules/_DarwinFoundation1-63TYZJTW6PQMVYA16YZHD28KK.scan
cd /
builtin-precompileModule /Users/admin/builder/spi-builder-workspace/.derivedData/Build/Intermediates.noindex/ExplicitPrecompiledModules/_DarwinFoundation1-63TYZJTW6PQMVYA16YZHD28KK.scan
PrecompileModule /Users/admin/builder/spi-builder-workspace/.derivedData/Build/Intermediates.noindex/ExplicitPrecompiledModules/_DarwinFoundation2-4NULAH52NPBK17R4YKBOGW5RP.scan
cd /
builtin-precompileModule /Users/admin/builder/spi-builder-workspace/.derivedData/Build/Intermediates.noindex/ExplicitPrecompiledModules/_DarwinFoundation2-4NULAH52NPBK17R4YKBOGW5RP.scan
PrecompileModule /Users/admin/builder/spi-builder-workspace/.derivedData/Build/Intermediates.noindex/ExplicitPrecompiledModules/_Builtin_limits-MH8I16VI01X1UETF68Q1I53V.scan
cd /
builtin-precompileModule /Users/admin/builder/spi-builder-workspace/.derivedData/Build/Intermediates.noindex/ExplicitPrecompiledModules/_Builtin_limits-MH8I16VI01X1UETF68Q1I53V.scan
PrecompileModule /Users/admin/builder/spi-builder-workspace/.derivedData/Build/Intermediates.noindex/ExplicitPrecompiledModules/_Builtin_stdint-4Y62XFYYLEP9GDZ77MCR576JZ.scan
cd /
builtin-precompileModule /Users/admin/builder/spi-builder-workspace/.derivedData/Build/Intermediates.noindex/ExplicitPrecompiledModules/_Builtin_stdint-4Y62XFYYLEP9GDZ77MCR576JZ.scan
PrecompileModule /Users/admin/builder/spi-builder-workspace/.derivedData/Build/Intermediates.noindex/ExplicitPrecompiledModules/_DarwinFoundation3-EOYSVSU02W6VW83EBS1013LSJ.scan
cd /
builtin-precompileModule /Users/admin/builder/spi-builder-workspace/.derivedData/Build/Intermediates.noindex/ExplicitPrecompiledModules/_DarwinFoundation3-EOYSVSU02W6VW83EBS1013LSJ.scan
PrecompileModule /Users/admin/builder/spi-builder-workspace/.derivedData/Build/Intermediates.noindex/ExplicitPrecompiledModules/_Builtin_inttypes-5CV8ZY5IJGLSC1HDGX82DTZ0R.scan
cd /
builtin-precompileModule /Users/admin/builder/spi-builder-workspace/.derivedData/Build/Intermediates.noindex/ExplicitPrecompiledModules/_Builtin_inttypes-5CV8ZY5IJGLSC1HDGX82DTZ0R.scan
PrecompileModule /Users/admin/builder/spi-builder-workspace/.derivedData/Build/Intermediates.noindex/ExplicitPrecompiledModules/Darwin-54K53J86MFBJSGJ5H8JDTJ69M.scan
cd /
builtin-precompileModule /Users/admin/builder/spi-builder-workspace/.derivedData/Build/Intermediates.noindex/ExplicitPrecompiledModules/Darwin-54K53J86MFBJSGJ5H8JDTJ69M.scan
PrecompileModule /Users/admin/builder/spi-builder-workspace/.derivedData/Build/Intermediates.noindex/ExplicitPrecompiledModules/ObjectiveC-CT47SD1VIW86G6LAAYVF760Q3.scan
cd /
builtin-precompileModule /Users/admin/builder/spi-builder-workspace/.derivedData/Build/Intermediates.noindex/ExplicitPrecompiledModules/ObjectiveC-CT47SD1VIW86G6LAAYVF760Q3.scan
PrecompileModule /Users/admin/builder/spi-builder-workspace/.derivedData/Build/Intermediates.noindex/ExplicitPrecompiledModules/os_object-1AQMGEIY2ZPVM682ZZCAVAC02.scan
cd /
builtin-precompileModule /Users/admin/builder/spi-builder-workspace/.derivedData/Build/Intermediates.noindex/ExplicitPrecompiledModules/os_object-1AQMGEIY2ZPVM682ZZCAVAC02.scan
PrecompileModule /Users/admin/builder/spi-builder-workspace/.derivedData/Build/Intermediates.noindex/ExplicitPrecompiledModules/os_workgroup-E8VQH2GT0IR8VS6LIR4O8IT59.scan
cd /
builtin-precompileModule /Users/admin/builder/spi-builder-workspace/.derivedData/Build/Intermediates.noindex/ExplicitPrecompiledModules/os_workgroup-E8VQH2GT0IR8VS6LIR4O8IT59.scan
PrecompileModule /Users/admin/builder/spi-builder-workspace/.derivedData/Build/Intermediates.noindex/ExplicitPrecompiledModules/Dispatch-34BWZXNMGWY1384ZWSWQI8G1H.scan
cd /
builtin-precompileModule /Users/admin/builder/spi-builder-workspace/.derivedData/Build/Intermediates.noindex/ExplicitPrecompiledModules/Dispatch-34BWZXNMGWY1384ZWSWQI8G1H.scan
PrecompileModule /Users/admin/builder/spi-builder-workspace/.derivedData/Build/Intermediates.noindex/ExplicitPrecompiledModules/XPC-C8VAINZXSINWC3J3L99C25L5X.scan
cd /
builtin-precompileModule /Users/admin/builder/spi-builder-workspace/.derivedData/Build/Intermediates.noindex/ExplicitPrecompiledModules/XPC-C8VAINZXSINWC3J3L99C25L5X.scan
PrecompileModule /Users/admin/builder/spi-builder-workspace/.derivedData/Build/Intermediates.noindex/ExplicitPrecompiledModules/CoreFoundation-6LZBEU9XA8X0403DJDE00VZMV.scan
cd /
builtin-precompileModule /Users/admin/builder/spi-builder-workspace/.derivedData/Build/Intermediates.noindex/ExplicitPrecompiledModules/CoreFoundation-6LZBEU9XA8X0403DJDE00VZMV.scan
PrecompileModule /Users/admin/builder/spi-builder-workspace/.derivedData/Build/Intermediates.noindex/ExplicitPrecompiledModules/Security-EY4UURDATYYFLVRAQBGQGLCV1.scan
cd /
builtin-precompileModule /Users/admin/builder/spi-builder-workspace/.derivedData/Build/Intermediates.noindex/ExplicitPrecompiledModules/Security-EY4UURDATYYFLVRAQBGQGLCV1.scan
PrecompileModule /Users/admin/builder/spi-builder-workspace/.derivedData/Build/Intermediates.noindex/ExplicitPrecompiledModules/CFNetwork-1HGD6K977YHS3L864YDSSKOGX.scan
cd /
builtin-precompileModule /Users/admin/builder/spi-builder-workspace/.derivedData/Build/Intermediates.noindex/ExplicitPrecompiledModules/CFNetwork-1HGD6K977YHS3L864YDSSKOGX.scan
PrecompileModule /Users/admin/builder/spi-builder-workspace/.derivedData/Build/Intermediates.noindex/ExplicitPrecompiledModules/Foundation-5K97OMGOY33AGGFPILCD83395.scan
cd /
builtin-precompileModule /Users/admin/builder/spi-builder-workspace/.derivedData/Build/Intermediates.noindex/ExplicitPrecompiledModules/Foundation-5K97OMGOY33AGGFPILCD83395.scan
CompileC /Users/admin/builder/spi-builder-workspace/.derivedData/Build/Intermediates.noindex/XCGLogger.build/Debug-xros/ObjcExceptionBridging-t.build/Objects-normal/arm64/resource_bundle_accessor.o /Users/admin/builder/spi-builder-workspace/.derivedData/Build/Intermediates.noindex/XCGLogger.build/Debug-xros/ObjcExceptionBridging-t.build/DerivedSources/resource_bundle_accessor.m normal arm64 objective-c com.apple.compilers.llvm.clang.1_0.compiler (in target 'ObjcExceptionBridging' from project 'XCGLogger')
cd /Users/admin/builder/spi-builder-workspace/.swiftpm/xcode
Using response file: /Users/admin/builder/spi-builder-workspace/.derivedData/Build/Intermediates.noindex/XCGLogger.build/Debug-xros/ObjcExceptionBridging-t.build/Objects-normal/arm64/e6072d4f65d7061329687fe24e3d63a7-common-args.resp
/Applications/Xcode-27.0.0-Release.Candidate.app/Contents/Developer/Toolchains/XcodeDefault.xctoolchain/usr/bin/clang -x objective-c -ivfsstatcache /Users/admin/builder/spi-builder-workspace/.derivedData/SDKStatCaches.noindex/xros27.0-24M361-e829b21a6f8c9b70876ba0858053c044735bd543db762f57723cac368afd1ce4.sdkstatcache -target arm64-apple-xros1.0 -fmessage-length\=0 -fdiagnostics-show-note-include-stack -fmacro-backtrace-limit\=0 -fno-color-diagnostics -fmodules-prune-interval\=86400 -fmodules-prune-after\=345600 -fbuild-session-file\=/Users/admin/builder/spi-builder-workspace/.derivedData/ModuleCache.noindex/Session.modulevalidation -fmodules-validate-once-per-build-session -Wnon-modular-include-in-framework-module -Werror\=non-modular-include-in-framework-module -Wno-trigraphs -Wno-missing-field-initializers -Wno-missing-prototypes -Wno-return-type -Wno-implicit-atomic-properties -Wno-objc-interface-ivars -Wno-arc-repeated-use-of-weak -Wno-missing-braces -Wparentheses -Wswitch -Wno-unused-function -Wno-unused-label -Wno-unused-parameter -Wno-unused-variable -Wunused-value -Wno-empty-body -Wno-uninitialized -Wno-unknown-pragmas -Wno-shadow -Wno-four-char-constants -Wno-conversion -Wno-constant-conversion -Wno-int-conversion -Wno-bool-conversion -Wno-enum-conversion -Wno-float-conversion -Wno-non-literal-null-conversion -Wno-objc-literal-conversion -Wshorten-64-to-32 -Wpointer-sign -Wno-newline-eof -Wno-selector -Wno-strict-selector-match -Wno-undeclared-selector -Wno-deprecated-implementations -Wno-implicit-fallthrough -isysroot /Applications/Xcode-27.0.0-Release.Candidate.app/Contents/Developer/Platforms/XROS.platform/Developer/SDKs/XROS27.0.sdk -fstrict-aliasing -Wprotocol -Wdeprecated-declarations -Wno-sign-conversion -Wno-infinite-recursion -Wno-comma -Wno-block-capture-autoreleasing -Wno-strict-prototypes -Wno-semicolon-before-method-body -index-store-path /Users/admin/builder/spi-builder-workspace/.derivedData/Index.noindex/DataStore @/Users/admin/builder/spi-builder-workspace/.derivedData/Build/Intermediates.noindex/XCGLogger.build/Debug-xros/ObjcExceptionBridging-t.build/Objects-normal/arm64/e6072d4f65d7061329687fe24e3d63a7-common-args.resp -include /Users/admin/builder/spi-builder-workspace/.derivedData/Build/Intermediates.noindex/XCGLogger.build/Debug-xros/ObjcExceptionBridging-t.build/DerivedSources/resource_bundle_accessor.h -MMD -MT dependencies -MF /Users/admin/builder/spi-builder-workspace/.derivedData/Build/Intermediates.noindex/XCGLogger.build/Debug-xros/ObjcExceptionBridging-t.build/Objects-normal/arm64/resource_bundle_accessor.d --serialize-diagnostics /Users/admin/builder/spi-builder-workspace/.derivedData/Build/Intermediates.noindex/XCGLogger.build/Debug-xros/ObjcExceptionBridging-t.build/Objects-normal/arm64/resource_bundle_accessor.dia -c /Users/admin/builder/spi-builder-workspace/.derivedData/Build/Intermediates.noindex/XCGLogger.build/Debug-xros/ObjcExceptionBridging-t.build/DerivedSources/resource_bundle_accessor.m -o /Users/admin/builder/spi-builder-workspace/.derivedData/Build/Intermediates.noindex/XCGLogger.build/Debug-xros/ObjcExceptionBridging-t.build/Objects-normal/arm64/resource_bundle_accessor.o -index-unit-output-path /XCGLogger.build/Debug-xros/ObjcExceptionBridging-t.build/Objects-normal/arm64/resource_bundle_accessor.o
CompileC /Users/admin/builder/spi-builder-workspace/.derivedData/Build/Intermediates.noindex/XCGLogger.build/Debug-xros/ObjcExceptionBridging-t.build/Objects-normal/arm64/ObjectiveCMarker.o /Users/admin/builder/spi-builder-workspace/Sources/ObjcExceptionBridging/ObjectiveCMarker.m normal arm64 objective-c com.apple.compilers.llvm.clang.1_0.compiler (in target 'ObjcExceptionBridging' from project 'XCGLogger')
cd /Users/admin/builder/spi-builder-workspace/.swiftpm/xcode
Using response file: /Users/admin/builder/spi-builder-workspace/.derivedData/Build/Intermediates.noindex/XCGLogger.build/Debug-xros/ObjcExceptionBridging-t.build/Objects-normal/arm64/e6072d4f65d7061329687fe24e3d63a7-common-args.resp
/Applications/Xcode-27.0.0-Release.Candidate.app/Contents/Developer/Toolchains/XcodeDefault.xctoolchain/usr/bin/clang -x objective-c -ivfsstatcache /Users/admin/builder/spi-builder-workspace/.derivedData/SDKStatCaches.noindex/xros27.0-24M361-e829b21a6f8c9b70876ba0858053c044735bd543db762f57723cac368afd1ce4.sdkstatcache -target arm64-apple-xros1.0 -fmessage-length\=0 -fdiagnostics-show-note-include-stack -fmacro-backtrace-limit\=0 -fno-color-diagnostics -fmodules-prune-interval\=86400 -fmodules-prune-after\=345600 -fbuild-session-file\=/Users/admin/builder/spi-builder-workspace/.derivedData/ModuleCache.noindex/Session.modulevalidation -fmodules-validate-once-per-build-session -Wnon-modular-include-in-framework-module -Werror\=non-modular-include-in-framework-module -Wno-trigraphs -Wno-missing-field-initializers -Wno-missing-prototypes -Wno-return-type -Wno-implicit-atomic-properties -Wno-objc-interface-ivars -Wno-arc-repeated-use-of-weak -Wno-missing-braces -Wparentheses -Wswitch -Wno-unused-function -Wno-unused-label -Wno-unused-parameter -Wno-unused-variable -Wunused-value -Wno-empty-body -Wno-uninitialized -Wno-unknown-pragmas -Wno-shadow -Wno-four-char-constants -Wno-conversion -Wno-constant-conversion -Wno-int-conversion -Wno-bool-conversion -Wno-enum-conversion -Wno-float-conversion -Wno-non-literal-null-conversion -Wno-objc-literal-conversion -Wshorten-64-to-32 -Wpointer-sign -Wno-newline-eof -Wno-selector -Wno-strict-selector-match -Wno-undeclared-selector -Wno-deprecated-implementations -Wno-implicit-fallthrough -isysroot /Applications/Xcode-27.0.0-Release.Candidate.app/Contents/Developer/Platforms/XROS.platform/Developer/SDKs/XROS27.0.sdk -fstrict-aliasing -Wprotocol -Wdeprecated-declarations -Wno-sign-conversion -Wno-infinite-recursion -Wno-comma -Wno-block-capture-autoreleasing -Wno-strict-prototypes -Wno-semicolon-before-method-body -index-store-path /Users/admin/builder/spi-builder-workspace/.derivedData/Index.noindex/DataStore @/Users/admin/builder/spi-builder-workspace/.derivedData/Build/Intermediates.noindex/XCGLogger.build/Debug-xros/ObjcExceptionBridging-t.build/Objects-normal/arm64/e6072d4f65d7061329687fe24e3d63a7-common-args.resp -include /Users/admin/builder/spi-builder-workspace/.derivedData/Build/Intermediates.noindex/XCGLogger.build/Debug-xros/ObjcExceptionBridging-t.build/DerivedSources/resource_bundle_accessor.h -MMD -MT dependencies -MF /Users/admin/builder/spi-builder-workspace/.derivedData/Build/Intermediates.noindex/XCGLogger.build/Debug-xros/ObjcExceptionBridging-t.build/Objects-normal/arm64/ObjectiveCMarker.d --serialize-diagnostics /Users/admin/builder/spi-builder-workspace/.derivedData/Build/Intermediates.noindex/XCGLogger.build/Debug-xros/ObjcExceptionBridging-t.build/Objects-normal/arm64/ObjectiveCMarker.dia -c /Users/admin/builder/spi-builder-workspace/Sources/ObjcExceptionBridging/ObjectiveCMarker.m -o /Users/admin/builder/spi-builder-workspace/.derivedData/Build/Intermediates.noindex/XCGLogger.build/Debug-xros/ObjcExceptionBridging-t.build/Objects-normal/arm64/ObjectiveCMarker.o -index-unit-output-path /XCGLogger.build/Debug-xros/ObjcExceptionBridging-t.build/Objects-normal/arm64/ObjectiveCMarker.o
Ld /Users/admin/builder/spi-builder-workspace/.derivedData/Build/Products/Debug-xros/ObjcExceptionBridging.o normal (in target 'ObjcExceptionBridging' from project 'XCGLogger')
cd /Users/admin/builder/spi-builder-workspace
/Applications/Xcode-27.0.0-Release.Candidate.app/Contents/Developer/Toolchains/XcodeDefault.xctoolchain/usr/bin/clang -Xlinker -reproducible -target arm64-apple-xros1.0 -r -isysroot /Applications/Xcode-27.0.0-Release.Candidate.app/Contents/Developer/Platforms/XROS.platform/Developer/SDKs/XROS27.0.sdk -O0 -Xlinker -no_warn_duplicate_libraries -F/Users/admin/builder/spi-builder-workspace/.derivedData/Build/Intermediates.noindex/EagerLinkingTBDs/Debug-xros -F/Users/admin/builder/spi-builder-workspace/.derivedData/Build/Products/Debug-xros -iframework /Applications/Xcode-27.0.0-Release.Candidate.app/Contents/Developer/Platforms/XROS.platform/Developer/Library/Frameworks -iframework /Applications/Xcode-27.0.0-Release.Candidate.app/Contents/Developer/Platforms/XROS.platform/Developer/SDKs/XROS27.0.sdk/Developer/Library/Frameworks -filelist /Users/admin/builder/spi-builder-workspace/.derivedData/Build/Intermediates.noindex/XCGLogger.build/Debug-xros/ObjcExceptionBridging-t.build/Objects-normal/arm64/ObjcExceptionBridging.LinkFileList -nostdlib -Xlinker -object_path_lto -Xlinker /Users/admin/builder/spi-builder-workspace/.derivedData/Build/Intermediates.noindex/XCGLogger.build/Debug-xros/ObjcExceptionBridging-t.build/Objects-normal/arm64/ObjcExceptionBridging_lto.o -Xlinker -no_deduplicate -Xlinker -debug_variant -Xlinker -dependency_info -Xlinker /Users/admin/builder/spi-builder-workspace/.derivedData/Build/Intermediates.noindex/XCGLogger.build/Debug-xros/ObjcExceptionBridging-t.build/Objects-normal/arm64/ObjcExceptionBridging_dependency_info.dat -fobjc-arc -fobjc-link-runtime -o /Users/admin/builder/spi-builder-workspace/.derivedData/Build/Products/Debug-xros/ObjcExceptionBridging.o
SwiftExplicitDependencyGeneratePcm arm64 /Users/admin/builder/spi-builder-workspace/.derivedData/SDKExplicitPrecompiledModules/_Builtin_stdarg-CDA349K2K4US766844K8E0PVA.pcm
SwiftExplicitDependencyGeneratePcm arm64 /Users/admin/builder/spi-builder-workspace/.derivedData/SDKExplicitPrecompiledModules/_AvailabilityInternal-1Q8IQP6M38UWSGZ95UCEY2M44.pcm
SwiftExplicitDependencyGeneratePcm arm64 /Users/admin/builder/spi-builder-workspace/.derivedData/SDKExplicitPrecompiledModules/ptrauth-1WBA714DZSVUL5JQDJ08CLKZ.pcm
SwiftExplicitDependencyGeneratePcm arm64 /Users/admin/builder/spi-builder-workspace/.derivedData/SDKExplicitPrecompiledModules/_Builtin_stddef-5NQ9Z1GV07GBSRQGAQCGXGVRI.pcm
SwiftExplicitDependencyGeneratePcm arm64 /Users/admin/builder/spi-builder-workspace/.derivedData/SDKExplicitPrecompiledModules/_Builtin_float-6WKHNW5S40U2QGHXXGETUDIRA.pcm
SwiftExplicitDependencyGeneratePcm arm64 /Users/admin/builder/spi-builder-workspace/.derivedData/SDKExplicitPrecompiledModules/SwiftShims-CI4H5RO9IYFFWQ2COB512Q2S9.pcm
SwiftExplicitDependencyGeneratePcm arm64 /Users/admin/builder/spi-builder-workspace/.derivedData/SDKExplicitPrecompiledModules/_SwiftConcurrencyShims-C8XHKSHX96D5YYALNM4W70Z0O.pcm
SwiftExplicitDependencyGeneratePcm arm64 /Users/admin/builder/spi-builder-workspace/.derivedData/SDKExplicitPrecompiledModules/_Builtin_stdbool-5BU2ADS7JXQMYENKQHW9X8XOU.pcm
SwiftExplicitDependencyGeneratePcm arm64 /Users/admin/builder/spi-builder-workspace/.derivedData/SDKExplicitPrecompiledModules/ptrcheck-BXA97MNLI4BB0HF5I8MJE403D.pcm
SwiftExplicitDependencyGeneratePcm arm64 /Users/admin/builder/spi-builder-workspace/.derivedData/SDKExplicitPrecompiledModules/_DarwinFoundation1-5RGRVV2TZ6WC4WZW5IXF8NQ04.pcm
SwiftExplicitDependencyGeneratePcm arm64 /Users/admin/builder/spi-builder-workspace/.derivedData/SDKExplicitPrecompiledModules/_DarwinFoundation2-ENTECK156YEWITZRRBTOCE4KR.pcm
SwiftExplicitDependencyGeneratePcm arm64 /Users/admin/builder/spi-builder-workspace/.derivedData/SDKExplicitPrecompiledModules/_Builtin_limits-425JDMN5HPM3D0UEI8LEHP6NM.pcm
SwiftExplicitDependencyGeneratePcm arm64 /Users/admin/builder/spi-builder-workspace/.derivedData/SDKExplicitPrecompiledModules/string_h-2GT67HHHHK5CF1V1S31LH0PU2.pcm
SwiftExplicitDependencyGeneratePcm arm64 /Users/admin/builder/spi-builder-workspace/.derivedData/SDKExplicitPrecompiledModules/sys_types-AYM0BHR77VKMWZCO2T0XGV2HF.pcm
SwiftExplicitDependencyGeneratePcm arm64 /Users/admin/builder/spi-builder-workspace/.derivedData/SDKExplicitPrecompiledModules/_Builtin_stdint-8OR6T47OOYJA90ZBO3N1USDE.pcm
SwiftExplicitDependencyGeneratePcm arm64 /Users/admin/builder/spi-builder-workspace/.derivedData/SDKExplicitPrecompiledModules/_DarwinFoundation3-9ZHN6JKBS40BBA81RQMV8H0IC.pcm
SwiftExplicitDependencyGeneratePcm arm64 /Users/admin/builder/spi-builder-workspace/.derivedData/SDKExplicitPrecompiledModules/_Builtin_inttypes-11B64KJD36B3YOHBR1BBXBJY8.pcm
SwiftExplicitDependencyGeneratePcm arm64 /Users/admin/builder/spi-builder-workspace/.derivedData/SDKExplicitPrecompiledModules/Darwin-60P5LVNQO3ESRRM5DCJ05PFNK.pcm
SwiftExplicitDependencyGeneratePcm arm64 /Users/admin/builder/spi-builder-workspace/.derivedData/SDKExplicitPrecompiledModules/ObjectiveC-26TIBFYCEJZVP216ZZAU1X8KN.pcm
SwiftExplicitDependencyGeneratePcm arm64 /Users/admin/builder/spi-builder-workspace/.derivedData/SDKExplicitPrecompiledModules/os_object-692CJ8BG6RE5H04487EJJOVXW.pcm
SwiftExplicitDependencyGeneratePcm arm64 /Users/admin/builder/spi-builder-workspace/.derivedData/SDKExplicitPrecompiledModules/os_workgroup-4U1VXMWIZD80E7PRUQF2G7P9X.pcm
SwiftExplicitDependencyGeneratePcm arm64 /Users/admin/builder/spi-builder-workspace/.derivedData/SDKExplicitPrecompiledModules/Dispatch-CLT3466HKC22GCKAWSCNG0H7T.pcm
SwiftExplicitDependencyGeneratePcm arm64 /Users/admin/builder/spi-builder-workspace/.derivedData/SDKExplicitPrecompiledModules/CoreFoundation-AVLTZVCXBU2TO75JCN4AGU8XJ.pcm
SwiftExplicitDependencyGeneratePcm arm64 /Users/admin/builder/spi-builder-workspace/.derivedData/SDKExplicitPrecompiledModules/XPC-EP5EU7FNGP4VOA3EDM18P1KHO.pcm
SwiftExplicitDependencyGeneratePcm arm64 /Users/admin/builder/spi-builder-workspace/.derivedData/SDKExplicitPrecompiledModules/CFNetwork-5MI70N1VLDQSWTX4COWLMSIRO.pcm
SwiftExplicitDependencyGeneratePcm arm64 /Users/admin/builder/spi-builder-workspace/.derivedData/SDKExplicitPrecompiledModules/Security-8TH2M8WJIQMET4SADWX0N8372.pcm
SwiftExplicitDependencyGeneratePcm arm64 /Users/admin/builder/spi-builder-workspace/.derivedData/SDKExplicitPrecompiledModules/Foundation-8GON1KVEKRN3NOQI8RETBRWJP.pcm
SwiftExplicitDependencyGeneratePcm arm64 /Users/admin/builder/spi-builder-workspace/.derivedData/Build/Intermediates.noindex/SwiftExplicitPrecompiledModules/ObjcExceptionBridging-1HK2BOTNU1H1QRYLRFOPFF2XO.pcm
SwiftCompile normal arm64 Compiling\ DispatchQueue+XCGAdditions.swift,\ URL+XCGAdditions.swift,\ DevFilter.swift /Users/admin/builder/spi-builder-workspace/Sources/XCGLogger/Extensions/DispatchQueue+XCGAdditions.swift /Users/admin/builder/spi-builder-workspace/Sources/XCGLogger/Extensions/URL+XCGAdditions.swift /Users/admin/builder/spi-builder-workspace/Sources/XCGLogger/Filters/DevFilter.swift (in target 'XCGLogger' from project 'XCGLogger')
SwiftCompile normal arm64 /Users/admin/builder/spi-builder-workspace/Sources/XCGLogger/Extensions/DispatchQueue+XCGAdditions.swift (in target 'XCGLogger' from project 'XCGLogger')
cd /Users/admin/builder/spi-builder-workspace/.swiftpm/xcode
builtin-SwiftPerFileCompile DispatchQueue+XCGAdditions.swift
SwiftCompile normal arm64 /Users/admin/builder/spi-builder-workspace/Sources/XCGLogger/Extensions/URL+XCGAdditions.swift (in target 'XCGLogger' from project 'XCGLogger')
cd /Users/admin/builder/spi-builder-workspace/.swiftpm/xcode
builtin-SwiftPerFileCompile URL+XCGAdditions.swift
SwiftCompile normal arm64 /Users/admin/builder/spi-builder-workspace/Sources/XCGLogger/Filters/DevFilter.swift (in target 'XCGLogger' from project 'XCGLogger')
cd /Users/admin/builder/spi-builder-workspace/.swiftpm/xcode
builtin-SwiftPerFileCompile DevFilter.swift
SwiftEmitModule normal arm64 Emitting\ module\ for\ XCGLogger (in target 'XCGLogger' from project 'XCGLogger')
/Users/admin/builder/spi-builder-workspace/Sources/XCGLogger/XCGLogger.swift:134:33: error: cannot find type 'DispatchQueue' in scope
132 |
133 | /// The default dispatch queue used for logging
134 | public static let logQueue: DispatchQueue = DispatchQueue(label: XCGLogger.Constants.logQueueIdentifier, attributes: [])
| `- error: cannot find type 'DispatchQueue' in scope
135 |
136 | /// A custom date formatter object to use when displaying the dates of log messages (internal storage)
/Users/admin/builder/spi-builder-workspace/Sources/XCGLogger/XCGLogger.swift:134:49: error: cannot find 'DispatchQueue' in scope
132 |
133 | /// The default dispatch queue used for logging
134 | public static let logQueue: DispatchQueue = DispatchQueue(label: XCGLogger.Constants.logQueueIdentifier, attributes: [])
| `- error: cannot find 'DispatchQueue' in scope
135 |
136 | /// A custom date formatter object to use when displaying the dates of log messages (internal storage)
/Users/admin/builder/spi-builder-workspace/Sources/XCGLogger/XCGLogger.swift:137:40: error: cannot find type 'DateFormatter' in scope
135 |
136 | /// A custom date formatter object to use when displaying the dates of log messages (internal storage)
137 | internal var _customDateFormatter: DateFormatter? = nil
| `- error: cannot find type 'DateFormatter' in scope
138 | /// The date formatter object to use when displaying the dates of log messages
139 | open var dateFormatter: DateFormatter? {
/Users/admin/builder/spi-builder-workspace/Sources/XCGLogger/XCGLogger.swift:139:29: error: cannot find type 'DateFormatter' in scope
137 | internal var _customDateFormatter: DateFormatter? = nil
138 | /// The date formatter object to use when displaying the dates of log messages
139 | open var dateFormatter: DateFormatter? {
| `- error: cannot find type 'DateFormatter' in scope
140 | get {
141 | guard _customDateFormatter == nil else { return _customDateFormatter }
/Users/admin/builder/spi-builder-workspace/Sources/XCGLogger/XCGLogger.swift:143:43: error: cannot find type 'DateFormatter' in scope
141 | guard _customDateFormatter == nil else { return _customDateFormatter }
142 | struct Statics {
143 | static var dateFormatter: DateFormatter = {
| `- error: cannot find type 'DateFormatter' in scope
144 | let defaultDateFormatter = DateFormatter()
145 | defaultDateFormatter.locale = NSLocale.current
/Users/admin/builder/spi-builder-workspace/Sources/XCGLogger/XCGLogger.swift:144:48: error: cannot find 'DateFormatter' in scope
142 | struct Statics {
143 | static var dateFormatter: DateFormatter = {
144 | let defaultDateFormatter = DateFormatter()
| `- error: cannot find 'DateFormatter' in scope
145 | defaultDateFormatter.locale = NSLocale.current
146 | defaultDateFormatter.dateFormat = "yyyy-MM-dd HH:mm:ss.SSS"
/Users/admin/builder/spi-builder-workspace/Sources/XCGLogger/XCGLogger.swift:145:51: error: cannot find 'NSLocale' in scope
143 | static var dateFormatter: DateFormatter = {
144 | let defaultDateFormatter = DateFormatter()
145 | defaultDateFormatter.locale = NSLocale.current
| `- error: cannot find 'NSLocale' in scope
146 | defaultDateFormatter.dateFormat = "yyyy-MM-dd HH:mm:ss.SSS"
147 | return defaultDateFormatter
Failed frontend command:
/Applications/Xcode-27.0.0-Release.Candidate.app/Contents/Developer/Toolchains/XcodeDefault.xctoolchain/usr/bin/swift-frontend -frontend -emit-module -experimental-skip-non-inlinable-function-bodies-without-types /Users/admin/builder/spi-builder-workspace/.derivedData/Build/Intermediates.noindex/XCGLogger.build/Debug-xros/XCGLogger-t.build/DerivedSources/resource_bundle_accessor.swift /Users/admin/builder/spi-builder-workspace/Sources/XCGLogger/Destinations/AppleSystemLogDestination.swift /Users/admin/builder/spi-builder-workspace/Sources/XCGLogger/Destinations/AutoRotatingFileDestination.swift /Users/admin/builder/spi-builder-workspace/Sources/XCGLogger/Destinations/BaseDestination.swift /Users/admin/builder/spi-builder-workspace/Sources/XCGLogger/Destinations/BaseQueuedDestination.swift /Users/admin/builder/spi-builder-workspace/Sources/XCGLogger/Destinations/ConsoleDestination.swift /Users/admin/builder/spi-builder-workspace/Sources/XCGLogger/Destinations/DestinationProtocol.swift /Users/admin/builder/spi-builder-workspace/Sources/XCGLogger/Destinations/FileDestination.swift /Users/admin/builder/spi-builder-workspace/Sources/XCGLogger/Destinations/TestDestination.swift /Users/admin/builder/spi-builder-workspace/Sources/XCGLogger/Extensions/DispatchQueue+XCGAdditions.swift /Users/admin/builder/spi-builder-workspace/Sources/XCGLogger/Extensions/URL+XCGAdditions.swift /Users/admin/builder/spi-builder-workspace/Sources/XCGLogger/Filters/DevFilter.swift /Users/admin/builder/spi-builder-workspace/Sources/XCGLogger/Filters/FileNameFilter.swift /Users/admin/builder/spi-builder-workspace/Sources/XCGLogger/Filters/FilterProtocol.swift /Users/admin/builder/spi-builder-workspace/Sources/XCGLogger/Filters/TagFilter.swift /Users/admin/builder/spi-builder-workspace/Sources/XCGLogger/Filters/UserInfoFilter.swift /Users/admin/builder/spi-builder-workspace/Sources/XCGLogger/LogFormatters/ANSIColorLogFormatter.swift /Users/admin/builder/spi-builder-workspace/Sources/XCGLogger/LogFormatters/Base64LogFormatter.swift /Users/admin/builder/spi-builder-workspace/Sources/XCGLogger/LogFormatters/LogFormatterProtocol.swift /Users/admin/builder/spi-builder-workspace/Sources/XCGLogger/LogFormatters/PrePostFixLogFormatter.swift /Users/admin/builder/spi-builder-workspace/Sources/XCGLogger/LogFormatters/XcodeColorsLogFormatter.swift /Users/admin/builder/spi-builder-workspace/Sources/XCGLogger/Misc/HelperFunctions.swift /Users/admin/builder/spi-builder-workspace/Sources/XCGLogger/Misc/LogDetails.swift /Users/admin/builder/spi-builder-workspace/Sources/XCGLogger/Misc/Optional/UserInfoHelpers.swift /Users/admin/builder/spi-builder-workspace/Sources/XCGLogger/XCGLogger.swift -target arm64-apple-xros1.0 -disable-cross-import-overlay-search -load-resolved-plugin /Applications/Xcode-27.0.0-Release.Candidate.app/Contents/Developer/Platforms/XROS.platform/Developer/usr/lib/swift/host/plugins/libFoundationMacros.dylib\#/Applications/Xcode-27.0.0-Release.Candidate.app/Contents/Developer/Platforms/XROS.platform/Developer/usr/bin/swift-plugin-server\#FoundationMacros -load-resolved-plugin /Applications/Xcode-27.0.0-Release.Candidate.app/Contents/Developer/Platforms/XROS.platform/Developer/usr/lib/swift/host/plugins/libObservationMacros.dylib\#/Applications/Xcode-27.0.0-Release.Candidate.app/Contents/Developer/Platforms/XROS.platform/Developer/usr/bin/swift-plugin-server\#ObservationMacros -load-resolved-plugin /Applications/Xcode-27.0.0-Release.Candidate.app/Contents/Developer/Platforms/XROS.platform/Developer/usr/lib/swift/host/plugins/libSwiftMacros.dylib\#/Applications/Xcode-27.0.0-Release.Candidate.app/Contents/Developer/Platforms/XROS.platform/Developer/usr/bin/swift-plugin-server\#SwiftMacros -disable-implicit-swift-modules -Xcc -fno-implicit-modules -Xcc -fno-implicit-module-maps -explicit-swift-module-map-file /Users/admin/builder/spi-builder-workspace/.derivedData/Build/Intermediates.noindex/XCGLogger.build/Debug-xros/XCGLogger-t.build/Objects-normal/arm64/XCGLogger-dependencies-1.json -Xllvm -aarch64-use-tbi -enable-objc-interop -stack-check -sdk /Applications/Xcode-27.0.0-Release.Candidate.app/Contents/Developer/Platforms/XROS.platform/Developer/SDKs/XROS27.0.sdk -I /Users/admin/builder/spi-builder-workspace/.derivedData/Build/Products/Debug-xros -Isystem /Applications/Xcode-27.0.0-Release.Candidate.app/Contents/Developer/Platforms/XROS.platform/Developer/usr/lib -F /Users/admin/builder/spi-builder-workspace/.derivedData/Build/Products/Debug-xros/PackageFrameworks -F /Users/admin/builder/spi-builder-workspace/.derivedData/Build/Products/Debug-xros -F /Applications/Xcode-27.0.0-Release.Candidate.app/Contents/Developer/Platforms/XROS.platform/Developer/Library/Frameworks -F /Applications/Xcode-27.0.0-Release.Candidate.app/Contents/Developer/Platforms/XROS.platform/Developer/SDKs/XROS27.0.sdk/Developer/Library/Frameworks -module-cache-path /Users/admin/builder/spi-builder-workspace/.derivedData/Build/Intermediates.noindex/SwiftExplicitPrecompiledModules -no-color-diagnostics -Xcc -fno-color-diagnostics -enable-testing -g -debug-info-format\=dwarf -dwarf-version\=4 -profile-generate -profile-coverage-mapping -swift-version 5 -Onone -D SWIFT_PACKAGE -D DEBUG -D SWIFT_MODULE_RESOURCE_BUNDLE_AVAILABLE -D Xcode -serialize-debugging-options -enable-experimental-feature DebugDescriptionMacro -empty-abi-descriptor -validate-clang-modules-once -clang-build-session-file /Users/admin/builder/spi-builder-workspace/.derivedData/ModuleCache.noindex/Session.modulevalidation -Xcc -working-directory -Xcc /Users/admin/builder/spi-builder-workspace/.swiftpm/xcode -enable-anonymous-context-mangled-names -file-compilation-dir /Users/admin/builder/spi-builder-workspace/.swiftpm/xcode -Xcc -fmodule-map-file\=/Users/admin/builder/spi-builder-workspace/.derivedData/Build/Intermediates.noindex/GeneratedModuleMaps-xros/ObjcExceptionBridging.modulemap -Xcc -D_LIBCPP_HARDENING_MODE\=_LIBCPP_HARDENING_MODE_DEBUG -Xcc -ivfsstatcache -Xcc /Users/admin/builder/spi-builder-workspace/.derivedData/SDKStatCaches.noindex/xros27.0-24M361-e829b21a6f8c9b70876ba0858053c044735bd543db762f57723cac368afd1ce4.sdkstatcache -Xcc -fmodules-prune-interval\=86400 -Xcc -fmodules-prune-after\=345600 -Xcc -I/Users/admin/builder/spi-builder-workspace/Sources/ObjcExceptionBridging/include -Xcc -I/Users/admin/builder/spi-builder-workspace/.derivedData/Build/Products/Debug-xros/include -Xcc -I/Users/admin/builder/spi-builder-workspace/.derivedData/Build/Intermediates.noindex/XCGLogger.build/Debug-xros/XCGLogger-t.build/DerivedSources-normal/arm64 -Xcc -I/Users/admin/builder/spi-builder-workspace/.derivedData/Build/Intermediates.noindex/XCGLogger.build/Debug-xros/XCGLogger-t.build/DerivedSources/arm64 -Xcc -I/Users/admin/builder/spi-builder-workspace/.derivedData/Build/Intermediates.noindex/XCGLogger.build/Debug-xros/XCGLogger-t.build/DerivedSources -Xcc -DSWIFT_PACKAGE -Xcc -DDEBUG\=1 -no-auto-bridging-header-chaining -module-name XCGLogger -const-gather-protocols-file /Users/admin/builder/spi-builder-workspace/.derivedData/Build/Intermediates.noindex/XCGLogger.build/Debug-xros/XCGLogger-t.build/Objects-normal/arm64/XCGLogger_const_extract_protocols.json -disable-clang-spi -clang-target arm64-apple-xros27.0 -target-sdk-version 27.0 -target-sdk-name xros27.0 -in-process-plugin-server-path /Applications/Xcode-27.0.0-Release.Candidate.app/Contents/Developer/Toolchains/XcodeDefault.xctoolchain/usr/lib/swift/host/libSwiftInProcPluginServer.dylib -emit-module-doc-path /Users/admin/builder/spi-builder-workspace/.derivedData/Build/Intermediates.noindex/XCGLogger.build/Debug-xros/XCGLogger-t.build/Objects-normal/arm64/XCGLogger.swiftdoc -emit-module-source-info-path /Users/admin/builder/spi-builder-workspace/.derivedData/Build/Intermediates.noindex/XCGLogger.build/Debug-xros/XCGLogger-t.build/Objects-normal/arm64/XCGLogger.swiftsourceinfo -emit-objc-header-path /Users/admin/builder/spi-builder-workspace/.derivedData/Build/Intermediates.noindex/XCGLogger.build/Debug-xros/XCGLogger-t.build/Objects-normal/arm64/XCGLogger-Swift.h -serialize-diagnostics-path /Users/admin/builder/spi-builder-workspace/.derivedData/Build/Intermediates.noindex/XCGLogger.build/Debug-xros/XCGLogger-t.build/Objects-normal/arm64/XCGLogger-primary-emit-module.dia -emit-dependencies-path /Users/admin/builder/spi-builder-workspace/.derivedData/Build/Intermediates.noindex/XCGLogger.build/Debug-xros/XCGLogger-t.build/Objects-normal/arm64/XCGLogger-primary-emit-module.d -parse-as-library -o /Users/admin/builder/spi-builder-workspace/.derivedData/Build/Intermediates.noindex/XCGLogger.build/Debug-xros/XCGLogger-t.build/Objects-normal/arm64/XCGLogger.swiftmodule -emit-abi-descriptor-path /Users/admin/builder/spi-builder-workspace/.derivedData/Build/Intermediates.noindex/XCGLogger.build/Debug-xros/XCGLogger-t.build/Objects-normal/arm64/XCGLogger.abi.json
SwiftCompile normal arm64 (in target 'XCGLogger' from project 'XCGLogger')
cd /Users/admin/builder/spi-builder-workspace/.swiftpm/xcode
SwiftCompile normal arm64 Compiling\ UserInfoFilter.swift,\ ANSIColorLogFormatter.swift /Users/admin/builder/spi-builder-workspace/Sources/XCGLogger/Filters/UserInfoFilter.swift /Users/admin/builder/spi-builder-workspace/Sources/XCGLogger/LogFormatters/ANSIColorLogFormatter.swift (in target 'XCGLogger' from project 'XCGLogger')
SwiftCompile normal arm64 /Users/admin/builder/spi-builder-workspace/Sources/XCGLogger/Filters/UserInfoFilter.swift (in target 'XCGLogger' from project 'XCGLogger')
cd /Users/admin/builder/spi-builder-workspace/.swiftpm/xcode
builtin-SwiftPerFileCompile UserInfoFilter.swift
SwiftCompile normal arm64 /Users/admin/builder/spi-builder-workspace/Sources/XCGLogger/LogFormatters/ANSIColorLogFormatter.swift (in target 'XCGLogger' from project 'XCGLogger')
cd /Users/admin/builder/spi-builder-workspace/.swiftpm/xcode
builtin-SwiftPerFileCompile ANSIColorLogFormatter.swift
SwiftCompile normal arm64 Compiling\ Base64LogFormatter.swift,\ LogFormatterProtocol.swift /Users/admin/builder/spi-builder-workspace/Sources/XCGLogger/LogFormatters/Base64LogFormatter.swift /Users/admin/builder/spi-builder-workspace/Sources/XCGLogger/LogFormatters/LogFormatterProtocol.swift (in target 'XCGLogger' from project 'XCGLogger')
SwiftCompile normal arm64 /Users/admin/builder/spi-builder-workspace/Sources/XCGLogger/LogFormatters/Base64LogFormatter.swift (in target 'XCGLogger' from project 'XCGLogger')
cd /Users/admin/builder/spi-builder-workspace/.swiftpm/xcode
builtin-SwiftPerFileCompile Base64LogFormatter.swift
SwiftCompile normal arm64 /Users/admin/builder/spi-builder-workspace/Sources/XCGLogger/LogFormatters/LogFormatterProtocol.swift (in target 'XCGLogger' from project 'XCGLogger')
cd /Users/admin/builder/spi-builder-workspace/.swiftpm/xcode
builtin-SwiftPerFileCompile LogFormatterProtocol.swift
SwiftCompile normal arm64 Compiling\ DestinationProtocol.swift,\ FileDestination.swift,\ TestDestination.swift /Users/admin/builder/spi-builder-workspace/Sources/XCGLogger/Destinations/DestinationProtocol.swift /Users/admin/builder/spi-builder-workspace/Sources/XCGLogger/Destinations/FileDestination.swift /Users/admin/builder/spi-builder-workspace/Sources/XCGLogger/Destinations/TestDestination.swift (in target 'XCGLogger' from project 'XCGLogger')
/Users/admin/builder/spi-builder-workspace/Sources/XCGLogger/XCGLogger.swift:134:33: error: cannot find type 'DispatchQueue' in scope
132 |
133 | /// The default dispatch queue used for logging
134 | public static let logQueue: DispatchQueue = DispatchQueue(label: XCGLogger.Constants.logQueueIdentifier, attributes: [])
| `- error: cannot find type 'DispatchQueue' in scope
135 |
136 | /// A custom date formatter object to use when displaying the dates of log messages (internal storage)
/Users/admin/builder/spi-builder-workspace/Sources/XCGLogger/XCGLogger.swift:137:40: error: cannot find type 'DateFormatter' in scope
135 |
136 | /// A custom date formatter object to use when displaying the dates of log messages (internal storage)
137 | internal var _customDateFormatter: DateFormatter? = nil
| `- error: cannot find type 'DateFormatter' in scope
138 | /// The date formatter object to use when displaying the dates of log messages
139 | open var dateFormatter: DateFormatter? {
SwiftCompile normal arm64 /Users/admin/builder/spi-builder-workspace/Sources/XCGLogger/Destinations/DestinationProtocol.swift (in target 'XCGLogger' from project 'XCGLogger')
cd /Users/admin/builder/spi-builder-workspace/.swiftpm/xcode
builtin-SwiftPerFileCompile DestinationProtocol.swift
SwiftCompile normal arm64 /Users/admin/builder/spi-builder-workspace/Sources/XCGLogger/Destinations/FileDestination.swift (in target 'XCGLogger' from project 'XCGLogger')
cd /Users/admin/builder/spi-builder-workspace/.swiftpm/xcode
builtin-SwiftPerFileCompile FileDestination.swift
SwiftCompile normal arm64 /Users/admin/builder/spi-builder-workspace/Sources/XCGLogger/Destinations/TestDestination.swift (in target 'XCGLogger' from project 'XCGLogger')
cd /Users/admin/builder/spi-builder-workspace/.swiftpm/xcode
builtin-SwiftPerFileCompile TestDestination.swift
SwiftCompile normal arm64 Compiling\ BaseDestination.swift,\ BaseQueuedDestination.swift,\ ConsoleDestination.swift /Users/admin/builder/spi-builder-workspace/Sources/XCGLogger/Destinations/BaseDestination.swift /Users/admin/builder/spi-builder-workspace/Sources/XCGLogger/Destinations/BaseQueuedDestination.swift /Users/admin/builder/spi-builder-workspace/Sources/XCGLogger/Destinations/ConsoleDestination.swift (in target 'XCGLogger' from project 'XCGLogger')
SwiftCompile normal arm64 /Users/admin/builder/spi-builder-workspace/Sources/XCGLogger/Destinations/BaseDestination.swift (in target 'XCGLogger' from project 'XCGLogger')
cd /Users/admin/builder/spi-builder-workspace/.swiftpm/xcode
builtin-SwiftPerFileCompile BaseDestination.swift
SwiftCompile normal arm64 /Users/admin/builder/spi-builder-workspace/Sources/XCGLogger/Destinations/BaseQueuedDestination.swift (in target 'XCGLogger' from project 'XCGLogger')
cd /Users/admin/builder/spi-builder-workspace/.swiftpm/xcode
builtin-SwiftPerFileCompile BaseQueuedDestination.swift
SwiftCompile normal arm64 /Users/admin/builder/spi-builder-workspace/Sources/XCGLogger/Destinations/ConsoleDestination.swift (in target 'XCGLogger' from project 'XCGLogger')
cd /Users/admin/builder/spi-builder-workspace/.swiftpm/xcode
builtin-SwiftPerFileCompile ConsoleDestination.swift
SwiftCompile normal arm64 Compiling\ UserInfoHelpers.swift,\ XCGLogger.swift /Users/admin/builder/spi-builder-workspace/Sources/XCGLogger/Misc/Optional/UserInfoHelpers.swift /Users/admin/builder/spi-builder-workspace/Sources/XCGLogger/XCGLogger.swift (in target 'XCGLogger' from project 'XCGLogger')
/Users/admin/builder/spi-builder-workspace/Sources/XCGLogger/XCGLogger.swift:134:33: error: cannot find type 'DispatchQueue' in scope
132 |
133 | /// The default dispatch queue used for logging
134 | public static let logQueue: DispatchQueue = DispatchQueue(label: XCGLogger.Constants.logQueueIdentifier, attributes: [])
| `- error: cannot find type 'DispatchQueue' in scope
135 |
136 | /// A custom date formatter object to use when displaying the dates of log messages (internal storage)
/Users/admin/builder/spi-builder-workspace/Sources/XCGLogger/XCGLogger.swift:134:49: error: cannot find 'DispatchQueue' in scope
132 |
133 | /// The default dispatch queue used for logging
134 | public static let logQueue: DispatchQueue = DispatchQueue(label: XCGLogger.Constants.logQueueIdentifier, attributes: [])
| `- error: cannot find 'DispatchQueue' in scope
135 |
136 | /// A custom date formatter object to use when displaying the dates of log messages (internal storage)
/Users/admin/builder/spi-builder-workspace/Sources/XCGLogger/XCGLogger.swift:137:40: error: cannot find type 'DateFormatter' in scope
135 |
136 | /// A custom date formatter object to use when displaying the dates of log messages (internal storage)
137 | internal var _customDateFormatter: DateFormatter? = nil
| `- error: cannot find type 'DateFormatter' in scope
138 | /// The date formatter object to use when displaying the dates of log messages
139 | open var dateFormatter: DateFormatter? {
/Users/admin/builder/spi-builder-workspace/Sources/XCGLogger/XCGLogger.swift:139:29: error: cannot find type 'DateFormatter' in scope
137 | internal var _customDateFormatter: DateFormatter? = nil
138 | /// The date formatter object to use when displaying the dates of log messages
139 | open var dateFormatter: DateFormatter? {
| `- error: cannot find type 'DateFormatter' in scope
140 | get {
141 | guard _customDateFormatter == nil else { return _customDateFormatter }
/Users/admin/builder/spi-builder-workspace/Sources/XCGLogger/XCGLogger.swift:143:43: error: cannot find type 'DateFormatter' in scope
141 | guard _customDateFormatter == nil else { return _customDateFormatter }
142 | struct Statics {
143 | static var dateFormatter: DateFormatter = {
| `- error: cannot find type 'DateFormatter' in scope
144 | let defaultDateFormatter = DateFormatter()
145 | defaultDateFormatter.locale = NSLocale.current
/Users/admin/builder/spi-builder-workspace/Sources/XCGLogger/XCGLogger.swift:144:48: error: cannot find 'DateFormatter' in scope
142 | struct Statics {
143 | static var dateFormatter: DateFormatter = {
144 | let defaultDateFormatter = DateFormatter()
| `- error: cannot find 'DateFormatter' in scope
145 | defaultDateFormatter.locale = NSLocale.current
146 | defaultDateFormatter.dateFormat = "yyyy-MM-dd HH:mm:ss.SSS"
/Users/admin/builder/spi-builder-workspace/Sources/XCGLogger/XCGLogger.swift:145:51: error: cannot find 'NSLocale' in scope
143 | static var dateFormatter: DateFormatter = {
144 | let defaultDateFormatter = DateFormatter()
145 | defaultDateFormatter.locale = NSLocale.current
| `- error: cannot find 'NSLocale' in scope
146 | defaultDateFormatter.dateFormat = "yyyy-MM-dd HH:mm:ss.SSS"
147 | return defaultDateFormatter
/Users/admin/builder/spi-builder-workspace/Sources/XCGLogger/XCGLogger.swift:343:69: error: cannot find 'Date' in scope
341 | guard let closureResult = closure() else { return }
342 |
343 | let logDetails: LogDetails = LogDetails(level: level, date: Date(), message: String(describing: closureResult), functionName: functionName, fileName: fileName, lineNumber: lineNumber, userInfo: userInfo)
| `- error: cannot find 'Date' in scope
344 | for destination in enabledDestinations {
345 | destination.process(logDetails: logDetails)
/Users/admin/builder/spi-builder-workspace/Sources/XCGLogger/XCGLogger.swift:383:20: error: cannot find 'Date' in scope
381 | ///
382 | open func logAppDetails(selectedDestination: DestinationProtocol? = nil) {
383 | let date = Date()
| `- error: cannot find 'Date' in scope
384 |
385 | var buildString = ""
/Users/admin/builder/spi-builder-workspace/Sources/XCGLogger/XCGLogger.swift:386:33: error: cannot find 'Bundle' in scope
384 |
385 | var buildString = ""
386 | if let infoDictionary = Bundle.main.infoDictionary {
| `- error: cannot find 'Bundle' in scope
387 | if let CFBundleShortVersionString = infoDictionary["CFBundleShortVersionString"] as? String {
388 | buildString = "Version: \(CFBundleShortVersionString) "
/Users/admin/builder/spi-builder-workspace/Sources/XCGLogger/XCGLogger.swift:395:26: error: cannot find type 'ProcessInfo' in scope
393 | }
394 |
395 | let processInfo: ProcessInfo = ProcessInfo.processInfo
| `- error: cannot find type 'ProcessInfo' in scope
396 | let XCGLoggerVersionNumber = XCGLogger.Constants.versionString
397 |
/Users/admin/builder/spi-builder-workspace/Sources/XCGLogger/XCGLogger.swift:395:40: error: cannot find 'ProcessInfo' in scope
393 | }
394 |
395 | let processInfo: ProcessInfo = ProcessInfo.processInfo
| `- error: cannot find 'ProcessInfo' in scope
396 | let XCGLoggerVersionNumber = XCGLogger.Constants.versionString
397 |
SwiftCompile normal arm64 /Users/admin/builder/spi-builder-workspace/Sources/XCGLogger/Misc/Optional/UserInfoHelpers.swift (in target 'XCGLogger' from project 'XCGLogger')
cd /Users/admin/builder/spi-builder-workspace/.swiftpm/xcode
builtin-SwiftPerFileCompile UserInfoHelpers.swift
SwiftCompile normal arm64 /Users/admin/builder/spi-builder-workspace/Sources/XCGLogger/XCGLogger.swift (in target 'XCGLogger' from project 'XCGLogger')
cd /Users/admin/builder/spi-builder-workspace/.swiftpm/xcode
builtin-SwiftPerFileCompile XCGLogger.swift
SwiftCompile normal arm64 Compiling\ HelperFunctions.swift,\ LogDetails.swift /Users/admin/builder/spi-builder-workspace/Sources/XCGLogger/Misc/HelperFunctions.swift /Users/admin/builder/spi-builder-workspace/Sources/XCGLogger/Misc/LogDetails.swift (in target 'XCGLogger' from project 'XCGLogger')
SwiftCompile normal arm64 /Users/admin/builder/spi-builder-workspace/Sources/XCGLogger/Misc/HelperFunctions.swift (in target 'XCGLogger' from project 'XCGLogger')
cd /Users/admin/builder/spi-builder-workspace/.swiftpm/xcode
builtin-SwiftPerFileCompile HelperFunctions.swift
SwiftCompile normal arm64 /Users/admin/builder/spi-builder-workspace/Sources/XCGLogger/Misc/LogDetails.swift (in target 'XCGLogger' from project 'XCGLogger')
cd /Users/admin/builder/spi-builder-workspace/.swiftpm/xcode
builtin-SwiftPerFileCompile LogDetails.swift
SwiftCompile normal arm64 Compiling\ FileNameFilter.swift,\ FilterProtocol.swift,\ TagFilter.swift /Users/admin/builder/spi-builder-workspace/Sources/XCGLogger/Filters/FileNameFilter.swift /Users/admin/builder/spi-builder-workspace/Sources/XCGLogger/Filters/FilterProtocol.swift /Users/admin/builder/spi-builder-workspace/Sources/XCGLogger/Filters/TagFilter.swift (in target 'XCGLogger' from project 'XCGLogger')
SwiftCompile normal arm64 /Users/admin/builder/spi-builder-workspace/Sources/XCGLogger/Filters/FileNameFilter.swift (in target 'XCGLogger' from project 'XCGLogger')
cd /Users/admin/builder/spi-builder-workspace/.swiftpm/xcode
builtin-SwiftPerFileCompile FileNameFilter.swift
SwiftCompile normal arm64 /Users/admin/builder/spi-builder-workspace/Sources/XCGLogger/Filters/FilterProtocol.swift (in target 'XCGLogger' from project 'XCGLogger')
cd /Users/admin/builder/spi-builder-workspace/.swiftpm/xcode
builtin-SwiftPerFileCompile FilterProtocol.swift
SwiftCompile normal arm64 /Users/admin/builder/spi-builder-workspace/Sources/XCGLogger/Filters/TagFilter.swift (in target 'XCGLogger' from project 'XCGLogger')
cd /Users/admin/builder/spi-builder-workspace/.swiftpm/xcode
builtin-SwiftPerFileCompile TagFilter.swift
SwiftCompile normal arm64 Compiling\ PrePostFixLogFormatter.swift,\ XcodeColorsLogFormatter.swift /Users/admin/builder/spi-builder-workspace/Sources/XCGLogger/LogFormatters/PrePostFixLogFormatter.swift /Users/admin/builder/spi-builder-workspace/Sources/XCGLogger/LogFormatters/XcodeColorsLogFormatter.swift (in target 'XCGLogger' from project 'XCGLogger')
SwiftCompile normal arm64 /Users/admin/builder/spi-builder-workspace/Sources/XCGLogger/LogFormatters/PrePostFixLogFormatter.swift (in target 'XCGLogger' from project 'XCGLogger')
cd /Users/admin/builder/spi-builder-workspace/.swiftpm/xcode
builtin-SwiftPerFileCompile PrePostFixLogFormatter.swift
SwiftCompile normal arm64 /Users/admin/builder/spi-builder-workspace/Sources/XCGLogger/LogFormatters/XcodeColorsLogFormatter.swift (in target 'XCGLogger' from project 'XCGLogger')
cd /Users/admin/builder/spi-builder-workspace/.swiftpm/xcode
builtin-SwiftPerFileCompile XcodeColorsLogFormatter.swift
SwiftCompile normal arm64 Compiling\ resource_bundle_accessor.swift,\ AppleSystemLogDestination.swift,\ AutoRotatingFileDestination.swift /Users/admin/builder/spi-builder-workspace/.derivedData/Build/Intermediates.noindex/XCGLogger.build/Debug-xros/XCGLogger-t.build/DerivedSources/resource_bundle_accessor.swift /Users/admin/builder/spi-builder-workspace/Sources/XCGLogger/Destinations/AppleSystemLogDestination.swift /Users/admin/builder/spi-builder-workspace/Sources/XCGLogger/Destinations/AutoRotatingFileDestination.swift (in target 'XCGLogger' from project 'XCGLogger')
SwiftCompile normal arm64 /Users/admin/builder/spi-builder-workspace/.derivedData/Build/Intermediates.noindex/XCGLogger.build/Debug-xros/XCGLogger-t.build/DerivedSources/resource_bundle_accessor.swift (in target 'XCGLogger' from project 'XCGLogger')
cd /Users/admin/builder/spi-builder-workspace/.swiftpm/xcode
builtin-SwiftPerFileCompile resource_bundle_accessor.swift
SwiftCompile normal arm64 /Users/admin/builder/spi-builder-workspace/Sources/XCGLogger/Destinations/AppleSystemLogDestination.swift (in target 'XCGLogger' from project 'XCGLogger')
cd /Users/admin/builder/spi-builder-workspace/.swiftpm/xcode
builtin-SwiftPerFileCompile AppleSystemLogDestination.swift
SwiftCompile normal arm64 /Users/admin/builder/spi-builder-workspace/Sources/XCGLogger/Destinations/AutoRotatingFileDestination.swift (in target 'XCGLogger' from project 'XCGLogger')
cd /Users/admin/builder/spi-builder-workspace/.swiftpm/xcode
builtin-SwiftPerFileCompile AutoRotatingFileDestination.swift
PruneExplicitPrecompiledModules /Users/admin/builder/spi-builder-workspace/.derivedData/Build/Intermediates.noindex/SwiftExplicitPrecompiledModules
PruneExplicitPrecompiledModules /Users/admin/builder/spi-builder-workspace/.derivedData/Build/Intermediates.noindex/ExplicitPrecompiledModules
PruneExplicitPrecompiledModules /Users/admin/builder/spi-builder-workspace/.derivedData/SDKExplicitPrecompiledModules
2026-09-20 12:55:06.019 xcodebuild[693:4459] [MT] IDERunDestination: Supported platforms for the buildables in the current scheme is empty.
** BUILD FAILED **
The following build commands failed:
SwiftEmitModule normal arm64 Emitting\ module\ for\ XCGLogger (in target 'XCGLogger' from project 'XCGLogger')
SwiftCompile normal arm64 (in target 'XCGLogger' from project 'XCGLogger')
Building workspace XCGLogger with scheme XCGLogger-Package
(3 failures)
Command line invocation:
/Applications/Xcode-27.0.0-Release.Candidate.app/Contents/Developer/usr/bin/xcodebuild -IDEClonedSourcePackagesDirPathOverride=/Users/admin/builder/spi-builder-workspace/.dependencies -resolvePackageDependencies
Resolve Package Graph
Resolved source packages:
XCGLogger: /Users/admin/builder/spi-builder-workspace
resolved source packages: XCGLogger
2026-09-20 12:55:12.387 xcodebuild[788:4854] [MT] IDERunDestination: Supported platforms for the buildables in the current scheme is empty.
{
"dependencies" : [
],
"manifest_display_name" : "XCGLogger",
"name" : "XCGLogger",
"path" : "/Users/admin/builder/spi-builder-workspace",
"platforms" : [
],
"products" : [
{
"name" : "XCGLogger",
"targets" : [
"XCGLogger"
],
"type" : {
"library" : [
"automatic"
]
}
},
{
"name" : "ObjcExceptionBridging",
"targets" : [
"ObjcExceptionBridging"
],
"type" : {
"library" : [
"automatic"
]
}
}
],
"targets" : [
{
"c99name" : "XCGLoggerTests",
"module_type" : "SwiftTarget",
"name" : "XCGLoggerTests",
"path" : "Tests/XCGLoggerTests",
"sources" : [
"XCGLoggerTests.swift"
],
"target_dependencies" : [
"XCGLogger"
],
"type" : "test"
},
{
"c99name" : "XCGLogger",
"module_type" : "SwiftTarget",
"name" : "XCGLogger",
"path" : "Sources/XCGLogger",
"product_memberships" : [
"XCGLogger"
],
"resources" : [
{
"path" : "/Users/admin/builder/spi-builder-workspace/Sources/XCGLogger/PrivacyInfo.xcprivacy",
"rule" : {
"process" : {
}
}
}
],
"sources" : [
"Destinations/AppleSystemLogDestination.swift",
"Destinations/AutoRotatingFileDestination.swift",
"Destinations/BaseDestination.swift",
"Destinations/BaseQueuedDestination.swift",
"Destinations/ConsoleDestination.swift",
"Destinations/DestinationProtocol.swift",
"Destinations/FileDestination.swift",
"Destinations/TestDestination.swift",
"Extensions/DispatchQueue+XCGAdditions.swift",
"Extensions/URL+XCGAdditions.swift",
"Filters/DevFilter.swift",
"Filters/FileNameFilter.swift",
"Filters/FilterProtocol.swift",
"Filters/TagFilter.swift",
"Filters/UserInfoFilter.swift",
"LogFormatters/ANSIColorLogFormatter.swift",
"LogFormatters/Base64LogFormatter.swift",
"LogFormatters/LogFormatterProtocol.swift",
"LogFormatters/PrePostFixLogFormatter.swift",
"LogFormatters/XcodeColorsLogFormatter.swift",
"Misc/HelperFunctions.swift",
"Misc/LogDetails.swift",
"Misc/Optional/UserInfoHelpers.swift",
"XCGLogger.swift"
],
"target_dependencies" : [
"ObjcExceptionBridging"
],
"type" : "library"
},
{
"c99name" : "ObjcExceptionBridging",
"module_type" : "ClangTarget",
"name" : "ObjcExceptionBridging",
"path" : "Sources/ObjcExceptionBridging",
"product_memberships" : [
"XCGLogger",
"ObjcExceptionBridging"
],
"resources" : [
{
"path" : "/Users/admin/builder/spi-builder-workspace/Sources/ObjcExceptionBridging/PrivacyInfo.xcprivacy",
"rule" : {
"process" : {
}
}
}
],
"sources" : [
"ObjectiveCMarker.m"
],
"type" : "library"
}
],
"tools_version" : "5.3"
}
{
"workspace" : {
"name" : "XCGLogger",
"schemes" : [
"ObjcExceptionBridging",
"XCGLogger",
"XCGLogger-Package"
]
}
}
2026-09-20 12:55:13.668 xcodebuild[796:4920] [MT] IDERunDestination: Supported platforms for the buildables in the current scheme is empty.
{
"workspace" : {
"name" : "XCGLogger",
"schemes" : [
"ObjcExceptionBridging",
"XCGLogger",
"XCGLogger-Package"
]
}
}
2026-09-20 12:55:14.677 xcodebuild[798:4954] [MT] IDERunDestination: Supported platforms for the buildables in the current scheme is empty.
Running build ...
env DEVELOPER_DIR=/Applications/Xcode-27.0.0-Release.Candidate.app xcrun xcodebuild -IDEClonedSourcePackagesDirPathOverride=$PWD/.dependencies -skipMacroValidation -skipPackagePluginValidation -derivedDataPath $PWD/.derivedData build -scheme XCGLogger-Package -destination generic/platform=xrOS
Command line invocation:
/Applications/Xcode-27.0.0-Release.Candidate.app/Contents/Developer/usr/bin/xcodebuild -IDEClonedSourcePackagesDirPathOverride=/Users/admin/builder/spi-builder-workspace/.dependencies -skipMacroValidation -skipPackagePluginValidation -derivedDataPath /Users/admin/builder/spi-builder-workspace/.derivedData build -scheme XCGLogger-Package -destination generic/platform=xrOS
Resolve Package Graph
Resolved source packages:
XCGLogger: /Users/admin/builder/spi-builder-workspace
ComputePackagePrebuildTargetDependencyGraph
Prepare packages
CreateBuildRequest
SendProjectDescription
CreateBuildOperation
ComputeTargetDependencyGraph
note: Building targets in dependency order
note: Target dependency graph (6 targets)
Target 'ObjcExceptionBridging-product' in project 'XCGLogger'
➜ Explicit dependency on target 'ObjcExceptionBridging' in project 'XCGLogger'
➜ Explicit dependency on target 'XCGLogger_ObjcExceptionBridging' in project 'XCGLogger'
Target 'XCGLogger-product' in project 'XCGLogger'
➜ Explicit dependency on target 'XCGLogger' in project 'XCGLogger'
➜ Explicit dependency on target 'XCGLogger_XCGLogger' in project 'XCGLogger'
➜ Explicit dependency on target 'ObjcExceptionBridging' in project 'XCGLogger'
Target 'XCGLogger' in project 'XCGLogger'
➜ Explicit dependency on target 'XCGLogger_XCGLogger' in project 'XCGLogger'
➜ Explicit dependency on target 'ObjcExceptionBridging' in project 'XCGLogger'
Target 'ObjcExceptionBridging' in project 'XCGLogger'
➜ Explicit dependency on target 'XCGLogger_ObjcExceptionBridging' in project 'XCGLogger'
Target 'XCGLogger_ObjcExceptionBridging' in project 'XCGLogger' (no dependencies)
Target 'XCGLogger_XCGLogger' in project 'XCGLogger' (no dependencies)
GatherProvisioningInputs
CreateBuildDescription
ClangStatCache /Applications/Xcode-27.0.0-Release.Candidate.app/Contents/Developer/Toolchains/XcodeDefault.xctoolchain/usr/bin/clang-stat-cache /Applications/Xcode-27.0.0-Release.Candidate.app/Contents/Developer/Platforms/XROS.platform/Developer/SDKs/XROS27.0.sdk /Users/admin/builder/spi-builder-workspace/.derivedData/SDKStatCaches.noindex/xros27.0-24M361-e829b21a6f8c9b70876ba0858053c044735bd543db762f57723cac368afd1ce4.sdkstatcache
cd /Users/admin/builder/spi-builder-workspace/.swiftpm/xcode
/Applications/Xcode-27.0.0-Release.Candidate.app/Contents/Developer/Toolchains/XcodeDefault.xctoolchain/usr/bin/clang-stat-cache /Applications/Xcode-27.0.0-Release.Candidate.app/Contents/Developer/Platforms/XROS.platform/Developer/SDKs/XROS27.0.sdk -o /Users/admin/builder/spi-builder-workspace/.derivedData/SDKStatCaches.noindex/xros27.0-24M361-e829b21a6f8c9b70876ba0858053c044735bd543db762f57723cac368afd1ce4.sdkstatcache
SwiftDriver XCGLogger normal arm64 com.apple.xcode.tools.swift.compiler (in target 'XCGLogger' from project 'XCGLogger')
cd /Users/admin/builder/spi-builder-workspace/.swiftpm/xcode
builtin-SwiftDriver -- /Applications/Xcode-27.0.0-Release.Candidate.app/Contents/Developer/Toolchains/XcodeDefault.xctoolchain/usr/bin/swiftc -parse-as-library -module-name XCGLogger -Onone @/Users/admin/builder/spi-builder-workspace/.derivedData/Build/Intermediates.noindex/XCGLogger.build/Debug-xros/XCGLogger-t.build/Objects-normal/arm64/XCGLogger.SwiftFileList -DSWIFT_PACKAGE -DDEBUG -DSWIFT_MODULE_RESOURCE_BUNDLE_AVAILABLE -Xcc -fmodule-map-file\=/Users/admin/builder/spi-builder-workspace/.derivedData/Build/Intermediates.noindex/GeneratedModuleMaps-xros/ObjcExceptionBridging.modulemap -DXcode -plugin-path /Applications/Xcode-27.0.0-Release.Candidate.app/Contents/Developer/Toolchains/XcodeDefault.xctoolchain/usr/lib/swift/host/plugins/testing -enable-experimental-feature DebugDescriptionMacro -sdk /Applications/Xcode-27.0.0-Release.Candidate.app/Contents/Developer/Platforms/XROS.platform/Developer/SDKs/XROS27.0.sdk -target arm64-apple-xros1.0 -g -module-cache-path /Users/admin/builder/spi-builder-workspace/.derivedData/ModuleCache.noindex -Xfrontend -serialize-debugging-options -profile-coverage-mapping -profile-generate -enable-testing -index-store-path /Users/admin/builder/spi-builder-workspace/.derivedData/Index.noindex/DataStore -Xcc -D_LIBCPP_HARDENING_MODE\=_LIBCPP_HARDENING_MODE_DEBUG -swift-version 5 -I /Users/admin/builder/spi-builder-workspace/.derivedData/Build/Products/Debug-xros -Isystem /Applications/Xcode-27.0.0-Release.Candidate.app/Contents/Developer/Platforms/XROS.platform/Developer/usr/lib -F /Users/admin/builder/spi-builder-workspace/.derivedData/Build/Products/Debug-xros/PackageFrameworks -F /Users/admin/builder/spi-builder-workspace/.derivedData/Build/Products/Debug-xros -F /Applications/Xcode-27.0.0-Release.Candidate.app/Contents/Developer/Platforms/XROS.platform/Developer/Library/Frameworks -F /Applications/Xcode-27.0.0-Release.Candidate.app/Contents/Developer/Platforms/XROS.platform/Developer/SDKs/XROS27.0.sdk/Developer/Library/Frameworks -c -j10 -enable-batch-mode -incremental -Xcc -ivfsstatcache -Xcc /Users/admin/builder/spi-builder-workspace/.derivedData/SDKStatCaches.noindex/xros27.0-24M361-e829b21a6f8c9b70876ba0858053c044735bd543db762f57723cac368afd1ce4.sdkstatcache -output-file-map /Users/admin/builder/spi-builder-workspace/.derivedData/Build/Intermediates.noindex/XCGLogger.build/Debug-xros/XCGLogger-t.build/Objects-normal/arm64/XCGLogger-OutputFileMap.json -save-temps -no-color-diagnostics -explicit-module-build -module-cache-path /Users/admin/builder/spi-builder-workspace/.derivedData/Build/Intermediates.noindex/SwiftExplicitPrecompiledModules -clang-scanner-module-cache-path /Users/admin/builder/spi-builder-workspace/.derivedData/ModuleCache.noindex -sdk-module-cache-path /Users/admin/builder/spi-builder-workspace/.derivedData/SDKExplicitPrecompiledModules -emit-dependencies -emit-module -emit-module-path /Users/admin/builder/spi-builder-workspace/.derivedData/Build/Intermediates.noindex/XCGLogger.build/Debug-xros/XCGLogger-t.build/Objects-normal/arm64/XCGLogger.swiftmodule -serialize-diagnostics -dependency-scan-serialize-diagnostics-path /Users/admin/builder/spi-builder-workspace/.derivedData/Build/Intermediates.noindex/XCGLogger.build/Debug-xros/XCGLogger-t.build/Objects-normal/arm64/XCGLogger-dependency-scan.dia -validate-clang-modules-once -clang-build-session-file /Users/admin/builder/spi-builder-workspace/.derivedData/ModuleCache.noindex/Session.modulevalidation -Xcc -fmodules-prune-interval\=86400 -Xcc -fmodules-prune-after\=345600 -emit-const-values -const-gather-protocols-list /Users/admin/builder/spi-builder-workspace/.derivedData/Build/Intermediates.noindex/XCGLogger.build/Debug-xros/XCGLogger-t.build/Objects-normal/arm64/XCGLogger_const_extract_protocols.json -Xcc -I/Users/admin/builder/spi-builder-workspace/Sources/ObjcExceptionBridging/include -Xcc -I/Users/admin/builder/spi-builder-workspace/.derivedData/Build/Products/Debug-xros/include -Xcc -I/Users/admin/builder/spi-builder-workspace/.derivedData/Build/Intermediates.noindex/XCGLogger.build/Debug-xros/XCGLogger-t.build/DerivedSources-normal/arm64 -Xcc -I/Users/admin/builder/spi-builder-workspace/.derivedData/Build/Intermediates.noindex/XCGLogger.build/Debug-xros/XCGLogger-t.build/DerivedSources/arm64 -Xcc -I/Users/admin/builder/spi-builder-workspace/.derivedData/Build/Intermediates.noindex/XCGLogger.build/Debug-xros/XCGLogger-t.build/DerivedSources -Xcc -DSWIFT_PACKAGE -Xcc -DDEBUG\=1 -emit-objc-header -emit-objc-header-path /Users/admin/builder/spi-builder-workspace/.derivedData/Build/Intermediates.noindex/XCGLogger.build/Debug-xros/XCGLogger-t.build/Objects-normal/arm64/XCGLogger-Swift.h -working-directory /Users/admin/builder/spi-builder-workspace/.swiftpm/xcode -experimental-emit-module-separately -disable-cmo
SwiftCompile normal arm64 Compiling\ resource_bundle_accessor.swift,\ AppleSystemLogDestination.swift,\ AutoRotatingFileDestination.swift /Users/admin/builder/spi-builder-workspace/.derivedData/Build/Intermediates.noindex/XCGLogger.build/Debug-xros/XCGLogger-t.build/DerivedSources/resource_bundle_accessor.swift /Users/admin/builder/spi-builder-workspace/Sources/XCGLogger/Destinations/AppleSystemLogDestination.swift /Users/admin/builder/spi-builder-workspace/Sources/XCGLogger/Destinations/AutoRotatingFileDestination.swift (in target 'XCGLogger' from project 'XCGLogger')
SwiftCompile normal arm64 /Users/admin/builder/spi-builder-workspace/.derivedData/Build/Intermediates.noindex/XCGLogger.build/Debug-xros/XCGLogger-t.build/DerivedSources/resource_bundle_accessor.swift (in target 'XCGLogger' from project 'XCGLogger')
cd /Users/admin/builder/spi-builder-workspace/.swiftpm/xcode
builtin-SwiftPerFileCompile resource_bundle_accessor.swift
SwiftCompile normal arm64 /Users/admin/builder/spi-builder-workspace/Sources/XCGLogger/Destinations/AppleSystemLogDestination.swift (in target 'XCGLogger' from project 'XCGLogger')
cd /Users/admin/builder/spi-builder-workspace/.swiftpm/xcode
builtin-SwiftPerFileCompile AppleSystemLogDestination.swift
SwiftCompile normal arm64 /Users/admin/builder/spi-builder-workspace/Sources/XCGLogger/Destinations/AutoRotatingFileDestination.swift (in target 'XCGLogger' from project 'XCGLogger')
cd /Users/admin/builder/spi-builder-workspace/.swiftpm/xcode
builtin-SwiftPerFileCompile AutoRotatingFileDestination.swift
SwiftCompile normal arm64 Compiling\ DestinationProtocol.swift,\ FileDestination.swift,\ TestDestination.swift /Users/admin/builder/spi-builder-workspace/Sources/XCGLogger/Destinations/DestinationProtocol.swift /Users/admin/builder/spi-builder-workspace/Sources/XCGLogger/Destinations/FileDestination.swift /Users/admin/builder/spi-builder-workspace/Sources/XCGLogger/Destinations/TestDestination.swift (in target 'XCGLogger' from project 'XCGLogger')
/Users/admin/builder/spi-builder-workspace/Sources/XCGLogger/XCGLogger.swift:134:33: error: cannot find type 'DispatchQueue' in scope
132 |
133 | /// The default dispatch queue used for logging
134 | public static let logQueue: DispatchQueue = DispatchQueue(label: XCGLogger.Constants.logQueueIdentifier, attributes: [])
| `- error: cannot find type 'DispatchQueue' in scope
135 |
136 | /// A custom date formatter object to use when displaying the dates of log messages (internal storage)
/Users/admin/builder/spi-builder-workspace/Sources/XCGLogger/XCGLogger.swift:137:40: error: cannot find type 'DateFormatter' in scope
135 |
136 | /// A custom date formatter object to use when displaying the dates of log messages (internal storage)
137 | internal var _customDateFormatter: DateFormatter? = nil
| `- error: cannot find type 'DateFormatter' in scope
138 | /// The date formatter object to use when displaying the dates of log messages
139 | open var dateFormatter: DateFormatter? {
SwiftCompile normal arm64 /Users/admin/builder/spi-builder-workspace/Sources/XCGLogger/Destinations/DestinationProtocol.swift (in target 'XCGLogger' from project 'XCGLogger')
cd /Users/admin/builder/spi-builder-workspace/.swiftpm/xcode
builtin-SwiftPerFileCompile DestinationProtocol.swift
SwiftCompile normal arm64 /Users/admin/builder/spi-builder-workspace/Sources/XCGLogger/Destinations/FileDestination.swift (in target 'XCGLogger' from project 'XCGLogger')
cd /Users/admin/builder/spi-builder-workspace/.swiftpm/xcode
builtin-SwiftPerFileCompile FileDestination.swift
SwiftCompile normal arm64 /Users/admin/builder/spi-builder-workspace/Sources/XCGLogger/Destinations/TestDestination.swift (in target 'XCGLogger' from project 'XCGLogger')
cd /Users/admin/builder/spi-builder-workspace/.swiftpm/xcode
builtin-SwiftPerFileCompile TestDestination.swift
SwiftCompile normal arm64 Compiling\ FileNameFilter.swift,\ FilterProtocol.swift,\ TagFilter.swift /Users/admin/builder/spi-builder-workspace/Sources/XCGLogger/Filters/FileNameFilter.swift /Users/admin/builder/spi-builder-workspace/Sources/XCGLogger/Filters/FilterProtocol.swift /Users/admin/builder/spi-builder-workspace/Sources/XCGLogger/Filters/TagFilter.swift (in target 'XCGLogger' from project 'XCGLogger')
SwiftCompile normal arm64 /Users/admin/builder/spi-builder-workspace/Sources/XCGLogger/Filters/FileNameFilter.swift (in target 'XCGLogger' from project 'XCGLogger')
cd /Users/admin/builder/spi-builder-workspace/.swiftpm/xcode
builtin-SwiftPerFileCompile FileNameFilter.swift
SwiftCompile normal arm64 /Users/admin/builder/spi-builder-workspace/Sources/XCGLogger/Filters/FilterProtocol.swift (in target 'XCGLogger' from project 'XCGLogger')
cd /Users/admin/builder/spi-builder-workspace/.swiftpm/xcode
builtin-SwiftPerFileCompile FilterProtocol.swift
SwiftCompile normal arm64 /Users/admin/builder/spi-builder-workspace/Sources/XCGLogger/Filters/TagFilter.swift (in target 'XCGLogger' from project 'XCGLogger')
cd /Users/admin/builder/spi-builder-workspace/.swiftpm/xcode
builtin-SwiftPerFileCompile TagFilter.swift
SwiftCompile normal arm64 Compiling\ DispatchQueue+XCGAdditions.swift,\ URL+XCGAdditions.swift,\ DevFilter.swift /Users/admin/builder/spi-builder-workspace/Sources/XCGLogger/Extensions/DispatchQueue+XCGAdditions.swift /Users/admin/builder/spi-builder-workspace/Sources/XCGLogger/Extensions/URL+XCGAdditions.swift /Users/admin/builder/spi-builder-workspace/Sources/XCGLogger/Filters/DevFilter.swift (in target 'XCGLogger' from project 'XCGLogger')
SwiftCompile normal arm64 /Users/admin/builder/spi-builder-workspace/Sources/XCGLogger/Extensions/DispatchQueue+XCGAdditions.swift (in target 'XCGLogger' from project 'XCGLogger')
cd /Users/admin/builder/spi-builder-workspace/.swiftpm/xcode
builtin-SwiftPerFileCompile DispatchQueue+XCGAdditions.swift
SwiftCompile normal arm64 /Users/admin/builder/spi-builder-workspace/Sources/XCGLogger/Extensions/URL+XCGAdditions.swift (in target 'XCGLogger' from project 'XCGLogger')
cd /Users/admin/builder/spi-builder-workspace/.swiftpm/xcode
builtin-SwiftPerFileCompile URL+XCGAdditions.swift
SwiftCompile normal arm64 /Users/admin/builder/spi-builder-workspace/Sources/XCGLogger/Filters/DevFilter.swift (in target 'XCGLogger' from project 'XCGLogger')
cd /Users/admin/builder/spi-builder-workspace/.swiftpm/xcode
builtin-SwiftPerFileCompile DevFilter.swift
SwiftCompile normal arm64 Compiling\ BaseDestination.swift,\ BaseQueuedDestination.swift,\ ConsoleDestination.swift /Users/admin/builder/spi-builder-workspace/Sources/XCGLogger/Destinations/BaseDestination.swift /Users/admin/builder/spi-builder-workspace/Sources/XCGLogger/Destinations/BaseQueuedDestination.swift /Users/admin/builder/spi-builder-workspace/Sources/XCGLogger/Destinations/ConsoleDestination.swift (in target 'XCGLogger' from project 'XCGLogger')
SwiftCompile normal arm64 /Users/admin/builder/spi-builder-workspace/Sources/XCGLogger/Destinations/BaseDestination.swift (in target 'XCGLogger' from project 'XCGLogger')
cd /Users/admin/builder/spi-builder-workspace/.swiftpm/xcode
builtin-SwiftPerFileCompile BaseDestination.swift
SwiftCompile normal arm64 /Users/admin/builder/spi-builder-workspace/Sources/XCGLogger/Destinations/BaseQueuedDestination.swift (in target 'XCGLogger' from project 'XCGLogger')
cd /Users/admin/builder/spi-builder-workspace/.swiftpm/xcode
builtin-SwiftPerFileCompile BaseQueuedDestination.swift
SwiftCompile normal arm64 /Users/admin/builder/spi-builder-workspace/Sources/XCGLogger/Destinations/ConsoleDestination.swift (in target 'XCGLogger' from project 'XCGLogger')
cd /Users/admin/builder/spi-builder-workspace/.swiftpm/xcode
builtin-SwiftPerFileCompile ConsoleDestination.swift
SwiftCompile normal arm64 Compiling\ UserInfoFilter.swift,\ ANSIColorLogFormatter.swift /Users/admin/builder/spi-builder-workspace/Sources/XCGLogger/Filters/UserInfoFilter.swift /Users/admin/builder/spi-builder-workspace/Sources/XCGLogger/LogFormatters/ANSIColorLogFormatter.swift (in target 'XCGLogger' from project 'XCGLogger')
SwiftCompile normal arm64 /Users/admin/builder/spi-builder-workspace/Sources/XCGLogger/Filters/UserInfoFilter.swift (in target 'XCGLogger' from project 'XCGLogger')
cd /Users/admin/builder/spi-builder-workspace/.swiftpm/xcode
builtin-SwiftPerFileCompile UserInfoFilter.swift
SwiftCompile normal arm64 /Users/admin/builder/spi-builder-workspace/Sources/XCGLogger/LogFormatters/ANSIColorLogFormatter.swift (in target 'XCGLogger' from project 'XCGLogger')
cd /Users/admin/builder/spi-builder-workspace/.swiftpm/xcode
builtin-SwiftPerFileCompile ANSIColorLogFormatter.swift
SwiftCompile normal arm64 Compiling\ Base64LogFormatter.swift,\ LogFormatterProtocol.swift /Users/admin/builder/spi-builder-workspace/Sources/XCGLogger/LogFormatters/Base64LogFormatter.swift /Users/admin/builder/spi-builder-workspace/Sources/XCGLogger/LogFormatters/LogFormatterProtocol.swift (in target 'XCGLogger' from project 'XCGLogger')
SwiftCompile normal arm64 /Users/admin/builder/spi-builder-workspace/Sources/XCGLogger/LogFormatters/Base64LogFormatter.swift (in target 'XCGLogger' from project 'XCGLogger')
cd /Users/admin/builder/spi-builder-workspace/.swiftpm/xcode
builtin-SwiftPerFileCompile Base64LogFormatter.swift
SwiftCompile normal arm64 /Users/admin/builder/spi-builder-workspace/Sources/XCGLogger/LogFormatters/LogFormatterProtocol.swift (in target 'XCGLogger' from project 'XCGLogger')
cd /Users/admin/builder/spi-builder-workspace/.swiftpm/xcode
builtin-SwiftPerFileCompile LogFormatterProtocol.swift
SwiftCompile normal arm64 Compiling\ PrePostFixLogFormatter.swift,\ XcodeColorsLogFormatter.swift /Users/admin/builder/spi-builder-workspace/Sources/XCGLogger/LogFormatters/PrePostFixLogFormatter.swift /Users/admin/builder/spi-builder-workspace/Sources/XCGLogger/LogFormatters/XcodeColorsLogFormatter.swift (in target 'XCGLogger' from project 'XCGLogger')
SwiftCompile normal arm64 /Users/admin/builder/spi-builder-workspace/Sources/XCGLogger/LogFormatters/PrePostFixLogFormatter.swift (in target 'XCGLogger' from project 'XCGLogger')
cd /Users/admin/builder/spi-builder-workspace/.swiftpm/xcode
builtin-SwiftPerFileCompile PrePostFixLogFormatter.swift
SwiftCompile normal arm64 /Users/admin/builder/spi-builder-workspace/Sources/XCGLogger/LogFormatters/XcodeColorsLogFormatter.swift (in target 'XCGLogger' from project 'XCGLogger')
cd /Users/admin/builder/spi-builder-workspace/.swiftpm/xcode
builtin-SwiftPerFileCompile XcodeColorsLogFormatter.swift
SwiftCompile normal arm64 Compiling\ UserInfoHelpers.swift,\ XCGLogger.swift /Users/admin/builder/spi-builder-workspace/Sources/XCGLogger/Misc/Optional/UserInfoHelpers.swift /Users/admin/builder/spi-builder-workspace/Sources/XCGLogger/XCGLogger.swift (in target 'XCGLogger' from project 'XCGLogger')
/Users/admin/builder/spi-builder-workspace/Sources/XCGLogger/XCGLogger.swift:134:33: error: cannot find type 'DispatchQueue' in scope
132 |
133 | /// The default dispatch queue used for logging
134 | public static let logQueue: DispatchQueue = DispatchQueue(label: XCGLogger.Constants.logQueueIdentifier, attributes: [])
| `- error: cannot find type 'DispatchQueue' in scope
135 |
136 | /// A custom date formatter object to use when displaying the dates of log messages (internal storage)
/Users/admin/builder/spi-builder-workspace/Sources/XCGLogger/XCGLogger.swift:134:49: error: cannot find 'DispatchQueue' in scope
132 |
133 | /// The default dispatch queue used for logging
134 | public static let logQueue: DispatchQueue = DispatchQueue(label: XCGLogger.Constants.logQueueIdentifier, attributes: [])
| `- error: cannot find 'DispatchQueue' in scope
135 |
136 | /// A custom date formatter object to use when displaying the dates of log messages (internal storage)
/Users/admin/builder/spi-builder-workspace/Sources/XCGLogger/XCGLogger.swift:137:40: error: cannot find type 'DateFormatter' in scope
135 |
136 | /// A custom date formatter object to use when displaying the dates of log messages (internal storage)
137 | internal var _customDateFormatter: DateFormatter? = nil
| `- error: cannot find type 'DateFormatter' in scope
138 | /// The date formatter object to use when displaying the dates of log messages
139 | open var dateFormatter: DateFormatter? {
/Users/admin/builder/spi-builder-workspace/Sources/XCGLogger/XCGLogger.swift:139:29: error: cannot find type 'DateFormatter' in scope
137 | internal var _customDateFormatter: DateFormatter? = nil
138 | /// The date formatter object to use when displaying the dates of log messages
139 | open var dateFormatter: DateFormatter? {
| `- error: cannot find type 'DateFormatter' in scope
140 | get {
141 | guard _customDateFormatter == nil else { return _customDateFormatter }
/Users/admin/builder/spi-builder-workspace/Sources/XCGLogger/XCGLogger.swift:143:43: error: cannot find type 'DateFormatter' in scope
141 | guard _customDateFormatter == nil else { return _customDateFormatter }
142 | struct Statics {
143 | static var dateFormatter: DateFormatter = {
| `- error: cannot find type 'DateFormatter' in scope
144 | let defaultDateFormatter = DateFormatter()
145 | defaultDateFormatter.locale = NSLocale.current
/Users/admin/builder/spi-builder-workspace/Sources/XCGLogger/XCGLogger.swift:144:48: error: cannot find 'DateFormatter' in scope
142 | struct Statics {
143 | static var dateFormatter: DateFormatter = {
144 | let defaultDateFormatter = DateFormatter()
| `- error: cannot find 'DateFormatter' in scope
145 | defaultDateFormatter.locale = NSLocale.current
146 | defaultDateFormatter.dateFormat = "yyyy-MM-dd HH:mm:ss.SSS"
/Users/admin/builder/spi-builder-workspace/Sources/XCGLogger/XCGLogger.swift:145:51: error: cannot find 'NSLocale' in scope
143 | static var dateFormatter: DateFormatter = {
144 | let defaultDateFormatter = DateFormatter()
145 | defaultDateFormatter.locale = NSLocale.current
| `- error: cannot find 'NSLocale' in scope
146 | defaultDateFormatter.dateFormat = "yyyy-MM-dd HH:mm:ss.SSS"
147 | return defaultDateFormatter
/Users/admin/builder/spi-builder-workspace/Sources/XCGLogger/XCGLogger.swift:343:69: error: cannot find 'Date' in scope
341 | guard let closureResult = closure() else { return }
342 |
343 | let logDetails: LogDetails = LogDetails(level: level, date: Date(), message: String(describing: closureResult), functionName: functionName, fileName: fileName, lineNumber: lineNumber, userInfo: userInfo)
| `- error: cannot find 'Date' in scope
344 | for destination in enabledDestinations {
345 | destination.process(logDetails: logDetails)
/Users/admin/builder/spi-builder-workspace/Sources/XCGLogger/XCGLogger.swift:383:20: error: cannot find 'Date' in scope
381 | ///
382 | open func logAppDetails(selectedDestination: DestinationProtocol? = nil) {
383 | let date = Date()
| `- error: cannot find 'Date' in scope
384 |
385 | var buildString = ""
/Users/admin/builder/spi-builder-workspace/Sources/XCGLogger/XCGLogger.swift:386:33: error: cannot find 'Bundle' in scope
384 |
385 | var buildString = ""
386 | if let infoDictionary = Bundle.main.infoDictionary {
| `- error: cannot find 'Bundle' in scope
387 | if let CFBundleShortVersionString = infoDictionary["CFBundleShortVersionString"] as? String {
388 | buildString = "Version: \(CFBundleShortVersionString) "
/Users/admin/builder/spi-builder-workspace/Sources/XCGLogger/XCGLogger.swift:395:26: error: cannot find type 'ProcessInfo' in scope
393 | }
394 |
395 | let processInfo: ProcessInfo = ProcessInfo.processInfo
| `- error: cannot find type 'ProcessInfo' in scope
396 | let XCGLoggerVersionNumber = XCGLogger.Constants.versionString
397 |
/Users/admin/builder/spi-builder-workspace/Sources/XCGLogger/XCGLogger.swift:395:40: error: cannot find 'ProcessInfo' in scope
393 | }
394 |
395 | let processInfo: ProcessInfo = ProcessInfo.processInfo
| `- error: cannot find 'ProcessInfo' in scope
396 | let XCGLoggerVersionNumber = XCGLogger.Constants.versionString
397 |
/Users/admin/builder/spi-builder-workspace/Sources/XCGLogger/XCGLogger.swift:1528:69: error: cannot find 'Date' in scope
1526 | ///
1527 | internal func _logln(_ message: String, level: Level = .debug, source sourceDestination: DestinationProtocol? = nil) {
1528 | let logDetails: LogDetails = LogDetails(level: level, date: Date(), message: message, functionName: "", fileName: "", lineNumber: 0, userInfo: XCGLogger.Constants.internalUserInfo)
| `- error: cannot find 'Date' in scope
1529 | for destination in self.destinations {
1530 | if level >= .error && sourceDestination?.identifier == destination.identifier { continue }
Failed frontend command:
/Applications/Xcode-27.0.0-Release.Candidate.app/Contents/Developer/Toolchains/XcodeDefault.xctoolchain/usr/bin/swift-frontend -frontend -c /Users/admin/builder/spi-builder-workspace/.derivedData/Build/Intermediates.noindex/XCGLogger.build/Debug-xros/XCGLogger-t.build/DerivedSources/resource_bundle_accessor.swift /Users/admin/builder/spi-builder-workspace/Sources/XCGLogger/Destinations/AppleSystemLogDestination.swift /Users/admin/builder/spi-builder-workspace/Sources/XCGLogger/Destinations/AutoRotatingFileDestination.swift /Users/admin/builder/spi-builder-workspace/Sources/XCGLogger/Destinations/BaseDestination.swift /Users/admin/builder/spi-builder-workspace/Sources/XCGLogger/Destinations/BaseQueuedDestination.swift /Users/admin/builder/spi-builder-workspace/Sources/XCGLogger/Destinations/ConsoleDestination.swift /Users/admin/builder/spi-builder-workspace/Sources/XCGLogger/Destinations/DestinationProtocol.swift /Users/admin/builder/spi-builder-workspace/Sources/XCGLogger/Destinations/FileDestination.swift /Users/admin/builder/spi-builder-workspace/Sources/XCGLogger/Destinations/TestDestination.swift /Users/admin/builder/spi-builder-workspace/Sources/XCGLogger/Extensions/DispatchQueue+XCGAdditions.swift /Users/admin/builder/spi-builder-workspace/Sources/XCGLogger/Extensions/URL+XCGAdditions.swift /Users/admin/builder/spi-builder-workspace/Sources/XCGLogger/Filters/DevFilter.swift /Users/admin/builder/spi-builder-workspace/Sources/XCGLogger/Filters/FileNameFilter.swift /Users/admin/builder/spi-builder-workspace/Sources/XCGLogger/Filters/FilterProtocol.swift /Users/admin/builder/spi-builder-workspace/Sources/XCGLogger/Filters/TagFilter.swift /Users/admin/builder/spi-builder-workspace/Sources/XCGLogger/Filters/UserInfoFilter.swift /Users/admin/builder/spi-builder-workspace/Sources/XCGLogger/LogFormatters/ANSIColorLogFormatter.swift /Users/admin/builder/spi-builder-workspace/Sources/XCGLogger/LogFormatters/Base64LogFormatter.swift /Users/admin/builder/spi-builder-workspace/Sources/XCGLogger/LogFormatters/LogFormatterProtocol.swift /Users/admin/builder/spi-builder-workspace/Sources/XCGLogger/LogFormatters/PrePostFixLogFormatter.swift /Users/admin/builder/spi-builder-workspace/Sources/XCGLogger/LogFormatters/XcodeColorsLogFormatter.swift /Users/admin/builder/spi-builder-workspace/Sources/XCGLogger/Misc/HelperFunctions.swift /Users/admin/builder/spi-builder-workspace/Sources/XCGLogger/Misc/LogDetails.swift -primary-file /Users/admin/builder/spi-builder-workspace/Sources/XCGLogger/Misc/Optional/UserInfoHelpers.swift -primary-file /Users/admin/builder/spi-builder-workspace/Sources/XCGLogger/XCGLogger.swift -emit-dependencies-path /Users/admin/builder/spi-builder-workspace/.derivedData/Build/Intermediates.noindex/XCGLogger.build/Debug-xros/XCGLogger-t.build/Objects-normal/arm64/UserInfoHelpers.d -emit-const-values-path /Users/admin/builder/spi-builder-workspace/.derivedData/Build/Intermediates.noindex/XCGLogger.build/Debug-xros/XCGLogger-t.build/Objects-normal/arm64/UserInfoHelpers.swiftconstvalues -emit-reference-dependencies-path /Users/admin/builder/spi-builder-workspace/.derivedData/Build/Intermediates.noindex/XCGLogger.build/Debug-xros/XCGLogger-t.build/Objects-normal/arm64/UserInfoHelpers.swiftdeps -serialize-diagnostics-path /Users/admin/builder/spi-builder-workspace/.derivedData/Build/Intermediates.noindex/XCGLogger.build/Debug-xros/XCGLogger-t.build/Objects-normal/arm64/UserInfoHelpers.dia -emit-dependencies-path /Users/admin/builder/spi-builder-workspace/.derivedData/Build/Intermediates.noindex/XCGLogger.build/Debug-xros/XCGLogger-t.build/Objects-normal/arm64/XCGLogger.d -emit-const-values-path /Users/admin/builder/spi-builder-workspace/.derivedData/Build/Intermediates.noindex/XCGLogger.build/Debug-xros/XCGLogger-t.build/Objects-normal/arm64/XCGLogger.swiftconstvalues -emit-reference-dependencies-path /Users/admin/builder/spi-builder-workspace/.derivedData/Build/Intermediates.noindex/XCGLogger.build/Debug-xros/XCGLogger-t.build/Objects-normal/arm64/XCGLogger.swiftdeps -serialize-diagnostics-path /Users/admin/builder/spi-builder-workspace/.derivedData/Build/Intermediates.noindex/XCGLogger.build/Debug-xros/XCGLogger-t.build/Objects-normal/arm64/XCGLogger.dia -target arm64-apple-xros1.0 -disable-cross-import-overlay-search -load-resolved-plugin /Applications/Xcode-27.0.0-Release.Candidate.app/Contents/Developer/Platforms/XROS.platform/Developer/usr/lib/swift/host/plugins/libFoundationMacros.dylib\#/Applications/Xcode-27.0.0-Release.Candidate.app/Contents/Developer/Platforms/XROS.platform/Developer/usr/bin/swift-plugin-server\#FoundationMacros -load-resolved-plugin /Applications/Xcode-27.0.0-Release.Candidate.app/Contents/Developer/Platforms/XROS.platform/Developer/usr/lib/swift/host/plugins/libObservationMacros.dylib\#/Applications/Xcode-27.0.0-Release.Candidate.app/Contents/Developer/Platforms/XROS.platform/Developer/usr/bin/swift-plugin-server\#ObservationMacros -load-resolved-plugin /Applications/Xcode-27.0.0-Release.Candidate.app/Contents/Developer/Platforms/XROS.platform/Developer/usr/lib/swift/host/plugins/libSwiftMacros.dylib\#/Applications/Xcode-27.0.0-Release.Candidate.app/Contents/Developer/Platforms/XROS.platform/Developer/usr/bin/swift-plugin-server\#SwiftMacros -disable-implicit-swift-modules -Xcc -fno-implicit-modules -Xcc -fno-implicit-module-maps -explicit-swift-module-map-file /Users/admin/builder/spi-builder-workspace/.derivedData/Build/Intermediates.noindex/XCGLogger.build/Debug-xros/XCGLogger-t.build/Objects-normal/arm64/XCGLogger-dependencies-1.json -Xllvm -aarch64-use-tbi -enable-objc-interop -stack-check -sdk /Applications/Xcode-27.0.0-Release.Candidate.app/Contents/Developer/Platforms/XROS.platform/Developer/SDKs/XROS27.0.sdk -I /Users/admin/builder/spi-builder-workspace/.derivedData/Build/Products/Debug-xros -Isystem /Applications/Xcode-27.0.0-Release.Candidate.app/Contents/Developer/Platforms/XROS.platform/Developer/usr/lib -F /Users/admin/builder/spi-builder-workspace/.derivedData/Build/Products/Debug-xros/PackageFrameworks -F /Users/admin/builder/spi-builder-workspace/.derivedData/Build/Products/Debug-xros -F /Applications/Xcode-27.0.0-Release.Candidate.app/Contents/Developer/Platforms/XROS.platform/Developer/Library/Frameworks -F /Applications/Xcode-27.0.0-Release.Candidate.app/Contents/Developer/Platforms/XROS.platform/Developer/SDKs/XROS27.0.sdk/Developer/Library/Frameworks -module-cache-path /Users/admin/builder/spi-builder-workspace/.derivedData/Build/Intermediates.noindex/SwiftExplicitPrecompiledModules -no-color-diagnostics -Xcc -fno-color-diagnostics -enable-testing -g -debug-info-format\=dwarf -dwarf-version\=4 -profile-generate -profile-coverage-mapping -swift-version 5 -Onone -D SWIFT_PACKAGE -D DEBUG -D SWIFT_MODULE_RESOURCE_BUNDLE_AVAILABLE -D Xcode -serialize-debugging-options -enable-experimental-feature DebugDescriptionMacro -empty-abi-descriptor -validate-clang-modules-once -clang-build-session-file /Users/admin/builder/spi-builder-workspace/.derivedData/ModuleCache.noindex/Session.modulevalidation -Xcc -working-directory -Xcc /Users/admin/builder/spi-builder-workspace/.swiftpm/xcode -enable-anonymous-context-mangled-names -file-compilation-dir /Users/admin/builder/spi-builder-workspace/.swiftpm/xcode -Xcc -fmodule-map-file\=/Users/admin/builder/spi-builder-workspace/.derivedData/Build/Intermediates.noindex/GeneratedModuleMaps-xros/ObjcExceptionBridging.modulemap -Xcc -D_LIBCPP_HARDENING_MODE\=_LIBCPP_HARDENING_MODE_DEBUG -Xcc -ivfsstatcache -Xcc /Users/admin/builder/spi-builder-workspace/.derivedData/SDKStatCaches.noindex/xros27.0-24M361-e829b21a6f8c9b70876ba0858053c044735bd543db762f57723cac368afd1ce4.sdkstatcache -Xcc -fmodules-prune-interval\=86400 -Xcc -fmodules-prune-after\=345600 -Xcc -I/Users/admin/builder/spi-builder-workspace/Sources/ObjcExceptionBridging/include -Xcc -I/Users/admin/builder/spi-builder-workspace/.derivedData/Build/Products/Debug-xros/include -Xcc -I/Users/admin/builder/spi-builder-workspace/.derivedData/Build/Intermediates.noindex/XCGLogger.build/Debug-xros/XCGLogger-t.build/DerivedSources-normal/arm64 -Xcc -I/Users/admin/builder/spi-builder-workspace/.derivedData/Build/Intermediates.noindex/XCGLogger.build/Debug-xros/XCGLogger-t.build/DerivedSources/arm64 -Xcc -I/Users/admin/builder/spi-builder-workspace/.derivedData/Build/Intermediates.noindex/XCGLogger.build/Debug-xros/XCGLogger-t.build/DerivedSources -Xcc -DSWIFT_PACKAGE -Xcc -DDEBUG\=1 -no-auto-bridging-header-chaining -module-name XCGLogger -const-gather-protocols-file /Users/admin/builder/spi-builder-workspace/.derivedData/Build/Intermediates.noindex/XCGLogger.build/Debug-xros/XCGLogger-t.build/Objects-normal/arm64/XCGLogger_const_extract_protocols.json -disable-clang-spi -clang-target arm64-apple-xros27.0 -target-sdk-version 27.0 -target-sdk-name xros27.0 -in-process-plugin-server-path /Applications/Xcode-27.0.0-Release.Candidate.app/Contents/Developer/Toolchains/XcodeDefault.xctoolchain/usr/lib/swift/host/libSwiftInProcPluginServer.dylib -parse-as-library -o /Users/admin/builder/spi-builder-workspace/.derivedData/Build/Intermediates.noindex/XCGLogger.build/Debug-xros/XCGLogger-t.build/Objects-normal/arm64/UserInfoHelpers.o -o /Users/admin/builder/spi-builder-workspace/.derivedData/Build/Intermediates.noindex/XCGLogger.build/Debug-xros/XCGLogger-t.build/Objects-normal/arm64/XCGLogger.o -debug-module-path /Users/admin/builder/spi-builder-workspace/.derivedData/Build/Intermediates.noindex/XCGLogger.build/Debug-xros/XCGLogger-t.build/Objects-normal/arm64/XCGLogger.swiftmodule -index-unit-output-path /XCGLogger.build/Debug-xros/XCGLogger-t.build/Objects-normal/arm64/UserInfoHelpers.o -index-unit-output-path /XCGLogger.build/Debug-xros/XCGLogger-t.build/Objects-normal/arm64/XCGLogger.o -index-store-path /Users/admin/builder/spi-builder-workspace/.derivedData/Index.noindex/DataStore -index-system-modules
SwiftCompile normal arm64 /Users/admin/builder/spi-builder-workspace/Sources/XCGLogger/Misc/Optional/UserInfoHelpers.swift (in target 'XCGLogger' from project 'XCGLogger')
cd /Users/admin/builder/spi-builder-workspace/.swiftpm/xcode
builtin-SwiftPerFileCompile UserInfoHelpers.swift
SwiftCompile normal arm64 /Users/admin/builder/spi-builder-workspace/Sources/XCGLogger/XCGLogger.swift (in target 'XCGLogger' from project 'XCGLogger')
cd /Users/admin/builder/spi-builder-workspace/.swiftpm/xcode
builtin-SwiftPerFileCompile XCGLogger.swift
SwiftCompile normal arm64 Compiling\ HelperFunctions.swift,\ LogDetails.swift /Users/admin/builder/spi-builder-workspace/Sources/XCGLogger/Misc/HelperFunctions.swift /Users/admin/builder/spi-builder-workspace/Sources/XCGLogger/Misc/LogDetails.swift (in target 'XCGLogger' from project 'XCGLogger')
SwiftCompile normal arm64 /Users/admin/builder/spi-builder-workspace/Sources/XCGLogger/Misc/HelperFunctions.swift (in target 'XCGLogger' from project 'XCGLogger')
cd /Users/admin/builder/spi-builder-workspace/.swiftpm/xcode
builtin-SwiftPerFileCompile HelperFunctions.swift
SwiftCompile normal arm64 /Users/admin/builder/spi-builder-workspace/Sources/XCGLogger/Misc/LogDetails.swift (in target 'XCGLogger' from project 'XCGLogger')
cd /Users/admin/builder/spi-builder-workspace/.swiftpm/xcode
builtin-SwiftPerFileCompile LogDetails.swift
SwiftEmitModule normal arm64 Emitting\ module\ for\ XCGLogger (in target 'XCGLogger' from project 'XCGLogger')
SwiftCompile normal arm64 (in target 'XCGLogger' from project 'XCGLogger')
cd /Users/admin/builder/spi-builder-workspace/.swiftpm/xcode
SwiftDriverJobDiscovery normal arm64 Compiling Base64LogFormatter.swift, LogFormatterProtocol.swift (in target 'XCGLogger' from project 'XCGLogger')
PruneExplicitPrecompiledModules /Users/admin/builder/spi-builder-workspace/.derivedData/Build/Intermediates.noindex/ExplicitPrecompiledModules
PruneExplicitPrecompiledModules /Users/admin/builder/spi-builder-workspace/.derivedData/Build/Intermediates.noindex/SwiftExplicitPrecompiledModules
PruneExplicitPrecompiledModules /Users/admin/builder/spi-builder-workspace/.derivedData/SDKExplicitPrecompiledModules
2026-09-20 12:55:15.693 xcodebuild[799:4977] [MT] IDERunDestination: Supported platforms for the buildables in the current scheme is empty.
** BUILD FAILED **
The following build commands failed:
SwiftCompile normal arm64 Compiling\ UserInfoHelpers.swift,\ XCGLogger.swift /Users/admin/builder/spi-builder-workspace/Sources/XCGLogger/Misc/Optional/UserInfoHelpers.swift /Users/admin/builder/spi-builder-workspace/Sources/XCGLogger/XCGLogger.swift (in target 'XCGLogger' from project 'XCGLogger')
SwiftCompile normal arm64 /Users/admin/builder/spi-builder-workspace/Sources/XCGLogger/XCGLogger.swift (in target 'XCGLogger' from project 'XCGLogger')
Building workspace XCGLogger with scheme XCGLogger-Package
(3 failures)
BUILD FAILURE 6.4 visionOS