The Swift Package Index logo.Swift Package Index

Build Information

Failed to build Storage, reference 2.0.1 (94f816), with Swift 6.4 for Wasm on 20 Sep 2026 14:23:31 UTC.

Build Command

bash -c docker run --pull=always --rm -v "checkouts-54344843-0":/host -w "$PWD" -e JAVA_HOME="/root/.sdkman/candidates/java/current" -e SPI_BUILD="1" -e SPI_PROCESSING="1" registry.gitlab.com/saguaro1/spi-images:wasm-6.4-latest swift build --swift-sdk swift-6.4.x-DEVELOPMENT-SNAPSHOT-2026-09-04-a_wasm 2>&1

Build Log

========================================
RunAll
========================================
Builder version: 5.1.0
Interrupt handler set up.
========================================
Checkout
========================================
Clone URL: https://github.com/ml-archive/storage.git
Reference: 2.0.1
Initialized empty Git repository in /host/spi-builder-workspace/.git/
hint: Using 'master' as the name for the initial branch. This default branch name
hint: is subject to change. To configure the initial branch name to use in all
hint: of your new repositories, which will suppress this warning, call:
hint:
hint: 	git config --global init.defaultBranch <name>
hint:
hint: Names commonly chosen instead of 'master' are 'main', 'trunk' and
hint: 'development'. The just-created branch can be renamed via this command:
hint:
hint: 	git branch -m <name>
From https://github.com/ml-archive/storage
 * tag               2.0.1      -> FETCH_HEAD
HEAD is now at 94f816a Merge pull request #73 from nodes-vapor/feature/add-access-control-flag
Cloned https://github.com/ml-archive/storage.git
Revision (git rev-parse @):
94f816a16b5377dc9af3c77d47409dd984c41db5
SUCCESS checkout https://github.com/ml-archive/storage.git at 2.0.1
========================================
Build
========================================
Selected platform:         wasm
Swift version:             6.4
Building package at path:  $PWD
https://github.com/ml-archive/storage.git
Running build ...
bash -c docker run --pull=always --rm -v "checkouts-54344843-0":/host -w "$PWD" -e JAVA_HOME="/root/.sdkman/candidates/java/current" -e SPI_BUILD="1" -e SPI_PROCESSING="1" registry.gitlab.com/saguaro1/spi-images:wasm-6.4-latest swift build --swift-sdk swift-6.4.x-DEVELOPMENT-SNAPSHOT-2026-09-04-a_wasm 2>&1
wasm-6.4-latest: Pulling from saguaro1/spi-images
Digest: sha256:4328fdb43c680d205c1d6761b1e3267aa38277eefdda9ddfb17b6a0f1a77857a
Status: Image is up to date for registry.gitlab.com/saguaro1/spi-images:wasm-6.4-latest
Fetching https://github.com/vapor/vapor.git
[1/81402] Fetching vapor
Fetched https://github.com/vapor/vapor.git (1.41s)
Computing version for https://github.com/vapor/vapor.git
Computed https://github.com/vapor/vapor.git at 3.3.3 (2.49s)
Fetching https://github.com/vapor/service.git
Fetching https://github.com/vapor/multipart.git
Fetching https://github.com/vapor/url-encoded-form.git
Fetching https://github.com/vapor/websocket.git
Fetching https://github.com/vapor/validation.git
Fetching https://github.com/vapor/template-kit.git
[1/1282] Fetching template-kit
[14/1861] Fetching template-kit, validation
[490/2242] Fetching template-kit, validation, url-encoded-form
[2243/8520] Fetching template-kit, validation, url-encoded-form, multipart
Fetched https://github.com/vapor/template-kit.git (0.49s)
Fetching https://github.com/vapor/http.git
[1149/7238] Fetching validation, url-encoded-form, multipart
[2594/9908] Fetching validation, url-encoded-form, multipart, websocket
[2942/10827] Fetching validation, url-encoded-form, multipart, websocket, service
[3744/36294] Fetching validation, url-encoded-form, multipart, websocket, service, http
Fetched https://github.com/vapor/service.git (0.98s)
[10612/35375] Fetching validation, url-encoded-form, multipart, websocket, http
Fetching https://github.com/vapor/database-kit.git
Fetched https://github.com/vapor/http.git (0.88s)
Fetching https://github.com/vapor/crypto.git
[5264/11089] Fetching validation, url-encoded-form, multipart, websocket, database-kit
Fetched https://github.com/vapor/database-kit.git (0.45s)
Fetching https://github.com/vapor/routing.git
Fetched https://github.com/vapor/url-encoded-form.git (1.51s)
Fetched https://github.com/vapor/websocket.git (1.51s)
Fetched https://github.com/vapor/validation.git (1.51s)
Fetching https://github.com/vapor/core.git
Fetching https://github.com/vapor/console.git
Fetched https://github.com/vapor/multipart.git (1.53s)
[1/2786] Fetching crypto
[837/24342] Fetching crypto, routing
Fetched https://github.com/vapor/crypto.git (0.47s)
[2372/21556] Fetching routing
[15953/28399] Fetching routing, console
[22796/48542] Fetching routing, console, core
Fetched https://github.com/vapor/console.git (0.47s)
[18599/41699] Fetching routing, core
Fetched https://github.com/vapor/routing.git (0.71s)
[16719/20143] Fetching core
Fetched https://github.com/vapor/core.git (0.77s)
Computing version for https://github.com/vapor/http.git
Computed https://github.com/vapor/http.git at 3.4.0 (2.58s)
Fetching https://github.com/apple/swift-nio-ssl.git
Fetching https://github.com/apple/swift-nio.git
[1/16065] Fetching swift-nio-ssl
[16066/102138] Fetching swift-nio-ssl, swift-nio
Fetched https://github.com/apple/swift-nio-ssl.git (1.08s)
[19797/86073] Fetching swift-nio
Fetched https://github.com/apple/swift-nio.git (3.21s)
Computing version for https://github.com/vapor/validation.git
Computed https://github.com/vapor/validation.git at 2.1.1 (3.41s)
Computing version for https://github.com/vapor/service.git
Computed https://github.com/vapor/service.git at 1.0.2 (0.18s)
Computing version for https://github.com/apple/swift-nio.git
Computed https://github.com/apple/swift-nio.git at 1.14.4 (0.21s)
Fetching https://github.com/apple/swift-nio-zlib-support.git
[1/15] Fetching swift-nio-zlib-support
Fetched https://github.com/apple/swift-nio-zlib-support.git (0.43s)
Computing version for https://github.com/apple/swift-nio-zlib-support.git
Computed https://github.com/apple/swift-nio-zlib-support.git at 1.0.0 (0.61s)
Computing version for https://github.com/vapor/routing.git
Computed https://github.com/vapor/routing.git at 3.1.0 (0.18s)
Computing version for https://github.com/vapor/websocket.git
Computed https://github.com/vapor/websocket.git at 1.1.2 (0.18s)
Computing version for https://github.com/apple/swift-nio-ssl.git
Computed https://github.com/apple/swift-nio-ssl.git at 1.4.0 (0.18s)
Fetching https://github.com/apple/swift-nio-ssl-support.git
[1/16] Fetching swift-nio-ssl-support
Fetched https://github.com/apple/swift-nio-ssl-support.git (0.41s)
Computing version for https://github.com/apple/swift-nio-ssl-support.git
Computed https://github.com/apple/swift-nio-ssl-support.git at 1.0.0 (0.59s)
Computing version for https://github.com/vapor/crypto.git
Computed https://github.com/vapor/crypto.git at 3.4.1 (0.18s)
Computing version for https://github.com/vapor/console.git
Computed https://github.com/vapor/console.git at 3.1.1 (0.18s)
Computing version for https://github.com/vapor/database-kit.git
Computed https://github.com/vapor/database-kit.git at 1.3.3 (0.18s)
Computing version for https://github.com/vapor/url-encoded-form.git
Computed https://github.com/vapor/url-encoded-form.git at 1.1.0 (0.18s)
Computing version for https://github.com/vapor/template-kit.git
Computed https://github.com/vapor/template-kit.git at 1.5.0 (0.18s)
Computing version for https://github.com/vapor/multipart.git
Computed https://github.com/vapor/multipart.git at 3.1.3 (0.18s)
Computing version for https://github.com/vapor/core.git
Computed https://github.com/vapor/core.git at 3.10.1 (0.19s)
Creating working copy for https://github.com/vapor/url-encoded-form.git
Working copy of https://github.com/vapor/url-encoded-form.git resolved at 1.1.0
Creating working copy for https://github.com/vapor/routing.git
Working copy of https://github.com/vapor/routing.git resolved at 3.1.0
Creating working copy for https://github.com/vapor/template-kit.git
Working copy of https://github.com/vapor/template-kit.git resolved at 1.5.0
Creating working copy for https://github.com/vapor/crypto.git
Working copy of https://github.com/vapor/crypto.git resolved at 3.4.1
Creating working copy for https://github.com/vapor/vapor.git
Working copy of https://github.com/vapor/vapor.git resolved at 3.3.3
Creating working copy for https://github.com/apple/swift-nio.git
Working copy of https://github.com/apple/swift-nio.git resolved at 1.14.4
Creating working copy for https://github.com/vapor/http.git
Working copy of https://github.com/vapor/http.git resolved at 3.4.0
Creating working copy for https://github.com/apple/swift-nio-ssl-support.git
Working copy of https://github.com/apple/swift-nio-ssl-support.git resolved at 1.0.0
Creating working copy for https://github.com/apple/swift-nio-zlib-support.git
Working copy of https://github.com/apple/swift-nio-zlib-support.git resolved at 1.0.0
Creating working copy for https://github.com/vapor/validation.git
Working copy of https://github.com/vapor/validation.git resolved at 2.1.1
Creating working copy for https://github.com/vapor/service.git
Working copy of https://github.com/vapor/service.git resolved at 1.0.2
Creating working copy for https://github.com/vapor/websocket.git
Working copy of https://github.com/vapor/websocket.git resolved at 1.1.2
Creating working copy for https://github.com/vapor/multipart.git
Working copy of https://github.com/vapor/multipart.git resolved at 3.1.3
Creating working copy for https://github.com/vapor/database-kit.git
Working copy of https://github.com/vapor/database-kit.git resolved at 1.3.3
Creating working copy for https://github.com/apple/swift-nio-ssl.git
Working copy of https://github.com/apple/swift-nio-ssl.git resolved at 1.4.0
Creating working copy for https://github.com/vapor/core.git
Working copy of https://github.com/vapor/core.git resolved at 3.10.1
Creating working copy for https://github.com/vapor/console.git
Working copy of https://github.com/vapor/console.git resolved at 3.1.1
warning: 'swift-nio-ssl-support': ignoring declared target(s) 'swift-nio-ssl-support' in the system package
warning: 'swift-nio-zlib-support': ignoring declared target(s) 'swift-nio-zlib-support' in the system package
warning: 'swift-nio-ssl-support': ignoring declared target(s) 'swift-nio-ssl-support' in the system package
warning: 'swift-nio-zlib-support': ignoring declared target(s) 'swift-nio-zlib-support' in the system package
warning: 'swift-nio-ssl-support': couldn't find pc file for openssl
Building for debugging...
[Computing dependencies]
[Constructing description]
[Pre-planning 1 / 1206]
[Planning 1186 / 1206]
[Creating build graph]
[Starting]
[6 / 410] COperatingSystem-product
In file included from /host/spi-builder-workspace/.build/checkouts/swift-nio-ssl/Sources/CNIOOpenSSL/shims.c:16:
/host/spi-builder-workspace/.build/checkouts/swift-nio-ssl/Sources/CNIOOpenSSL/include/c_nio_openssl.h:17:10: fatal error: 'openssl/conf.h' file not found
   17 | #include <openssl/conf.h>
      |          ^~~~~~~~~~~~~~~~
1 error generated.
error: CompileC /host/spi-builder-workspace/.build/out/Intermediates.noindex/swift-nio-ssl.build/Debug-webassembly-wasm32/CNIOOpenSSL-t.build/Objects-normal/wasm32/shims.o /host/spi-builder-workspace/.build/checkouts/swift-nio-ssl/Sources/CNIOOpenSSL/shims.c normal wasm32 c com.apple.compilers.llvm.clang.1_0.compiler failed with a nonzero exit code. Command line:     cd /host

    Using response file: /host/spi-builder-workspace/.build/out/Intermediates.noindex/swift-nio-ssl.build/Debug-webassembly-wasm32/CNIOOpenSSL-t.build/Objects-normal/wasm32/9f65232cb83f8421e3a495a5062eba382369c975104ee97bafc405ab795bfc5e-common-args.resp

    /usr/bin/clang -x c -target wasm32-unknown-wasip1 -fmessage-length\=0 -fdiagnostics-show-note-include-stack -fmacro-backtrace-limit\=0 -fcolor-diagnostics -Wno-trigraphs -Wno-missing-field-initializers -Wno-missing-prototypes -Wno-return-type -Wno-missing-braces -Wparentheses -Wswitch -Wno-unused-function -Wno-unused-label -Wno-unused-parameter -Wno-unused-variable -Wunused-value -Wno-empty-body -Wno-uninitialized -Wno-unknown-pragmas -w -Wno-shadow -Wno-four-char-constants -Wno-conversion -Wno-constant-conversion -Wno-int-conversion -Wno-bool-conversion -Wno-enum-conversion -Wno-float-conversion -Wno-non-literal-null-conversion -Wno-objc-literal-conversion -Wno-shorten-64-to-32 -Wpointer-sign -Wno-newline-eof -Wno-implicit-fallthrough -fstrict-aliasing -Wdeprecated-declarations -Wno-sign-conversion -Wno-infinite-recursion -Wno-comma -Wno-block-capture-autoreleasing -Wno-strict-prototypes -Wno-semicolon-before-method-body --sysroot /root/.swiftpm/swift-sdks/swift-6.4.x-DEVELOPMENT-SNAPSHOT-2026-09-04-a_wasm.artifactbundle/swift-6.4.x-DEVELOPMENT-SNAPSHOT-2026-09-04-a_wasm/wasm32-unknown-wasip1/WASI.sdk @/host/spi-builder-workspace/.build/out/Intermediates.noindex/swift-nio-ssl.build/Debug-webassembly-wasm32/CNIOOpenSSL-t.build/Objects-normal/wasm32/9f65232cb83f8421e3a495a5062eba382369c975104ee97bafc405ab795bfc5e-common-args.resp -MMD -MT dependencies -MF /host/spi-builder-workspace/.build/out/Intermediates.noindex/swift-nio-ssl.build/Debug-webassembly-wasm32/CNIOOpenSSL-t.build/Objects-normal/wasm32/shims.d --serialize-diagnostics /host/spi-builder-workspace/.build/out/Intermediates.noindex/swift-nio-ssl.build/Debug-webassembly-wasm32/CNIOOpenSSL-t.build/Objects-normal/wasm32/shims.dia -c /host/spi-builder-workspace/.build/checkouts/swift-nio-ssl/Sources/CNIOOpenSSL/shims.c -o /host/spi-builder-workspace/.build/out/Intermediates.noindex/swift-nio-ssl.build/Debug-webassembly-wasm32/CNIOOpenSSL-t.build/Objects-normal/wasm32/shims.o
/host/spi-builder-workspace/.build/checkouts/swift-nio/Sources/CNIOSHA1/c_nio_sha1.c:47:10: fatal error: 'sys/cdefs.h' file not found
   47 | #include <sys/cdefs.h>
      |          ^~~~~~~~~~~~~
1 error generated.
error: CompileC /host/spi-builder-workspace/.build/out/Intermediates.noindex/swift-nio.build/Debug-webassembly-wasm32/CNIOSHA1-t.build/Objects-normal/wasm32/c_nio_sha1.o /host/spi-builder-workspace/.build/checkouts/swift-nio/Sources/CNIOSHA1/c_nio_sha1.c normal wasm32 c com.apple.compilers.llvm.clang.1_0.compiler failed with a nonzero exit code. Command line:     cd /host

    Using response file: /host/spi-builder-workspace/.build/out/Intermediates.noindex/swift-nio.build/Debug-webassembly-wasm32/CNIOSHA1-t.build/Objects-normal/wasm32/9f65232cb83f8421e3a495a5062eba382369c975104ee97bafc405ab795bfc5e-common-args.resp

    /usr/bin/clang -x c -target wasm32-unknown-wasip1 -fmessage-length\=0 -fdiagnostics-show-note-include-stack -fmacro-backtrace-limit\=0 -fcolor-diagnostics -Wno-trigraphs -Wno-missing-field-initializers -Wno-missing-prototypes -Wno-return-type -Wno-missing-braces -Wparentheses -Wswitch -Wno-unused-function -Wno-unused-label -Wno-unused-parameter -Wno-unused-variable -Wunused-value -Wno-empty-body -Wno-uninitialized -Wno-unknown-pragmas -w -Wno-shadow -Wno-four-char-constants -Wno-conversion -Wno-constant-conversion -Wno-int-conversion -Wno-bool-conversion -Wno-enum-conversion -Wno-float-conversion -Wno-non-literal-null-conversion -Wno-objc-literal-conversion -Wno-shorten-64-to-32 -Wpointer-sign -Wno-newline-eof -Wno-implicit-fallthrough -fstrict-aliasing -Wdeprecated-declarations -Wno-sign-conversion -Wno-infinite-recursion -Wno-comma -Wno-block-capture-autoreleasing -Wno-strict-prototypes -Wno-semicolon-before-method-body --sysroot /root/.swiftpm/swift-sdks/swift-6.4.x-DEVELOPMENT-SNAPSHOT-2026-09-04-a_wasm.artifactbundle/swift-6.4.x-DEVELOPMENT-SNAPSHOT-2026-09-04-a_wasm/wasm32-unknown-wasip1/WASI.sdk @/host/spi-builder-workspace/.build/out/Intermediates.noindex/swift-nio.build/Debug-webassembly-wasm32/CNIOSHA1-t.build/Objects-normal/wasm32/9f65232cb83f8421e3a495a5062eba382369c975104ee97bafc405ab795bfc5e-common-args.resp -MMD -MT dependencies -MF /host/spi-builder-workspace/.build/out/Intermediates.noindex/swift-nio.build/Debug-webassembly-wasm32/CNIOSHA1-t.build/Objects-normal/wasm32/c_nio_sha1.d --serialize-diagnostics /host/spi-builder-workspace/.build/out/Intermediates.noindex/swift-nio.build/Debug-webassembly-wasm32/CNIOSHA1-t.build/Objects-normal/wasm32/c_nio_sha1.dia -c /host/spi-builder-workspace/.build/checkouts/swift-nio/Sources/CNIOSHA1/c_nio_sha1.c -o /host/spi-builder-workspace/.build/out/Intermediates.noindex/swift-nio.build/Debug-webassembly-wasm32/CNIOSHA1-t.build/Objects-normal/wasm32/c_nio_sha1.o
error: Build failed
BUILD FAILURE 6.4 wasm