The Swift Package Index logo.Swift Package Index

Build Information

Failed to build WWAudioRecorderHelper, reference main (3388d3), with Swift 6.1 for Android on 17 Aug 2026 08:57:56 UTC.

Build Command

bash -c docker run --pull=always --rm -v "checkouts-54344843-0":/host -w "$PWD" -e JAVA_HOME="/root/.sdkman/candidates/java/current" -e SPI_BUILD="1" -e SPI_PROCESSING="1" registry.gitlab.com/saguaro1/spi-images:android-6.1-latest swift build --swift-sdk aarch64-unknown-linux-android24 2>&1

Build Log

========================================
RunAll
========================================
Builder version: 5.0.1
Interrupt handler set up.
========================================
Checkout
========================================
Clone URL: https://github.com/William-Weng/WWAudioRecorderHelper.git
Reference: main
Initialized empty Git repository in /host/spi-builder-workspace/.git/
hint: Using 'master' as the name for the initial branch. This default branch name
hint: is subject to change. To configure the initial branch name to use in all
hint: of your new repositories, which will suppress this warning, call:
hint:
hint: 	git config --global init.defaultBranch <name>
hint:
hint: Names commonly chosen instead of 'master' are 'main', 'trunk' and
hint: 'development'. The just-created branch can be renamed via this command:
hint:
hint: 	git branch -m <name>
From https://github.com/William-Weng/WWAudioRecorderHelper
 * branch            main       -> FETCH_HEAD
 * [new branch]      main       -> origin/main
HEAD is now at 3388d3a - Update ReadMe
Cloned https://github.com/William-Weng/WWAudioRecorderHelper.git
Revision (git rev-parse @):
3388d3af84de4824da288d87dbd405cf61fc23d2
SUCCESS checkout https://github.com/William-Weng/WWAudioRecorderHelper.git at main
========================================
Build
========================================
Selected platform:         android
Swift version:             6.1
Building package at path:  $PWD
https://github.com/William-Weng/WWAudioRecorderHelper.git
https://github.com/William-Weng/WWAudioRecorderHelper.git
WARNING: environment variable SUPPRESS_SWIFT_6_FLAGS is not set
Running build ...
bash -c docker run --pull=always --rm -v "checkouts-54344843-0":/host -w "$PWD" -e JAVA_HOME="/root/.sdkman/candidates/java/current" -e SPI_BUILD="1" -e SPI_PROCESSING="1" registry.gitlab.com/saguaro1/spi-images:android-6.1-latest swift build --swift-sdk aarch64-unknown-linux-android24 -Xswiftc -Xfrontend -Xswiftc -stats-output-dir -Xswiftc -Xfrontend -Xswiftc .stats -Xswiftc -strict-concurrency=complete -Xswiftc -enable-upcoming-feature -Xswiftc StrictConcurrency -Xswiftc -enable-upcoming-feature -Xswiftc DisableOutwardActorInference -Xswiftc -enable-upcoming-feature -Xswiftc GlobalActorIsolatedTypesUsability -Xswiftc -enable-upcoming-feature -Xswiftc InferSendableFromCaptures 2>&1
android-6.1-latest: Pulling from saguaro1/spi-images
Digest: sha256:0cd0efb458d677a6de9b5e028d30e2aa1d1b247c2277202ba317a28ce9e867e0
Status: Image is up to date for registry.gitlab.com/saguaro1/spi-images:android-6.1-latest
Building for debugging...
[0/3] Write sources
[1/3] Copying Privacy
[2/3] Write swift-version-24593BA9C3E375BF.txt
[4/8] Compiling WWAudioRecorderHelper WWAudioRecorderHelper.swift
/host/spi-builder-workspace/Sources/WWAudioRecorderHelper/Utility/Extension.swift:8:8: error: no such module 'AVFoundation'
 6 | //
 7 |
 8 | import AVFoundation
   |        `- error: no such module 'AVFoundation'
 9 |
10 | // MARK: - AVAudioSession
[5/8] Compiling WWAudioRecorderHelper resource_bundle_accessor.swift
/host/spi-builder-workspace/Sources/WWAudioRecorderHelper/Utility/Extension.swift:8:8: error: no such module 'AVFoundation'
 6 | //
 7 |
 8 | import AVFoundation
   |        `- error: no such module 'AVFoundation'
 9 |
10 | // MARK: - AVAudioSession
[6/8] Compiling WWAudioRecorderHelper Extension.swift
/host/spi-builder-workspace/Sources/WWAudioRecorderHelper/Utility/Extension.swift:8:8: error: no such module 'AVFoundation'
 6 | //
 7 |
 8 | import AVFoundation
   |        `- error: no such module 'AVFoundation'
 9 |
10 | // MARK: - AVAudioSession
[7/8] Compiling WWAudioRecorderHelper Error.swift
/host/spi-builder-workspace/Sources/WWAudioRecorderHelper/Utility/Extension.swift:8:8: error: no such module 'AVFoundation'
 6 | //
 7 |
 8 | import AVFoundation
   |        `- error: no such module 'AVFoundation'
 9 |
10 | // MARK: - AVAudioSession
error: emit-module command failed with exit code 1 (use -v to see invocation)
[8/8] Emitting module WWAudioRecorderHelper
/host/spi-builder-workspace/Sources/WWAudioRecorderHelper/Utility/Extension.swift:8:8: error: no such module 'AVFoundation'
 6 | //
 7 |
 8 | import AVFoundation
   |        `- error: no such module 'AVFoundation'
 9 |
10 | // MARK: - AVAudioSession
Running build ...
bash -c docker run --pull=always --rm -v "checkouts-54344843-0":/host -w "$PWD" -e JAVA_HOME="/root/.sdkman/candidates/java/current" -e SPI_BUILD="1" -e SPI_PROCESSING="1" registry.gitlab.com/saguaro1/spi-images:android-6.1-latest swift build --swift-sdk aarch64-unknown-linux-android24 2>&1
android-6.1-latest: Pulling from saguaro1/spi-images
Digest: sha256:0cd0efb458d677a6de9b5e028d30e2aa1d1b247c2277202ba317a28ce9e867e0
Status: Image is up to date for registry.gitlab.com/saguaro1/spi-images:android-6.1-latest
[0/1] Planning build
Building for debugging...
[0/1] Write swift-version-24593BA9C3E375BF.txt
[2/6] Compiling WWAudioRecorderHelper resource_bundle_accessor.swift
/host/spi-builder-workspace/Sources/WWAudioRecorderHelper/Utility/Extension.swift:8:8: error: no such module 'AVFoundation'
 6 | //
 7 |
 8 | import AVFoundation
   |        `- error: no such module 'AVFoundation'
 9 |
10 | // MARK: - AVAudioSession
[3/6] Compiling WWAudioRecorderHelper WWAudioRecorderHelper.swift
/host/spi-builder-workspace/Sources/WWAudioRecorderHelper/Utility/Extension.swift:8:8: error: no such module 'AVFoundation'
 6 | //
 7 |
 8 | import AVFoundation
   |        `- error: no such module 'AVFoundation'
 9 |
10 | // MARK: - AVAudioSession
[4/6] Compiling WWAudioRecorderHelper Extension.swift
/host/spi-builder-workspace/Sources/WWAudioRecorderHelper/Utility/Extension.swift:8:8: error: no such module 'AVFoundation'
 6 | //
 7 |
 8 | import AVFoundation
   |        `- error: no such module 'AVFoundation'
 9 |
10 | // MARK: - AVAudioSession
error: emit-module command failed with exit code 1 (use -v to see invocation)
[5/6] Emitting module WWAudioRecorderHelper
/host/spi-builder-workspace/Sources/WWAudioRecorderHelper/Utility/Extension.swift:8:8: error: no such module 'AVFoundation'
 6 | //
 7 |
 8 | import AVFoundation
   |        `- error: no such module 'AVFoundation'
 9 |
10 | // MARK: - AVAudioSession
[6/6] Compiling WWAudioRecorderHelper Error.swift
/host/spi-builder-workspace/Sources/WWAudioRecorderHelper/Utility/Extension.swift:8:8: error: no such module 'AVFoundation'
 6 | //
 7 |
 8 | import AVFoundation
   |        `- error: no such module 'AVFoundation'
 9 |
10 | // MARK: - AVAudioSession
BUILD FAILURE 6.1 android