The Swift Package Index logo.Swift Package Index

Build Information

Failed to build SwiftUIMKMapView, reference v0.4.0 (7b45f4), with Swift 6.4 for macOS (Xcode) using Xcode 27.0 on 18 Sep 2026 03:31:20 UTC.

Build Command

env DEVELOPER_DIR=/Applications/Xcode-27.0.0-Release.Candidate.app xcrun xcodebuild -IDEClonedSourcePackagesDirPathOverride=$PWD/.dependencies -skipMacroValidation -skipPackagePluginValidation -derivedDataPath $PWD/.derivedData build -scheme SwiftUIMKMapView -destination platform=macOS,arch=arm64

Build Log

========================================
RunAll
========================================
Builder version: 5.1.0
Interrupt handler set up.
========================================
Checkout
========================================
Clone URL: https://github.com/darrarski/SwiftUIMKMapView.git
Reference: v0.4.0
Initialized empty Git repository in /Users/admin/builder/spi-builder-workspace/.git/
From https://github.com/darrarski/SwiftUIMKMapView
 * tag               v0.4.0     -> FETCH_HEAD
HEAD is now at 7b45f4e Show user location on the map
Cloned https://github.com/darrarski/SwiftUIMKMapView.git
Revision (git rev-parse @):
7b45f4e56045ecd8600c65416a6496ba7e7891a9
SUCCESS checkout https://github.com/darrarski/SwiftUIMKMapView.git at v0.4.0
========================================
Build
========================================
Selected platform:         macosXcodebuild
Swift version:             6.4
Building package at path:  $PWD
https://github.com/darrarski/SwiftUIMKMapView.git
Command line invocation:
    /Applications/Xcode-27.0.0-Release.Candidate.app/Contents/Developer/usr/bin/xcodebuild -IDEClonedSourcePackagesDirPathOverride=/Users/admin/builder/spi-builder-workspace/.dependencies -resolvePackageDependencies
Resolve Package Graph
Resolve Package Graph
Resolved source packages:
  SwiftUIMKMapView: /Users/admin/builder/spi-builder-workspace
resolved source packages: SwiftUIMKMapView
2026-09-17 23:30:19.122 xcodebuild[523:3025] [MT] IDERunDestination: Supported platforms for the buildables in the current scheme is empty.
2026-09-17 23:30:19.276 xcodebuild[523:3025] [MT] IDERunDestination: Supported platforms for the buildables in the current scheme is empty.
2026-09-17 23:30:20.837 xcodebuild[523:3025] [MT] IDERunDestination: Supported platforms for the buildables in the current scheme is empty.
{
  "dependencies" : [
  ],
  "manifest_display_name" : "SwiftUIMKMapView",
  "name" : "SwiftUIMKMapView",
  "path" : "/Users/admin/builder/spi-builder-workspace",
  "platforms" : [
    {
      "name" : "ios",
      "version" : "15.0"
    }
  ],
  "products" : [
    {
      "name" : "SwiftUIMKMapView",
      "targets" : [
        "SwiftUIMKMapView"
      ],
      "type" : {
        "library" : [
          "automatic"
        ]
      }
    }
  ],
  "targets" : [
    {
      "c99name" : "SwiftUIMKMapView",
      "module_type" : "SwiftTarget",
      "name" : "SwiftUIMKMapView",
      "path" : "Sources/SwiftUIMKMapView",
      "product_memberships" : [
        "SwiftUIMKMapView"
      ],
      "sources" : [
        "AnnotationViewFactory.swift",
        "DotAnnotation.swift",
        "LineOverlay.swift",
        "MapView.swift",
        "MapViewCoordinator.swift",
        "OverlayRendererFactory.swift"
      ],
      "type" : "library"
    }
  ],
  "tools_version" : "5.5"
}
{
  "workspace" : {
    "name" : "SwiftUIMKMapView",
    "schemes" : [
      "ExampleApp",
      "SwiftUIMKMapView"
    ]
  }
}
2026-09-17 23:31:05.972 xcodebuild[621:3914] [MT] IDERunDestination: Supported platforms for the buildables in the current scheme is empty.
2026-09-17 23:31:06.073 xcodebuild[621:3914] [MT] IDERunDestination: Supported platforms for the buildables in the current scheme is empty.
{
  "workspace" : {
    "name" : "SwiftUIMKMapView",
    "schemes" : [
      "SwiftUIMKMapView"
    ]
  }
}
2026-09-17 23:31:06.994 xcodebuild[624:3984] [MT] IDERunDestination: Supported platforms for the buildables in the current scheme is empty.
2026-09-17 23:31:07.096 xcodebuild[624:3984] [MT] IDERunDestination: Supported platforms for the buildables in the current scheme is empty.
Running build ...
env DEVELOPER_DIR=/Applications/Xcode-27.0.0-Release.Candidate.app xcrun xcodebuild -IDEClonedSourcePackagesDirPathOverride=$PWD/.dependencies -skipMacroValidation -skipPackagePluginValidation -derivedDataPath $PWD/.derivedData build -scheme SwiftUIMKMapView -destination platform=macOS,arch=arm64
Command line invocation:
    /Applications/Xcode-27.0.0-Release.Candidate.app/Contents/Developer/usr/bin/xcodebuild -IDEClonedSourcePackagesDirPathOverride=/Users/admin/builder/spi-builder-workspace/.dependencies -skipMacroValidation -skipPackagePluginValidation -derivedDataPath /Users/admin/builder/spi-builder-workspace/.derivedData build -scheme SwiftUIMKMapView -destination platform=macOS,arch=arm64
Resolve Package Graph
Resolved source packages:
  SwiftUIMKMapView: /Users/admin/builder/spi-builder-workspace
ComputePackagePrebuildTargetDependencyGraph
Prepare packages
CreateBuildRequest
SendProjectDescription
CreateBuildOperation
ComputeTargetDependencyGraph
note: Building targets in dependency order
note: Target dependency graph (2 targets)
    Target 'SwiftUIMKMapView-product' in project 'SwiftUIMKMapView'
        ➜ Explicit dependency on target 'SwiftUIMKMapView' in project 'SwiftUIMKMapView'
    Target 'SwiftUIMKMapView' in project 'SwiftUIMKMapView' (no dependencies)
GatherProvisioningInputs
CreateBuildDescription
ExecuteExternalTool /Applications/Xcode-27.0.0-Release.Candidate.app/Contents/Developer/Toolchains/XcodeDefault.xctoolchain/usr/bin/clang -v -E -dM -isysroot /Applications/Xcode-27.0.0-Release.Candidate.app/Contents/Developer/Platforms/MacOSX.platform/Developer/SDKs/MacOSX27.0.sdk -x c -c /dev/null
ExecuteExternalTool /Applications/Xcode-27.0.0-Release.Candidate.app/Contents/Developer/Toolchains/XcodeDefault.xctoolchain/usr/bin/swiftc --version
ExecuteExternalTool /Applications/Xcode-27.0.0-Release.Candidate.app/Contents/Developer/Toolchains/XcodeDefault.xctoolchain/usr/bin/ld -version_details
Build description signature: 02807f019bc8a47e70374f35dfb9097d
Build description path: /Users/admin/builder/spi-builder-workspace/.derivedData/Build/Intermediates.noindex/XCBuildData/02807f019bc8a47e70374f35dfb9097d.xcbuilddata
CreateBuildDirectory /Users/admin/builder/spi-builder-workspace/.derivedData/SDKExplicitPrecompiledModules
    cd /Users/admin/builder/spi-builder-workspace/.swiftpm/xcode
    builtin-create-build-directory /Users/admin/builder/spi-builder-workspace/.derivedData/SDKExplicitPrecompiledModules
CreateBuildDirectory /Users/admin/builder/spi-builder-workspace/.derivedData/ModuleCache.noindex
    cd /Users/admin/builder/spi-builder-workspace/.swiftpm/xcode
    builtin-create-build-directory /Users/admin/builder/spi-builder-workspace/.derivedData/ModuleCache.noindex
CreateBuildDirectory /Users/admin/builder/spi-builder-workspace/.derivedData/Build/Intermediates.noindex
    cd /Users/admin/builder/spi-builder-workspace/.swiftpm/xcode
    builtin-create-build-directory /Users/admin/builder/spi-builder-workspace/.derivedData/Build/Intermediates.noindex
CreateBuildDirectory /Users/admin/builder/spi-builder-workspace/.derivedData/CompilationCache.noindex
    cd /Users/admin/builder/spi-builder-workspace/.swiftpm/xcode
    builtin-create-build-directory /Users/admin/builder/spi-builder-workspace/.derivedData/CompilationCache.noindex
CreateBuildDirectory /Users/admin/builder/spi-builder-workspace/.derivedData/Build/Products
    cd /Users/admin/builder/spi-builder-workspace/.swiftpm/xcode
    builtin-create-build-directory /Users/admin/builder/spi-builder-workspace/.derivedData/Build/Products
ClangStatCache /Applications/Xcode-27.0.0-Release.Candidate.app/Contents/Developer/Toolchains/XcodeDefault.xctoolchain/usr/bin/clang-stat-cache /Applications/Xcode-27.0.0-Release.Candidate.app/Contents/Developer/Platforms/MacOSX.platform/Developer/SDKs/MacOSX27.0.sdk /Users/admin/builder/spi-builder-workspace/.derivedData/SDKStatCaches.noindex/macosx27.0-26A425-e829b21a6f8c9b70876ba0858053c0446a22442a12e9d48fe1a705f55a1adfc4.sdkstatcache
    cd /Users/admin/builder/spi-builder-workspace/.swiftpm/xcode
    /Applications/Xcode-27.0.0-Release.Candidate.app/Contents/Developer/Toolchains/XcodeDefault.xctoolchain/usr/bin/clang-stat-cache /Applications/Xcode-27.0.0-Release.Candidate.app/Contents/Developer/Platforms/MacOSX.platform/Developer/SDKs/MacOSX27.0.sdk -o /Users/admin/builder/spi-builder-workspace/.derivedData/SDKStatCaches.noindex/macosx27.0-26A425-e829b21a6f8c9b70876ba0858053c0446a22442a12e9d48fe1a705f55a1adfc4.sdkstatcache
CreateBuildDirectory /Users/admin/builder/spi-builder-workspace/.derivedData/Build/Intermediates.noindex/SwiftExplicitPrecompiledModules
    cd /Users/admin/builder/spi-builder-workspace/.swiftpm/xcode
    builtin-create-build-directory /Users/admin/builder/spi-builder-workspace/.derivedData/Build/Intermediates.noindex/SwiftExplicitPrecompiledModules
CreateBuildDirectory /Users/admin/builder/spi-builder-workspace/.derivedData/Build/Intermediates.noindex/ExplicitPrecompiledModules
    cd /Users/admin/builder/spi-builder-workspace/.swiftpm/xcode
    builtin-create-build-directory /Users/admin/builder/spi-builder-workspace/.derivedData/Build/Intermediates.noindex/ExplicitPrecompiledModules
CreateBuildDirectory /Users/admin/builder/spi-builder-workspace/.derivedData/Build/Intermediates.noindex/PrecompiledHeaders
    cd /Users/admin/builder/spi-builder-workspace/.swiftpm/xcode
    builtin-create-build-directory /Users/admin/builder/spi-builder-workspace/.derivedData/Build/Intermediates.noindex/PrecompiledHeaders
CreateBuildDirectory /Users/admin/builder/spi-builder-workspace/.derivedData/Build/Intermediates.noindex/EagerLinkingTBDs/Debug
    cd /Users/admin/builder/spi-builder-workspace/.swiftpm/xcode
    builtin-create-build-directory /Users/admin/builder/spi-builder-workspace/.derivedData/Build/Intermediates.noindex/EagerLinkingTBDs/Debug
CreateBuildDirectory /Users/admin/builder/spi-builder-workspace/.derivedData/Build/Products/Debug
    cd /Users/admin/builder/spi-builder-workspace/.swiftpm/xcode
    builtin-create-build-directory /Users/admin/builder/spi-builder-workspace/.derivedData/Build/Products/Debug
CreateBuildDirectory /Users/admin/builder/spi-builder-workspace/.derivedData/Build/Products/Debug/PackageFrameworks
    cd /Users/admin/builder/spi-builder-workspace/.swiftpm/xcode
    builtin-create-build-directory /Users/admin/builder/spi-builder-workspace/.derivedData/Build/Products/Debug/PackageFrameworks
WriteAuxiliaryFile /Users/admin/builder/spi-builder-workspace/.derivedData/Build/Intermediates.noindex/SwiftUIMKMapView.build/Debug/SwiftUIMKMapView-t.build/SwiftUIMKMapView.DependencyMetadataFileList (in target 'SwiftUIMKMapView' from project 'SwiftUIMKMapView')
    cd /Users/admin/builder/spi-builder-workspace
    write-file /Users/admin/builder/spi-builder-workspace/.derivedData/Build/Intermediates.noindex/SwiftUIMKMapView.build/Debug/SwiftUIMKMapView-t.build/SwiftUIMKMapView.DependencyMetadataFileList
WriteAuxiliaryFile /Users/admin/builder/spi-builder-workspace/.derivedData/Build/Intermediates.noindex/SwiftUIMKMapView.build/Debug/SwiftUIMKMapView-t.build/SwiftUIMKMapView.modulemap (in target 'SwiftUIMKMapView' from project 'SwiftUIMKMapView')
    cd /Users/admin/builder/spi-builder-workspace
    write-file /Users/admin/builder/spi-builder-workspace/.derivedData/Build/Intermediates.noindex/SwiftUIMKMapView.build/Debug/SwiftUIMKMapView-t.build/SwiftUIMKMapView.modulemap
WriteAuxiliaryFile /Users/admin/builder/spi-builder-workspace/.derivedData/Build/Intermediates.noindex/SwiftUIMKMapView.build/Debug/SwiftUIMKMapView-t.build/SwiftUIMKMapView.DependencyStaticMetadataFileList (in target 'SwiftUIMKMapView' from project 'SwiftUIMKMapView')
    cd /Users/admin/builder/spi-builder-workspace
    write-file /Users/admin/builder/spi-builder-workspace/.derivedData/Build/Intermediates.noindex/SwiftUIMKMapView.build/Debug/SwiftUIMKMapView-t.build/SwiftUIMKMapView.DependencyStaticMetadataFileList
WriteAuxiliaryFile /Users/admin/builder/spi-builder-workspace/.derivedData/Build/Intermediates.noindex/SwiftUIMKMapView.build/Debug/SwiftUIMKMapView-t.build/Objects-normal/arm64/SwiftUIMKMapView.LinkFileList (in target 'SwiftUIMKMapView' from project 'SwiftUIMKMapView')
    cd /Users/admin/builder/spi-builder-workspace
    write-file /Users/admin/builder/spi-builder-workspace/.derivedData/Build/Intermediates.noindex/SwiftUIMKMapView.build/Debug/SwiftUIMKMapView-t.build/Objects-normal/arm64/SwiftUIMKMapView.LinkFileList
WriteAuxiliaryFile /Users/admin/builder/spi-builder-workspace/.derivedData/Build/Intermediates.noindex/SwiftUIMKMapView.build/Debug/SwiftUIMKMapView-t.build/Objects-normal/arm64/SwiftUIMKMapView.SwiftConstValuesFileList (in target 'SwiftUIMKMapView' from project 'SwiftUIMKMapView')
    cd /Users/admin/builder/spi-builder-workspace
    write-file /Users/admin/builder/spi-builder-workspace/.derivedData/Build/Intermediates.noindex/SwiftUIMKMapView.build/Debug/SwiftUIMKMapView-t.build/Objects-normal/arm64/SwiftUIMKMapView.SwiftConstValuesFileList
WriteAuxiliaryFile /Users/admin/builder/spi-builder-workspace/.derivedData/Build/Intermediates.noindex/SwiftUIMKMapView.build/Debug/SwiftUIMKMapView-t.build/Objects-normal/arm64/SwiftUIMKMapView_const_extract_protocols.json (in target 'SwiftUIMKMapView' from project 'SwiftUIMKMapView')
    cd /Users/admin/builder/spi-builder-workspace
    write-file /Users/admin/builder/spi-builder-workspace/.derivedData/Build/Intermediates.noindex/SwiftUIMKMapView.build/Debug/SwiftUIMKMapView-t.build/Objects-normal/arm64/SwiftUIMKMapView_const_extract_protocols.json
WriteAuxiliaryFile /Users/admin/builder/spi-builder-workspace/.derivedData/Build/Intermediates.noindex/SwiftUIMKMapView.build/Debug/SwiftUIMKMapView-t.build/Objects-normal/arm64/SwiftUIMKMapView-OutputFileMap.json (in target 'SwiftUIMKMapView' from project 'SwiftUIMKMapView')
    cd /Users/admin/builder/spi-builder-workspace
    write-file /Users/admin/builder/spi-builder-workspace/.derivedData/Build/Intermediates.noindex/SwiftUIMKMapView.build/Debug/SwiftUIMKMapView-t.build/Objects-normal/arm64/SwiftUIMKMapView-OutputFileMap.json
WriteAuxiliaryFile /Users/admin/builder/spi-builder-workspace/.derivedData/Build/Intermediates.noindex/SwiftUIMKMapView.build/Debug/SwiftUIMKMapView-t.build/Objects-normal/arm64/SwiftUIMKMapView.SwiftFileList (in target 'SwiftUIMKMapView' from project 'SwiftUIMKMapView')
    cd /Users/admin/builder/spi-builder-workspace
    write-file /Users/admin/builder/spi-builder-workspace/.derivedData/Build/Intermediates.noindex/SwiftUIMKMapView.build/Debug/SwiftUIMKMapView-t.build/Objects-normal/arm64/SwiftUIMKMapView.SwiftFileList
Copy /Users/admin/builder/spi-builder-workspace/.derivedData/Build/Intermediates.noindex/GeneratedModuleMaps/SwiftUIMKMapView.modulemap /Users/admin/builder/spi-builder-workspace/.derivedData/Build/Intermediates.noindex/SwiftUIMKMapView.build/Debug/SwiftUIMKMapView-t.build/SwiftUIMKMapView.modulemap (in target 'SwiftUIMKMapView' from project 'SwiftUIMKMapView')
    cd /Users/admin/builder/spi-builder-workspace
    builtin-copy -exclude .DS_Store -exclude CVS -exclude .svn -exclude .git -exclude .hg -resolve-src-symlinks /Users/admin/builder/spi-builder-workspace/.derivedData/Build/Intermediates.noindex/SwiftUIMKMapView.build/Debug/SwiftUIMKMapView-t.build/SwiftUIMKMapView.modulemap /Users/admin/builder/spi-builder-workspace/.derivedData/Build/Intermediates.noindex/GeneratedModuleMaps
SwiftDriver SwiftUIMKMapView normal arm64 com.apple.xcode.tools.swift.compiler (in target 'SwiftUIMKMapView' from project 'SwiftUIMKMapView')
    cd /Users/admin/builder/spi-builder-workspace/.swiftpm/xcode
    builtin-SwiftDriver -- /Applications/Xcode-27.0.0-Release.Candidate.app/Contents/Developer/Toolchains/XcodeDefault.xctoolchain/usr/bin/swiftc -parse-as-library -module-name SwiftUIMKMapView -Onone @/Users/admin/builder/spi-builder-workspace/.derivedData/Build/Intermediates.noindex/SwiftUIMKMapView.build/Debug/SwiftUIMKMapView-t.build/Objects-normal/arm64/SwiftUIMKMapView.SwiftFileList -DSWIFT_PACKAGE -DDEBUG -DSWIFT_MODULE_RESOURCE_BUNDLE_UNAVAILABLE -DXcode -plugin-path /Applications/Xcode-27.0.0-Release.Candidate.app/Contents/Developer/Toolchains/XcodeDefault.xctoolchain/usr/lib/swift/host/plugins/testing -enable-experimental-feature DebugDescriptionMacro -sdk /Applications/Xcode-27.0.0-Release.Candidate.app/Contents/Developer/Platforms/MacOSX.platform/Developer/SDKs/MacOSX27.0.sdk -target arm64-apple-macos12.0 -g -module-cache-path /Users/admin/builder/spi-builder-workspace/.derivedData/ModuleCache.noindex -Xfrontend -serialize-debugging-options -enable-testing -index-store-path /Users/admin/builder/spi-builder-workspace/.derivedData/Index.noindex/DataStore -Xcc -D_LIBCPP_HARDENING_MODE\=_LIBCPP_HARDENING_MODE_DEBUG -swift-version 5 -I /Users/admin/builder/spi-builder-workspace/.derivedData/Build/Products/Debug -Isystem /Applications/Xcode-27.0.0-Release.Candidate.app/Contents/Developer/Platforms/MacOSX.platform/Developer/usr/lib -F /Users/admin/builder/spi-builder-workspace/.derivedData/Build/Products/Debug -F /Applications/Xcode-27.0.0-Release.Candidate.app/Contents/Developer/Platforms/MacOSX.platform/Developer/Library/Frameworks -c -j10 -enable-batch-mode -incremental -Xcc -ivfsstatcache -Xcc /Users/admin/builder/spi-builder-workspace/.derivedData/SDKStatCaches.noindex/macosx27.0-26A425-e829b21a6f8c9b70876ba0858053c0446a22442a12e9d48fe1a705f55a1adfc4.sdkstatcache -output-file-map /Users/admin/builder/spi-builder-workspace/.derivedData/Build/Intermediates.noindex/SwiftUIMKMapView.build/Debug/SwiftUIMKMapView-t.build/Objects-normal/arm64/SwiftUIMKMapView-OutputFileMap.json -save-temps -no-color-diagnostics -explicit-module-build -module-cache-path /Users/admin/builder/spi-builder-workspace/.derivedData/Build/Intermediates.noindex/SwiftExplicitPrecompiledModules -clang-scanner-module-cache-path /Users/admin/builder/spi-builder-workspace/.derivedData/ModuleCache.noindex -sdk-module-cache-path /Users/admin/builder/spi-builder-workspace/.derivedData/SDKExplicitPrecompiledModules -emit-dependencies -emit-module -emit-module-path /Users/admin/builder/spi-builder-workspace/.derivedData/Build/Intermediates.noindex/SwiftUIMKMapView.build/Debug/SwiftUIMKMapView-t.build/Objects-normal/arm64/SwiftUIMKMapView.swiftmodule -serialize-diagnostics -dependency-scan-serialize-diagnostics-path /Users/admin/builder/spi-builder-workspace/.derivedData/Build/Intermediates.noindex/SwiftUIMKMapView.build/Debug/SwiftUIMKMapView-t.build/Objects-normal/arm64/SwiftUIMKMapView-dependency-scan.dia -validate-clang-modules-once -clang-build-session-file /Users/admin/builder/spi-builder-workspace/.derivedData/ModuleCache.noindex/Session.modulevalidation -Xcc -fmodules-prune-interval\=86400 -Xcc -fmodules-prune-after\=345600 -emit-const-values -const-gather-protocols-list /Users/admin/builder/spi-builder-workspace/.derivedData/Build/Intermediates.noindex/SwiftUIMKMapView.build/Debug/SwiftUIMKMapView-t.build/Objects-normal/arm64/SwiftUIMKMapView_const_extract_protocols.json -Xcc -I/Users/admin/builder/spi-builder-workspace/.derivedData/Build/Products/Debug/include -Xcc -I/Users/admin/builder/spi-builder-workspace/.derivedData/Build/Intermediates.noindex/SwiftUIMKMapView.build/Debug/SwiftUIMKMapView-t.build/DerivedSources-normal/arm64 -Xcc -I/Users/admin/builder/spi-builder-workspace/.derivedData/Build/Intermediates.noindex/SwiftUIMKMapView.build/Debug/SwiftUIMKMapView-t.build/DerivedSources/arm64 -Xcc -I/Users/admin/builder/spi-builder-workspace/.derivedData/Build/Intermediates.noindex/SwiftUIMKMapView.build/Debug/SwiftUIMKMapView-t.build/DerivedSources -Xcc -DSWIFT_PACKAGE -Xcc -DDEBUG\=1 -emit-objc-header -emit-objc-header-path /Users/admin/builder/spi-builder-workspace/.derivedData/Build/Intermediates.noindex/SwiftUIMKMapView.build/Debug/SwiftUIMKMapView-t.build/Objects-normal/arm64/SwiftUIMKMapView-Swift.h -working-directory /Users/admin/builder/spi-builder-workspace/.swiftpm/xcode -experimental-emit-module-separately -disable-cmo
SwiftExplicitDependencyGeneratePcm arm64 /Users/admin/builder/spi-builder-workspace/.derivedData/SDKExplicitPrecompiledModules/SwiftShims-C4V0DQ62WSTCYBYGILXXGQNO3.pcm
SwiftExplicitDependencyGeneratePcm arm64 /Users/admin/builder/spi-builder-workspace/.derivedData/SDKExplicitPrecompiledModules/ptrauth-2W92ZJRLNJU99RJUQGGJG3OC3.pcm
SwiftExplicitDependencyGeneratePcm arm64 /Users/admin/builder/spi-builder-workspace/.derivedData/SDKExplicitPrecompiledModules/ptrcheck-DHLCBWKPNUZOYTPJ1J3QVTCXK.pcm
SwiftExplicitDependencyGeneratePcm arm64 /Users/admin/builder/spi-builder-workspace/.derivedData/SDKExplicitPrecompiledModules/_Builtin_stddef-3GI9GOKXSW3QCTFOI1USFLDZO.pcm
SwiftExplicitDependencyGeneratePcm arm64 /Users/admin/builder/spi-builder-workspace/.derivedData/SDKExplicitPrecompiledModules/_AvailabilityInternal-CJTV5E7EL3MWRA437DUFPBVN2.pcm
SwiftExplicitDependencyGeneratePcm arm64 /Users/admin/builder/spi-builder-workspace/.derivedData/SDKExplicitPrecompiledModules/_Builtin_stdbool-KYV2HKP8IKLKMKQS9DGA2GUQ.pcm
SwiftExplicitDependencyGeneratePcm arm64 /Users/admin/builder/spi-builder-workspace/.derivedData/SDKExplicitPrecompiledModules/_SwiftConcurrencyShims-BLUUWKI6AGMD7TJ4RGYS7DP6T.pcm
SwiftExplicitDependencyGeneratePcm arm64 /Users/admin/builder/spi-builder-workspace/.derivedData/SDKExplicitPrecompiledModules/_Builtin_stdarg-7CFWA9OSW5N24E7PG4ZOCF1VH.pcm
SwiftExplicitDependencyGeneratePcm arm64 /Users/admin/builder/spi-builder-workspace/.derivedData/SDKExplicitPrecompiledModules/DeveloperToolsSupport-13SNQ6N57G3DOS3KQA7V91OE7.pcm
SwiftExplicitDependencyGeneratePcm arm64 /Users/admin/builder/spi-builder-workspace/.derivedData/SDKExplicitPrecompiledModules/_Builtin_float-105CRCDRP90FQCQO5ZX1LHV7H.pcm
SwiftExplicitDependencyGeneratePcm arm64 /Users/admin/builder/spi-builder-workspace/.derivedData/SDKExplicitPrecompiledModules/_DarwinFoundation1-7PRJIG163YE9KSKYA3BS35ZZP.pcm
SwiftExplicitDependencyGeneratePcm arm64 /Users/admin/builder/spi-builder-workspace/.derivedData/SDKExplicitPrecompiledModules/_DarwinFoundation2-94WUUGE4H5R03OWXE0QFZX1DN.pcm
SwiftExplicitDependencyGeneratePcm arm64 /Users/admin/builder/spi-builder-workspace/.derivedData/SDKExplicitPrecompiledModules/_Builtin_limits-AXGUGXBFPC0I7QDLJFB0K341Y.pcm
SwiftExplicitDependencyGeneratePcm arm64 /Users/admin/builder/spi-builder-workspace/.derivedData/SDKExplicitPrecompiledModules/string_h-10WPXBF3YFYMX5HUAW06LSABR.pcm
SwiftExplicitDependencyGeneratePcm arm64 /Users/admin/builder/spi-builder-workspace/.derivedData/SDKExplicitPrecompiledModules/sys_types-F4RNCN6UR5R5OWTLTOUM7TN3E.pcm
SwiftExplicitDependencyGeneratePcm arm64 /Users/admin/builder/spi-builder-workspace/.derivedData/SDKExplicitPrecompiledModules/_Builtin_stdint-22CBBOK8BNSF0UELDCAXSHGB.pcm
SwiftExplicitDependencyGeneratePcm arm64 /Users/admin/builder/spi-builder-workspace/.derivedData/SDKExplicitPrecompiledModules/_Builtin_tgmath-52XE6HC8DWOG6S7B5QAI046D1.pcm
SwiftExplicitDependencyGeneratePcm arm64 /Users/admin/builder/spi-builder-workspace/.derivedData/SDKExplicitPrecompiledModules/libDER-5RCYOD0PCUUY2UGMBNE9LI8N9.pcm
SwiftExplicitDependencyGeneratePcm arm64 /Users/admin/builder/spi-builder-workspace/.derivedData/SDKExplicitPrecompiledModules/_Builtin_intrinsics-4O6R03GTH5FLWSHEUBP0Z3GZ2.pcm
SwiftExplicitDependencyGeneratePcm arm64 /Users/admin/builder/spi-builder-workspace/.derivedData/SDKExplicitPrecompiledModules/_Builtin_stdatomic-8LN7S35C6I48KJOCW7VPXX04X.pcm
SwiftExplicitDependencyGeneratePcm arm64 /Users/admin/builder/spi-builder-workspace/.derivedData/SDKExplicitPrecompiledModules/_DarwinFoundation3-32PO5Q4RCB6WXH5VFO3HA3AVS.pcm
SwiftExplicitDependencyGeneratePcm arm64 /Users/admin/builder/spi-builder-workspace/.derivedData/SDKExplicitPrecompiledModules/_Builtin_inttypes-1U6AP9A8AJ4G9WD98E9RHLGTJ.pcm
SwiftExplicitDependencyGeneratePcm arm64 /Users/admin/builder/spi-builder-workspace/.derivedData/SDKExplicitPrecompiledModules/Darwin-1RAAWNGKQM8YGHV0YJNNN5YDY.pcm
SwiftExplicitDependencyGeneratePcm arm64 /Users/admin/builder/spi-builder-workspace/.derivedData/SDKExplicitPrecompiledModules/simd-A9TKR8OE9APRJ1RNS7F0OBY4Q.pcm
SwiftExplicitDependencyGeneratePcm arm64 /Users/admin/builder/spi-builder-workspace/.derivedData/SDKExplicitPrecompiledModules/libkern-22MDXN9G35RPO3OLKX9B2PN16.pcm
SwiftExplicitDependencyGeneratePcm arm64 /Users/admin/builder/spi-builder-workspace/.derivedData/SDKExplicitPrecompiledModules/MachO-AWTJ65TFR7TMST2NUE6ZCC1SL.pcm
SwiftExplicitDependencyGeneratePcm arm64 /Users/admin/builder/spi-builder-workspace/.derivedData/SDKExplicitPrecompiledModules/CUPS-45MNISAOHSEBD6VQA5G0MXN9H.pcm
SwiftExplicitDependencyGeneratePcm arm64 /Users/admin/builder/spi-builder-workspace/.derivedData/SDKExplicitPrecompiledModules/launch-2XAORMJNLLVS0OVKC1M0752GY.pcm
SwiftExplicitDependencyGeneratePcm arm64 /Users/admin/builder/spi-builder-workspace/.derivedData/SDKExplicitPrecompiledModules/ObjectiveC-B89IQP2TC4CFSWOUMTUZRI1VZ.pcm
SwiftExplicitDependencyGeneratePcm arm64 /Users/admin/builder/spi-builder-workspace/.derivedData/SDKExplicitPrecompiledModules/Spatial-2JNOU2HNJ0Q174XCFCD0GCOUQ.pcm
SwiftExplicitDependencyGeneratePcm arm64 /Users/admin/builder/spi-builder-workspace/.derivedData/SDKExplicitPrecompiledModules/os_object-3KLCCI03OX6OQTLJ92KQH2KIO.pcm
SwiftExplicitDependencyGeneratePcm arm64 /Users/admin/builder/spi-builder-workspace/.derivedData/SDKExplicitPrecompiledModules/os_workgroup-10SJ5M8R2OB4BG1TPFL9SZMKV.pcm
SwiftExplicitDependencyGeneratePcm arm64 /Users/admin/builder/spi-builder-workspace/.derivedData/SDKExplicitPrecompiledModules/Dispatch-NAMWF9KN29KC7Z5OS3TTTAE8.pcm
SwiftExplicitDependencyGeneratePcm arm64 /Users/admin/builder/spi-builder-workspace/.derivedData/SDKExplicitPrecompiledModules/XPC-E1MSAZG4ZNL24S2WK6K6Y7GWW.pcm
SwiftExplicitDependencyGeneratePcm arm64 /Users/admin/builder/spi-builder-workspace/.derivedData/SDKExplicitPrecompiledModules/CoreFoundation-4ZIITQ30SOGUQE8KJAB99ZV0Q.pcm
SwiftExplicitDependencyGeneratePcm arm64 /Users/admin/builder/spi-builder-workspace/.derivedData/SDKExplicitPrecompiledModules/os-BYOEVK2GEMB4Q8WWHGZGREA00.pcm
SwiftExplicitDependencyGeneratePcm arm64 /Users/admin/builder/spi-builder-workspace/.derivedData/SDKExplicitPrecompiledModules/ColorSync-BBCIZDDQ6O3QECFAWJQ6RU4ZJ.pcm
SwiftExplicitDependencyGeneratePcm arm64 /Users/admin/builder/spi-builder-workspace/.derivedData/SDKExplicitPrecompiledModules/Security-ESPJ7FP0YAY1EL3VXBGY9MCZ8.pcm
SwiftExplicitDependencyGeneratePcm arm64 /Users/admin/builder/spi-builder-workspace/.derivedData/SDKExplicitPrecompiledModules/CoreAudioTypes-EEH2XZ47XX4YM3FOOISUYVRQE.pcm
SwiftExplicitDependencyGeneratePcm arm64 /Users/admin/builder/spi-builder-workspace/.derivedData/SDKExplicitPrecompiledModules/CFNetwork-CVHS5CT20191MFYXQIEDWSRGJ.pcm
SwiftExplicitDependencyGeneratePcm arm64 /Users/admin/builder/spi-builder-workspace/.derivedData/SDKExplicitPrecompiledModules/IOKit-6H3X691EDBH124EYTC2PEOP5T.pcm
SwiftExplicitDependencyGeneratePcm arm64 /Users/admin/builder/spi-builder-workspace/.derivedData/SDKExplicitPrecompiledModules/CoreGraphics-5TRMNDB7ZP6FFMRNSZCWEOZMD.pcm
SwiftExplicitDependencyGeneratePcm arm64 /Users/admin/builder/spi-builder-workspace/.derivedData/SDKExplicitPrecompiledModules/DiskArbitration-ZNZZU7T0SYELB0DAR56WQF0R.pcm
SwiftExplicitDependencyGeneratePcm arm64 /Users/admin/builder/spi-builder-workspace/.derivedData/SDKExplicitPrecompiledModules/CoreServices-CGCGY0FOMEQGSNMO3HQSC09XU.pcm
SwiftExplicitDependencyGeneratePcm arm64 /Users/admin/builder/spi-builder-workspace/.derivedData/SDKExplicitPrecompiledModules/ImageIO-88YNP2EU498GB5YXIFJ9ANNYW.pcm
SwiftExplicitDependencyGeneratePcm arm64 /Users/admin/builder/spi-builder-workspace/.derivedData/SDKExplicitPrecompiledModules/CoreText-C1WSF2HWGIKVJ2XHWBKXQBSEY.pcm
SwiftExplicitDependencyGeneratePcm arm64 /Users/admin/builder/spi-builder-workspace/.derivedData/SDKExplicitPrecompiledModules/Foundation-44WR0NU86C67CV5BW8W1MGKNG.pcm
SwiftExplicitDependencyGeneratePcm arm64 /Users/admin/builder/spi-builder-workspace/.derivedData/SDKExplicitPrecompiledModules/OSLog-1GSRGGGEESVJH9OULZA91RAA3.pcm
SwiftExplicitDependencyGeneratePcm arm64 /Users/admin/builder/spi-builder-workspace/.derivedData/SDKExplicitPrecompiledModules/Symbols-2NFSQR6R0R96WH1KKGBXW1J.pcm
SwiftExplicitDependencyGeneratePcm arm64 /Users/admin/builder/spi-builder-workspace/.derivedData/SDKExplicitPrecompiledModules/CoreTransferable-2HJ1Z8HJBPECRD89AVJ0X7S63.pcm
SwiftExplicitDependencyGeneratePcm arm64 /Users/admin/builder/spi-builder-workspace/.derivedData/SDKExplicitPrecompiledModules/_LocationEssentials-CV55KC6C4HGASVU6279M2TPYS.pcm
SwiftExplicitDependencyGeneratePcm arm64 /Users/admin/builder/spi-builder-workspace/.derivedData/SDKExplicitPrecompiledModules/UniformTypeIdentifiers-5LG8RE3Q01MBLZVRR3FFHHL5H.pcm
SwiftExplicitDependencyGeneratePcm arm64 /Users/admin/builder/spi-builder-workspace/.derivedData/SDKExplicitPrecompiledModules/IOSurface-1TUG4NQVIPJF59WSUNATZ447F.pcm
SwiftExplicitDependencyGeneratePcm arm64 /Users/admin/builder/spi-builder-workspace/.derivedData/SDKExplicitPrecompiledModules/Accessibility-6F38G4T85MOHD9AA2EH4U2PJS.pcm
SwiftExplicitDependencyGeneratePcm arm64 /Users/admin/builder/spi-builder-workspace/.derivedData/SDKExplicitPrecompiledModules/DataDetection-5GDUUWT6YIA10PE5D9A8SXWZ9.pcm
SwiftExplicitDependencyGeneratePcm arm64 /Users/admin/builder/spi-builder-workspace/.derivedData/SDKExplicitPrecompiledModules/CoreAudio-8XPVZMQXZVBU162UQPW77JTL1.pcm
SwiftExplicitDependencyGeneratePcm arm64 /Users/admin/builder/spi-builder-workspace/.derivedData/SDKExplicitPrecompiledModules/CoreData-4EPJ39F9L3QQ9486B5AMG5G6J.pcm
SwiftExplicitDependencyGeneratePcm arm64 /Users/admin/builder/spi-builder-workspace/.derivedData/SDKExplicitPrecompiledModules/ApplicationServices-ALXSS633FQY42UMJSLR6MNLSK.pcm
SwiftExplicitDependencyGeneratePcm arm64 /Users/admin/builder/spi-builder-workspace/.derivedData/SDKExplicitPrecompiledModules/CoreLocation-6PHJES15W7TUABDNQ1VHCJETV.pcm
SwiftExplicitDependencyGeneratePcm arm64 /Users/admin/builder/spi-builder-workspace/.derivedData/SDKExplicitPrecompiledModules/Metal-KM8CI04R5X5OUWMGRMNZE4KP.pcm
SwiftExplicitDependencyGeneratePcm arm64 /Users/admin/builder/spi-builder-workspace/.derivedData/SDKExplicitPrecompiledModules/OpenGL-FXV81CD8YS42YTVJKJH1VLGA.pcm
SwiftExplicitDependencyGeneratePcm arm64 /Users/admin/builder/spi-builder-workspace/.derivedData/SDKExplicitPrecompiledModules/CoreVideo-11TKSDKW0L2K02H4B9ZHWLM3B.pcm
SwiftExplicitDependencyGeneratePcm arm64 /Users/admin/builder/spi-builder-workspace/.derivedData/SDKExplicitPrecompiledModules/CoreMedia-699WGYGEEF2LGFEEGSCM9Y1UF.pcm
SwiftExplicitDependencyGeneratePcm arm64 /Users/admin/builder/spi-builder-workspace/.derivedData/SDKExplicitPrecompiledModules/CoreImage-AKYY8VSFWQ6KIIXG3EQJ7PW5T.pcm
SwiftExplicitDependencyGeneratePcm arm64 /Users/admin/builder/spi-builder-workspace/.derivedData/SDKExplicitPrecompiledModules/QuartzCore-AP21NXF3BYPWOG416U3DI6QME.pcm
SwiftExplicitDependencyGeneratePcm arm64 /Users/admin/builder/spi-builder-workspace/.derivedData/SDKExplicitPrecompiledModules/SwiftUICore-ESLJM4CVIQEQNCRTK6KPAF1I7.pcm
SwiftExplicitDependencyGeneratePcm arm64 /Users/admin/builder/spi-builder-workspace/.derivedData/SDKExplicitPrecompiledModules/AppKit-C2WRQ26QXORUMMNQB0M8H4QYD.pcm
SwiftExplicitDependencyGeneratePcm arm64 /Users/admin/builder/spi-builder-workspace/.derivedData/SDKExplicitPrecompiledModules/SwiftUI-5IEOINZEJ69OCDVRMHPS5W4XI.pcm
SwiftExplicitDependencyGeneratePcm arm64 /Users/admin/builder/spi-builder-workspace/.derivedData/SDKExplicitPrecompiledModules/MapKit-3SVMET0UOYQNZVO8EVM4ZT9DM.pcm
SwiftCompile normal arm64 Compiling\ LineOverlay.swift /Users/admin/builder/spi-builder-workspace/Sources/SwiftUIMKMapView/LineOverlay.swift (in target 'SwiftUIMKMapView' from project 'SwiftUIMKMapView')
SwiftCompile normal arm64 /Users/admin/builder/spi-builder-workspace/Sources/SwiftUIMKMapView/LineOverlay.swift (in target 'SwiftUIMKMapView' from project 'SwiftUIMKMapView')
    cd /Users/admin/builder/spi-builder-workspace/.swiftpm/xcode
    builtin-SwiftPerFileCompile LineOverlay.swift
/Users/admin/builder/spi-builder-workspace/Sources/SwiftUIMKMapView/LineOverlay.swift:11:12: error: cannot find type 'UIColor' in scope
 9 |   public init(
10 |     coordinates: [CLLocationCoordinate2D],
11 |     color: UIColor,
   |            `- error: cannot find type 'UIColor' in scope
12 |     width: CGFloat
13 |   ) {
SwiftCompile normal arm64 Compiling\ OverlayRendererFactory.swift /Users/admin/builder/spi-builder-workspace/Sources/SwiftUIMKMapView/OverlayRendererFactory.swift (in target 'SwiftUIMKMapView' from project 'SwiftUIMKMapView')
SwiftCompile normal arm64 /Users/admin/builder/spi-builder-workspace/Sources/SwiftUIMKMapView/OverlayRendererFactory.swift (in target 'SwiftUIMKMapView' from project 'SwiftUIMKMapView')
    cd /Users/admin/builder/spi-builder-workspace/.swiftpm/xcode
    builtin-SwiftPerFileCompile OverlayRendererFactory.swift
SwiftCompile normal arm64 Compiling\ MapViewCoordinator.swift /Users/admin/builder/spi-builder-workspace/Sources/SwiftUIMKMapView/MapViewCoordinator.swift (in target 'SwiftUIMKMapView' from project 'SwiftUIMKMapView')
SwiftCompile normal arm64 /Users/admin/builder/spi-builder-workspace/Sources/SwiftUIMKMapView/MapViewCoordinator.swift (in target 'SwiftUIMKMapView' from project 'SwiftUIMKMapView')
    cd /Users/admin/builder/spi-builder-workspace/.swiftpm/xcode
    builtin-SwiftPerFileCompile MapViewCoordinator.swift
SwiftCompile normal arm64 Compiling\ AnnotationViewFactory.swift /Users/admin/builder/spi-builder-workspace/Sources/SwiftUIMKMapView/AnnotationViewFactory.swift (in target 'SwiftUIMKMapView' from project 'SwiftUIMKMapView')
SwiftCompile normal arm64 /Users/admin/builder/spi-builder-workspace/Sources/SwiftUIMKMapView/AnnotationViewFactory.swift (in target 'SwiftUIMKMapView' from project 'SwiftUIMKMapView')
    cd /Users/admin/builder/spi-builder-workspace/.swiftpm/xcode
    builtin-SwiftPerFileCompile AnnotationViewFactory.swift
SwiftCompile normal arm64 Compiling\ MapView.swift /Users/admin/builder/spi-builder-workspace/Sources/SwiftUIMKMapView/MapView.swift (in target 'SwiftUIMKMapView' from project 'SwiftUIMKMapView')
/Users/admin/builder/spi-builder-workspace/Sources/SwiftUIMKMapView/MapView.swift:40:35: error: cannot find type 'Context' in scope
38 |   }
39 |
40 |   public func makeUIView(context: Context) -> MKMapView {
   |                                   `- error: cannot find type 'Context' in scope
41 |     let view = MKMapView()
42 |     annotationViewFactory.register(in: view)
/Users/admin/builder/spi-builder-workspace/Sources/SwiftUIMKMapView/MapView.swift:47:58: error: cannot find type 'Context' in scope
45 |   }
46 |
47 |   public func updateUIView(_ uiView: MKMapView, context: Context) {
   |                                                          `- error: cannot find type 'Context' in scope
48 |     uiView.setVisibleMapRect(visibleRect, animated: false)
49 |     uiView.showsUserLocation = showsUserLocation
SwiftCompile normal arm64 /Users/admin/builder/spi-builder-workspace/Sources/SwiftUIMKMapView/MapView.swift (in target 'SwiftUIMKMapView' from project 'SwiftUIMKMapView')
    cd /Users/admin/builder/spi-builder-workspace/.swiftpm/xcode
    builtin-SwiftPerFileCompile MapView.swift
SwiftCompile normal arm64 Compiling\ DotAnnotation.swift /Users/admin/builder/spi-builder-workspace/Sources/SwiftUIMKMapView/DotAnnotation.swift (in target 'SwiftUIMKMapView' from project 'SwiftUIMKMapView')
/Users/admin/builder/spi-builder-workspace/Sources/SwiftUIMKMapView/DotAnnotation.swift:14:12: error: cannot find type 'UIColor' in scope
12 |     size: CGFloat,
13 |     border: CGFloat,
14 |     color: UIColor
   |            `- error: cannot find type 'UIColor' in scope
15 |   ) {
16 |     self.coordinate = coordinate
/Users/admin/builder/spi-builder-workspace/Sources/SwiftUIMKMapView/DotAnnotation.swift:25:14: error: cannot find type 'UIColor' in scope
23 |   let size: CGFloat
24 |   let border: CGFloat
25 |   let color: UIColor
   |              `- error: cannot find type 'UIColor' in scope
26 |
27 |   public override func isEqual(_ object: Any?) -> Bool {
SwiftCompile normal arm64 /Users/admin/builder/spi-builder-workspace/Sources/SwiftUIMKMapView/DotAnnotation.swift (in target 'SwiftUIMKMapView' from project 'SwiftUIMKMapView')
    cd /Users/admin/builder/spi-builder-workspace/.swiftpm/xcode
    builtin-SwiftPerFileCompile DotAnnotation.swift
SwiftEmitModule normal arm64 Emitting\ module\ for\ SwiftUIMKMapView (in target 'SwiftUIMKMapView' from project 'SwiftUIMKMapView')
/Users/admin/builder/spi-builder-workspace/Sources/SwiftUIMKMapView/DotAnnotation.swift:14:12: error: cannot find type 'UIColor' in scope
12 |     size: CGFloat,
13 |     border: CGFloat,
14 |     color: UIColor
   |            `- error: cannot find type 'UIColor' in scope
15 |   ) {
16 |     self.coordinate = coordinate
/Users/admin/builder/spi-builder-workspace/Sources/SwiftUIMKMapView/DotAnnotation.swift:25:14: error: cannot find type 'UIColor' in scope
23 |   let size: CGFloat
24 |   let border: CGFloat
25 |   let color: UIColor
   |              `- error: cannot find type 'UIColor' in scope
26 |
27 |   public override func isEqual(_ object: Any?) -> Bool {
/Users/admin/builder/spi-builder-workspace/Sources/SwiftUIMKMapView/DotAnnotation.swift:51:25: error: cannot find type 'UIImage' in scope
49 |   }
50 |
51 |   func renderImage() -> UIImage? {
   |                         `- error: cannot find type 'UIImage' in scope
52 |     guard let annotation = annotation as? DotAnnotation else { return nil }
53 |     let format = UIGraphicsImageRendererFormat()
/Users/admin/builder/spi-builder-workspace/Sources/SwiftUIMKMapView/LineOverlay.swift:11:12: error: cannot find type 'UIColor' in scope
 9 |   public init(
10 |     coordinates: [CLLocationCoordinate2D],
11 |     color: UIColor,
   |            `- error: cannot find type 'UIColor' in scope
12 |     width: CGFloat
13 |   ) {
/Users/admin/builder/spi-builder-workspace/Sources/SwiftUIMKMapView/LineOverlay.swift:23:14: error: cannot find type 'UIColor' in scope
21 |
22 |   let coordinates: [CLLocationCoordinate2D]
23 |   let color: UIColor
   |              `- error: cannot find type 'UIColor' in scope
24 |   let width: CGFloat
25 |   let polyline: MKPolyline
/Users/admin/builder/spi-builder-workspace/Sources/SwiftUIMKMapView/MapView.swift:40:35: error: cannot find type 'Context' in scope
38 |   }
39 |
40 |   public func makeUIView(context: Context) -> MKMapView {
   |                                   `- error: cannot find type 'Context' in scope
41 |     let view = MKMapView()
42 |     annotationViewFactory.register(in: view)
/Users/admin/builder/spi-builder-workspace/Sources/SwiftUIMKMapView/MapView.swift:47:58: error: cannot find type 'Context' in scope
45 |   }
46 |
47 |   public func updateUIView(_ uiView: MKMapView, context: Context) {
   |                                                          `- error: cannot find type 'Context' in scope
48 |     uiView.setVisibleMapRect(visibleRect, animated: false)
49 |     uiView.showsUserLocation = showsUserLocation
/Users/admin/builder/spi-builder-workspace/Sources/SwiftUIMKMapView/MapView.swift:5:24: error: cannot find type 'UIViewRepresentable' in scope
 3 |
 4 | /// MapKit's MKMapView representable.
 5 | public struct MapView: UIViewRepresentable {
   |                        `- error: cannot find type 'UIViewRepresentable' in scope
 6 |   /// - Parameters:
 7 |   ///   - visibleRect: Binding for map's visible rect.
Failed frontend command:
/Applications/Xcode-27.0.0-Release.Candidate.app/Contents/Developer/Toolchains/XcodeDefault.xctoolchain/usr/bin/swift-frontend -frontend -emit-module -experimental-skip-non-inlinable-function-bodies-without-types /Users/admin/builder/spi-builder-workspace/Sources/SwiftUIMKMapView/AnnotationViewFactory.swift /Users/admin/builder/spi-builder-workspace/Sources/SwiftUIMKMapView/DotAnnotation.swift /Users/admin/builder/spi-builder-workspace/Sources/SwiftUIMKMapView/LineOverlay.swift /Users/admin/builder/spi-builder-workspace/Sources/SwiftUIMKMapView/MapView.swift /Users/admin/builder/spi-builder-workspace/Sources/SwiftUIMKMapView/MapViewCoordinator.swift /Users/admin/builder/spi-builder-workspace/Sources/SwiftUIMKMapView/OverlayRendererFactory.swift -target arm64-apple-macos12.0 -disable-cross-import-overlay-search -swift-module-cross-import MapKit /Applications/Xcode-27.0.0-Release.Candidate.app/Contents/Developer/Platforms/MacOSX.platform/Developer/SDKs/MacOSX.sdk/System/Library/Frameworks/MapKit.framework/Modules/MapKit.swiftcrossimport/SwiftUI.swiftoverlay -swift-module-cross-import MapKit /Applications/Xcode-27.0.0-Release.Candidate.app/Contents/Developer/Platforms/MacOSX.platform/Developer/SDKs/MacOSX27.0.sdk/System/Library/Frameworks/MapKit.framework/Modules/MapKit.swiftcrossimport/SwiftUI.swiftoverlay -load-resolved-plugin /Applications/Xcode-27.0.0-Release.Candidate.app/Contents/Developer/Platforms/MacOSX.platform/Developer/usr/lib/swift/host/plugins/libFoundationMacros.dylib\#/Applications/Xcode-27.0.0-Release.Candidate.app/Contents/Developer/Platforms/MacOSX.platform/Developer/usr/bin/swift-plugin-server\#FoundationMacros -load-resolved-plugin /Applications/Xcode-27.0.0-Release.Candidate.app/Contents/Developer/Platforms/MacOSX.platform/Developer/usr/lib/swift/host/plugins/libObservationMacros.dylib\#/Applications/Xcode-27.0.0-Release.Candidate.app/Contents/Developer/Platforms/MacOSX.platform/Developer/usr/bin/swift-plugin-server\#ObservationMacros -load-resolved-plugin /Applications/Xcode-27.0.0-Release.Candidate.app/Contents/Developer/Platforms/MacOSX.platform/Developer/usr/lib/swift/host/plugins/libPreviewsMacros.dylib\#/Applications/Xcode-27.0.0-Release.Candidate.app/Contents/Developer/Platforms/MacOSX.platform/Developer/usr/bin/swift-plugin-server\#PreviewsMacros -load-resolved-plugin /Applications/Xcode-27.0.0-Release.Candidate.app/Contents/Developer/Platforms/MacOSX.platform/Developer/usr/lib/swift/host/plugins/libSwiftMacros.dylib\#/Applications/Xcode-27.0.0-Release.Candidate.app/Contents/Developer/Platforms/MacOSX.platform/Developer/usr/bin/swift-plugin-server\#SwiftMacros -load-resolved-plugin /Applications/Xcode-27.0.0-Release.Candidate.app/Contents/Developer/Platforms/MacOSX.platform/Developer/usr/lib/swift/host/plugins/libSwiftUIMacros.dylib\#/Applications/Xcode-27.0.0-Release.Candidate.app/Contents/Developer/Platforms/MacOSX.platform/Developer/usr/bin/swift-plugin-server\#SwiftUIMacros -disable-implicit-swift-modules -Xcc -fno-implicit-modules -Xcc -fno-implicit-module-maps -explicit-swift-module-map-file /Users/admin/builder/spi-builder-workspace/.derivedData/Build/Intermediates.noindex/SwiftUIMKMapView.build/Debug/SwiftUIMKMapView-t.build/Objects-normal/arm64/SwiftUIMKMapView-dependencies-1.json -Xllvm -aarch64-use-tbi -enable-objc-interop -stack-check -sdk /Applications/Xcode-27.0.0-Release.Candidate.app/Contents/Developer/Platforms/MacOSX.platform/Developer/SDKs/MacOSX27.0.sdk -I /Users/admin/builder/spi-builder-workspace/.derivedData/Build/Products/Debug -Isystem /Applications/Xcode-27.0.0-Release.Candidate.app/Contents/Developer/Platforms/MacOSX.platform/Developer/usr/lib -F /Users/admin/builder/spi-builder-workspace/.derivedData/Build/Products/Debug -F /Applications/Xcode-27.0.0-Release.Candidate.app/Contents/Developer/Platforms/MacOSX.platform/Developer/Library/Frameworks -module-cache-path /Users/admin/builder/spi-builder-workspace/.derivedData/Build/Intermediates.noindex/SwiftExplicitPrecompiledModules -no-color-diagnostics -Xcc -fno-color-diagnostics -enable-testing -g -debug-info-format\=dwarf -dwarf-version\=4 -swift-version 5 -Onone -D SWIFT_PACKAGE -D DEBUG -D SWIFT_MODULE_RESOURCE_BUNDLE_UNAVAILABLE -D Xcode -serialize-debugging-options -enable-experimental-feature DebugDescriptionMacro -empty-abi-descriptor -validate-clang-modules-once -clang-build-session-file /Users/admin/builder/spi-builder-workspace/.derivedData/ModuleCache.noindex/Session.modulevalidation -Xcc -working-directory -Xcc /Users/admin/builder/spi-builder-workspace/.swiftpm/xcode -enable-anonymous-context-mangled-names -file-compilation-dir /Users/admin/builder/spi-builder-workspace/.swiftpm/xcode -Xcc -D_LIBCPP_HARDENING_MODE\=_LIBCPP_HARDENING_MODE_DEBUG -Xcc -ivfsstatcache -Xcc /Users/admin/builder/spi-builder-workspace/.derivedData/SDKStatCaches.noindex/macosx27.0-26A425-e829b21a6f8c9b70876ba0858053c0446a22442a12e9d48fe1a705f55a1adfc4.sdkstatcache -Xcc -fmodules-prune-interval\=86400 -Xcc -fmodules-prune-after\=345600 -Xcc -I/Users/admin/builder/spi-builder-workspace/.derivedData/Build/Products/Debug/include -Xcc -I/Users/admin/builder/spi-builder-workspace/.derivedData/Build/Intermediates.noindex/SwiftUIMKMapView.build/Debug/SwiftUIMKMapView-t.build/DerivedSources-normal/arm64 -Xcc -I/Users/admin/builder/spi-builder-workspace/.derivedData/Build/Intermediates.noindex/SwiftUIMKMapView.build/Debug/SwiftUIMKMapView-t.build/DerivedSources/arm64 -Xcc -I/Users/admin/builder/spi-builder-workspace/.derivedData/Build/Intermediates.noindex/SwiftUIMKMapView.build/Debug/SwiftUIMKMapView-t.build/DerivedSources -Xcc -DSWIFT_PACKAGE -Xcc -DDEBUG\=1 -no-auto-bridging-header-chaining -module-name SwiftUIMKMapView -const-gather-protocols-file /Users/admin/builder/spi-builder-workspace/.derivedData/Build/Intermediates.noindex/SwiftUIMKMapView.build/Debug/SwiftUIMKMapView-t.build/Objects-normal/arm64/SwiftUIMKMapView_const_extract_protocols.json -disable-clang-spi -clang-target arm64-apple-macos27.0 -target-sdk-version 27.0 -target-sdk-name macosx27.0 -in-process-plugin-server-path /Applications/Xcode-27.0.0-Release.Candidate.app/Contents/Developer/Toolchains/XcodeDefault.xctoolchain/usr/lib/swift/host/libSwiftInProcPluginServer.dylib -emit-module-doc-path /Users/admin/builder/spi-builder-workspace/.derivedData/Build/Intermediates.noindex/SwiftUIMKMapView.build/Debug/SwiftUIMKMapView-t.build/Objects-normal/arm64/SwiftUIMKMapView.swiftdoc -emit-module-source-info-path /Users/admin/builder/spi-builder-workspace/.derivedData/Build/Intermediates.noindex/SwiftUIMKMapView.build/Debug/SwiftUIMKMapView-t.build/Objects-normal/arm64/SwiftUIMKMapView.swiftsourceinfo -emit-objc-header-path /Users/admin/builder/spi-builder-workspace/.derivedData/Build/Intermediates.noindex/SwiftUIMKMapView.build/Debug/SwiftUIMKMapView-t.build/Objects-normal/arm64/SwiftUIMKMapView-Swift.h -serialize-diagnostics-path /Users/admin/builder/spi-builder-workspace/.derivedData/Build/Intermediates.noindex/SwiftUIMKMapView.build/Debug/SwiftUIMKMapView-t.build/Objects-normal/arm64/SwiftUIMKMapView-primary-emit-module.dia -emit-dependencies-path /Users/admin/builder/spi-builder-workspace/.derivedData/Build/Intermediates.noindex/SwiftUIMKMapView.build/Debug/SwiftUIMKMapView-t.build/Objects-normal/arm64/SwiftUIMKMapView-primary-emit-module.d -parse-as-library -o /Users/admin/builder/spi-builder-workspace/.derivedData/Build/Intermediates.noindex/SwiftUIMKMapView.build/Debug/SwiftUIMKMapView-t.build/Objects-normal/arm64/SwiftUIMKMapView.swiftmodule -emit-abi-descriptor-path /Users/admin/builder/spi-builder-workspace/.derivedData/Build/Intermediates.noindex/SwiftUIMKMapView.build/Debug/SwiftUIMKMapView-t.build/Objects-normal/arm64/SwiftUIMKMapView.abi.json
SwiftCompile normal arm64 (in target 'SwiftUIMKMapView' from project 'SwiftUIMKMapView')
    cd /Users/admin/builder/spi-builder-workspace/.swiftpm/xcode

PruneExplicitPrecompiledModules /Users/admin/builder/spi-builder-workspace/.derivedData/Build/Intermediates.noindex/ExplicitPrecompiledModules
PruneExplicitPrecompiledModules /Users/admin/builder/spi-builder-workspace/.derivedData/Build/Intermediates.noindex/SwiftExplicitPrecompiledModules
PruneExplicitPrecompiledModules /Users/admin/builder/spi-builder-workspace/.derivedData/SDKExplicitPrecompiledModules
2026-09-17 23:31:07.878 xcodebuild[645:4179] [MT] IDERunDestination: Supported platforms for the buildables in the current scheme is empty.
2026-09-17 23:31:08.017 xcodebuild[645:4179] [MT] IDERunDestination: Supported platforms for the buildables in the current scheme is empty.
--- xcodebuild: WARNING: Using the first of multiple matching destinations:
{ platform:macOS, arch:arm64, id:26a05c6b58c5094c99e5cf351b418ef869b9e857, name:My Mac }
{ platform:macOS, arch:arm64, variant:Mac Catalyst, id:26a05c6b58c5094c99e5cf351b418ef869b9e857, name:My Mac }
{ platform:macOS, arch:arm64, variant:DriverKit, id:26a05c6b58c5094c99e5cf351b418ef869b9e857, name:My Mac }
{ platform:macOS, arch:arm64, variant:Designed for [iPad,iPhone], id:26a05c6b58c5094c99e5cf351b418ef869b9e857, name:My Mac }
** BUILD FAILED **
The following build commands failed:
	SwiftEmitModule normal arm64 Emitting\ module\ for\ SwiftUIMKMapView (in target 'SwiftUIMKMapView' from project 'SwiftUIMKMapView')
	SwiftCompile normal arm64 (in target 'SwiftUIMKMapView' from project 'SwiftUIMKMapView')
	Building workspace SwiftUIMKMapView with scheme SwiftUIMKMapView
(3 failures)
Command line invocation:
    /Applications/Xcode-27.0.0-Release.Candidate.app/Contents/Developer/usr/bin/xcodebuild -IDEClonedSourcePackagesDirPathOverride=/Users/admin/builder/spi-builder-workspace/.dependencies -resolvePackageDependencies
Resolve Package Graph
Resolved source packages:
  SwiftUIMKMapView: /Users/admin/builder/spi-builder-workspace
resolved source packages: SwiftUIMKMapView
2026-09-17 23:31:17.466 xcodebuild[738:4573] [MT] IDERunDestination: Supported platforms for the buildables in the current scheme is empty.
2026-09-17 23:31:17.612 xcodebuild[738:4573] [MT] IDERunDestination: Supported platforms for the buildables in the current scheme is empty.
{
  "dependencies" : [
  ],
  "manifest_display_name" : "SwiftUIMKMapView",
  "name" : "SwiftUIMKMapView",
  "path" : "/Users/admin/builder/spi-builder-workspace",
  "platforms" : [
    {
      "name" : "ios",
      "version" : "15.0"
    }
  ],
  "products" : [
    {
      "name" : "SwiftUIMKMapView",
      "targets" : [
        "SwiftUIMKMapView"
      ],
      "type" : {
        "library" : [
          "automatic"
        ]
      }
    }
  ],
  "targets" : [
    {
      "c99name" : "SwiftUIMKMapView",
      "module_type" : "SwiftTarget",
      "name" : "SwiftUIMKMapView",
      "path" : "Sources/SwiftUIMKMapView",
      "product_memberships" : [
        "SwiftUIMKMapView"
      ],
      "sources" : [
        "AnnotationViewFactory.swift",
        "DotAnnotation.swift",
        "LineOverlay.swift",
        "MapView.swift",
        "MapViewCoordinator.swift",
        "OverlayRendererFactory.swift"
      ],
      "type" : "library"
    }
  ],
  "tools_version" : "5.5"
}
{
  "workspace" : {
    "name" : "SwiftUIMKMapView",
    "schemes" : [
      "SwiftUIMKMapView"
    ]
  }
}
2026-09-17 23:31:18.710 xcodebuild[746:4643] [MT] IDERunDestination: Supported platforms for the buildables in the current scheme is empty.
Running build ...
env DEVELOPER_DIR=/Applications/Xcode-27.0.0-Release.Candidate.app xcrun xcodebuild -IDEClonedSourcePackagesDirPathOverride=$PWD/.dependencies -skipMacroValidation -skipPackagePluginValidation -derivedDataPath $PWD/.derivedData build -scheme SwiftUIMKMapView -destination platform=macOS,arch=arm64
Command line invocation:
    /Applications/Xcode-27.0.0-Release.Candidate.app/Contents/Developer/usr/bin/xcodebuild -IDEClonedSourcePackagesDirPathOverride=/Users/admin/builder/spi-builder-workspace/.dependencies -skipMacroValidation -skipPackagePluginValidation -derivedDataPath /Users/admin/builder/spi-builder-workspace/.derivedData build -scheme SwiftUIMKMapView -destination platform=macOS,arch=arm64
Resolve Package Graph
Resolved source packages:
  SwiftUIMKMapView: /Users/admin/builder/spi-builder-workspace
ComputePackagePrebuildTargetDependencyGraph
Prepare packages
CreateBuildRequest
SendProjectDescription
CreateBuildOperation
ComputeTargetDependencyGraph
note: Building targets in dependency order
note: Target dependency graph (2 targets)
    Target 'SwiftUIMKMapView-product' in project 'SwiftUIMKMapView'
        ➜ Explicit dependency on target 'SwiftUIMKMapView' in project 'SwiftUIMKMapView'
    Target 'SwiftUIMKMapView' in project 'SwiftUIMKMapView' (no dependencies)
GatherProvisioningInputs
CreateBuildDescription
ClangStatCache /Applications/Xcode-27.0.0-Release.Candidate.app/Contents/Developer/Toolchains/XcodeDefault.xctoolchain/usr/bin/clang-stat-cache /Applications/Xcode-27.0.0-Release.Candidate.app/Contents/Developer/Platforms/MacOSX.platform/Developer/SDKs/MacOSX27.0.sdk /Users/admin/builder/spi-builder-workspace/.derivedData/SDKStatCaches.noindex/macosx27.0-26A425-e829b21a6f8c9b70876ba0858053c0446a22442a12e9d48fe1a705f55a1adfc4.sdkstatcache
    cd /Users/admin/builder/spi-builder-workspace/.swiftpm/xcode
    /Applications/Xcode-27.0.0-Release.Candidate.app/Contents/Developer/Toolchains/XcodeDefault.xctoolchain/usr/bin/clang-stat-cache /Applications/Xcode-27.0.0-Release.Candidate.app/Contents/Developer/Platforms/MacOSX.platform/Developer/SDKs/MacOSX27.0.sdk -o /Users/admin/builder/spi-builder-workspace/.derivedData/SDKStatCaches.noindex/macosx27.0-26A425-e829b21a6f8c9b70876ba0858053c0446a22442a12e9d48fe1a705f55a1adfc4.sdkstatcache
SwiftDriver SwiftUIMKMapView normal arm64 com.apple.xcode.tools.swift.compiler (in target 'SwiftUIMKMapView' from project 'SwiftUIMKMapView')
    cd /Users/admin/builder/spi-builder-workspace/.swiftpm/xcode
    builtin-SwiftDriver -- /Applications/Xcode-27.0.0-Release.Candidate.app/Contents/Developer/Toolchains/XcodeDefault.xctoolchain/usr/bin/swiftc -parse-as-library -module-name SwiftUIMKMapView -Onone @/Users/admin/builder/spi-builder-workspace/.derivedData/Build/Intermediates.noindex/SwiftUIMKMapView.build/Debug/SwiftUIMKMapView-t.build/Objects-normal/arm64/SwiftUIMKMapView.SwiftFileList -DSWIFT_PACKAGE -DDEBUG -DSWIFT_MODULE_RESOURCE_BUNDLE_UNAVAILABLE -DXcode -plugin-path /Applications/Xcode-27.0.0-Release.Candidate.app/Contents/Developer/Toolchains/XcodeDefault.xctoolchain/usr/lib/swift/host/plugins/testing -enable-experimental-feature DebugDescriptionMacro -sdk /Applications/Xcode-27.0.0-Release.Candidate.app/Contents/Developer/Platforms/MacOSX.platform/Developer/SDKs/MacOSX27.0.sdk -target arm64-apple-macos12.0 -g -module-cache-path /Users/admin/builder/spi-builder-workspace/.derivedData/ModuleCache.noindex -Xfrontend -serialize-debugging-options -enable-testing -index-store-path /Users/admin/builder/spi-builder-workspace/.derivedData/Index.noindex/DataStore -Xcc -D_LIBCPP_HARDENING_MODE\=_LIBCPP_HARDENING_MODE_DEBUG -swift-version 5 -I /Users/admin/builder/spi-builder-workspace/.derivedData/Build/Products/Debug -Isystem /Applications/Xcode-27.0.0-Release.Candidate.app/Contents/Developer/Platforms/MacOSX.platform/Developer/usr/lib -F /Users/admin/builder/spi-builder-workspace/.derivedData/Build/Products/Debug -F /Applications/Xcode-27.0.0-Release.Candidate.app/Contents/Developer/Platforms/MacOSX.platform/Developer/Library/Frameworks -c -j10 -enable-batch-mode -incremental -Xcc -ivfsstatcache -Xcc /Users/admin/builder/spi-builder-workspace/.derivedData/SDKStatCaches.noindex/macosx27.0-26A425-e829b21a6f8c9b70876ba0858053c0446a22442a12e9d48fe1a705f55a1adfc4.sdkstatcache -output-file-map /Users/admin/builder/spi-builder-workspace/.derivedData/Build/Intermediates.noindex/SwiftUIMKMapView.build/Debug/SwiftUIMKMapView-t.build/Objects-normal/arm64/SwiftUIMKMapView-OutputFileMap.json -save-temps -no-color-diagnostics -explicit-module-build -module-cache-path /Users/admin/builder/spi-builder-workspace/.derivedData/Build/Intermediates.noindex/SwiftExplicitPrecompiledModules -clang-scanner-module-cache-path /Users/admin/builder/spi-builder-workspace/.derivedData/ModuleCache.noindex -sdk-module-cache-path /Users/admin/builder/spi-builder-workspace/.derivedData/SDKExplicitPrecompiledModules -emit-dependencies -emit-module -emit-module-path /Users/admin/builder/spi-builder-workspace/.derivedData/Build/Intermediates.noindex/SwiftUIMKMapView.build/Debug/SwiftUIMKMapView-t.build/Objects-normal/arm64/SwiftUIMKMapView.swiftmodule -serialize-diagnostics -dependency-scan-serialize-diagnostics-path /Users/admin/builder/spi-builder-workspace/.derivedData/Build/Intermediates.noindex/SwiftUIMKMapView.build/Debug/SwiftUIMKMapView-t.build/Objects-normal/arm64/SwiftUIMKMapView-dependency-scan.dia -validate-clang-modules-once -clang-build-session-file /Users/admin/builder/spi-builder-workspace/.derivedData/ModuleCache.noindex/Session.modulevalidation -Xcc -fmodules-prune-interval\=86400 -Xcc -fmodules-prune-after\=345600 -emit-const-values -const-gather-protocols-list /Users/admin/builder/spi-builder-workspace/.derivedData/Build/Intermediates.noindex/SwiftUIMKMapView.build/Debug/SwiftUIMKMapView-t.build/Objects-normal/arm64/SwiftUIMKMapView_const_extract_protocols.json -Xcc -I/Users/admin/builder/spi-builder-workspace/.derivedData/Build/Products/Debug/include -Xcc -I/Users/admin/builder/spi-builder-workspace/.derivedData/Build/Intermediates.noindex/SwiftUIMKMapView.build/Debug/SwiftUIMKMapView-t.build/DerivedSources-normal/arm64 -Xcc -I/Users/admin/builder/spi-builder-workspace/.derivedData/Build/Intermediates.noindex/SwiftUIMKMapView.build/Debug/SwiftUIMKMapView-t.build/DerivedSources/arm64 -Xcc -I/Users/admin/builder/spi-builder-workspace/.derivedData/Build/Intermediates.noindex/SwiftUIMKMapView.build/Debug/SwiftUIMKMapView-t.build/DerivedSources -Xcc -DSWIFT_PACKAGE -Xcc -DDEBUG\=1 -emit-objc-header -emit-objc-header-path /Users/admin/builder/spi-builder-workspace/.derivedData/Build/Intermediates.noindex/SwiftUIMKMapView.build/Debug/SwiftUIMKMapView-t.build/Objects-normal/arm64/SwiftUIMKMapView-Swift.h -working-directory /Users/admin/builder/spi-builder-workspace/.swiftpm/xcode -experimental-emit-module-separately -disable-cmo
SwiftCompile normal arm64 Compiling\ AnnotationViewFactory.swift /Users/admin/builder/spi-builder-workspace/Sources/SwiftUIMKMapView/AnnotationViewFactory.swift (in target 'SwiftUIMKMapView' from project 'SwiftUIMKMapView')
SwiftCompile normal arm64 /Users/admin/builder/spi-builder-workspace/Sources/SwiftUIMKMapView/AnnotationViewFactory.swift (in target 'SwiftUIMKMapView' from project 'SwiftUIMKMapView')
    cd /Users/admin/builder/spi-builder-workspace/.swiftpm/xcode
    builtin-SwiftPerFileCompile AnnotationViewFactory.swift
SwiftCompile normal arm64 Compiling\ LineOverlay.swift /Users/admin/builder/spi-builder-workspace/Sources/SwiftUIMKMapView/LineOverlay.swift (in target 'SwiftUIMKMapView' from project 'SwiftUIMKMapView')
SwiftCompile normal arm64 /Users/admin/builder/spi-builder-workspace/Sources/SwiftUIMKMapView/LineOverlay.swift (in target 'SwiftUIMKMapView' from project 'SwiftUIMKMapView')
    cd /Users/admin/builder/spi-builder-workspace/.swiftpm/xcode
    builtin-SwiftPerFileCompile LineOverlay.swift
/Users/admin/builder/spi-builder-workspace/Sources/SwiftUIMKMapView/LineOverlay.swift:11:12: error: cannot find type 'UIColor' in scope
 9 |   public init(
10 |     coordinates: [CLLocationCoordinate2D],
11 |     color: UIColor,
   |            `- error: cannot find type 'UIColor' in scope
12 |     width: CGFloat
13 |   ) {
SwiftCompile normal arm64 Compiling\ MapView.swift /Users/admin/builder/spi-builder-workspace/Sources/SwiftUIMKMapView/MapView.swift (in target 'SwiftUIMKMapView' from project 'SwiftUIMKMapView')
/Users/admin/builder/spi-builder-workspace/Sources/SwiftUIMKMapView/MapView.swift:40:35: error: cannot find type 'Context' in scope
38 |   }
39 |
40 |   public func makeUIView(context: Context) -> MKMapView {
   |                                   `- error: cannot find type 'Context' in scope
41 |     let view = MKMapView()
42 |     annotationViewFactory.register(in: view)
/Users/admin/builder/spi-builder-workspace/Sources/SwiftUIMKMapView/MapView.swift:47:58: error: cannot find type 'Context' in scope
45 |   }
46 |
47 |   public func updateUIView(_ uiView: MKMapView, context: Context) {
   |                                                          `- error: cannot find type 'Context' in scope
48 |     uiView.setVisibleMapRect(visibleRect, animated: false)
49 |     uiView.showsUserLocation = showsUserLocation
SwiftCompile normal arm64 /Users/admin/builder/spi-builder-workspace/Sources/SwiftUIMKMapView/MapView.swift (in target 'SwiftUIMKMapView' from project 'SwiftUIMKMapView')
    cd /Users/admin/builder/spi-builder-workspace/.swiftpm/xcode
    builtin-SwiftPerFileCompile MapView.swift
SwiftEmitModule normal arm64 Emitting\ module\ for\ SwiftUIMKMapView (in target 'SwiftUIMKMapView' from project 'SwiftUIMKMapView')
/Users/admin/builder/spi-builder-workspace/Sources/SwiftUIMKMapView/DotAnnotation.swift:14:12: error: cannot find type 'UIColor' in scope
12 |     size: CGFloat,
13 |     border: CGFloat,
14 |     color: UIColor
   |            `- error: cannot find type 'UIColor' in scope
15 |   ) {
16 |     self.coordinate = coordinate
/Users/admin/builder/spi-builder-workspace/Sources/SwiftUIMKMapView/DotAnnotation.swift:25:14: error: cannot find type 'UIColor' in scope
23 |   let size: CGFloat
24 |   let border: CGFloat
25 |   let color: UIColor
   |              `- error: cannot find type 'UIColor' in scope
26 |
27 |   public override func isEqual(_ object: Any?) -> Bool {
/Users/admin/builder/spi-builder-workspace/Sources/SwiftUIMKMapView/DotAnnotation.swift:51:25: error: cannot find type 'UIImage' in scope
49 |   }
50 |
51 |   func renderImage() -> UIImage? {
   |                         `- error: cannot find type 'UIImage' in scope
52 |     guard let annotation = annotation as? DotAnnotation else { return nil }
53 |     let format = UIGraphicsImageRendererFormat()
/Users/admin/builder/spi-builder-workspace/Sources/SwiftUIMKMapView/LineOverlay.swift:11:12: error: cannot find type 'UIColor' in scope
 9 |   public init(
10 |     coordinates: [CLLocationCoordinate2D],
11 |     color: UIColor,
   |            `- error: cannot find type 'UIColor' in scope
12 |     width: CGFloat
13 |   ) {
/Users/admin/builder/spi-builder-workspace/Sources/SwiftUIMKMapView/LineOverlay.swift:23:14: error: cannot find type 'UIColor' in scope
21 |
22 |   let coordinates: [CLLocationCoordinate2D]
23 |   let color: UIColor
   |              `- error: cannot find type 'UIColor' in scope
24 |   let width: CGFloat
25 |   let polyline: MKPolyline
/Users/admin/builder/spi-builder-workspace/Sources/SwiftUIMKMapView/MapView.swift:40:35: error: cannot find type 'Context' in scope
38 |   }
39 |
40 |   public func makeUIView(context: Context) -> MKMapView {
   |                                   `- error: cannot find type 'Context' in scope
41 |     let view = MKMapView()
42 |     annotationViewFactory.register(in: view)
/Users/admin/builder/spi-builder-workspace/Sources/SwiftUIMKMapView/MapView.swift:47:58: error: cannot find type 'Context' in scope
45 |   }
46 |
47 |   public func updateUIView(_ uiView: MKMapView, context: Context) {
   |                                                          `- error: cannot find type 'Context' in scope
48 |     uiView.setVisibleMapRect(visibleRect, animated: false)
49 |     uiView.showsUserLocation = showsUserLocation
/Users/admin/builder/spi-builder-workspace/Sources/SwiftUIMKMapView/MapView.swift:5:24: error: cannot find type 'UIViewRepresentable' in scope
 3 |
 4 | /// MapKit's MKMapView representable.
 5 | public struct MapView: UIViewRepresentable {
   |                        `- error: cannot find type 'UIViewRepresentable' in scope
 6 |   /// - Parameters:
 7 |   ///   - visibleRect: Binding for map's visible rect.
Failed frontend command:
/Applications/Xcode-27.0.0-Release.Candidate.app/Contents/Developer/Toolchains/XcodeDefault.xctoolchain/usr/bin/swift-frontend -frontend -emit-module -experimental-skip-non-inlinable-function-bodies-without-types /Users/admin/builder/spi-builder-workspace/Sources/SwiftUIMKMapView/AnnotationViewFactory.swift /Users/admin/builder/spi-builder-workspace/Sources/SwiftUIMKMapView/DotAnnotation.swift /Users/admin/builder/spi-builder-workspace/Sources/SwiftUIMKMapView/LineOverlay.swift /Users/admin/builder/spi-builder-workspace/Sources/SwiftUIMKMapView/MapView.swift /Users/admin/builder/spi-builder-workspace/Sources/SwiftUIMKMapView/MapViewCoordinator.swift /Users/admin/builder/spi-builder-workspace/Sources/SwiftUIMKMapView/OverlayRendererFactory.swift -target arm64-apple-macos12.0 -disable-cross-import-overlay-search -swift-module-cross-import MapKit /Applications/Xcode-27.0.0-Release.Candidate.app/Contents/Developer/Platforms/MacOSX.platform/Developer/SDKs/MacOSX.sdk/System/Library/Frameworks/MapKit.framework/Modules/MapKit.swiftcrossimport/SwiftUI.swiftoverlay -swift-module-cross-import MapKit /Applications/Xcode-27.0.0-Release.Candidate.app/Contents/Developer/Platforms/MacOSX.platform/Developer/SDKs/MacOSX27.0.sdk/System/Library/Frameworks/MapKit.framework/Modules/MapKit.swiftcrossimport/SwiftUI.swiftoverlay -load-resolved-plugin /Applications/Xcode-27.0.0-Release.Candidate.app/Contents/Developer/Platforms/MacOSX.platform/Developer/usr/lib/swift/host/plugins/libFoundationMacros.dylib\#/Applications/Xcode-27.0.0-Release.Candidate.app/Contents/Developer/Platforms/MacOSX.platform/Developer/usr/bin/swift-plugin-server\#FoundationMacros -load-resolved-plugin /Applications/Xcode-27.0.0-Release.Candidate.app/Contents/Developer/Platforms/MacOSX.platform/Developer/usr/lib/swift/host/plugins/libObservationMacros.dylib\#/Applications/Xcode-27.0.0-Release.Candidate.app/Contents/Developer/Platforms/MacOSX.platform/Developer/usr/bin/swift-plugin-server\#ObservationMacros -load-resolved-plugin /Applications/Xcode-27.0.0-Release.Candidate.app/Contents/Developer/Platforms/MacOSX.platform/Developer/usr/lib/swift/host/plugins/libPreviewsMacros.dylib\#/Applications/Xcode-27.0.0-Release.Candidate.app/Contents/Developer/Platforms/MacOSX.platform/Developer/usr/bin/swift-plugin-server\#PreviewsMacros -load-resolved-plugin /Applications/Xcode-27.0.0-Release.Candidate.app/Contents/Developer/Platforms/MacOSX.platform/Developer/usr/lib/swift/host/plugins/libSwiftMacros.dylib\#/Applications/Xcode-27.0.0-Release.Candidate.app/Contents/Developer/Platforms/MacOSX.platform/Developer/usr/bin/swift-plugin-server\#SwiftMacros -load-resolved-plugin /Applications/Xcode-27.0.0-Release.Candidate.app/Contents/Developer/Platforms/MacOSX.platform/Developer/usr/lib/swift/host/plugins/libSwiftUIMacros.dylib\#/Applications/Xcode-27.0.0-Release.Candidate.app/Contents/Developer/Platforms/MacOSX.platform/Developer/usr/bin/swift-plugin-server\#SwiftUIMacros -disable-implicit-swift-modules -Xcc -fno-implicit-modules -Xcc -fno-implicit-module-maps -explicit-swift-module-map-file /Users/admin/builder/spi-builder-workspace/.derivedData/Build/Intermediates.noindex/SwiftUIMKMapView.build/Debug/SwiftUIMKMapView-t.build/Objects-normal/arm64/SwiftUIMKMapView-dependencies-1.json -Xllvm -aarch64-use-tbi -enable-objc-interop -stack-check -sdk /Applications/Xcode-27.0.0-Release.Candidate.app/Contents/Developer/Platforms/MacOSX.platform/Developer/SDKs/MacOSX27.0.sdk -I /Users/admin/builder/spi-builder-workspace/.derivedData/Build/Products/Debug -Isystem /Applications/Xcode-27.0.0-Release.Candidate.app/Contents/Developer/Platforms/MacOSX.platform/Developer/usr/lib -F /Users/admin/builder/spi-builder-workspace/.derivedData/Build/Products/Debug -F /Applications/Xcode-27.0.0-Release.Candidate.app/Contents/Developer/Platforms/MacOSX.platform/Developer/Library/Frameworks -module-cache-path /Users/admin/builder/spi-builder-workspace/.derivedData/Build/Intermediates.noindex/SwiftExplicitPrecompiledModules -no-color-diagnostics -Xcc -fno-color-diagnostics -enable-testing -g -debug-info-format\=dwarf -dwarf-version\=4 -swift-version 5 -Onone -D SWIFT_PACKAGE -D DEBUG -D SWIFT_MODULE_RESOURCE_BUNDLE_UNAVAILABLE -D Xcode -serialize-debugging-options -enable-experimental-feature DebugDescriptionMacro -empty-abi-descriptor -validate-clang-modules-once -clang-build-session-file /Users/admin/builder/spi-builder-workspace/.derivedData/ModuleCache.noindex/Session.modulevalidation -Xcc -working-directory -Xcc /Users/admin/builder/spi-builder-workspace/.swiftpm/xcode -enable-anonymous-context-mangled-names -file-compilation-dir /Users/admin/builder/spi-builder-workspace/.swiftpm/xcode -Xcc -D_LIBCPP_HARDENING_MODE\=_LIBCPP_HARDENING_MODE_DEBUG -Xcc -ivfsstatcache -Xcc /Users/admin/builder/spi-builder-workspace/.derivedData/SDKStatCaches.noindex/macosx27.0-26A425-e829b21a6f8c9b70876ba0858053c0446a22442a12e9d48fe1a705f55a1adfc4.sdkstatcache -Xcc -fmodules-prune-interval\=86400 -Xcc -fmodules-prune-after\=345600 -Xcc -I/Users/admin/builder/spi-builder-workspace/.derivedData/Build/Products/Debug/include -Xcc -I/Users/admin/builder/spi-builder-workspace/.derivedData/Build/Intermediates.noindex/SwiftUIMKMapView.build/Debug/SwiftUIMKMapView-t.build/DerivedSources-normal/arm64 -Xcc -I/Users/admin/builder/spi-builder-workspace/.derivedData/Build/Intermediates.noindex/SwiftUIMKMapView.build/Debug/SwiftUIMKMapView-t.build/DerivedSources/arm64 -Xcc -I/Users/admin/builder/spi-builder-workspace/.derivedData/Build/Intermediates.noindex/SwiftUIMKMapView.build/Debug/SwiftUIMKMapView-t.build/DerivedSources -Xcc -DSWIFT_PACKAGE -Xcc -DDEBUG\=1 -no-auto-bridging-header-chaining -module-name SwiftUIMKMapView -const-gather-protocols-file /Users/admin/builder/spi-builder-workspace/.derivedData/Build/Intermediates.noindex/SwiftUIMKMapView.build/Debug/SwiftUIMKMapView-t.build/Objects-normal/arm64/SwiftUIMKMapView_const_extract_protocols.json -disable-clang-spi -clang-target arm64-apple-macos27.0 -target-sdk-version 27.0 -target-sdk-name macosx27.0 -in-process-plugin-server-path /Applications/Xcode-27.0.0-Release.Candidate.app/Contents/Developer/Toolchains/XcodeDefault.xctoolchain/usr/lib/swift/host/libSwiftInProcPluginServer.dylib -emit-module-doc-path /Users/admin/builder/spi-builder-workspace/.derivedData/Build/Intermediates.noindex/SwiftUIMKMapView.build/Debug/SwiftUIMKMapView-t.build/Objects-normal/arm64/SwiftUIMKMapView.swiftdoc -emit-module-source-info-path /Users/admin/builder/spi-builder-workspace/.derivedData/Build/Intermediates.noindex/SwiftUIMKMapView.build/Debug/SwiftUIMKMapView-t.build/Objects-normal/arm64/SwiftUIMKMapView.swiftsourceinfo -emit-objc-header-path /Users/admin/builder/spi-builder-workspace/.derivedData/Build/Intermediates.noindex/SwiftUIMKMapView.build/Debug/SwiftUIMKMapView-t.build/Objects-normal/arm64/SwiftUIMKMapView-Swift.h -serialize-diagnostics-path /Users/admin/builder/spi-builder-workspace/.derivedData/Build/Intermediates.noindex/SwiftUIMKMapView.build/Debug/SwiftUIMKMapView-t.build/Objects-normal/arm64/SwiftUIMKMapView-primary-emit-module.dia -emit-dependencies-path /Users/admin/builder/spi-builder-workspace/.derivedData/Build/Intermediates.noindex/SwiftUIMKMapView.build/Debug/SwiftUIMKMapView-t.build/Objects-normal/arm64/SwiftUIMKMapView-primary-emit-module.d -parse-as-library -o /Users/admin/builder/spi-builder-workspace/.derivedData/Build/Intermediates.noindex/SwiftUIMKMapView.build/Debug/SwiftUIMKMapView-t.build/Objects-normal/arm64/SwiftUIMKMapView.swiftmodule -emit-abi-descriptor-path /Users/admin/builder/spi-builder-workspace/.derivedData/Build/Intermediates.noindex/SwiftUIMKMapView.build/Debug/SwiftUIMKMapView-t.build/Objects-normal/arm64/SwiftUIMKMapView.abi.json
SwiftCompile normal arm64 (in target 'SwiftUIMKMapView' from project 'SwiftUIMKMapView')
    cd /Users/admin/builder/spi-builder-workspace/.swiftpm/xcode

SwiftCompile normal arm64 Compiling\ OverlayRendererFactory.swift /Users/admin/builder/spi-builder-workspace/Sources/SwiftUIMKMapView/OverlayRendererFactory.swift (in target 'SwiftUIMKMapView' from project 'SwiftUIMKMapView')
SwiftCompile normal arm64 /Users/admin/builder/spi-builder-workspace/Sources/SwiftUIMKMapView/OverlayRendererFactory.swift (in target 'SwiftUIMKMapView' from project 'SwiftUIMKMapView')
    cd /Users/admin/builder/spi-builder-workspace/.swiftpm/xcode
    builtin-SwiftPerFileCompile OverlayRendererFactory.swift
SwiftCompile normal arm64 Compiling\ DotAnnotation.swift /Users/admin/builder/spi-builder-workspace/Sources/SwiftUIMKMapView/DotAnnotation.swift (in target 'SwiftUIMKMapView' from project 'SwiftUIMKMapView')
SwiftCompile normal arm64 /Users/admin/builder/spi-builder-workspace/Sources/SwiftUIMKMapView/DotAnnotation.swift (in target 'SwiftUIMKMapView' from project 'SwiftUIMKMapView')
    cd /Users/admin/builder/spi-builder-workspace/.swiftpm/xcode
    builtin-SwiftPerFileCompile DotAnnotation.swift
/Users/admin/builder/spi-builder-workspace/Sources/SwiftUIMKMapView/DotAnnotation.swift:14:12: error: cannot find type 'UIColor' in scope
12 |     size: CGFloat,
13 |     border: CGFloat,
14 |     color: UIColor
   |            `- error: cannot find type 'UIColor' in scope
15 |   ) {
16 |     self.coordinate = coordinate
/Users/admin/builder/spi-builder-workspace/Sources/SwiftUIMKMapView/DotAnnotation.swift:25:14: error: cannot find type 'UIColor' in scope
23 |   let size: CGFloat
24 |   let border: CGFloat
25 |   let color: UIColor
   |              `- error: cannot find type 'UIColor' in scope
26 |
27 |   public override func isEqual(_ object: Any?) -> Bool {
SwiftCompile normal arm64 Compiling\ MapViewCoordinator.swift /Users/admin/builder/spi-builder-workspace/Sources/SwiftUIMKMapView/MapViewCoordinator.swift (in target 'SwiftUIMKMapView' from project 'SwiftUIMKMapView')
SwiftCompile normal arm64 /Users/admin/builder/spi-builder-workspace/Sources/SwiftUIMKMapView/MapViewCoordinator.swift (in target 'SwiftUIMKMapView' from project 'SwiftUIMKMapView')
    cd /Users/admin/builder/spi-builder-workspace/.swiftpm/xcode
    builtin-SwiftPerFileCompile MapViewCoordinator.swift
PruneExplicitPrecompiledModules /Users/admin/builder/spi-builder-workspace/.derivedData/Build/Intermediates.noindex/SwiftExplicitPrecompiledModules
PruneExplicitPrecompiledModules /Users/admin/builder/spi-builder-workspace/.derivedData/Build/Intermediates.noindex/ExplicitPrecompiledModules
PruneExplicitPrecompiledModules /Users/admin/builder/spi-builder-workspace/.derivedData/SDKExplicitPrecompiledModules
2026-09-17 23:31:19.712 xcodebuild[747:4671] [MT] IDERunDestination: Supported platforms for the buildables in the current scheme is empty.
--- xcodebuild: WARNING: Using the first of multiple matching destinations:
{ platform:macOS, arch:arm64, id:26a05c6b58c5094c99e5cf351b418ef869b9e857, name:My Mac }
{ platform:macOS, arch:arm64, variant:Mac Catalyst, id:26a05c6b58c5094c99e5cf351b418ef869b9e857, name:My Mac }
{ platform:macOS, arch:arm64, variant:DriverKit, id:26a05c6b58c5094c99e5cf351b418ef869b9e857, name:My Mac }
{ platform:macOS, arch:arm64, variant:Designed for [iPad,iPhone], id:26a05c6b58c5094c99e5cf351b418ef869b9e857, name:My Mac }
** BUILD FAILED **
The following build commands failed:
	SwiftEmitModule normal arm64 Emitting\ module\ for\ SwiftUIMKMapView (in target 'SwiftUIMKMapView' from project 'SwiftUIMKMapView')
	SwiftCompile normal arm64 (in target 'SwiftUIMKMapView' from project 'SwiftUIMKMapView')
	Building workspace SwiftUIMKMapView with scheme SwiftUIMKMapView
(3 failures)
BUILD FAILURE 6.4 macosXcodebuild