Build Information
Failed to build FluidInterfaceKit, reference main (ca5262), with Swift 6.4 for macOS (SPM) on 5 Oct 2026 11:19:06 UTC.
Build Command
env DEVELOPER_DIR=/Applications/Xcode-27.0.0-Release.Candidate.app xcrun swift build --arch arm64Build Log
========================================
RunAll
========================================
Builder version: 5.1.1
Interrupt handler set up.
========================================
Checkout
========================================
Clone URL: https://github.com/FluidGroup/FluidInterfaceKit.git
Reference: main
Initialized empty Git repository in /Users/admin/builder/spi-builder-workspace/.git/
From https://github.com/FluidGroup/FluidInterfaceKit
* branch main -> FETCH_HEAD
* [new branch] main -> origin/main
HEAD is now at ca52622 Fix demo compatibility after Storybook update (#197)
Cloned https://github.com/FluidGroup/FluidInterfaceKit.git
Revision (git rev-parse @):
ca52622410198ea2922de935943aef1e3bba4080
SPI manifest file found: $PWD/.spi.yml
SUCCESS checkout https://github.com/FluidGroup/FluidInterfaceKit.git at main
========================================
Build
========================================
Selected platform: macosSpm
Swift version: 6.4
Building package at path: $PWD
https://github.com/FluidGroup/FluidInterfaceKit.git
Running build ...
env DEVELOPER_DIR=/Applications/Xcode-27.0.0-Release.Candidate.app xcrun swift build --arch arm64
Building for debugging...
[Computing dependencies]
[Provisioning 5 / 29]
[Pre-planning 1 / 681]
[Planning deferred tasks]
[108 / 231]
Fetching https://github.com/FluidGroup/Rideau.git
Fetching https://github.com/FluidGroup/GeometryKit
Fetching https://github.com/FluidGroup/swift-rubber-banding
Fetching https://github.com/FluidGroup/swiftui-Hosting
Fetching https://github.com/FluidGroup/ResultBuilderKit.git
[1/74] Fetching resultbuilderkit
[50/122] Fetching resultbuilderkit, geometrykit
[98/135] Fetching resultbuilderkit, geometrykit, swift-rubber-banding
[136/2793] Fetching resultbuilderkit, geometrykit, swift-rubber-banding, rideau
[163/3051] Fetching resultbuilderkit, geometrykit, swift-rubber-banding, rideau, swiftui-hosting
Fetched https://github.com/FluidGroup/swiftui-Hosting (0.85s)
[454/2793] Fetching resultbuilderkit, geometrykit, swift-rubber-banding, rideau
Fetched https://github.com/FluidGroup/Rideau.git (3.23s)
Fetched https://github.com/FluidGroup/GeometryKit (3.23s)
Fetched https://github.com/FluidGroup/swift-rubber-banding (3.23s)
Fetched https://github.com/FluidGroup/ResultBuilderKit.git (3.23s)
Computing version for https://github.com/FluidGroup/swift-rubber-banding
Computed https://github.com/FluidGroup/swift-rubber-banding at 1.0.0 (3.86s)
Computing version for https://github.com/FluidGroup/swiftui-Hosting
Computed https://github.com/FluidGroup/swiftui-Hosting at 3.0.0 (0.55s)
Computing version for https://github.com/FluidGroup/GeometryKit
Computed https://github.com/FluidGroup/GeometryKit at 1.1.0 (2.63s)
Computing version for https://github.com/FluidGroup/ResultBuilderKit.git
Computed https://github.com/FluidGroup/ResultBuilderKit.git at 1.3.0 (0.64s)
Computing version for https://github.com/FluidGroup/Rideau.git
Computed https://github.com/FluidGroup/Rideau.git at 2.4.2 (0.64s)
Creating working copy for https://github.com/FluidGroup/swift-rubber-banding
Working copy of https://github.com/FluidGroup/swift-rubber-banding resolved at 1.0.0
Creating working copy for https://github.com/FluidGroup/ResultBuilderKit.git
Working copy of https://github.com/FluidGroup/ResultBuilderKit.git resolved at 1.3.0
Creating working copy for https://github.com/FluidGroup/GeometryKit
Working copy of https://github.com/FluidGroup/GeometryKit resolved at 1.1.0
Creating working copy for https://github.com/FluidGroup/Rideau.git
Working copy of https://github.com/FluidGroup/Rideau.git resolved at 2.4.2
Creating working copy for https://github.com/FluidGroup/swiftui-Hosting
Working copy of https://github.com/FluidGroup/swiftui-Hosting resolved at 3.0.0
error: /Users/admin/builder/spi-builder-workspace/Sources/FluidRuntime/include/FluidRuntime.h:11:9 'UIKit/UIKit.h' file not found
error: ScanDependencies /Users/admin/builder/spi-builder-workspace/.build/out/Intermediates.noindex/FluidInterfaceKit.build/Debug/FluidRuntime-t.build/Objects-normal/arm64/FluidRuntime.o /Users/admin/builder/spi-builder-workspace/Sources/FluidRuntime/FluidRuntime.m normal arm64 objective-c com.apple.compilers.llvm.clang.1_0.compiler failed with a nonzero exit code. Command line: cd /Users/admin/builder
Using response file: /Users/admin/builder/spi-builder-workspace/.build/out/Intermediates.noindex/FluidInterfaceKit.build/Debug/FluidRuntime-t.build/Objects-normal/arm64/e6072d4f65d7061329687fe24e3d63a7-common-args.resp
builtin-ScanDependencies -o /Users/admin/builder/spi-builder-workspace/.build/out/Intermediates.noindex/FluidInterfaceKit.build/Debug/FluidRuntime-t.build/Objects-normal/arm64/FluidRuntime.o.scan -- /Applications/Xcode-27.0.0-Release.Candidate.app/Contents/Developer/Toolchains/XcodeDefault.xctoolchain/usr/bin/clang -x objective-c -ivfsstatcache /Users/admin/builder/spi-builder-workspace/.build/out/SDKStatCaches.noindex/macosx27.0-26A425-80c5bbf1d171475443272936d42f90a36a22442a12e9d48fe1a705f55a1adfc4.sdkstatcache -target arm64-apple-macos12.0 -fmessage-length\=0 -fdiagnostics-show-note-include-stack -fmacro-backtrace-limit\=0 -fcolor-diagnostics -fmodules-prune-interval\=86400 -fmodules-prune-after\=345600 -fbuild-session-file\=/Users/admin/builder/spi-builder-workspace/.build/out/ModuleCache.noindex/Session.modulevalidation -fmodules-validate-once-per-build-session -Wnon-modular-include-in-framework-module -Werror\=non-modular-include-in-framework-module -Wno-trigraphs -Wno-missing-field-initializers -Wno-missing-prototypes -Wno-return-type -Wno-implicit-atomic-properties -Wno-objc-interface-ivars -Wno-arc-repeated-use-of-weak -Wno-missing-braces -Wparentheses -Wswitch -Wno-unused-function -Wno-unused-label -Wno-unused-parameter -Wno-unused-variable -Wunused-value -Wno-empty-body -Wno-uninitialized -Wno-unknown-pragmas -Wno-shadow -Wno-four-char-constants -Wno-conversion -Wno-constant-conversion -Wno-int-conversion -Wno-bool-conversion -Wno-enum-conversion -Wno-float-conversion -Wno-non-literal-null-conversion -Wno-objc-literal-conversion -Wshorten-64-to-32 -Wpointer-sign -Wno-newline-eof -Wno-selector -Wno-strict-selector-match -Wno-undeclared-selector -Wno-deprecated-implementations -Wno-implicit-fallthrough -isysroot /Applications/Xcode-27.0.0-Release.Candidate.app/Contents/Developer/Platforms/MacOSX.platform/Developer/SDKs/MacOSX27.0.sdk -fstrict-aliasing -Wprotocol -Wdeprecated-declarations -Wno-sign-conversion -Wno-infinite-recursion -Wno-comma -Wno-block-capture-autoreleasing -Wno-strict-prototypes -Wno-semicolon-before-method-body -index-store-path /Users/admin/builder/spi-builder-workspace/.build/out @/Users/admin/builder/spi-builder-workspace/.build/out/Intermediates.noindex/FluidInterfaceKit.build/Debug/FluidRuntime-t.build/Objects-normal/arm64/e6072d4f65d7061329687fe24e3d63a7-common-args.resp -MMD -MT dependencies -MF /Users/admin/builder/spi-builder-workspace/.build/out/Intermediates.noindex/FluidInterfaceKit.build/Debug/FluidRuntime-t.build/Objects-normal/arm64/FluidRuntime.d --serialize-diagnostics /Users/admin/builder/spi-builder-workspace/.build/out/Intermediates.noindex/FluidInterfaceKit.build/Debug/FluidRuntime-t.build/Objects-normal/arm64/FluidRuntime.dia -c /Users/admin/builder/spi-builder-workspace/Sources/FluidRuntime/FluidRuntime.m -o /Users/admin/builder/spi-builder-workspace/.build/out/Intermediates.noindex/FluidInterfaceKit.build/Debug/FluidRuntime-t.build/Objects-normal/arm64/FluidRuntime.o -index-unit-output-path /FluidInterfaceKit.build/Debug/FluidRuntime-t.build/Objects-normal/arm64/FluidRuntime.o
error: /Users/admin/builder/spi-builder-workspace/Sources/FluidCore/SafeAreaFinder.swift:8:8 unable to resolve module dependency: 'UIKit'
error: SwiftDriver FluidCore normal arm64 com.apple.xcode.tools.swift.compiler failed with a nonzero exit code. Command line: cd /Users/admin/builder
builtin-SwiftDriver -- /Applications/Xcode-27.0.0-Release.Candidate.app/Contents/Developer/Toolchains/XcodeDefault.xctoolchain/usr/bin/swiftc -parse-as-library -module-name FluidCore -Onone @/Users/admin/builder/spi-builder-workspace/.build/out/Intermediates.noindex/FluidInterfaceKit.build/Debug/FluidCore-t.build/Objects-normal/arm64/FluidCore.SwiftFileList -DSWIFT_PACKAGE -DDEBUG -DSWIFT_MODULE_RESOURCE_BUNDLE_UNAVAILABLE -DXcode -plugin-path /Applications/Xcode-27.0.0-Release.Candidate.app/Contents/Developer/Toolchains/XcodeDefault.xctoolchain/usr/lib/swift/host/plugins/testing -enable-experimental-feature DebugDescriptionMacro -sdk /Applications/Xcode-27.0.0-Release.Candidate.app/Contents/Developer/Platforms/MacOSX.platform/Developer/SDKs/MacOSX27.0.sdk -target arm64-apple-macos12.0 -g -module-cache-path /Users/admin/builder/spi-builder-workspace/.build/out/ModuleCache.noindex -Xfrontend -serialize-debugging-options -enable-testing -index-store-path /Users/admin/builder/spi-builder-workspace/.build/out -Xcc -D_LIBCPP_HARDENING_MODE\=_LIBCPP_HARDENING_MODE_DEBUG -swift-version 6 -I /Users/admin/builder/spi-builder-workspace/.build/out/Products/Debug -Isystem /Applications/Xcode-27.0.0-Release.Candidate.app/Contents/Developer/Platforms/MacOSX.platform/Developer/usr/lib -F /Users/admin/builder/spi-builder-workspace/.build/out/Products/Debug -F /Applications/Xcode-27.0.0-Release.Candidate.app/Contents/Developer/Platforms/MacOSX.platform/Developer/Library/Frameworks -c -j10 -enable-batch-mode -incremental -Xcc -ivfsstatcache -Xcc /Users/admin/builder/spi-builder-workspace/.build/out/SDKStatCaches.noindex/macosx27.0-26A425-80c5bbf1d171475443272936d42f90a36a22442a12e9d48fe1a705f55a1adfc4.sdkstatcache -output-file-map /Users/admin/builder/spi-builder-workspace/.build/out/Intermediates.noindex/FluidInterfaceKit.build/Debug/FluidCore-t.build/Objects-normal/arm64/FluidCore-OutputFileMap.json -save-temps -color-diagnostics -explicit-module-build -module-cache-path /Users/admin/builder/spi-builder-workspace/.build/out/Intermediates.noindex/SwiftExplicitPrecompiledModules -clang-scanner-module-cache-path /Users/admin/builder/spi-builder-workspace/.build/out/ModuleCache.noindex -sdk-module-cache-path /Users/admin/builder/spi-builder-workspace/.build/out/SDKExplicitPrecompiledModules -emit-dependencies -emit-module -emit-module-path /Users/admin/builder/spi-builder-workspace/.build/out/Intermediates.noindex/FluidInterfaceKit.build/Debug/FluidCore-t.build/Objects-normal/arm64/FluidCore.swiftmodule -serialize-diagnostics -dependency-scan-serialize-diagnostics-path /Users/admin/builder/spi-builder-workspace/.build/out/Intermediates.noindex/FluidInterfaceKit.build/Debug/FluidCore-t.build/Objects-normal/arm64/FluidCore-dependency-scan.dia -validate-clang-modules-once -clang-build-session-file /Users/admin/builder/spi-builder-workspace/.build/out/ModuleCache.noindex/Session.modulevalidation -Xcc -fmodules-prune-interval\=86400 -Xcc -fmodules-prune-after\=345600 -package-name spi_builder_workspace -emit-const-values -const-gather-protocols-list /Users/admin/builder/spi-builder-workspace/.build/out/Intermediates.noindex/FluidInterfaceKit.build/Debug/FluidCore-t.build/Objects-normal/arm64/FluidCore_const_extract_protocols.json -Xcc -I/Users/admin/builder/spi-builder-workspace/.build/out/Products/Debug/include -Xcc -I/Users/admin/builder/spi-builder-workspace/.build/out/Intermediates.noindex/FluidInterfaceKit.build/Debug/FluidCore-t.build/DerivedSources-normal/arm64 -Xcc -I/Users/admin/builder/spi-builder-workspace/.build/out/Intermediates.noindex/FluidInterfaceKit.build/Debug/FluidCore-t.build/DerivedSources/arm64 -Xcc -I/Users/admin/builder/spi-builder-workspace/.build/out/Intermediates.noindex/FluidInterfaceKit.build/Debug/FluidCore-t.build/DerivedSources -Xcc -DSWIFT_PACKAGE -Xcc -DDEBUG\=1 -emit-objc-header -emit-objc-header-path /Users/admin/builder/spi-builder-workspace/.build/out/Intermediates.noindex/FluidInterfaceKit.build/Debug/FluidCore-t.build/Objects-normal/arm64/FluidCore-Swift.h -working-directory /Users/admin/builder -experimental-emit-module-separately -disable-cmo
error: /Users/admin/builder/spi-builder-workspace/.build/checkouts/Rideau/Rideau/Core/InternalUtils.swift:24:8 unable to resolve module dependency: 'UIKit'
error: SwiftDriver Rideau normal arm64 com.apple.xcode.tools.swift.compiler failed with a nonzero exit code. Command line: cd /Users/admin/builder
builtin-SwiftDriver -- /Applications/Xcode-27.0.0-Release.Candidate.app/Contents/Developer/Toolchains/XcodeDefault.xctoolchain/usr/bin/swiftc -parse-as-library -module-name Rideau -Onone @/Users/admin/builder/spi-builder-workspace/.build/out/Intermediates.noindex/Rideau.build/Debug/Rideau-t.build/Objects-normal/arm64/Rideau.SwiftFileList -DSWIFT_PACKAGE -DDEBUG -DSWIFT_MODULE_RESOURCE_BUNDLE_UNAVAILABLE -DXcode -plugin-path /Applications/Xcode-27.0.0-Release.Candidate.app/Contents/Developer/Toolchains/XcodeDefault.xctoolchain/usr/lib/swift/host/plugins/testing -enable-experimental-feature DebugDescriptionMacro -sdk /Applications/Xcode-27.0.0-Release.Candidate.app/Contents/Developer/Platforms/MacOSX.platform/Developer/SDKs/MacOSX27.0.sdk -target arm64-apple-macos12.0 -g -module-cache-path /Users/admin/builder/spi-builder-workspace/.build/out/ModuleCache.noindex -Xfrontend -serialize-debugging-options -enable-testing -suppress-warnings -index-store-path /Users/admin/builder/spi-builder-workspace/.build/out -Xcc -D_LIBCPP_HARDENING_MODE\=_LIBCPP_HARDENING_MODE_DEBUG -swift-version 5 -I /Users/admin/builder/spi-builder-workspace/.build/out/Products/Debug -Isystem /Applications/Xcode-27.0.0-Release.Candidate.app/Contents/Developer/Platforms/MacOSX.platform/Developer/usr/lib -F /Users/admin/builder/spi-builder-workspace/.build/out/Products/Debug -F /Applications/Xcode-27.0.0-Release.Candidate.app/Contents/Developer/Platforms/MacOSX.platform/Developer/Library/Frameworks -c -j10 -enable-batch-mode -incremental -Xcc -ivfsstatcache -Xcc /Users/admin/builder/spi-builder-workspace/.build/out/SDKStatCaches.noindex/macosx27.0-26A425-80c5bbf1d171475443272936d42f90a36a22442a12e9d48fe1a705f55a1adfc4.sdkstatcache -output-file-map /Users/admin/builder/spi-builder-workspace/.build/out/Intermediates.noindex/Rideau.build/Debug/Rideau-t.build/Objects-normal/arm64/Rideau-OutputFileMap.json -save-temps -color-diagnostics -explicit-module-build -module-cache-path /Users/admin/builder/spi-builder-workspace/.build/out/Intermediates.noindex/SwiftExplicitPrecompiledModules -clang-scanner-module-cache-path /Users/admin/builder/spi-builder-workspace/.build/out/ModuleCache.noindex -sdk-module-cache-path /Users/admin/builder/spi-builder-workspace/.build/out/SDKExplicitPrecompiledModules -emit-dependencies -emit-module -emit-module-path /Users/admin/builder/spi-builder-workspace/.build/out/Intermediates.noindex/Rideau.build/Debug/Rideau-t.build/Objects-normal/arm64/Rideau.swiftmodule -serialize-diagnostics -dependency-scan-serialize-diagnostics-path /Users/admin/builder/spi-builder-workspace/.build/out/Intermediates.noindex/Rideau.build/Debug/Rideau-t.build/Objects-normal/arm64/Rideau-dependency-scan.dia -validate-clang-modules-once -clang-build-session-file /Users/admin/builder/spi-builder-workspace/.build/out/ModuleCache.noindex/Session.modulevalidation -Xcc -fmodules-prune-interval\=86400 -Xcc -fmodules-prune-after\=345600 -emit-const-values -const-gather-protocols-list /Users/admin/builder/spi-builder-workspace/.build/out/Intermediates.noindex/Rideau.build/Debug/Rideau-t.build/Objects-normal/arm64/Rideau_const_extract_protocols.json -Xcc -I/Users/admin/builder/spi-builder-workspace/.build/out/Products/Debug/include -Xcc -I/Users/admin/builder/spi-builder-workspace/.build/out/Intermediates.noindex/Rideau.build/Debug/Rideau-t.build/DerivedSources-normal/arm64 -Xcc -I/Users/admin/builder/spi-builder-workspace/.build/out/Intermediates.noindex/Rideau.build/Debug/Rideau-t.build/DerivedSources/arm64 -Xcc -I/Users/admin/builder/spi-builder-workspace/.build/out/Intermediates.noindex/Rideau.build/Debug/Rideau-t.build/DerivedSources -Xcc -DSWIFT_PACKAGE -Xcc -DDEBUG\=1 -emit-objc-header -emit-objc-header-path /Users/admin/builder/spi-builder-workspace/.build/out/Intermediates.noindex/Rideau.build/Debug/Rideau-t.build/Objects-normal/arm64/Rideau-Swift.h -working-directory /Users/admin/builder -experimental-emit-module-separately -disable-cmo
error: /Users/admin/builder/spi-builder-workspace/Sources/FluidKeyboardSupport/UIScrollView+HidingKeyboard.swift:1:8 unable to resolve module dependency: 'UIKit'
error: SwiftDriver FluidKeyboardSupport normal arm64 com.apple.xcode.tools.swift.compiler failed with a nonzero exit code. Command line: cd /Users/admin/builder
builtin-SwiftDriver -- /Applications/Xcode-27.0.0-Release.Candidate.app/Contents/Developer/Toolchains/XcodeDefault.xctoolchain/usr/bin/swiftc -parse-as-library -module-name FluidKeyboardSupport -Onone @/Users/admin/builder/spi-builder-workspace/.build/out/Intermediates.noindex/FluidInterfaceKit.build/Debug/FluidKeyboardSupport-t.build/Objects-normal/arm64/FluidKeyboardSupport.SwiftFileList -DSWIFT_PACKAGE -DDEBUG -DSWIFT_MODULE_RESOURCE_BUNDLE_UNAVAILABLE -DXcode -plugin-path /Applications/Xcode-27.0.0-Release.Candidate.app/Contents/Developer/Toolchains/XcodeDefault.xctoolchain/usr/lib/swift/host/plugins/testing -enable-experimental-feature DebugDescriptionMacro -sdk /Applications/Xcode-27.0.0-Release.Candidate.app/Contents/Developer/Platforms/MacOSX.platform/Developer/SDKs/MacOSX27.0.sdk -target arm64-apple-macos12.0 -g -module-cache-path /Users/admin/builder/spi-builder-workspace/.build/out/ModuleCache.noindex -Xfrontend -serialize-debugging-options -enable-testing -index-store-path /Users/admin/builder/spi-builder-workspace/.build/out -Xcc -D_LIBCPP_HARDENING_MODE\=_LIBCPP_HARDENING_MODE_DEBUG -swift-version 6 -I /Users/admin/builder/spi-builder-workspace/.build/out/Products/Debug -Isystem /Applications/Xcode-27.0.0-Release.Candidate.app/Contents/Developer/Platforms/MacOSX.platform/Developer/usr/lib -F /Users/admin/builder/spi-builder-workspace/.build/out/Products/Debug -F /Applications/Xcode-27.0.0-Release.Candidate.app/Contents/Developer/Platforms/MacOSX.platform/Developer/Library/Frameworks -c -j10 -enable-batch-mode -incremental -Xcc -ivfsstatcache -Xcc /Users/admin/builder/spi-builder-workspace/.build/out/SDKStatCaches.noindex/macosx27.0-26A425-80c5bbf1d171475443272936d42f90a36a22442a12e9d48fe1a705f55a1adfc4.sdkstatcache -output-file-map /Users/admin/builder/spi-builder-workspace/.build/out/Intermediates.noindex/FluidInterfaceKit.build/Debug/FluidKeyboardSupport-t.build/Objects-normal/arm64/FluidKeyboardSupport-OutputFileMap.json -save-temps -color-diagnostics -explicit-module-build -module-cache-path /Users/admin/builder/spi-builder-workspace/.build/out/Intermediates.noindex/SwiftExplicitPrecompiledModules -clang-scanner-module-cache-path /Users/admin/builder/spi-builder-workspace/.build/out/ModuleCache.noindex -sdk-module-cache-path /Users/admin/builder/spi-builder-workspace/.build/out/SDKExplicitPrecompiledModules -emit-dependencies -emit-module -emit-module-path /Users/admin/builder/spi-builder-workspace/.build/out/Intermediates.noindex/FluidInterfaceKit.build/Debug/FluidKeyboardSupport-t.build/Objects-normal/arm64/FluidKeyboardSupport.swiftmodule -serialize-diagnostics -dependency-scan-serialize-diagnostics-path /Users/admin/builder/spi-builder-workspace/.build/out/Intermediates.noindex/FluidInterfaceKit.build/Debug/FluidKeyboardSupport-t.build/Objects-normal/arm64/FluidKeyboardSupport-dependency-scan.dia -validate-clang-modules-once -clang-build-session-file /Users/admin/builder/spi-builder-workspace/.build/out/ModuleCache.noindex/Session.modulevalidation -Xcc -fmodules-prune-interval\=86400 -Xcc -fmodules-prune-after\=345600 -package-name spi_builder_workspace -emit-const-values -const-gather-protocols-list /Users/admin/builder/spi-builder-workspace/.build/out/Intermediates.noindex/FluidInterfaceKit.build/Debug/FluidKeyboardSupport-t.build/Objects-normal/arm64/FluidKeyboardSupport_const_extract_protocols.json -Xcc -I/Users/admin/builder/spi-builder-workspace/.build/out/Products/Debug/include -Xcc -I/Users/admin/builder/spi-builder-workspace/.build/out/Intermediates.noindex/FluidInterfaceKit.build/Debug/FluidKeyboardSupport-t.build/DerivedSources-normal/arm64 -Xcc -I/Users/admin/builder/spi-builder-workspace/.build/out/Intermediates.noindex/FluidInterfaceKit.build/Debug/FluidKeyboardSupport-t.build/DerivedSources/arm64 -Xcc -I/Users/admin/builder/spi-builder-workspace/.build/out/Intermediates.noindex/FluidInterfaceKit.build/Debug/FluidKeyboardSupport-t.build/DerivedSources -Xcc -DSWIFT_PACKAGE -Xcc -DDEBUG\=1 -emit-objc-header -emit-objc-header-path /Users/admin/builder/spi-builder-workspace/.build/out/Intermediates.noindex/FluidInterfaceKit.build/Debug/FluidKeyboardSupport-t.build/Objects-normal/arm64/FluidKeyboardSupport-Swift.h -working-directory /Users/admin/builder -experimental-emit-module-separately -disable-cmo
error: clang dependency scanning failure: While building module 'FluidRuntime' imported from module-include.input:1:
In file included from <module-includes>:1:
/Users/admin/builder/spi-builder-workspace/Sources/FluidRuntime/include/FluidRuntime.h:11:9: fatal error: 'UIKit/UIKit.h' file not found
module-include.input:1:5: fatal error: could not build module 'FluidRuntime'
error: /Users/admin/builder/spi-builder-workspace/Sources/FluidPortal/DisplaySource.swift:1:14 unable to resolve module dependency: 'UIKit'
error: /Users/admin/builder/spi-builder-workspace/Sources/FluidPortal/NativePortalView.swift:3:8 unable to resolve module dependency: 'FluidRuntime'
error: clang dependency scanning failure: While building module 'FluidRuntime' imported from module-include.input:1:
In file included from <module-includes>:1:
/Users/admin/builder/spi-builder-workspace/Sources/FluidRuntime/include/FluidRuntime.h:11:9: fatal error: 'UIKit/UIKit.h' file not found
module-include.input:1:5: fatal error: could not build module 'FluidRuntime'
error: SwiftDriver FluidPortal normal arm64 com.apple.xcode.tools.swift.compiler failed with a nonzero exit code. Command line: cd /Users/admin/builder
builtin-SwiftDriver -- /Applications/Xcode-27.0.0-Release.Candidate.app/Contents/Developer/Toolchains/XcodeDefault.xctoolchain/usr/bin/swiftc -parse-as-library -module-name FluidPortal -Onone @/Users/admin/builder/spi-builder-workspace/.build/out/Intermediates.noindex/FluidInterfaceKit.build/Debug/FluidPortal-t.build/Objects-normal/arm64/FluidPortal.SwiftFileList -DSWIFT_PACKAGE -DDEBUG -DSWIFT_MODULE_RESOURCE_BUNDLE_UNAVAILABLE -Xcc -fmodule-map-file\=/Users/admin/builder/spi-builder-workspace/.build/out/Intermediates.noindex/GeneratedModuleMaps/FluidRuntime.modulemap -DXcode -plugin-path /Applications/Xcode-27.0.0-Release.Candidate.app/Contents/Developer/Toolchains/XcodeDefault.xctoolchain/usr/lib/swift/host/plugins/testing -enable-experimental-feature DebugDescriptionMacro -sdk /Applications/Xcode-27.0.0-Release.Candidate.app/Contents/Developer/Platforms/MacOSX.platform/Developer/SDKs/MacOSX27.0.sdk -target arm64-apple-macos12.0 -g -module-cache-path /Users/admin/builder/spi-builder-workspace/.build/out/ModuleCache.noindex -Xfrontend -serialize-debugging-options -enable-testing -index-store-path /Users/admin/builder/spi-builder-workspace/.build/out -Xcc -D_LIBCPP_HARDENING_MODE\=_LIBCPP_HARDENING_MODE_DEBUG -swift-version 6 -I /Users/admin/builder/spi-builder-workspace/.build/out/Products/Debug -Isystem /Applications/Xcode-27.0.0-Release.Candidate.app/Contents/Developer/Platforms/MacOSX.platform/Developer/usr/lib -F /Users/admin/builder/spi-builder-workspace/.build/out/Products/Debug/PackageFrameworks -F /Users/admin/builder/spi-builder-workspace/.build/out/Products/Debug -F /Applications/Xcode-27.0.0-Release.Candidate.app/Contents/Developer/Platforms/MacOSX.platform/Developer/Library/Frameworks -c -j10 -enable-batch-mode -incremental -Xcc -ivfsstatcache -Xcc /Users/admin/builder/spi-builder-workspace/.build/out/SDKStatCaches.noindex/macosx27.0-26A425-80c5bbf1d171475443272936d42f90a36a22442a12e9d48fe1a705f55a1adfc4.sdkstatcache -output-file-map /Users/admin/builder/spi-builder-workspace/.build/out/Intermediates.noindex/FluidInterfaceKit.build/Debug/FluidPortal-t.build/Objects-normal/arm64/FluidPortal-OutputFileMap.json -save-temps -color-diagnostics -explicit-module-build -module-cache-path /Users/admin/builder/spi-builder-workspace/.build/out/Intermediates.noindex/SwiftExplicitPrecompiledModules -clang-scanner-module-cache-path /Users/admin/builder/spi-builder-workspace/.build/out/ModuleCache.noindex -sdk-module-cache-path /Users/admin/builder/spi-builder-workspace/.build/out/SDKExplicitPrecompiledModules -emit-dependencies -emit-module -emit-module-path /Users/admin/builder/spi-builder-workspace/.build/out/Intermediates.noindex/FluidInterfaceKit.build/Debug/FluidPortal-t.build/Objects-normal/arm64/FluidPortal.swiftmodule -serialize-diagnostics -dependency-scan-serialize-diagnostics-path /Users/admin/builder/spi-builder-workspace/.build/out/Intermediates.noindex/FluidInterfaceKit.build/Debug/FluidPortal-t.build/Objects-normal/arm64/FluidPortal-dependency-scan.dia -validate-clang-modules-once -clang-build-session-file /Users/admin/builder/spi-builder-workspace/.build/out/ModuleCache.noindex/Session.modulevalidation -Xcc -fmodules-prune-interval\=86400 -Xcc -fmodules-prune-after\=345600 -package-name spi_builder_workspace -emit-const-values -const-gather-protocols-list /Users/admin/builder/spi-builder-workspace/.build/out/Intermediates.noindex/FluidInterfaceKit.build/Debug/FluidPortal-t.build/Objects-normal/arm64/FluidPortal_const_extract_protocols.json -Xcc -I/Users/admin/builder/spi-builder-workspace/Sources/FluidRuntime/include -Xcc -I/Users/admin/builder/spi-builder-workspace/.build/out/Products/Debug/include -Xcc -I/Users/admin/builder/spi-builder-workspace/.build/out/Intermediates.noindex/FluidInterfaceKit.build/Debug/FluidPortal-t.build/DerivedSources-normal/arm64 -Xcc -I/Users/admin/builder/spi-builder-workspace/.build/out/Intermediates.noindex/FluidInterfaceKit.build/Debug/FluidPortal-t.build/DerivedSources/arm64 -Xcc -I/Users/admin/builder/spi-builder-workspace/.build/out/Intermediates.noindex/FluidInterfaceKit.build/Debug/FluidPortal-t.build/DerivedSources -Xcc -DSWIFT_PACKAGE -Xcc -DDEBUG\=1 -emit-objc-header -emit-objc-header-path /Users/admin/builder/spi-builder-workspace/.build/out/Intermediates.noindex/FluidInterfaceKit.build/Debug/FluidPortal-t.build/Objects-normal/arm64/FluidPortal-Swift.h -working-directory /Users/admin/builder -experimental-emit-module-separately -disable-cmo
error: /Users/admin/builder/spi-builder-workspace/.build/checkouts/swiftui-Hosting/Sources/SwiftUIHosting/UIResponder+.swift:1:8 unable to resolve module dependency: 'UIKit'
error: SwiftDriver SwiftUIHosting normal arm64 com.apple.xcode.tools.swift.compiler failed with a nonzero exit code. Command line: cd /Users/admin/builder
builtin-SwiftDriver -- /Applications/Xcode-27.0.0-Release.Candidate.app/Contents/Developer/Toolchains/XcodeDefault.xctoolchain/usr/bin/swiftc -parse-as-library -module-name SwiftUIHosting -Onone @/Users/admin/builder/spi-builder-workspace/.build/out/Intermediates.noindex/swiftui-hosting.build/Debug/SwiftUIHosting-t.build/Objects-normal/arm64/SwiftUIHosting.SwiftFileList -DSWIFT_PACKAGE -DDEBUG -DSWIFT_MODULE_RESOURCE_BUNDLE_UNAVAILABLE -DXcode -plugin-path /Applications/Xcode-27.0.0-Release.Candidate.app/Contents/Developer/Toolchains/XcodeDefault.xctoolchain/usr/lib/swift/host/plugins/testing -enable-experimental-feature DebugDescriptionMacro -sdk /Applications/Xcode-27.0.0-Release.Candidate.app/Contents/Developer/Platforms/MacOSX.platform/Developer/SDKs/MacOSX27.0.sdk -target arm64-apple-macos12.0 -g -module-cache-path /Users/admin/builder/spi-builder-workspace/.build/out/ModuleCache.noindex -Xfrontend -serialize-debugging-options -enable-testing -suppress-warnings -index-store-path /Users/admin/builder/spi-builder-workspace/.build/out -Xcc -D_LIBCPP_HARDENING_MODE\=_LIBCPP_HARDENING_MODE_DEBUG -swift-version 6 -I /Users/admin/builder/spi-builder-workspace/.build/out/Products/Debug -Isystem /Applications/Xcode-27.0.0-Release.Candidate.app/Contents/Developer/Platforms/MacOSX.platform/Developer/usr/lib -F /Users/admin/builder/spi-builder-workspace/.build/out/Products/Debug -F /Applications/Xcode-27.0.0-Release.Candidate.app/Contents/Developer/Platforms/MacOSX.platform/Developer/Library/Frameworks -c -j10 -enable-batch-mode -incremental -Xcc -ivfsstatcache -Xcc /Users/admin/builder/spi-builder-workspace/.build/out/SDKStatCaches.noindex/macosx27.0-26A425-80c5bbf1d171475443272936d42f90a36a22442a12e9d48fe1a705f55a1adfc4.sdkstatcache -output-file-map /Users/admin/builder/spi-builder-workspace/.build/out/Intermediates.noindex/swiftui-hosting.build/Debug/SwiftUIHosting-t.build/Objects-normal/arm64/SwiftUIHosting-OutputFileMap.json -save-temps -color-diagnostics -explicit-module-build -module-cache-path /Users/admin/builder/spi-builder-workspace/.build/out/Intermediates.noindex/SwiftExplicitPrecompiledModules -clang-scanner-module-cache-path /Users/admin/builder/spi-builder-workspace/.build/out/ModuleCache.noindex -sdk-module-cache-path /Users/admin/builder/spi-builder-workspace/.build/out/SDKExplicitPrecompiledModules -emit-dependencies -emit-module -emit-module-path /Users/admin/builder/spi-builder-workspace/.build/out/Intermediates.noindex/swiftui-hosting.build/Debug/SwiftUIHosting-t.build/Objects-normal/arm64/SwiftUIHosting.swiftmodule -serialize-diagnostics -dependency-scan-serialize-diagnostics-path /Users/admin/builder/spi-builder-workspace/.build/out/Intermediates.noindex/swiftui-hosting.build/Debug/SwiftUIHosting-t.build/Objects-normal/arm64/SwiftUIHosting-dependency-scan.dia -user-module-version 3.0.0 -validate-clang-modules-once -clang-build-session-file /Users/admin/builder/spi-builder-workspace/.build/out/ModuleCache.noindex/Session.modulevalidation -Xcc -fmodules-prune-interval\=86400 -Xcc -fmodules-prune-after\=345600 -package-name swiftui_hosting -emit-const-values -const-gather-protocols-list /Users/admin/builder/spi-builder-workspace/.build/out/Intermediates.noindex/swiftui-hosting.build/Debug/SwiftUIHosting-t.build/Objects-normal/arm64/SwiftUIHosting_const_extract_protocols.json -Xcc -I/Users/admin/builder/spi-builder-workspace/.build/out/Products/Debug/include -Xcc -I/Users/admin/builder/spi-builder-workspace/.build/out/Intermediates.noindex/swiftui-hosting.build/Debug/SwiftUIHosting-t.build/DerivedSources-normal/arm64 -Xcc -I/Users/admin/builder/spi-builder-workspace/.build/out/Intermediates.noindex/swiftui-hosting.build/Debug/SwiftUIHosting-t.build/DerivedSources/arm64 -Xcc -I/Users/admin/builder/spi-builder-workspace/.build/out/Intermediates.noindex/swiftui-hosting.build/Debug/SwiftUIHosting-t.build/DerivedSources -Xcc -DSWIFT_PACKAGE -Xcc -DDEBUG\=1 -emit-objc-header -emit-objc-header-path /Users/admin/builder/spi-builder-workspace/.build/out/Intermediates.noindex/swiftui-hosting.build/Debug/SwiftUIHosting-t.build/Objects-normal/arm64/SwiftUIHosting-Swift.h -working-directory /Users/admin/builder -experimental-emit-module-separately -disable-cmo
error: Build failed
BUILD FAILURE 6.4 macosSpm