The Swift Package Index logo.Swift Package Index

Build Information

Failed to build Complex with Swift 5.9 for watchOS using Xcode 15.2 at main.

Build Command

env DEVELOPER_DIR="/Applications/Xcode-15.0.0-Beta.app" xcrun xcodebuild -IDEClonedSourcePackagesDirPathOverride="$PWD/.dependencies" -derivedDataPath "$PWD/.derivedData" build -scheme Complex-Package -destination "generic/platform=watchos"

Build Log

SwiftCompile normal armv7k Compiling\ XCTestManifests.swift /Users/builder/builds/TDmZkXJm/0/finestructure/swiftpackageindex-builder/spi-builder-workspace/Tests/ComplexTests/XCTestManifests.swift (in target 'ComplexTests' from project 'Complex')
    cd /Users/builder/builds/TDmZkXJm/0/finestructure/swiftpackageindex-builder/spi-builder-workspace
    builtin-swiftTaskExecution -- /Applications/Xcode-15.0.0-Beta.app/Contents/Developer/Toolchains/XcodeDefault.xctoolchain/usr/bin/swift-frontend -frontend -c /Users/builder/builds/TDmZkXJm/0/finestructure/swiftpackageindex-builder/spi-builder-workspace/Tests/ComplexTests/ComplexTests.swift /Users/builder/builds/TDmZkXJm/0/finestructure/swiftpackageindex-builder/spi-builder-workspace/Tests/ComplexTests/GaussianIntTests.swift -primary-file /Users/builder/builds/TDmZkXJm/0/finestructure/swiftpackageindex-builder/spi-builder-workspace/Tests/ComplexTests/XCTestManifests.swift -emit-dependencies-path /Users/builder/builds/TDmZkXJm/0/finestructure/swiftpackageindex-builder/spi-builder-workspace/.derivedData/Build/Intermediates.noindex/Complex.build/Debug-watchos/ComplexTests.build/Objects-normal/armv7k/XCTestManifests.d -emit-const-values-path /Users/builder/builds/TDmZkXJm/0/finestructure/swiftpackageindex-builder/spi-builder-workspace/.derivedData/Build/Intermediates.noindex/Complex.build/Debug-watchos/ComplexTests.build/Objects-normal/armv7k/XCTestManifests.swiftconstvalues -emit-reference-dependencies-path /Users/builder/builds/TDmZkXJm/0/finestructure/swiftpackageindex-builder/spi-builder-workspace/.derivedData/Build/Intermediates.noindex/Complex.build/Debug-watchos/ComplexTests.build/Objects-normal/armv7k/XCTestManifests.swiftdeps -serialize-diagnostics-path /Users/builder/builds/TDmZkXJm/0/finestructure/swiftpackageindex-builder/spi-builder-workspace/.derivedData/Build/Intermediates.noindex/Complex.build/Debug-watchos/ComplexTests.build/Objects-normal/armv7k/XCTestManifests.dia -target armv7k-apple-watchos5.0 -enable-objc-interop -sdk /Applications/Xcode-15.0.0-Beta.app/Contents/Developer/Platforms/WatchOS.platform/Developer/SDKs/WatchOS10.0.sdk -I /Users/builder/builds/TDmZkXJm/0/finestructure/swiftpackageindex-builder/spi-builder-workspace/.derivedData/Build/Products/Debug-watchos -I /Applications/Xcode-15.0.0-Beta.app/Contents/Developer/Platforms/WatchOS.platform/Developer/usr/lib -F /Users/builder/builds/TDmZkXJm/0/finestructure/swiftpackageindex-builder/spi-builder-workspace/.derivedData/Build/Products/Debug-watchos/PackageFrameworks -F /Users/builder/builds/TDmZkXJm/0/finestructure/swiftpackageindex-builder/spi-builder-workspace/.derivedData/Build/Products/Debug-watchos -F /Applications/Xcode-15.0.0-Beta.app/Contents/Developer/Platforms/WatchOS.platform/Developer/Library/Frameworks -F /Applications/Xcode-15.0.0-Beta.app/Contents/Developer/Platforms/WatchOS.platform/Developer/SDKs/WatchOS10.0.sdk/Developer/Library/Frameworks -no-color-diagnostics -enable-testing -g -module-cache-path /Users/builder/builds/TDmZkXJm/0/finestructure/swiftpackageindex-builder/spi-builder-workspace/.derivedData/ModuleCache.noindex -swift-version 4 -enforce-exclusivity\=checked -Onone -D SWIFT_PACKAGE -D DEBUG -D Xcode -serialize-debugging-options -const-gather-protocols-file /Users/builder/builds/TDmZkXJm/0/finestructure/swiftpackageindex-builder/spi-builder-workspace/.derivedData/Build/Intermediates.noindex/Complex.build/Debug-watchos/ComplexTests.build/Objects-normal/armv7k/ComplexTests_const_extract_protocols.json -empty-abi-descriptor -plugin-path /Applications/Xcode-15.0.0-Beta.app/Contents/Developer/Toolchains/XcodeDefault.xctoolchain/usr/lib/swift/host/plugins -plugin-path /Applications/Xcode-15.0.0-Beta.app/Contents/Developer/Toolchains/XcodeDefault.xctoolchain/usr/local/lib/swift/host/plugins -validate-clang-modules-once -clang-build-session-file /Users/builder/builds/TDmZkXJm/0/finestructure/swiftpackageindex-builder/spi-builder-workspace/.derivedData/ModuleCache.noindex/Session.modulevalidation -Xcc -working-directory -Xcc /Users/builder/builds/TDmZkXJm/0/finestructure/swiftpackageindex-builder/spi-builder-workspace -resource-dir /Applications/Xcode-15.0.0-Beta.app/Contents/Developer/Toolchains/XcodeDefault.xctoolchain/usr/lib/swift -enable-anonymous-context-mangled-names -Xcc -ivfsstatcache -Xcc /Users/builder/builds/TDmZkXJm/0/finestructure/swiftpackageindex-builder/spi-builder-workspace/.derivedData/SDKStatCaches.noindex/watchos10.0-21R5275s-8db995917c4b1d9e1a16e7199e9e13bb.sdkstatcache -Xcc -I/Users/builder/builds/TDmZkXJm/0/finestructure/swiftpackageindex-builder/spi-builder-workspace/.derivedData/Build/Products/Debug-watchos/include -Xcc -I/Users/builder/builds/TDmZkXJm/0/finestructure/swiftpackageindex-builder/spi-builder-workspace/.derivedData/Build/Intermediates.noindex/Complex.build/Debug-watchos/ComplexTests.build/DerivedSources-normal/armv7k -Xcc -I/Users/builder/builds/TDmZkXJm/0/finestructure/swiftpackageindex-builder/spi-builder-workspace/.derivedData/Build/Intermediates.noindex/Complex.build/Debug-watchos/ComplexTests.build/DerivedSources/armv7k -Xcc -I/Users/builder/builds/TDmZkXJm/0/finestructure/swiftpackageindex-builder/spi-builder-workspace/.derivedData/Build/Intermediates.noindex/Complex.build/Debug-watchos/ComplexTests.build/DerivedSources -Xcc -DSWIFT_PACKAGE -Xcc -DDEBUG\=1 -module-name ComplexTests -frontend-parseable-output -disable-clang-spi -target-sdk-version 10.0 -target-sdk-name watchos10.0 -o /Users/builder/builds/TDmZkXJm/0/finestructure/swiftpackageindex-builder/spi-builder-workspace/.derivedData/Build/Intermediates.noindex/Complex.build/Debug-watchos/ComplexTests.build/Objects-normal/armv7k/XCTestManifests.o -index-unit-output-path /Complex.build/Debug-watchos/ComplexTests.build/Objects-normal/armv7k/XCTestManifests.o -index-store-path /Users/builder/builds/TDmZkXJm/0/finestructure/swiftpackageindex-builder/spi-builder-workspace/.derivedData/Index.noindex/DataStore -index-system-modules

SwiftCompile normal armv7k /Users/builder/builds/TDmZkXJm/0/finestructure/swiftpackageindex-builder/spi-builder-workspace/Tests/ComplexTests/XCTestManifests.swift (in target 'ComplexTests' from project 'Complex')
    cd /Users/builder/builds/TDmZkXJm/0/finestructure/swiftpackageindex-builder/spi-builder-workspace
    /Applications/Xcode-15.0.0-Beta.app/Contents/Developer/Toolchains/XcodeDefault.xctoolchain/usr/bin/swift-frontend -c /Users/builder/builds/TDmZkXJm/0/finestructure/swiftpackageindex-builder/spi-builder-workspace/Tests/ComplexTests/ComplexTests.swift /Users/builder/builds/TDmZkXJm/0/finestructure/swiftpackageindex-builder/spi-builder-workspace/Tests/ComplexTests/GaussianIntTests.swift -primary-file /Users/builder/builds/TDmZkXJm/0/finestructure/swiftpackageindex-builder/spi-builder-workspace/Tests/ComplexTests/XCTestManifests.swift -emit-dependencies-path /Users/builder/builds/TDmZkXJm/0/finestructure/swiftpackageindex-builder/spi-builder-workspace/.derivedData/Build/Intermediates.noindex/Complex.build/Debug-watchos/ComplexTests.build/Objects-normal/armv7k/XCTestManifests.d -emit-const-values-path /Users/builder/builds/TDmZkXJm/0/finestructure/swiftpackageindex-builder/spi-builder-workspace/.derivedData/Build/Intermediates.noindex/Complex.build/Debug-watchos/ComplexTests.build/Objects-normal/armv7k/XCTestManifests.swiftconstvalues -emit-reference-dependencies-path /Users/builder/builds/TDmZkXJm/0/finestructure/swiftpackageindex-builder/spi-builder-workspace/.derivedData/Build/Intermediates.noindex/Complex.build/Debug-watchos/ComplexTests.build/Objects-normal/armv7k/XCTestManifests.swiftdeps -serialize-diagnostics-path /Users/builder/builds/TDmZkXJm/0/finestructure/swiftpackageindex-builder/spi-builder-workspace/.derivedData/Build/Intermediates.noindex/Complex.build/Debug-watchos/ComplexTests.build/Objects-normal/armv7k/XCTestManifests.dia -target armv7k-apple-watchos5.0 -enable-objc-interop -sdk /Applications/Xcode-15.0.0-Beta.app/Contents/Developer/Platforms/WatchOS.platform/Developer/SDKs/WatchOS10.0.sdk -I /Users/builder/builds/TDmZkXJm/0/finestructure/swiftpackageindex-builder/spi-builder-workspace/.derivedData/Build/Products/Debug-watchos -I /Applications/Xcode-15.0.0-Beta.app/Contents/Developer/Platforms/WatchOS.platform/Developer/usr/lib -F /Users/builder/builds/TDmZkXJm/0/finestructure/swiftpackageindex-builder/spi-builder-workspace/.derivedData/Build/Products/Debug-watchos/PackageFrameworks -F /Users/builder/builds/TDmZkXJm/0/finestructure/swiftpackageindex-builder/spi-builder-workspace/.derivedData/Build/Products/Debug-watchos -F /Applications/Xcode-15.0.0-Beta.app/Contents/Developer/Platforms/WatchOS.platform/Developer/Library/Frameworks -F /Applications/Xcode-15.0.0-Beta.app/Contents/Developer/Platforms/WatchOS.platform/Developer/SDKs/WatchOS10.0.sdk/Developer/Library/Frameworks -no-color-diagnostics -enable-testing -g -module-cache-path /Users/builder/builds/TDmZkXJm/0/finestructure/swiftpackageindex-builder/spi-builder-workspace/.derivedData/ModuleCache.noindex -swift-version 4 -enforce-exclusivity\=checked -Onone -D SWIFT_PACKAGE -D DEBUG -D Xcode -serialize-debugging-options -const-gather-protocols-file /Users/builder/builds/TDmZkXJm/0/finestructure/swiftpackageindex-builder/spi-builder-workspace/.derivedData/Build/Intermediates.noindex/Complex.build/Debug-watchos/ComplexTests.build/Objects-normal/armv7k/ComplexTests_const_extract_protocols.json -empty-abi-descriptor -plugin-path /Applications/Xcode-15.0.0-Beta.app/Contents/Developer/Toolchains/XcodeDefault.xctoolchain/usr/lib/swift/host/plugins -plugin-path /Applications/Xcode-15.0.0-Beta.app/Contents/Developer/Toolchains/XcodeDefault.xctoolchain/usr/local/lib/swift/host/plugins -validate-clang-modules-once -clang-build-session-file /Users/builder/builds/TDmZkXJm/0/finestructure/swiftpackageindex-builder/spi-builder-workspace/.derivedData/ModuleCache.noindex/Session.modulevalidation -Xcc -working-directory -Xcc /Users/builder/builds/TDmZkXJm/0/finestructure/swiftpackageindex-builder/spi-builder-workspace -resource-dir /Applications/Xcode-15.0.0-Beta.app/Contents/Developer/Toolchains/XcodeDefault.xctoolchain/usr/lib/swift -enable-anonymous-context-mangled-names -Xcc -ivfsstatcache -Xcc /Users/builder/builds/TDmZkXJm/0/finestructure/swiftpackageindex-builder/spi-builder-workspace/.derivedData/SDKStatCaches.noindex/watchos10.0-21R5275s-8db995917c4b1d9e1a16e7199e9e13bb.sdkstatcache -Xcc -I/Users/builder/builds/TDmZkXJm/0/finestructure/swiftpackageindex-builder/spi-builder-workspace/.derivedData/Build/Products/Debug-watchos/include -Xcc -I/Users/builder/builds/TDmZkXJm/0/finestructure/swiftpackageindex-builder/spi-builder-workspace/.derivedData/Build/Intermediates.noindex/Complex.build/Debug-watchos/ComplexTests.build/DerivedSources-normal/armv7k -Xcc -I/Users/builder/builds/TDmZkXJm/0/finestructure/swiftpackageindex-builder/spi-builder-workspace/.derivedData/Build/Intermediates.noindex/Complex.build/Debug-watchos/ComplexTests.build/DerivedSources/armv7k -Xcc -I/Users/builder/builds/TDmZkXJm/0/finestructure/swiftpackageindex-builder/spi-builder-workspace/.derivedData/Build/Intermediates.noindex/Complex.build/Debug-watchos/ComplexTests.build/DerivedSources -Xcc -DSWIFT_PACKAGE -Xcc -DDEBUG\=1 -module-name ComplexTests -frontend-parseable-output -disable-clang-spi -target-sdk-version 10.0 -target-sdk-name watchos10.0 -o /Users/builder/builds/TDmZkXJm/0/finestructure/swiftpackageindex-builder/spi-builder-workspace/.derivedData/Build/Intermediates.noindex/Complex.build/Debug-watchos/ComplexTests.build/Objects-normal/armv7k/XCTestManifests.o -index-unit-output-path /Complex.build/Debug-watchos/ComplexTests.build/Objects-normal/armv7k/XCTestManifests.o -index-store-path /Users/builder/builds/TDmZkXJm/0/finestructure/swiftpackageindex-builder/spi-builder-workspace/.derivedData/Index.noindex/DataStore -index-system-modules
/Users/builder/builds/TDmZkXJm/0/finestructure/swiftpackageindex-builder/spi-builder-workspace/Tests/ComplexTests/XCTestManifests.swift:4:28: error: cannot find type 'XCTestCaseEntry' in scope
public func allTests() -> [XCTestCaseEntry] {
                           ^~~~~~~~~~~~~~~
SwiftDriverJobDiscovery normal armv7k Compiling FloatingPointMath.swift (in target 'Complex' from project 'Complex')
SwiftEmitModule normal arm64 Emitting\ module\ for\ ComplexTests (in target 'ComplexTests' from project 'Complex')
    cd /Users/builder/builds/TDmZkXJm/0/finestructure/swiftpackageindex-builder/spi-builder-workspace
    builtin-swiftTaskExecution -- /Applications/Xcode-15.0.0-Beta.app/Contents/Developer/Toolchains/XcodeDefault.xctoolchain/usr/bin/swift-frontend -frontend -emit-module -experimental-skip-non-inlinable-function-bodies-without-types /Users/builder/builds/TDmZkXJm/0/finestructure/swiftpackageindex-builder/spi-builder-workspace/Tests/ComplexTests/ComplexTests.swift /Users/builder/builds/TDmZkXJm/0/finestructure/swiftpackageindex-builder/spi-builder-workspace/Tests/ComplexTests/GaussianIntTests.swift /Users/builder/builds/TDmZkXJm/0/finestructure/swiftpackageindex-builder/spi-builder-workspace/Tests/ComplexTests/XCTestManifests.swift -target arm64-apple-watchos5.0 -Xllvm -aarch64-use-tbi -enable-objc-interop -sdk /Applications/Xcode-15.0.0-Beta.app/Contents/Developer/Platforms/WatchOS.platform/Developer/SDKs/WatchOS10.0.sdk -I /Users/builder/builds/TDmZkXJm/0/finestructure/swiftpackageindex-builder/spi-builder-workspace/.derivedData/Build/Products/Debug-watchos -I /Applications/Xcode-15.0.0-Beta.app/Contents/Developer/Platforms/WatchOS.platform/Developer/usr/lib -F /Users/builder/builds/TDmZkXJm/0/finestructure/swiftpackageindex-builder/spi-builder-workspace/.derivedData/Build/Products/Debug-watchos/PackageFrameworks -F /Users/builder/builds/TDmZkXJm/0/finestructure/swiftpackageindex-builder/spi-builder-workspace/.derivedData/Build/Products/Debug-watchos -F /Applications/Xcode-15.0.0-Beta.app/Contents/Developer/Platforms/WatchOS.platform/Developer/Library/Frameworks -F /Applications/Xcode-15.0.0-Beta.app/Contents/Developer/Platforms/WatchOS.platform/Developer/SDKs/WatchOS10.0.sdk/Developer/Library/Frameworks -no-color-diagnostics -enable-testing -g -module-cache-path /Users/builder/builds/TDmZkXJm/0/finestructure/swiftpackageindex-builder/spi-builder-workspace/.derivedData/ModuleCache.noindex -swift-version 4 -enforce-exclusivity\=checked -Onone -D SWIFT_PACKAGE -D DEBUG -D Xcode -serialize-debugging-options -const-gather-protocols-file /Users/builder/builds/TDmZkXJm/0/finestructure/swiftpackageindex-builder/spi-builder-workspace/.derivedData/Build/Intermediates.noindex/Complex.build/Debug-watchos/ComplexTests.build/Objects-normal/arm64/ComplexTests_const_extract_protocols.json -empty-abi-descriptor -plugin-path /Applications/Xcode-15.0.0-Beta.app/Contents/Developer/Toolchains/XcodeDefault.xctoolchain/usr/lib/swift/host/plugins -plugin-path /Applications/Xcode-15.0.0-Beta.app/Contents/Developer/Toolchains/XcodeDefault.xctoolchain/usr/local/lib/swift/host/plugins -validate-clang-modules-once -clang-build-session-file /Users/builder/builds/TDmZkXJm/0/finestructure/swiftpackageindex-builder/spi-builder-workspace/.derivedData/ModuleCache.noindex/Session.modulevalidation -Xcc -working-directory -Xcc /Users/builder/builds/TDmZkXJm/0/finestructure/swiftpackageindex-builder/spi-builder-workspace -resource-dir /Applications/Xcode-15.0.0-Beta.app/Contents/Developer/Toolchains/XcodeDefault.xctoolchain/usr/lib/swift -enable-anonymous-context-mangled-names -Xcc -ivfsstatcache -Xcc /Users/builder/builds/TDmZkXJm/0/finestructure/swiftpackageindex-builder/spi-builder-workspace/.derivedData/SDKStatCaches.noindex/watchos10.0-21R5275s-8db995917c4b1d9e1a16e7199e9e13bb.sdkstatcache -Xcc -I/Users/builder/builds/TDmZkXJm/0/finestructure/swiftpackageindex-builder/spi-builder-workspace/.derivedData/Build/Products/Debug-watchos/include -Xcc -I/Users/builder/builds/TDmZkXJm/0/finestructure/swiftpackageindex-builder/spi-builder-workspace/.derivedData/Build/Intermediates.noindex/Complex.build/Debug-watchos/ComplexTests.build/DerivedSources-normal/arm64 -Xcc -I/Users/builder/builds/TDmZkXJm/0/finestructure/swiftpackageindex-builder/spi-builder-workspace/.derivedData/Build/Intermediates.noindex/Complex.build/Debug-watchos/ComplexTests.build/DerivedSources/arm64 -Xcc -I/Users/builder/builds/TDmZkXJm/0/finestructure/swiftpackageindex-builder/spi-builder-workspace/.derivedData/Build/Intermediates.noindex/Complex.build/Debug-watchos/ComplexTests.build/DerivedSources -Xcc -DSWIFT_PACKAGE -Xcc -DDEBUG\=1 -module-name ComplexTests -disable-clang-spi -target-sdk-version 10.0 -target-sdk-name watchos10.0 -emit-module-doc-path /Users/builder/builds/TDmZkXJm/0/finestructure/swiftpackageindex-builder/spi-builder-workspace/.derivedData/Build/Intermediates.noindex/Complex.build/Debug-watchos/ComplexTests.build/Objects-normal/arm64/ComplexTests.swiftdoc -emit-module-source-info-path /Users/builder/builds/TDmZkXJm/0/finestructure/swiftpackageindex-builder/spi-builder-workspace/.derivedData/Build/Intermediates.noindex/Complex.build/Debug-watchos/ComplexTests.build/Objects-normal/arm64/ComplexTests.swiftsourceinfo -serialize-diagnostics-path /Users/builder/builds/TDmZkXJm/0/finestructure/swiftpackageindex-builder/spi-builder-workspace/.derivedData/Build/Intermediates.noindex/Complex.build/Debug-watchos/ComplexTests.build/Objects-normal/arm64/ComplexTests-master-emit-module.dia -emit-dependencies-path /Users/builder/builds/TDmZkXJm/0/finestructure/swiftpackageindex-builder/spi-builder-workspace/.derivedData/Build/Intermediates.noindex/Complex.build/Debug-watchos/ComplexTests.build/Objects-normal/arm64/ComplexTests-master-emit-module.d -o /Users/builder/builds/TDmZkXJm/0/finestructure/swiftpackageindex-builder/spi-builder-workspace/.derivedData/Build/Intermediates.noindex/Complex.build/Debug-watchos/ComplexTests.build/Objects-normal/arm64/ComplexTests.swiftmodule -emit-abi-descriptor-path /Users/builder/builds/TDmZkXJm/0/finestructure/swiftpackageindex-builder/spi-builder-workspace/.derivedData/Build/Intermediates.noindex/Complex.build/Debug-watchos/ComplexTests.build/Objects-normal/arm64/ComplexTests.abi.json

SwiftEmitModule normal arm64_32 Emitting\ module\ for\ ComplexTests (in target 'ComplexTests' from project 'Complex')
    cd /Users/builder/builds/TDmZkXJm/0/finestructure/swiftpackageindex-builder/spi-builder-workspace
    builtin-swiftTaskExecution -- /Applications/Xcode-15.0.0-Beta.app/Contents/Developer/Toolchains/XcodeDefault.xctoolchain/usr/bin/swift-frontend -frontend -emit-module -experimental-skip-non-inlinable-function-bodies-without-types /Users/builder/builds/TDmZkXJm/0/finestructure/swiftpackageindex-builder/spi-builder-workspace/Tests/ComplexTests/ComplexTests.swift /Users/builder/builds/TDmZkXJm/0/finestructure/swiftpackageindex-builder/spi-builder-workspace/Tests/ComplexTests/GaussianIntTests.swift /Users/builder/builds/TDmZkXJm/0/finestructure/swiftpackageindex-builder/spi-builder-workspace/Tests/ComplexTests/XCTestManifests.swift -target arm64_32-apple-watchos5.0 -enable-objc-interop -sdk /Applications/Xcode-15.0.0-Beta.app/Contents/Developer/Platforms/WatchOS.platform/Developer/SDKs/WatchOS10.0.sdk -I /Users/builder/builds/TDmZkXJm/0/finestructure/swiftpackageindex-builder/spi-builder-workspace/.derivedData/Build/Products/Debug-watchos -I /Applications/Xcode-15.0.0-Beta.app/Contents/Developer/Platforms/WatchOS.platform/Developer/usr/lib -F /Users/builder/builds/TDmZkXJm/0/finestructure/swiftpackageindex-builder/spi-builder-workspace/.derivedData/Build/Products/Debug-watchos/PackageFrameworks -F /Users/builder/builds/TDmZkXJm/0/finestructure/swiftpackageindex-builder/spi-builder-workspace/.derivedData/Build/Products/Debug-watchos -F /Applications/Xcode-15.0.0-Beta.app/Contents/Developer/Platforms/WatchOS.platform/Developer/Library/Frameworks -F /Applications/Xcode-15.0.0-Beta.app/Contents/Developer/Platforms/WatchOS.platform/Developer/SDKs/WatchOS10.0.sdk/Developer/Library/Frameworks -no-color-diagnostics -enable-testing -g -module-cache-path /Users/builder/builds/TDmZkXJm/0/finestructure/swiftpackageindex-builder/spi-builder-workspace/.derivedData/ModuleCache.noindex -swift-version 4 -enforce-exclusivity\=checked -Onone -D SWIFT_PACKAGE -D DEBUG -D Xcode -serialize-debugging-options -const-gather-protocols-file /Users/builder/builds/TDmZkXJm/0/finestructure/swiftpackageindex-builder/spi-builder-workspace/.derivedData/Build/Intermediates.noindex/Complex.build/Debug-watchos/ComplexTests.build/Objects-normal/arm64_32/ComplexTests_const_extract_protocols.json -empty-abi-descriptor -plugin-path /Applications/Xcode-15.0.0-Beta.app/Contents/Developer/Toolchains/XcodeDefault.xctoolchain/usr/lib/swift/host/plugins -plugin-path /Applications/Xcode-15.0.0-Beta.app/Contents/Developer/Toolchains/XcodeDefault.xctoolchain/usr/local/lib/swift/host/plugins -validate-clang-modules-once -clang-build-session-file /Users/builder/builds/TDmZkXJm/0/finestructure/swiftpackageindex-builder/spi-builder-workspace/.derivedData/ModuleCache.noindex/Session.modulevalidation -Xcc -working-directory -Xcc /Users/builder/builds/TDmZkXJm/0/finestructure/swiftpackageindex-builder/spi-builder-workspace -resource-dir /Applications/Xcode-15.0.0-Beta.app/Contents/Developer/Toolchains/XcodeDefault.xctoolchain/usr/lib/swift -enable-anonymous-context-mangled-names -Xcc -ivfsstatcache -Xcc /Users/builder/builds/TDmZkXJm/0/finestructure/swiftpackageindex-builder/spi-builder-workspace/.derivedData/SDKStatCaches.noindex/watchos10.0-21R5275s-8db995917c4b1d9e1a16e7199e9e13bb.sdkstatcache -Xcc -I/Users/builder/builds/TDmZkXJm/0/finestructure/swiftpackageindex-builder/spi-builder-workspace/.derivedData/Build/Products/Debug-watchos/include -Xcc -I/Users/builder/builds/TDmZkXJm/0/finestructure/swiftpackageindex-builder/spi-builder-workspace/.derivedData/Build/Intermediates.noindex/Complex.build/Debug-watchos/ComplexTests.build/DerivedSources-normal/arm64_32 -Xcc -I/Users/builder/builds/TDmZkXJm/0/finestructure/swiftpackageindex-builder/spi-builder-workspace/.derivedData/Build/Intermediates.noindex/Complex.build/Debug-watchos/ComplexTests.build/DerivedSources/arm64_32 -Xcc -I/Users/builder/builds/TDmZkXJm/0/finestructure/swiftpackageindex-builder/spi-builder-workspace/.derivedData/Build/Intermediates.noindex/Complex.build/Debug-watchos/ComplexTests.build/DerivedSources -Xcc -DSWIFT_PACKAGE -Xcc -DDEBUG\=1 -module-name ComplexTests -disable-clang-spi -target-sdk-version 10.0 -target-sdk-name watchos10.0 -emit-module-doc-path /Users/builder/builds/TDmZkXJm/0/finestructure/swiftpackageindex-builder/spi-builder-workspace/.derivedData/Build/Intermediates.noindex/Complex.build/Debug-watchos/ComplexTests.build/Objects-normal/arm64_32/ComplexTests.swiftdoc -emit-module-source-info-path /Users/builder/builds/TDmZkXJm/0/finestructure/swiftpackageindex-builder/spi-builder-workspace/.derivedData/Build/Intermediates.noindex/Complex.build/Debug-watchos/ComplexTests.build/Objects-normal/arm64_32/ComplexTests.swiftsourceinfo -serialize-diagnostics-path /Users/builder/builds/TDmZkXJm/0/finestructure/swiftpackageindex-builder/spi-builder-workspace/.derivedData/Build/Intermediates.noindex/Complex.build/Debug-watchos/ComplexTests.build/Objects-normal/arm64_32/ComplexTests-master-emit-module.dia -emit-dependencies-path /Users/builder/builds/TDmZkXJm/0/finestructure/swiftpackageindex-builder/spi-builder-workspace/.derivedData/Build/Intermediates.noindex/Complex.build/Debug-watchos/ComplexTests.build/Objects-normal/arm64_32/ComplexTests-master-emit-module.d -o /Users/builder/builds/TDmZkXJm/0/finestructure/swiftpackageindex-builder/spi-builder-workspace/.derivedData/Build/Intermediates.noindex/Complex.build/Debug-watchos/ComplexTests.build/Objects-normal/arm64_32/ComplexTests.swiftmodule -emit-abi-descriptor-path /Users/builder/builds/TDmZkXJm/0/finestructure/swiftpackageindex-builder/spi-builder-workspace/.derivedData/Build/Intermediates.noindex/Complex.build/Debug-watchos/ComplexTests.build/Objects-normal/arm64_32/ComplexTests.abi.json

SwiftDriverJobDiscovery normal arm64 Compiling FloatingPointMath.swift (in target 'Complex' from project 'Complex')

SwiftDriverJobDiscovery normal arm64_32 Compiling Complex.swift (in target 'Complex' from project 'Complex')
SwiftCompile normal arm64_32 Compiling\ GaussianIntTests.swift /Users/builder/builds/TDmZkXJm/0/finestructure/swiftpackageindex-builder/spi-builder-workspace/Tests/ComplexTests/GaussianIntTests.swift (in target 'ComplexTests' from project 'Complex')
    cd /Users/builder/builds/TDmZkXJm/0/finestructure/swiftpackageindex-builder/spi-builder-workspace
    builtin-swiftTaskExecution -- /Applications/Xcode-15.0.0-Beta.app/Contents/Developer/Toolchains/XcodeDefault.xctoolchain/usr/bin/swift-frontend -frontend -c /Users/builder/builds/TDmZkXJm/0/finestructure/swiftpackageindex-builder/spi-builder-workspace/Tests/ComplexTests/ComplexTests.swift -primary-file /Users/builder/builds/TDmZkXJm/0/finestructure/swiftpackageindex-builder/spi-builder-workspace/Tests/ComplexTests/GaussianIntTests.swift /Users/builder/builds/TDmZkXJm/0/finestructure/swiftpackageindex-builder/spi-builder-workspace/Tests/ComplexTests/XCTestManifests.swift -emit-dependencies-path /Users/builder/builds/TDmZkXJm/0/finestructure/swiftpackageindex-builder/spi-builder-workspace/.derivedData/Build/Intermediates.noindex/Complex.build/Debug-watchos/ComplexTests.build/Objects-normal/arm64_32/GaussianIntTests.d -emit-const-values-path /Users/builder/builds/TDmZkXJm/0/finestructure/swiftpackageindex-builder/spi-builder-workspace/.derivedData/Build/Intermediates.noindex/Complex.build/Debug-watchos/ComplexTests.build/Objects-normal/arm64_32/GaussianIntTests.swiftconstvalues -emit-reference-dependencies-path /Users/builder/builds/TDmZkXJm/0/finestructure/swiftpackageindex-builder/spi-builder-workspace/.derivedData/Build/Intermediates.noindex/Complex.build/Debug-watchos/ComplexTests.build/Objects-normal/arm64_32/GaussianIntTests.swiftdeps -serialize-diagnostics-path /Users/builder/builds/TDmZkXJm/0/finestructure/swiftpackageindex-builder/spi-builder-workspace/.derivedData/Build/Intermediates.noindex/Complex.build/Debug-watchos/ComplexTests.build/Objects-normal/arm64_32/GaussianIntTests.dia -target arm64_32-apple-watchos5.0 -enable-objc-interop -sdk /Applications/Xcode-15.0.0-Beta.app/Contents/Developer/Platforms/WatchOS.platform/Developer/SDKs/WatchOS10.0.sdk -I /Users/builder/builds/TDmZkXJm/0/finestructure/swiftpackageindex-builder/spi-builder-workspace/.derivedData/Build/Products/Debug-watchos -I /Applications/Xcode-15.0.0-Beta.app/Contents/Developer/Platforms/WatchOS.platform/Developer/usr/lib -F /Users/builder/builds/TDmZkXJm/0/finestructure/swiftpackageindex-builder/spi-builder-workspace/.derivedData/Build/Products/Debug-watchos/PackageFrameworks -F /Users/builder/builds/TDmZkXJm/0/finestructure/swiftpackageindex-builder/spi-builder-workspace/.derivedData/Build/Products/Debug-watchos -F /Applications/Xcode-15.0.0-Beta.app/Contents/Developer/Platforms/WatchOS.platform/Developer/Library/Frameworks -F /Applications/Xcode-15.0.0-Beta.app/Contents/Developer/Platforms/WatchOS.platform/Developer/SDKs/WatchOS10.0.sdk/Developer/Library/Frameworks -no-color-diagnostics -enable-testing -g -module-cache-path /Users/builder/builds/TDmZkXJm/0/finestructure/swiftpackageindex-builder/spi-builder-workspace/.derivedData/ModuleCache.noindex -swift-version 4 -enforce-exclusivity\=checked -Onone -D SWIFT_PACKAGE -D DEBUG -D Xcode -serialize-debugging-options -const-gather-protocols-file /Users/builder/builds/TDmZkXJm/0/finestructure/swiftpackageindex-builder/spi-builder-workspace/.derivedData/Build/Intermediates.noindex/Complex.build/Debug-watchos/ComplexTests.build/Objects-normal/arm64_32/ComplexTests_const_extract_protocols.json -empty-abi-descriptor -plugin-path /Applications/Xcode-15.0.0-Beta.app/Contents/Developer/Toolchains/XcodeDefault.xctoolchain/usr/lib/swift/host/plugins -plugin-path /Applications/Xcode-15.0.0-Beta.app/Contents/Developer/Toolchains/XcodeDefault.xctoolchain/usr/local/lib/swift/host/plugins -validate-clang-modules-once -clang-build-session-file /Users/builder/builds/TDmZkXJm/0/finestructure/swiftpackageindex-builder/spi-builder-workspace/.derivedData/ModuleCache.noindex/Session.modulevalidation -Xcc -working-directory -Xcc /Users/builder/builds/TDmZkXJm/0/finestructure/swiftpackageindex-builder/spi-builder-workspace -resource-dir /Applications/Xcode-15.0.0-Beta.app/Contents/Developer/Toolchains/XcodeDefault.xctoolchain/usr/lib/swift -enable-anonymous-context-mangled-names -Xcc -ivfsstatcache -Xcc /Users/builder/builds/TDmZkXJm/0/finestructure/swiftpackageindex-builder/spi-builder-workspace/.derivedData/SDKStatCaches.noindex/watchos10.0-21R5275s-8db995917c4b1d9e1a16e7199e9e13bb.sdkstatcache -Xcc -I/Users/builder/builds/TDmZkXJm/0/finestructure/swiftpackageindex-builder/spi-builder-workspace/.derivedData/Build/Products/Debug-watchos/include -Xcc -I/Users/builder/builds/TDmZkXJm/0/finestructure/swiftpackageindex-builder/spi-builder-workspace/.derivedData/Build/Intermediates.noindex/Complex.build/Debug-watchos/ComplexTests.build/DerivedSources-normal/arm64_32 -Xcc -I/Users/builder/builds/TDmZkXJm/0/finestructure/swiftpackageindex-builder/spi-builder-workspace/.derivedData/Build/Intermediates.noindex/Complex.build/Debug-watchos/ComplexTests.build/DerivedSources/arm64_32 -Xcc -I/Users/builder/builds/TDmZkXJm/0/finestructure/swiftpackageindex-builder/spi-builder-workspace/.derivedData/Build/Intermediates.noindex/Complex.build/Debug-watchos/ComplexTests.build/DerivedSources -Xcc -DSWIFT_PACKAGE -Xcc -DDEBUG\=1 -module-name ComplexTests -frontend-parseable-output -disable-clang-spi -target-sdk-version 10.0 -target-sdk-name watchos10.0 -o /Users/builder/builds/TDmZkXJm/0/finestructure/swiftpackageindex-builder/spi-builder-workspace/.derivedData/Build/Intermediates.noindex/Complex.build/Debug-watchos/ComplexTests.build/Objects-normal/arm64_32/GaussianIntTests.o -index-unit-output-path /Complex.build/Debug-watchos/ComplexTests.build/Objects-normal/arm64_32/GaussianIntTests.o -index-store-path /Users/builder/builds/TDmZkXJm/0/finestructure/swiftpackageindex-builder/spi-builder-workspace/.derivedData/Index.noindex/DataStore -index-system-modules

SwiftCompile normal arm64_32 /Users/builder/builds/TDmZkXJm/0/finestructure/swiftpackageindex-builder/spi-builder-workspace/Tests/ComplexTests/GaussianIntTests.swift (in target 'ComplexTests' from project 'Complex')
    cd /Users/builder/builds/TDmZkXJm/0/finestructure/swiftpackageindex-builder/spi-builder-workspace
    /Applications/Xcode-15.0.0-Beta.app/Contents/Developer/Toolchains/XcodeDefault.xctoolchain/usr/bin/swift-frontend -c /Users/builder/builds/TDmZkXJm/0/finestructure/swiftpackageindex-builder/spi-builder-workspace/Tests/ComplexTests/ComplexTests.swift -primary-file /Users/builder/builds/TDmZkXJm/0/finestructure/swiftpackageindex-builder/spi-builder-workspace/Tests/ComplexTests/GaussianIntTests.swift /Users/builder/builds/TDmZkXJm/0/finestructure/swiftpackageindex-builder/spi-builder-workspace/Tests/ComplexTests/XCTestManifests.swift -emit-dependencies-path /Users/builder/builds/TDmZkXJm/0/finestructure/swiftpackageindex-builder/spi-builder-workspace/.derivedData/Build/Intermediates.noindex/Complex.build/Debug-watchos/ComplexTests.build/Objects-normal/arm64_32/GaussianIntTests.d -emit-const-values-path /Users/builder/builds/TDmZkXJm/0/finestructure/swiftpackageindex-builder/spi-builder-workspace/.derivedData/Build/Intermediates.noindex/Complex.build/Debug-watchos/ComplexTests.build/Objects-normal/arm64_32/GaussianIntTests.swiftconstvalues -emit-reference-dependencies-path /Users/builder/builds/TDmZkXJm/0/finestructure/swiftpackageindex-builder/spi-builder-workspace/.derivedData/Build/Intermediates.noindex/Complex.build/Debug-watchos/ComplexTests.build/Objects-normal/arm64_32/GaussianIntTests.swiftdeps -serialize-diagnostics-path /Users/builder/builds/TDmZkXJm/0/finestructure/swiftpackageindex-builder/spi-builder-workspace/.derivedData/Build/Intermediates.noindex/Complex.build/Debug-watchos/ComplexTests.build/Objects-normal/arm64_32/GaussianIntTests.dia -target arm64_32-apple-watchos5.0 -enable-objc-interop -sdk /Applications/Xcode-15.0.0-Beta.app/Contents/Developer/Platforms/WatchOS.platform/Developer/SDKs/WatchOS10.0.sdk -I /Users/builder/builds/TDmZkXJm/0/finestructure/swiftpackageindex-builder/spi-builder-workspace/.derivedData/Build/Products/Debug-watchos -I /Applications/Xcode-15.0.0-Beta.app/Contents/Developer/Platforms/WatchOS.platform/Developer/usr/lib -F /Users/builder/builds/TDmZkXJm/0/finestructure/swiftpackageindex-builder/spi-builder-workspace/.derivedData/Build/Products/Debug-watchos/PackageFrameworks -F /Users/builder/builds/TDmZkXJm/0/finestructure/swiftpackageindex-builder/spi-builder-workspace/.derivedData/Build/Products/Debug-watchos -F /Applications/Xcode-15.0.0-Beta.app/Contents/Developer/Platforms/WatchOS.platform/Developer/Library/Frameworks -F /Applications/Xcode-15.0.0-Beta.app/Contents/Developer/Platforms/WatchOS.platform/Developer/SDKs/WatchOS10.0.sdk/Developer/Library/Frameworks -no-color-diagnostics -enable-testing -g -module-cache-path /Users/builder/builds/TDmZkXJm/0/finestructure/swiftpackageindex-builder/spi-builder-workspace/.derivedData/ModuleCache.noindex -swift-version 4 -enforce-exclusivity\=checked -Onone -D SWIFT_PACKAGE -D DEBUG -D Xcode -serialize-debugging-options -const-gather-protocols-file /Users/builder/builds/TDmZkXJm/0/finestructure/swiftpackageindex-builder/spi-builder-workspace/.derivedData/Build/Intermediates.noindex/Complex.build/Debug-watchos/ComplexTests.build/Objects-normal/arm64_32/ComplexTests_const_extract_protocols.json -empty-abi-descriptor -plugin-path /Applications/Xcode-15.0.0-Beta.app/Contents/Developer/Toolchains/XcodeDefault.xctoolchain/usr/lib/swift/host/plugins -plugin-path /Applications/Xcode-15.0.0-Beta.app/Contents/Developer/Toolchains/XcodeDefault.xctoolchain/usr/local/lib/swift/host/plugins -validate-clang-modules-once -clang-build-session-file /Users/builder/builds/TDmZkXJm/0/finestructure/swiftpackageindex-builder/spi-builder-workspace/.derivedData/ModuleCache.noindex/Session.modulevalidation -Xcc -working-directory -Xcc /Users/builder/builds/TDmZkXJm/0/finestructure/swiftpackageindex-builder/spi-builder-workspace -resource-dir /Applications/Xcode-15.0.0-Beta.app/Contents/Developer/Toolchains/XcodeDefault.xctoolchain/usr/lib/swift -enable-anonymous-context-mangled-names -Xcc -ivfsstatcache -Xcc /Users/builder/builds/TDmZkXJm/0/finestructure/swiftpackageindex-builder/spi-builder-workspace/.derivedData/SDKStatCaches.noindex/watchos10.0-21R5275s-8db995917c4b1d9e1a16e7199e9e13bb.sdkstatcache -Xcc -I/Users/builder/builds/TDmZkXJm/0/finestructure/swiftpackageindex-builder/spi-builder-workspace/.derivedData/Build/Products/Debug-watchos/include -Xcc -I/Users/builder/builds/TDmZkXJm/0/finestructure/swiftpackageindex-builder/spi-builder-workspace/.derivedData/Build/Intermediates.noindex/Complex.build/Debug-watchos/ComplexTests.build/DerivedSources-normal/arm64_32 -Xcc -I/Users/builder/builds/TDmZkXJm/0/finestructure/swiftpackageindex-builder/spi-builder-workspace/.derivedData/Build/Intermediates.noindex/Complex.build/Debug-watchos/ComplexTests.build/DerivedSources/arm64_32 -Xcc -I/Users/builder/builds/TDmZkXJm/0/finestructure/swiftpackageindex-builder/spi-builder-workspace/.derivedData/Build/Intermediates.noindex/Complex.build/Debug-watchos/ComplexTests.build/DerivedSources -Xcc -DSWIFT_PACKAGE -Xcc -DDEBUG\=1 -module-name ComplexTests -frontend-parseable-output -disable-clang-spi -target-sdk-version 10.0 -target-sdk-name watchos10.0 -o /Users/builder/builds/TDmZkXJm/0/finestructure/swiftpackageindex-builder/spi-builder-workspace/.derivedData/Build/Intermediates.noindex/Complex.build/Debug-watchos/ComplexTests.build/Objects-normal/arm64_32/GaussianIntTests.o -index-unit-output-path /Complex.build/Debug-watchos/ComplexTests.build/Objects-normal/arm64_32/GaussianIntTests.o -index-store-path /Users/builder/builds/TDmZkXJm/0/finestructure/swiftpackageindex-builder/spi-builder-workspace/.derivedData/Index.noindex/DataStore -index-system-modules

SwiftDriverJobDiscovery normal arm64_32 Compiling FloatingPointMath.swift (in target 'Complex' from project 'Complex')
SwiftCompile normal arm64_32 Compiling\ XCTestManifests.swift /Users/builder/builds/TDmZkXJm/0/finestructure/swiftpackageindex-builder/spi-builder-workspace/Tests/ComplexTests/XCTestManifests.swift (in target 'ComplexTests' from project 'Complex')
    cd /Users/builder/builds/TDmZkXJm/0/finestructure/swiftpackageindex-builder/spi-builder-workspace
    builtin-swiftTaskExecution -- /Applications/Xcode-15.0.0-Beta.app/Contents/Developer/Toolchains/XcodeDefault.xctoolchain/usr/bin/swift-frontend -frontend -c /Users/builder/builds/TDmZkXJm/0/finestructure/swiftpackageindex-builder/spi-builder-workspace/Tests/ComplexTests/ComplexTests.swift /Users/builder/builds/TDmZkXJm/0/finestructure/swiftpackageindex-builder/spi-builder-workspace/Tests/ComplexTests/GaussianIntTests.swift -primary-file /Users/builder/builds/TDmZkXJm/0/finestructure/swiftpackageindex-builder/spi-builder-workspace/Tests/ComplexTests/XCTestManifests.swift -emit-dependencies-path /Users/builder/builds/TDmZkXJm/0/finestructure/swiftpackageindex-builder/spi-builder-workspace/.derivedData/Build/Intermediates.noindex/Complex.build/Debug-watchos/ComplexTests.build/Objects-normal/arm64_32/XCTestManifests.d -emit-const-values-path /Users/builder/builds/TDmZkXJm/0/finestructure/swiftpackageindex-builder/spi-builder-workspace/.derivedData/Build/Intermediates.noindex/Complex.build/Debug-watchos/ComplexTests.build/Objects-normal/arm64_32/XCTestManifests.swiftconstvalues -emit-reference-dependencies-path /Users/builder/builds/TDmZkXJm/0/finestructure/swiftpackageindex-builder/spi-builder-workspace/.derivedData/Build/Intermediates.noindex/Complex.build/Debug-watchos/ComplexTests.build/Objects-normal/arm64_32/XCTestManifests.swiftdeps -serialize-diagnostics-path /Users/builder/builds/TDmZkXJm/0/finestructure/swiftpackageindex-builder/spi-builder-workspace/.derivedData/Build/Intermediates.noindex/Complex.build/Debug-watchos/ComplexTests.build/Objects-normal/arm64_32/XCTestManifests.dia -target arm64_32-apple-watchos5.0 -enable-objc-interop -sdk /Applications/Xcode-15.0.0-Beta.app/Contents/Developer/Platforms/WatchOS.platform/Developer/SDKs/WatchOS10.0.sdk -I /Users/builder/builds/TDmZkXJm/0/finestructure/swiftpackageindex-builder/spi-builder-workspace/.derivedData/Build/Products/Debug-watchos -I /Applications/Xcode-15.0.0-Beta.app/Contents/Developer/Platforms/WatchOS.platform/Developer/usr/lib -F /Users/builder/builds/TDmZkXJm/0/finestructure/swiftpackageindex-builder/spi-builder-workspace/.derivedData/Build/Products/Debug-watchos/PackageFrameworks -F /Users/builder/builds/TDmZkXJm/0/finestructure/swiftpackageindex-builder/spi-builder-workspace/.derivedData/Build/Products/Debug-watchos -F /Applications/Xcode-15.0.0-Beta.app/Contents/Developer/Platforms/WatchOS.platform/Developer/Library/Frameworks -F /Applications/Xcode-15.0.0-Beta.app/Contents/Developer/Platforms/WatchOS.platform/Developer/SDKs/WatchOS10.0.sdk/Developer/Library/Frameworks -no-color-diagnostics -enable-testing -g -module-cache-path /Users/builder/builds/TDmZkXJm/0/finestructure/swiftpackageindex-builder/spi-builder-workspace/.derivedData/ModuleCache.noindex -swift-version 4 -enforce-exclusivity\=checked -Onone -D SWIFT_PACKAGE -D DEBUG -D Xcode -serialize-debugging-options -const-gather-protocols-file /Users/builder/builds/TDmZkXJm/0/finestructure/swiftpackageindex-builder/spi-builder-workspace/.derivedData/Build/Intermediates.noindex/Complex.build/Debug-watchos/ComplexTests.build/Objects-normal/arm64_32/ComplexTests_const_extract_protocols.json -empty-abi-descriptor -plugin-path /Applications/Xcode-15.0.0-Beta.app/Contents/Developer/Toolchains/XcodeDefault.xctoolchain/usr/lib/swift/host/plugins -plugin-path /Applications/Xcode-15.0.0-Beta.app/Contents/Developer/Toolchains/XcodeDefault.xctoolchain/usr/local/lib/swift/host/plugins -validate-clang-modules-once -clang-build-session-file /Users/builder/builds/TDmZkXJm/0/finestructure/swiftpackageindex-builder/spi-builder-workspace/.derivedData/ModuleCache.noindex/Session.modulevalidation -Xcc -working-directory -Xcc /Users/builder/builds/TDmZkXJm/0/finestructure/swiftpackageindex-builder/spi-builder-workspace -resource-dir /Applications/Xcode-15.0.0-Beta.app/Contents/Developer/Toolchains/XcodeDefault.xctoolchain/usr/lib/swift -enable-anonymous-context-mangled-names -Xcc -ivfsstatcache -Xcc /Users/builder/builds/TDmZkXJm/0/finestructure/swiftpackageindex-builder/spi-builder-workspace/.derivedData/SDKStatCaches.noindex/watchos10.0-21R5275s-8db995917c4b1d9e1a16e7199e9e13bb.sdkstatcache -Xcc -I/Users/builder/builds/TDmZkXJm/0/finestructure/swiftpackageindex-builder/spi-builder-workspace/.derivedData/Build/Products/Debug-watchos/include -Xcc -I/Users/builder/builds/TDmZkXJm/0/finestructure/swiftpackageindex-builder/spi-builder-workspace/.derivedData/Build/Intermediates.noindex/Complex.build/Debug-watchos/ComplexTests.build/DerivedSources-normal/arm64_32 -Xcc -I/Users/builder/builds/TDmZkXJm/0/finestructure/swiftpackageindex-builder/spi-builder-workspace/.derivedData/Build/Intermediates.noindex/Complex.build/Debug-watchos/ComplexTests.build/DerivedSources/arm64_32 -Xcc -I/Users/builder/builds/TDmZkXJm/0/finestructure/swiftpackageindex-builder/spi-builder-workspace/.derivedData/Build/Intermediates.noindex/Complex.build/Debug-watchos/ComplexTests.build/DerivedSources -Xcc -DSWIFT_PACKAGE -Xcc -DDEBUG\=1 -module-name ComplexTests -frontend-parseable-output -disable-clang-spi -target-sdk-version 10.0 -target-sdk-name watchos10.0 -o /Users/builder/builds/TDmZkXJm/0/finestructure/swiftpackageindex-builder/spi-builder-workspace/.derivedData/Build/Intermediates.noindex/Complex.build/Debug-watchos/ComplexTests.build/Objects-normal/arm64_32/XCTestManifests.o -index-unit-output-path /Complex.build/Debug-watchos/ComplexTests.build/Objects-normal/arm64_32/XCTestManifests.o -index-store-path /Users/builder/builds/TDmZkXJm/0/finestructure/swiftpackageindex-builder/spi-builder-workspace/.derivedData/Index.noindex/DataStore -index-system-modules

SwiftCompile normal arm64_32 Compiling\ ComplexTests.swift /Users/builder/builds/TDmZkXJm/0/finestructure/swiftpackageindex-builder/spi-builder-workspace/Tests/ComplexTests/ComplexTests.swift (in target 'ComplexTests' from project 'Complex')
    cd /Users/builder/builds/TDmZkXJm/0/finestructure/swiftpackageindex-builder/spi-builder-workspace
    builtin-swiftTaskExecution -- /Applications/Xcode-15.0.0-Beta.app/Contents/Developer/Toolchains/XcodeDefault.xctoolchain/usr/bin/swift-frontend -frontend -c -primary-file /Users/builder/builds/TDmZkXJm/0/finestructure/swiftpackageindex-builder/spi-builder-workspace/Tests/ComplexTests/ComplexTests.swift /Users/builder/builds/TDmZkXJm/0/finestructure/swiftpackageindex-builder/spi-builder-workspace/Tests/ComplexTests/GaussianIntTests.swift /Users/builder/builds/TDmZkXJm/0/finestructure/swiftpackageindex-builder/spi-builder-workspace/Tests/ComplexTests/XCTestManifests.swift -emit-dependencies-path /Users/builder/builds/TDmZkXJm/0/finestructure/swiftpackageindex-builder/spi-builder-workspace/.derivedData/Build/Intermediates.noindex/Complex.build/Debug-watchos/ComplexTests.build/Objects-normal/arm64_32/ComplexTests.d -emit-const-values-path /Users/builder/builds/TDmZkXJm/0/finestructure/swiftpackageindex-builder/spi-builder-workspace/.derivedData/Build/Intermediates.noindex/Complex.build/Debug-watchos/ComplexTests.build/Objects-normal/arm64_32/ComplexTests.swiftconstvalues -emit-reference-dependencies-path /Users/builder/builds/TDmZkXJm/0/finestructure/swiftpackageindex-builder/spi-builder-workspace/.derivedData/Build/Intermediates.noindex/Complex.build/Debug-watchos/ComplexTests.build/Objects-normal/arm64_32/ComplexTests.swiftdeps -serialize-diagnostics-path /Users/builder/builds/TDmZkXJm/0/finestructure/swiftpackageindex-builder/spi-builder-workspace/.derivedData/Build/Intermediates.noindex/Complex.build/Debug-watchos/ComplexTests.build/Objects-normal/arm64_32/ComplexTests.dia -target arm64_32-apple-watchos5.0 -enable-objc-interop -sdk /Applications/Xcode-15.0.0-Beta.app/Contents/Developer/Platforms/WatchOS.platform/Developer/SDKs/WatchOS10.0.sdk -I /Users/builder/builds/TDmZkXJm/0/finestructure/swiftpackageindex-builder/spi-builder-workspace/.derivedData/Build/Products/Debug-watchos -I /Applications/Xcode-15.0.0-Beta.app/Contents/Developer/Platforms/WatchOS.platform/Developer/usr/lib -F /Users/builder/builds/TDmZkXJm/0/finestructure/swiftpackageindex-builder/spi-builder-workspace/.derivedData/Build/Products/Debug-watchos/PackageFrameworks -F /Users/builder/builds/TDmZkXJm/0/finestructure/swiftpackageindex-builder/spi-builder-workspace/.derivedData/Build/Products/Debug-watchos -F /Applications/Xcode-15.0.0-Beta.app/Contents/Developer/Platforms/WatchOS.platform/Developer/Library/Frameworks -F /Applications/Xcode-15.0.0-Beta.app/Contents/Developer/Platforms/WatchOS.platform/Developer/SDKs/WatchOS10.0.sdk/Developer/Library/Frameworks -no-color-diagnostics -enable-testing -g -module-cache-path /Users/builder/builds/TDmZkXJm/0/finestructure/swiftpackageindex-builder/spi-builder-workspace/.derivedData/ModuleCache.noindex -swift-version 4 -enforce-exclusivity\=checked -Onone -D SWIFT_PACKAGE -D DEBUG -D Xcode -serialize-debugging-options -const-gather-protocols-file /Users/builder/builds/TDmZkXJm/0/finestructure/swiftpackageindex-builder/spi-builder-workspace/.derivedData/Build/Intermediates.noindex/Complex.build/Debug-watchos/ComplexTests.build/Objects-normal/arm64_32/ComplexTests_const_extract_protocols.json -empty-abi-descriptor -plugin-path /Applications/Xcode-15.0.0-Beta.app/Contents/Developer/Toolchains/XcodeDefault.xctoolchain/usr/lib/swift/host/plugins -plugin-path /Applications/Xcode-15.0.0-Beta.app/Contents/Developer/Toolchains/XcodeDefault.xctoolchain/usr/local/lib/swift/host/plugins -validate-clang-modules-once -clang-build-session-file /Users/builder/builds/TDmZkXJm/0/finestructure/swiftpackageindex-builder/spi-builder-workspace/.derivedData/ModuleCache.noindex/Session.modulevalidation -Xcc -working-directory -Xcc /Users/builder/builds/TDmZkXJm/0/finestructure/swiftpackageindex-builder/spi-builder-workspace -resource-dir /Applications/Xcode-15.0.0-Beta.app/Contents/Developer/Toolchains/XcodeDefault.xctoolchain/usr/lib/swift -enable-anonymous-context-mangled-names -Xcc -ivfsstatcache -Xcc /Users/builder/builds/TDmZkXJm/0/finestructure/swiftpackageindex-builder/spi-builder-workspace/.derivedData/SDKStatCaches.noindex/watchos10.0-21R5275s-8db995917c4b1d9e1a16e7199e9e13bb.sdkstatcache -Xcc -I/Users/builder/builds/TDmZkXJm/0/finestructure/swiftpackageindex-builder/spi-builder-workspace/.derivedData/Build/Products/Debug-watchos/include -Xcc -I/Users/builder/builds/TDmZkXJm/0/finestructure/swiftpackageindex-builder/spi-builder-workspace/.derivedData/Build/Intermediates.noindex/Complex.build/Debug-watchos/ComplexTests.build/DerivedSources-normal/arm64_32 -Xcc -I/Users/builder/builds/TDmZkXJm/0/finestructure/swiftpackageindex-builder/spi-builder-workspace/.derivedData/Build/Intermediates.noindex/Complex.build/Debug-watchos/ComplexTests.build/DerivedSources/arm64_32 -Xcc -I/Users/builder/builds/TDmZkXJm/0/finestructure/swiftpackageindex-builder/spi-builder-workspace/.derivedData/Build/Intermediates.noindex/Complex.build/Debug-watchos/ComplexTests.build/DerivedSources -Xcc -DSWIFT_PACKAGE -Xcc -DDEBUG\=1 -module-name ComplexTests -frontend-parseable-output -disable-clang-spi -target-sdk-version 10.0 -target-sdk-name watchos10.0 -o /Users/builder/builds/TDmZkXJm/0/finestructure/swiftpackageindex-builder/spi-builder-workspace/.derivedData/Build/Intermediates.noindex/Complex.build/Debug-watchos/ComplexTests.build/Objects-normal/arm64_32/ComplexTests.o -index-unit-output-path /Complex.build/Debug-watchos/ComplexTests.build/Objects-normal/arm64_32/ComplexTests.o -index-store-path /Users/builder/builds/TDmZkXJm/0/finestructure/swiftpackageindex-builder/spi-builder-workspace/.derivedData/Index.noindex/DataStore -index-system-modules
Command SwiftCompile failed with a nonzero exit code
Resolve Package Graph
** BUILD FAILED **


The following build commands failed:
	SwiftEmitModule normal armv7k Emitting\ module\ for\ ComplexTests (in target 'ComplexTests' from project 'Complex')
	SwiftCompile normal armv7k Compiling\ XCTestManifests.swift /Users/builder/builds/TDmZkXJm/0/finestructure/swiftpackageindex-builder/spi-builder-workspace/Tests/ComplexTests/XCTestManifests.swift (in target 'ComplexTests' from project 'Complex')
	SwiftCompile normal armv7k /Users/builder/builds/TDmZkXJm/0/finestructure/swiftpackageindex-builder/spi-builder-workspace/Tests/ComplexTests/XCTestManifests.swift (in target 'ComplexTests' from project 'Complex')
	SwiftCompile normal arm64_32 Compiling\ ComplexTests.swift /Users/builder/builds/TDmZkXJm/0/finestructure/swiftpackageindex-builder/spi-builder-workspace/Tests/ComplexTests/ComplexTests.swift (in target 'ComplexTests' from project 'Complex')
(4 failures)
Retrying in 0 seconds ...
Building ... (attempt 2)
Command line invocation:
/Applications/Xcode-15.0.0-Beta.app/Contents/Developer/usr/bin/xcodebuild -IDEClonedSourcePackagesDirPathOverride=/Users/builder/builds/TDmZkXJm/0/finestructure/swiftpackageindex-builder/spi-builder-workspace/.dependencies -derivedDataPath /Users/builder/builds/TDmZkXJm/0/finestructure/swiftpackageindex-builder/spi-builder-workspace/.derivedData build -scheme Complex-Package -destination generic/platform=watchos

User defaults from command line:
    IDEClonedSourcePackagesDirPathOverride = /Users/builder/builds/TDmZkXJm/0/finestructure/swiftpackageindex-builder/spi-builder-workspace/.dependencies
    IDEDerivedDataPathOverride = /Users/builder/builds/TDmZkXJm/0/finestructure/swiftpackageindex-builder/spi-builder-workspace/.derivedData
    IDEPackageSupportUseBuiltinSCM = YES
Resolve Package Graph


Resolved source packages:
  Complex: /Users/builder/builds/TDmZkXJm/0/finestructure/swiftpackageindex-builder/spi-builder-workspace
Prepare packages

Computing target dependency graph and provisioning inputs

Create build description

note: Building targets in dependency order
note: Target dependency graph (4 targets)
    Target 'ComplexTests' in project 'Complex'
        ➜ Explicit dependency on target 'Complex' in project 'Complex'
    Target 'ComplexRun' in project 'Complex'
        ➜ Explicit dependency on target 'Complex' in project 'Complex'
    Target 'Complex' in project 'Complex'
        ➜ Explicit dependency on target 'Complex' in project 'Complex'
    Target 'Complex' in project 'Complex' (no dependencies)
ClangStatCache /Applications/Xcode-15.0.0-Beta.app/Contents/Developer/Toolchains/XcodeDefault.xctoolchain/usr/bin/clang-stat-cache /Applications/Xcode-15.0.0-Beta.app/Contents/Developer/Platforms/WatchOS.platform/Developer/SDKs/WatchOS10.0.sdk /Users/builder/builds/TDmZkXJm/0/finestructure/swiftpackageindex-builder/spi-builder-workspace/.derivedData/SDKStatCaches.noindex/watchos10.0-21R5275s-8db995917c4b1d9e1a16e7199e9e13bb.sdkstatcache
    cd /Users/builder/builds/TDmZkXJm/0/finestructure/swiftpackageindex-builder/spi-builder-workspace/.swiftpm/xcode
    /Applications/Xcode-15.0.0-Beta.app/Contents/Developer/Toolchains/XcodeDefault.xctoolchain/usr/bin/clang-stat-cache /Applications/Xcode-15.0.0-Beta.app/Contents/Developer/Platforms/WatchOS.platform/Developer/SDKs/WatchOS10.0.sdk -o /Users/builder/builds/TDmZkXJm/0/finestructure/swiftpackageindex-builder/spi-builder-workspace/.derivedData/SDKStatCaches.noindex/watchos10.0-21R5275s-8db995917c4b1d9e1a16e7199e9e13bb.sdkstatcache

SwiftDriver ComplexTests normal armv7k com.apple.xcode.tools.swift.compiler (in target 'ComplexTests' from project 'Complex')
    cd /Users/builder/builds/TDmZkXJm/0/finestructure/swiftpackageindex-builder/spi-builder-workspace
    builtin-SwiftDriver -- /Applications/Xcode-15.0.0-Beta.app/Contents/Developer/Toolchains/XcodeDefault.xctoolchain/usr/bin/swiftc -module-name ComplexTests -Onone -enforce-exclusivity\=checked @/Users/builder/builds/TDmZkXJm/0/finestructure/swiftpackageindex-builder/spi-builder-workspace/.derivedData/Build/Intermediates.noindex/Complex.build/Debug-watchos/ComplexTests.build/Objects-normal/armv7k/ComplexTests.SwiftFileList -DSWIFT_PACKAGE -DDEBUG -DXcode -sdk /Applications/Xcode-15.0.0-Beta.app/Contents/Developer/Platforms/WatchOS.platform/Developer/SDKs/WatchOS10.0.sdk -target armv7k-apple-watchos5.0 -g -module-cache-path /Users/builder/builds/TDmZkXJm/0/finestructure/swiftpackageindex-builder/spi-builder-workspace/.derivedData/ModuleCache.noindex -Xfrontend -serialize-debugging-options -enable-testing -index-store-path /Users/builder/builds/TDmZkXJm/0/finestructure/swiftpackageindex-builder/spi-builder-workspace/.derivedData/Index.noindex/DataStore -swift-version 4 -I /Users/builder/builds/TDmZkXJm/0/finestructure/swiftpackageindex-builder/spi-builder-workspace/.derivedData/Build/Products/Debug-watchos -I /Applications/Xcode-15.0.0-Beta.app/Contents/Developer/Platforms/WatchOS.platform/Developer/usr/lib -F /Users/builder/builds/TDmZkXJm/0/finestructure/swiftpackageindex-builder/spi-builder-workspace/.derivedData/Build/Products/Debug-watchos/PackageFrameworks -F /Users/builder/builds/TDmZkXJm/0/finestructure/swiftpackageindex-builder/spi-builder-workspace/.derivedData/Build/Products/Debug-watchos -F /Applications/Xcode-15.0.0-Beta.app/Contents/Developer/Platforms/WatchOS.platform/Developer/Library/Frameworks -F /Applications/Xcode-15.0.0-Beta.app/Contents/Developer/Platforms/WatchOS.platform/Developer/SDKs/WatchOS10.0.sdk/Developer/Library/Frameworks -c -j8 -enable-batch-mode -incremental -Xcc -ivfsstatcache -Xcc /Users/builder/builds/TDmZkXJm/0/finestructure/swiftpackageindex-builder/spi-builder-workspace/.derivedData/SDKStatCaches.noindex/watchos10.0-21R5275s-8db995917c4b1d9e1a16e7199e9e13bb.sdkstatcache -output-file-map /Users/builder/builds/TDmZkXJm/0/finestructure/swiftpackageindex-builder/spi-builder-workspace/.derivedData/Build/Intermediates.noindex/Complex.build/Debug-watchos/ComplexTests.build/Objects-normal/armv7k/ComplexTests-OutputFileMap.json -use-frontend-parseable-output -save-temps -no-color-diagnostics -serialize-diagnostics -emit-dependencies -emit-module -emit-module-path /Users/builder/builds/TDmZkXJm/0/finestructure/swiftpackageindex-builder/spi-builder-workspace/.derivedData/Build/Intermediates.noindex/Complex.build/Debug-watchos/ComplexTests.build/Objects-normal/armv7k/ComplexTests.swiftmodule -validate-clang-modules-once -clang-build-session-file /Users/builder/builds/TDmZkXJm/0/finestructure/swiftpackageindex-builder/spi-builder-workspace/.derivedData/ModuleCache.noindex/Session.modulevalidation -emit-const-values -Xfrontend -const-gather-protocols-file -Xfrontend /Users/builder/builds/TDmZkXJm/0/finestructure/swiftpackageindex-builder/spi-builder-workspace/.derivedData/Build/Intermediates.noindex/Complex.build/Debug-watchos/ComplexTests.build/Objects-normal/armv7k/ComplexTests_const_extract_protocols.json -Xcc -I/Users/builder/builds/TDmZkXJm/0/finestructure/swiftpackageindex-builder/spi-builder-workspace/.derivedData/Build/Products/Debug-watchos/include -Xcc -I/Users/builder/builds/TDmZkXJm/0/finestructure/swiftpackageindex-builder/spi-builder-workspace/.derivedData/Build/Intermediates.noindex/Complex.build/Debug-watchos/ComplexTests.build/DerivedSources-normal/armv7k -Xcc -I/Users/builder/builds/TDmZkXJm/0/finestructure/swiftpackageindex-builder/spi-builder-workspace/.derivedData/Build/Intermediates.noindex/Complex.build/Debug-watchos/ComplexTests.build/DerivedSources/armv7k -Xcc -I/Users/builder/builds/TDmZkXJm/0/finestructure/swiftpackageindex-builder/spi-builder-workspace/.derivedData/Build/Intermediates.noindex/Complex.build/Debug-watchos/ComplexTests.build/DerivedSources -Xcc -DSWIFT_PACKAGE -Xcc -DDEBUG\=1 -working-directory /Users/builder/builds/TDmZkXJm/0/finestructure/swiftpackageindex-builder/spi-builder-workspace -experimental-emit-module-separately -disable-cmo

SwiftDriver ComplexTests normal arm64_32 com.apple.xcode.tools.swift.compiler (in target 'ComplexTests' from project 'Complex')
    cd /Users/builder/builds/TDmZkXJm/0/finestructure/swiftpackageindex-builder/spi-builder-workspace
    builtin-SwiftDriver -- /Applications/Xcode-15.0.0-Beta.app/Contents/Developer/Toolchains/XcodeDefault.xctoolchain/usr/bin/swiftc -module-name ComplexTests -Onone -enforce-exclusivity\=checked @/Users/builder/builds/TDmZkXJm/0/finestructure/swiftpackageindex-builder/spi-builder-workspace/.derivedData/Build/Intermediates.noindex/Complex.build/Debug-watchos/ComplexTests.build/Objects-normal/arm64_32/ComplexTests.SwiftFileList -DSWIFT_PACKAGE -DDEBUG -DXcode -sdk /Applications/Xcode-15.0.0-Beta.app/Contents/Developer/Platforms/WatchOS.platform/Developer/SDKs/WatchOS10.0.sdk -target arm64_32-apple-watchos5.0 -g -module-cache-path /Users/builder/builds/TDmZkXJm/0/finestructure/swiftpackageindex-builder/spi-builder-workspace/.derivedData/ModuleCache.noindex -Xfrontend -serialize-debugging-options -enable-testing -index-store-path /Users/builder/builds/TDmZkXJm/0/finestructure/swiftpackageindex-builder/spi-builder-workspace/.derivedData/Index.noindex/DataStore -swift-version 4 -I /Users/builder/builds/TDmZkXJm/0/finestructure/swiftpackageindex-builder/spi-builder-workspace/.derivedData/Build/Products/Debug-watchos -I /Applications/Xcode-15.0.0-Beta.app/Contents/Developer/Platforms/WatchOS.platform/Developer/usr/lib -F /Users/builder/builds/TDmZkXJm/0/finestructure/swiftpackageindex-builder/spi-builder-workspace/.derivedData/Build/Products/Debug-watchos/PackageFrameworks -F /Users/builder/builds/TDmZkXJm/0/finestructure/swiftpackageindex-builder/spi-builder-workspace/.derivedData/Build/Products/Debug-watchos -F /Applications/Xcode-15.0.0-Beta.app/Contents/Developer/Platforms/WatchOS.platform/Developer/Library/Frameworks -F /Applications/Xcode-15.0.0-Beta.app/Contents/Developer/Platforms/WatchOS.platform/Developer/SDKs/WatchOS10.0.sdk/Developer/Library/Frameworks -c -j8 -enable-batch-mode -incremental -Xcc -ivfsstatcache -Xcc /Users/builder/builds/TDmZkXJm/0/finestructure/swiftpackageindex-builder/spi-builder-workspace/.derivedData/SDKStatCaches.noindex/watchos10.0-21R5275s-8db995917c4b1d9e1a16e7199e9e13bb.sdkstatcache -output-file-map /Users/builder/builds/TDmZkXJm/0/finestructure/swiftpackageindex-builder/spi-builder-workspace/.derivedData/Build/Intermediates.noindex/Complex.build/Debug-watchos/ComplexTests.build/Objects-normal/arm64_32/ComplexTests-OutputFileMap.json -use-frontend-parseable-output -save-temps -no-color-diagnostics -serialize-diagnostics -emit-dependencies -emit-module -emit-module-path /Users/builder/builds/TDmZkXJm/0/finestructure/swiftpackageindex-builder/spi-builder-workspace/.derivedData/Build/Intermediates.noindex/Complex.build/Debug-watchos/ComplexTests.build/Objects-normal/arm64_32/ComplexTests.swiftmodule -validate-clang-modules-once -clang-build-session-file /Users/builder/builds/TDmZkXJm/0/finestructure/swiftpackageindex-builder/spi-builder-workspace/.derivedData/ModuleCache.noindex/Session.modulevalidation -emit-const-values -Xfrontend -const-gather-protocols-file -Xfrontend /Users/builder/builds/TDmZkXJm/0/finestructure/swiftpackageindex-builder/spi-builder-workspace/.derivedData/Build/Intermediates.noindex/Complex.build/Debug-watchos/ComplexTests.build/Objects-normal/arm64_32/ComplexTests_const_extract_protocols.json -Xcc -I/Users/builder/builds/TDmZkXJm/0/finestructure/swiftpackageindex-builder/spi-builder-workspace/.derivedData/Build/Products/Debug-watchos/include -Xcc -I/Users/builder/builds/TDmZkXJm/0/finestructure/swiftpackageindex-builder/spi-builder-workspace/.derivedData/Build/Intermediates.noindex/Complex.build/Debug-watchos/ComplexTests.build/DerivedSources-normal/arm64_32 -Xcc -I/Users/builder/builds/TDmZkXJm/0/finestructure/swiftpackageindex-builder/spi-builder-workspace/.derivedData/Build/Intermediates.noindex/Complex.build/Debug-watchos/ComplexTests.build/DerivedSources/arm64_32 -Xcc -I/Users/builder/builds/TDmZkXJm/0/finestructure/swiftpackageindex-builder/spi-builder-workspace/.derivedData/Build/Intermediates.noindex/Complex.build/Debug-watchos/ComplexTests.build/DerivedSources -Xcc -DSWIFT_PACKAGE -Xcc -DDEBUG\=1 -working-directory /Users/builder/builds/TDmZkXJm/0/finestructure/swiftpackageindex-builder/spi-builder-workspace -experimental-emit-module-separately -disable-cmo

SwiftDriver ComplexTests normal arm64 com.apple.xcode.tools.swift.compiler (in target 'ComplexTests' from project 'Complex')
    cd /Users/builder/builds/TDmZkXJm/0/finestructure/swiftpackageindex-builder/spi-builder-workspace
    builtin-SwiftDriver -- /Applications/Xcode-15.0.0-Beta.app/Contents/Developer/Toolchains/XcodeDefault.xctoolchain/usr/bin/swiftc -module-name ComplexTests -Onone -enforce-exclusivity\=checked @/Users/builder/builds/TDmZkXJm/0/finestructure/swiftpackageindex-builder/spi-builder-workspace/.derivedData/Build/Intermediates.noindex/Complex.build/Debug-watchos/ComplexTests.build/Objects-normal/arm64/ComplexTests.SwiftFileList -DSWIFT_PACKAGE -DDEBUG -DXcode -sdk /Applications/Xcode-15.0.0-Beta.app/Contents/Developer/Platforms/WatchOS.platform/Developer/SDKs/WatchOS10.0.sdk -target arm64-apple-watchos5.0 -g -module-cache-path /Users/builder/builds/TDmZkXJm/0/finestructure/swiftpackageindex-builder/spi-builder-workspace/.derivedData/ModuleCache.noindex -Xfrontend -serialize-debugging-options -enable-testing -index-store-path /Users/builder/builds/TDmZkXJm/0/finestructure/swiftpackageindex-builder/spi-builder-workspace/.derivedData/Index.noindex/DataStore -swift-version 4 -I /Users/builder/builds/TDmZkXJm/0/finestructure/swiftpackageindex-builder/spi-builder-workspace/.derivedData/Build/Products/Debug-watchos -I /Applications/Xcode-15.0.0-Beta.app/Contents/Developer/Platforms/WatchOS.platform/Developer/usr/lib -F /Users/builder/builds/TDmZkXJm/0/finestructure/swiftpackageindex-builder/spi-builder-workspace/.derivedData/Build/Products/Debug-watchos/PackageFrameworks -F /Users/builder/builds/TDmZkXJm/0/finestructure/swiftpackageindex-builder/spi-builder-workspace/.derivedData/Build/Products/Debug-watchos -F /Applications/Xcode-15.0.0-Beta.app/Contents/Developer/Platforms/WatchOS.platform/Developer/Library/Frameworks -F /Applications/Xcode-15.0.0-Beta.app/Contents/Developer/Platforms/WatchOS.platform/Developer/SDKs/WatchOS10.0.sdk/Developer/Library/Frameworks -c -j8 -enable-batch-mode -incremental -Xcc -ivfsstatcache -Xcc /Users/builder/builds/TDmZkXJm/0/finestructure/swiftpackageindex-builder/spi-builder-workspace/.derivedData/SDKStatCaches.noindex/watchos10.0-21R5275s-8db995917c4b1d9e1a16e7199e9e13bb.sdkstatcache -output-file-map /Users/builder/builds/TDmZkXJm/0/finestructure/swiftpackageindex-builder/spi-builder-workspace/.derivedData/Build/Intermediates.noindex/Complex.build/Debug-watchos/ComplexTests.build/Objects-normal/arm64/ComplexTests-OutputFileMap.json -use-frontend-parseable-output -save-temps -no-color-diagnostics -serialize-diagnostics -emit-dependencies -emit-module -emit-module-path /Users/builder/builds/TDmZkXJm/0/finestructure/swiftpackageindex-builder/spi-builder-workspace/.derivedData/Build/Intermediates.noindex/Complex.build/Debug-watchos/ComplexTests.build/Objects-normal/arm64/ComplexTests.swiftmodule -validate-clang-modules-once -clang-build-session-file /Users/builder/builds/TDmZkXJm/0/finestructure/swiftpackageindex-builder/spi-builder-workspace/.derivedData/ModuleCache.noindex/Session.modulevalidation -emit-const-values -Xfrontend -const-gather-protocols-file -Xfrontend /Users/builder/builds/TDmZkXJm/0/finestructure/swiftpackageindex-builder/spi-builder-workspace/.derivedData/Build/Intermediates.noindex/Complex.build/Debug-watchos/ComplexTests.build/Objects-normal/arm64/ComplexTests_const_extract_protocols.json -Xcc -I/Users/builder/builds/TDmZkXJm/0/finestructure/swiftpackageindex-builder/spi-builder-workspace/.derivedData/Build/Products/Debug-watchos/include -Xcc -I/Users/builder/builds/TDmZkXJm/0/finestructure/swiftpackageindex-builder/spi-builder-workspace/.derivedData/Build/Intermediates.noindex/Complex.build/Debug-watchos/ComplexTests.build/DerivedSources-normal/arm64 -Xcc -I/Users/builder/builds/TDmZkXJm/0/finestructure/swiftpackageindex-builder/spi-builder-workspace/.derivedData/Build/Intermediates.noindex/Complex.build/Debug-watchos/ComplexTests.build/DerivedSources/arm64 -Xcc -I/Users/builder/builds/TDmZkXJm/0/finestructure/swiftpackageindex-builder/spi-builder-workspace/.derivedData/Build/Intermediates.noindex/Complex.build/Debug-watchos/ComplexTests.build/DerivedSources -Xcc -DSWIFT_PACKAGE -Xcc -DDEBUG\=1 -working-directory /Users/builder/builds/TDmZkXJm/0/finestructure/swiftpackageindex-builder/spi-builder-workspace -experimental-emit-module-separately -disable-cmo

SwiftDriver Complex normal armv7k com.apple.xcode.tools.swift.compiler (in target 'Complex' from project 'Complex')
    cd /Users/builder/builds/TDmZkXJm/0/finestructure/swiftpackageindex-builder/spi-builder-workspace
    builtin-SwiftDriver -- /Applications/Xcode-15.0.0-Beta.app/Contents/Developer/Toolchains/XcodeDefault.xctoolchain/usr/bin/swiftc -module-name Complex -Onone -enforce-exclusivity\=checked @/Users/builder/builds/TDmZkXJm/0/finestructure/swiftpackageindex-builder/spi-builder-workspace/.derivedData/Build/Intermediates.noindex/Complex.build/Debug-watchos/Complex.build/Objects-normal/armv7k/Complex.SwiftFileList -DSWIFT_PACKAGE -DDEBUG -DXcode -sdk /Applications/Xcode-15.0.0-Beta.app/Contents/Developer/Platforms/WatchOS.platform/Developer/SDKs/WatchOS10.0.sdk -target armv7k-apple-watchos5.0 -g -module-cache-path /Users/builder/builds/TDmZkXJm/0/finestructure/swiftpackageindex-builder/spi-builder-workspace/.derivedData/ModuleCache.noindex -Xfrontend -serialize-debugging-options -enable-testing -index-store-path /Users/builder/builds/TDmZkXJm/0/finestructure/swiftpackageindex-builder/spi-builder-workspace/.derivedData/Index.noindex/DataStore -swift-version 4 -I /Users/builder/builds/TDmZkXJm/0/finestructure/swiftpackageindex-builder/spi-builder-workspace/.derivedData/Build/Products/Debug-watchos -I /Applications/Xcode-15.0.0-Beta.app/Contents/Developer/Platforms/WatchOS.platform/Developer/usr/lib -F /Users/builder/builds/TDmZkXJm/0/finestructure/swiftpackageindex-builder/spi-builder-workspace/.derivedData/Build/Products/Debug-watchos -F /Applications/Xcode-15.0.0-Beta.app/Contents/Developer/Platforms/WatchOS.platform/Developer/Library/Frameworks -F /Applications/Xcode-15.0.0-Beta.app/Contents/Developer/Platforms/WatchOS.platform/Developer/SDKs/WatchOS10.0.sdk/Developer/Library/Frameworks -c -j8 -enable-batch-mode -incremental -Xcc -ivfsstatcache -Xcc /Users/builder/builds/TDmZkXJm/0/finestructure/swiftpackageindex-builder/spi-builder-workspace/.derivedData/SDKStatCaches.noindex/watchos10.0-21R5275s-8db995917c4b1d9e1a16e7199e9e13bb.sdkstatcache -output-file-map /Users/builder/builds/TDmZkXJm/0/finestructure/swiftpackageindex-builder/spi-builder-workspace/.derivedData/Build/Intermediates.noindex/Complex.build/Debug-watchos/Complex.build/Objects-normal/armv7k/Complex-OutputFileMap.json -use-frontend-parseable-output -save-temps -no-color-diagnostics -serialize-diagnostics -emit-dependencies -emit-module -emit-module-path /Users/builder/builds/TDmZkXJm/0/finestructure/swiftpackageindex-builder/spi-builder-workspace/.derivedData/Build/Intermediates.noindex/Complex.build/Debug-watchos/Complex.build/Objects-normal/armv7k/Complex.swiftmodule -validate-clang-modules-once -clang-build-session-file /Users/builder/builds/TDmZkXJm/0/finestructure/swiftpackageindex-builder/spi-builder-workspace/.derivedData/ModuleCache.noindex/Session.modulevalidation -Xcc -I/Users/builder/builds/TDmZkXJm/0/finestructure/swiftpackageindex-builder/spi-builder-workspace/.derivedData/Build/Intermediates.noindex/Complex.build/Debug-watchos/Complex.build/swift-overrides.hmap -emit-const-values -Xfrontend -const-gather-protocols-file -Xfrontend /Users/builder/builds/TDmZkXJm/0/finestructure/swiftpackageindex-builder/spi-builder-workspace/.derivedData/Build/Intermediates.noindex/Complex.build/Debug-watchos/Complex.build/Objects-normal/armv7k/Complex_const_extract_protocols.json -Xcc -I/Users/builder/builds/TDmZkXJm/0/finestructure/swiftpackageindex-builder/spi-builder-workspace/.derivedData/Build/Products/Debug-watchos/include -Xcc -I/Users/builder/builds/TDmZkXJm/0/finestructure/swiftpackageindex-builder/spi-builder-workspace/.derivedData/Build/Intermediates.noindex/Complex.build/Debug-watchos/Complex.build/DerivedSources-normal/armv7k -Xcc -I/Users/builder/builds/TDmZkXJm/0/finestructure/swiftpackageindex-builder/spi-builder-workspace/.derivedData/Build/Intermediates.noindex/Complex.build/Debug-watchos/Complex.build/DerivedSources/armv7k -Xcc -I/Users/builder/builds/TDmZkXJm/0/finestructure/swiftpackageindex-builder/spi-builder-workspace/.derivedData/Build/Intermediates.noindex/Complex.build/Debug-watchos/Complex.build/DerivedSources -Xcc -DSWIFT_PACKAGE -Xcc -DDEBUG\=1 -emit-objc-header -emit-objc-header-path /Users/builder/builds/TDmZkXJm/0/finestructure/swiftpackageindex-builder/spi-builder-workspace/.derivedData/Build/Intermediates.noindex/Complex.build/Debug-watchos/Complex.build/Objects-normal/armv7k/Complex-Swift.h -working-directory /Users/builder/builds/TDmZkXJm/0/finestructure/swiftpackageindex-builder/spi-builder-workspace -experimental-emit-module-separately -disable-cmo

SwiftDriver Complex normal arm64 com.apple.xcode.tools.swift.compiler (in target 'Complex' from project 'Complex')
    cd /Users/builder/builds/TDmZkXJm/0/finestructure/swiftpackageindex-builder/spi-builder-workspace
    builtin-SwiftDriver -- /Applications/Xcode-15.0.0-Beta.app/Contents/Developer/Toolchains/XcodeDefault.xctoolchain/usr/bin/swiftc -module-name Complex -Onone -enforce-exclusivity\=checked @/Users/builder/builds/TDmZkXJm/0/finestructure/swiftpackageindex-builder/spi-builder-workspace/.derivedData/Build/Intermediates.noindex/Complex.build/Debug-watchos/Complex.build/Objects-normal/arm64/Complex.SwiftFileList -DSWIFT_PACKAGE -DDEBUG -DXcode -sdk /Applications/Xcode-15.0.0-Beta.app/Contents/Developer/Platforms/WatchOS.platform/Developer/SDKs/WatchOS10.0.sdk -target arm64-apple-watchos5.0 -g -module-cache-path /Users/builder/builds/TDmZkXJm/0/finestructure/swiftpackageindex-builder/spi-builder-workspace/.derivedData/ModuleCache.noindex -Xfrontend -serialize-debugging-options -enable-testing -index-store-path /Users/builder/builds/TDmZkXJm/0/finestructure/swiftpackageindex-builder/spi-builder-workspace/.derivedData/Index.noindex/DataStore -swift-version 4 -I /Users/builder/builds/TDmZkXJm/0/finestructure/swiftpackageindex-builder/spi-builder-workspace/.derivedData/Build/Products/Debug-watchos -I /Applications/Xcode-15.0.0-Beta.app/Contents/Developer/Platforms/WatchOS.platform/Developer/usr/lib -F /Users/builder/builds/TDmZkXJm/0/finestructure/swiftpackageindex-builder/spi-builder-workspace/.derivedData/Build/Products/Debug-watchos -F /Applications/Xcode-15.0.0-Beta.app/Contents/Developer/Platforms/WatchOS.platform/Developer/Library/Frameworks -F /Applications/Xcode-15.0.0-Beta.app/Contents/Developer/Platforms/WatchOS.platform/Developer/SDKs/WatchOS10.0.sdk/Developer/Library/Frameworks -c -j8 -enable-batch-mode -incremental -Xcc -ivfsstatcache -Xcc /Users/builder/builds/TDmZkXJm/0/finestructure/swiftpackageindex-builder/spi-builder-workspace/.derivedData/SDKStatCaches.noindex/watchos10.0-21R5275s-8db995917c4b1d9e1a16e7199e9e13bb.sdkstatcache -output-file-map /Users/builder/builds/TDmZkXJm/0/finestructure/swiftpackageindex-builder/spi-builder-workspace/.derivedData/Build/Intermediates.noindex/Complex.build/Debug-watchos/Complex.build/Objects-normal/arm64/Complex-OutputFileMap.json -use-frontend-parseable-output -save-temps -no-color-diagnostics -serialize-diagnostics -emit-dependencies -emit-module -emit-module-path /Users/builder/builds/TDmZkXJm/0/finestructure/swiftpackageindex-builder/spi-builder-workspace/.derivedData/Build/Intermediates.noindex/Complex.build/Debug-watchos/Complex.build/Objects-normal/arm64/Complex.swiftmodule -validate-clang-modules-once -clang-build-session-file /Users/builder/builds/TDmZkXJm/0/finestructure/swiftpackageindex-builder/spi-builder-workspace/.derivedData/ModuleCache.noindex/Session.modulevalidation -Xcc -I/Users/builder/builds/TDmZkXJm/0/finestructure/swiftpackageindex-builder/spi-builder-workspace/.derivedData/Build/Intermediates.noindex/Complex.build/Debug-watchos/Complex.build/swift-overrides.hmap -emit-const-values -Xfrontend -const-gather-protocols-file -Xfrontend /Users/builder/builds/TDmZkXJm/0/finestructure/swiftpackageindex-builder/spi-builder-workspace/.derivedData/Build/Intermediates.noindex/Complex.build/Debug-watchos/Complex.build/Objects-normal/arm64/Complex_const_extract_protocols.json -Xcc -I/Users/builder/builds/TDmZkXJm/0/finestructure/swiftpackageindex-builder/spi-builder-workspace/.derivedData/Build/Products/Debug-watchos/include -Xcc -I/Users/builder/builds/TDmZkXJm/0/finestructure/swiftpackageindex-builder/spi-builder-workspace/.derivedData/Build/Intermediates.noindex/Complex.build/Debug-watchos/Complex.build/DerivedSources-normal/arm64 -Xcc -I/Users/builder/builds/TDmZkXJm/0/finestructure/swiftpackageindex-builder/spi-builder-workspace/.derivedData/Build/Intermediates.noindex/Complex.build/Debug-watchos/Complex.build/DerivedSources/arm64 -Xcc -I/Users/builder/builds/TDmZkXJm/0/finestructure/swiftpackageindex-builder/spi-builder-workspace/.derivedData/Build/Intermediates.noindex/Complex.build/Debug-watchos/Complex.build/DerivedSources -Xcc -DSWIFT_PACKAGE -Xcc -DDEBUG\=1 -emit-objc-header -emit-objc-header-path /Users/builder/builds/TDmZkXJm/0/finestructure/swiftpackageindex-builder/spi-builder-workspace/.derivedData/Build/Intermediates.noindex/Complex.build/Debug-watchos/Complex.build/Objects-normal/arm64/Complex-Swift.h -working-directory /Users/builder/builds/TDmZkXJm/0/finestructure/swiftpackageindex-builder/spi-builder-workspace -experimental-emit-module-separately -disable-cmo

SwiftDriver Complex normal arm64_32 com.apple.xcode.tools.swift.compiler (in target 'Complex' from project 'Complex')
    cd /Users/builder/builds/TDmZkXJm/0/finestructure/swiftpackageindex-builder/spi-builder-workspace
    builtin-SwiftDriver -- /Applications/Xcode-15.0.0-Beta.app/Contents/Developer/Toolchains/XcodeDefault.xctoolchain/usr/bin/swiftc -module-name Complex -Onone -enforce-exclusivity\=checked @/Users/builder/builds/TDmZkXJm/0/finestructure/swiftpackageindex-builder/spi-builder-workspace/.derivedData/Build/Intermediates.noindex/Complex.build/Debug-watchos/Complex.build/Objects-normal/arm64_32/Complex.SwiftFileList -DSWIFT_PACKAGE -DDEBUG -DXcode -sdk /Applications/Xcode-15.0.0-Beta.app/Contents/Developer/Platforms/WatchOS.platform/Developer/SDKs/WatchOS10.0.sdk -target arm64_32-apple-watchos5.0 -g -module-cache-path /Users/builder/builds/TDmZkXJm/0/finestructure/swiftpackageindex-builder/spi-builder-workspace/.derivedData/ModuleCache.noindex -Xfrontend -serialize-debugging-options -enable-testing -index-store-path /Users/builder/builds/TDmZkXJm/0/finestructure/swiftpackageindex-builder/spi-builder-workspace/.derivedData/Index.noindex/DataStore -swift-version 4 -I /Users/builder/builds/TDmZkXJm/0/finestructure/swiftpackageindex-builder/spi-builder-workspace/.derivedData/Build/Products/Debug-watchos -I /Applications/Xcode-15.0.0-Beta.app/Contents/Developer/Platforms/WatchOS.platform/Developer/usr/lib -F /Users/builder/builds/TDmZkXJm/0/finestructure/swiftpackageindex-builder/spi-builder-workspace/.derivedData/Build/Products/Debug-watchos -F /Applications/Xcode-15.0.0-Beta.app/Contents/Developer/Platforms/WatchOS.platform/Developer/Library/Frameworks -F /Applications/Xcode-15.0.0-Beta.app/Contents/Developer/Platforms/WatchOS.platform/Developer/SDKs/WatchOS10.0.sdk/Developer/Library/Frameworks -c -j8 -enable-batch-mode -incremental -Xcc -ivfsstatcache -Xcc /Users/builder/builds/TDmZkXJm/0/finestructure/swiftpackageindex-builder/spi-builder-workspace/.derivedData/SDKStatCaches.noindex/watchos10.0-21R5275s-8db995917c4b1d9e1a16e7199e9e13bb.sdkstatcache -output-file-map /Users/builder/builds/TDmZkXJm/0/finestructure/swiftpackageindex-builder/spi-builder-workspace/.derivedData/Build/Intermediates.noindex/Complex.build/Debug-watchos/Complex.build/Objects-normal/arm64_32/Complex-OutputFileMap.json -use-frontend-parseable-output -save-temps -no-color-diagnostics -serialize-diagnostics -emit-dependencies -emit-module -emit-module-path /Users/builder/builds/TDmZkXJm/0/finestructure/swiftpackageindex-builder/spi-builder-workspace/.derivedData/Build/Intermediates.noindex/Complex.build/Debug-watchos/Complex.build/Objects-normal/arm64_32/Complex.swiftmodule -validate-clang-modules-once -clang-build-session-file /Users/builder/builds/TDmZkXJm/0/finestructure/swiftpackageindex-builder/spi-builder-workspace/.derivedData/ModuleCache.noindex/Session.modulevalidation -Xcc -I/Users/builder/builds/TDmZkXJm/0/finestructure/swiftpackageindex-builder/spi-builder-workspace/.derivedData/Build/Intermediates.noindex/Complex.build/Debug-watchos/Complex.build/swift-overrides.hmap -emit-const-values -Xfrontend -const-gather-protocols-file -Xfrontend /Users/builder/builds/TDmZkXJm/0/finestructure/swiftpackageindex-builder/spi-builder-workspace/.derivedData/Build/Intermediates.noindex/Complex.build/Debug-watchos/Complex.build/Objects-normal/arm64_32/Complex_const_extract_protocols.json -Xcc -I/Users/builder/builds/TDmZkXJm/0/finestructure/swiftpackageindex-builder/spi-builder-workspace/.derivedData/Build/Products/Debug-watchos/include -Xcc -I/Users/builder/builds/TDmZkXJm/0/finestructure/swiftpackageindex-builder/spi-builder-workspace/.derivedData/Build/Intermediates.noindex/Complex.build/Debug-watchos/Complex.build/DerivedSources-normal/arm64_32 -Xcc -I/Users/builder/builds/TDmZkXJm/0/finestructure/swiftpackageindex-builder/spi-builder-workspace/.derivedData/Build/Intermediates.noindex/Complex.build/Debug-watchos/Complex.build/DerivedSources/arm64_32 -Xcc -I/Users/builder/builds/TDmZkXJm/0/finestructure/swiftpackageindex-builder/spi-builder-workspace/.derivedData/Build/Intermediates.noindex/Complex.build/Debug-watchos/Complex.build/DerivedSources -Xcc -DSWIFT_PACKAGE -Xcc -DDEBUG\=1 -emit-objc-header -emit-objc-header-path /Users/builder/builds/TDmZkXJm/0/finestructure/swiftpackageindex-builder/spi-builder-workspace/.derivedData/Build/Intermediates.noindex/Complex.build/Debug-watchos/Complex.build/Objects-normal/arm64_32/Complex-Swift.h -working-directory /Users/builder/builds/TDmZkXJm/0/finestructure/swiftpackageindex-builder/spi-builder-workspace -experimental-emit-module-separately -disable-cmo

WriteAuxiliaryFile /Users/builder/builds/TDmZkXJm/0/finestructure/swiftpackageindex-builder/spi-builder-workspace/.derivedData/Build/Intermediates.noindex/Complex.build/Debug-watchos/ComplexRun.build/Objects-normal/armv7k/ComplexRun.SwiftFileList (in target 'ComplexRun' from project 'Complex')
    cd /Users/builder/builds/TDmZkXJm/0/finestructure/swiftpackageindex-builder/spi-builder-workspace
    write-file /Users/builder/builds/TDmZkXJm/0/finestructure/swiftpackageindex-builder/spi-builder-workspace/.derivedData/Build/Intermediates.noindex/Complex.build/Debug-watchos/ComplexRun.build/Objects-normal/armv7k/ComplexRun.SwiftFileList

WriteAuxiliaryFile /Users/builder/builds/TDmZkXJm/0/finestructure/swiftpackageindex-builder/spi-builder-workspace/.derivedData/Build/Intermediates.noindex/Complex.build/Debug-watchos/ComplexRun.build/Objects-normal/armv7k/ComplexRun_const_extract_protocols.json (in target 'ComplexRun' from project 'Complex')
    cd /Users/builder/builds/TDmZkXJm/0/finestructure/swiftpackageindex-builder/spi-builder-workspace
    write-file /Users/builder/builds/TDmZkXJm/0/finestructure/swiftpackageindex-builder/spi-builder-workspace/.derivedData/Build/Intermediates.noindex/Complex.build/Debug-watchos/ComplexRun.build/Objects-normal/armv7k/ComplexRun_const_extract_protocols.json

WriteAuxiliaryFile /Users/builder/builds/TDmZkXJm/0/finestructure/swiftpackageindex-builder/spi-builder-workspace/.derivedData/Build/Intermediates.noindex/Complex.build/Debug-watchos/ComplexRun.build/Objects-normal/armv7k/ComplexRun-OutputFileMap.json (in target 'ComplexRun' from project 'Complex')
    cd /Users/builder/builds/TDmZkXJm/0/finestructure/swiftpackageindex-builder/spi-builder-workspace
    write-file /Users/builder/builds/TDmZkXJm/0/finestructure/swiftpackageindex-builder/spi-builder-workspace/.derivedData/Build/Intermediates.noindex/Complex.build/Debug-watchos/ComplexRun.build/Objects-normal/armv7k/ComplexRun-OutputFileMap.json

WriteAuxiliaryFile /Users/builder/builds/TDmZkXJm/0/finestructure/swiftpackageindex-builder/spi-builder-workspace/.derivedData/Build/Intermediates.noindex/Complex.build/Debug-watchos/ComplexRun.build/Objects-normal/arm64_32/ComplexRun_const_extract_protocols.json (in target 'ComplexRun' from project 'Complex')
    cd /Users/builder/builds/TDmZkXJm/0/finestructure/swiftpackageindex-builder/spi-builder-workspace
    write-file /Users/builder/builds/TDmZkXJm/0/finestructure/swiftpackageindex-builder/spi-builder-workspace/.derivedData/Build/Intermediates.noindex/Complex.build/Debug-watchos/ComplexRun.build/Objects-normal/arm64_32/ComplexRun_const_extract_protocols.json

WriteAuxiliaryFile /Users/builder/builds/TDmZkXJm/0/finestructure/swiftpackageindex-builder/spi-builder-workspace/.derivedData/Build/Intermediates.noindex/Complex.build/Debug-watchos/ComplexRun.build/Objects-normal/arm64_32/ComplexRun.SwiftFileList (in target 'ComplexRun' from project 'Complex')
    cd /Users/builder/builds/TDmZkXJm/0/finestructure/swiftpackageindex-builder/spi-builder-workspace
    write-file /Users/builder/builds/TDmZkXJm/0/finestructure/swiftpackageindex-builder/spi-builder-workspace/.derivedData/Build/Intermediates.noindex/Complex.build/Debug-watchos/ComplexRun.build/Objects-normal/arm64_32/ComplexRun.SwiftFileList

WriteAuxiliaryFile /Users/builder/builds/TDmZkXJm/0/finestructure/swiftpackageindex-builder/spi-builder-workspace/.derivedData/Build/Intermediates.noindex/Complex.build/Debug-watchos/ComplexRun.build/Objects-normal/arm64_32/ComplexRun-OutputFileMap.json (in target 'ComplexRun' from project 'Complex')
    cd /Users/builder/builds/TDmZkXJm/0/finestructure/swiftpackageindex-builder/spi-builder-workspace
    write-file /Users/builder/builds/TDmZkXJm/0/finestructure/swiftpackageindex-builder/spi-builder-workspace/.derivedData/Build/Intermediates.noindex/Complex.build/Debug-watchos/ComplexRun.build/Objects-normal/arm64_32/ComplexRun-OutputFileMap.json

WriteAuxiliaryFile /Users/builder/builds/TDmZkXJm/0/finestructure/swiftpackageindex-builder/spi-builder-workspace/.derivedData/Build/Intermediates.noindex/Complex.build/Debug-watchos/ComplexRun.build/Objects-normal/arm64/ComplexRun_const_extract_protocols.json (in target 'ComplexRun' from project 'Complex')
    cd /Users/builder/builds/TDmZkXJm/0/finestructure/swiftpackageindex-builder/spi-builder-workspace
    write-file /Users/builder/builds/TDmZkXJm/0/finestructure/swiftpackageindex-builder/spi-builder-workspace/.derivedData/Build/Intermediates.noindex/Complex.build/Debug-watchos/ComplexRun.build/Objects-normal/arm64/ComplexRun_const_extract_protocols.json

WriteAuxiliaryFile /Users/builder/builds/TDmZkXJm/0/finestructure/swiftpackageindex-builder/spi-builder-workspace/.derivedData/Build/Intermediates.noindex/Complex.build/Debug-watchos/ComplexRun.build/Objects-normal/arm64/ComplexRun.SwiftFileList (in target 'ComplexRun' from project 'Complex')
    cd /Users/builder/builds/TDmZkXJm/0/finestructure/swiftpackageindex-builder/spi-builder-workspace
    write-file /Users/builder/builds/TDmZkXJm/0/finestructure/swiftpackageindex-builder/spi-builder-workspace/.derivedData/Build/Intermediates.noindex/Complex.build/Debug-watchos/ComplexRun.build/Objects-normal/arm64/ComplexRun.SwiftFileList

WriteAuxiliaryFile /Users/builder/builds/TDmZkXJm/0/finestructure/swiftpackageindex-builder/spi-builder-workspace/.derivedData/Build/Intermediates.noindex/Complex.build/Debug-watchos/ComplexRun.build/Objects-normal/arm64/ComplexRun-OutputFileMap.json (in target 'ComplexRun' from project 'Complex')
    cd /Users/builder/builds/TDmZkXJm/0/finestructure/swiftpackageindex-builder/spi-builder-workspace
    write-file /Users/builder/builds/TDmZkXJm/0/finestructure/swiftpackageindex-builder/spi-builder-workspace/.derivedData/Build/Intermediates.noindex/Complex.build/Debug-watchos/ComplexRun.build/Objects-normal/arm64/ComplexRun-OutputFileMap.json

SwiftDriver ComplexRun normal armv7k com.apple.xcode.tools.swift.compiler (in target 'ComplexRun' from project 'Complex')
    cd /Users/builder/builds/TDmZkXJm/0/finestructure/swiftpackageindex-builder/spi-builder-workspace
    builtin-SwiftDriver -- /Applications/Xcode-15.0.0-Beta.app/Contents/Developer/Toolchains/XcodeDefault.xctoolchain/usr/bin/swiftc -module-name ComplexRun -Onone -enforce-exclusivity\=checked @/Users/builder/builds/TDmZkXJm/0/finestructure/swiftpackageindex-builder/spi-builder-workspace/.derivedData/Build/Intermediates.noindex/Complex.build/Debug-watchos/ComplexRun.build/Objects-normal/armv7k/ComplexRun.SwiftFileList -DSWIFT_PACKAGE -DDEBUG -DXcode -sdk /Applications/Xcode-15.0.0-Beta.app/Contents/Developer/Platforms/WatchOS.platform/Developer/SDKs/WatchOS10.0.sdk -target armv7k-apple-watchos5.0 -g -module-cache-path /Users/builder/builds/TDmZkXJm/0/finestructure/swiftpackageindex-builder/spi-builder-workspace/.derivedData/ModuleCache.noindex -Xfrontend -serialize-debugging-options -enable-testing -index-store-path /Users/builder/builds/TDmZkXJm/0/finestructure/swiftpackageindex-builder/spi-builder-workspace/.derivedData/Index.noindex/DataStore -swift-version 4 -I /Users/builder/builds/TDmZkXJm/0/finestructure/swiftpackageindex-builder/spi-builder-workspace/.derivedData/Build/Products/Debug-watchos -I /Applications/Xcode-15.0.0-Beta.app/Contents/Developer/Platforms/WatchOS.platform/Developer/usr/lib -F /Users/builder/builds/TDmZkXJm/0/finestructure/swiftpackageindex-builder/spi-builder-workspace/.derivedData/Build/Products/Debug-watchos/PackageFrameworks -F /Users/builder/builds/TDmZkXJm/0/finestructure/swiftpackageindex-builder/spi-builder-workspace/.derivedData/Build/Products/Debug-watchos -F /Applications/Xcode-15.0.0-Beta.app/Contents/Developer/Platforms/WatchOS.platform/Developer/Library/Frameworks -F /Applications/Xcode-15.0.0-Beta.app/Contents/Developer/Platforms/WatchOS.platform/Developer/SDKs/WatchOS10.0.sdk/Developer/Library/Frameworks -c -j8 -enable-batch-mode -incremental -Xcc -ivfsstatcache -Xcc /Users/builder/builds/TDmZkXJm/0/finestructure/swiftpackageindex-builder/spi-builder-workspace/.derivedData/SDKStatCaches.noindex/watchos10.0-21R5275s-8db995917c4b1d9e1a16e7199e9e13bb.sdkstatcache -output-file-map /Users/builder/builds/TDmZkXJm/0/finestructure/swiftpackageindex-builder/spi-builder-workspace/.derivedData/Build/Intermediates.noindex/Complex.build/Debug-watchos/ComplexRun.build/Objects-normal/armv7k/ComplexRun-OutputFileMap.json -use-frontend-parseable-output -save-temps -no-color-diagnostics -serialize-diagnostics -emit-dependencies -emit-module -emit-module-path /Users/builder/builds/TDmZkXJm/0/finestructure/swiftpackageindex-builder/spi-builder-workspace/.derivedData/Build/Intermediates.noindex/Complex.build/Debug-watchos/ComplexRun.build/Objects-normal/armv7k/ComplexRun.swiftmodule -validate-clang-modules-once -clang-build-session-file /Users/builder/builds/TDmZkXJm/0/finestructure/swiftpackageindex-builder/spi-builder-workspace/.derivedData/ModuleCache.noindex/Session.modulevalidation -emit-const-values -Xfrontend -const-gather-protocols-file -Xfrontend /Users/builder/builds/TDmZkXJm/0/finestructure/swiftpackageindex-builder/spi-builder-workspace/.derivedData/Build/Intermediates.noindex/Complex.build/Debug-watchos/ComplexRun.build/Objects-normal/armv7k/ComplexRun_const_extract_protocols.json -Xcc -I/Users/builder/builds/TDmZkXJm/0/finestructure/swiftpackageindex-builder/spi-builder-workspace/.derivedData/Build/Products/Debug-watchos/include -Xcc -I/Users/builder/builds/TDmZkXJm/0/finestructure/swiftpackageindex-builder/spi-builder-workspace/.derivedData/Build/Intermediates.noindex/Complex.build/Debug-watchos/ComplexRun.build/DerivedSources-normal/armv7k -Xcc -I/Users/builder/builds/TDmZkXJm/0/finestructure/swiftpackageindex-builder/spi-builder-workspace/.derivedData/Build/Intermediates.noindex/Complex.build/Debug-watchos/ComplexRun.build/DerivedSources/armv7k -Xcc -I/Users/builder/builds/TDmZkXJm/0/finestructure/swiftpackageindex-builder/spi-builder-workspace/.derivedData/Build/Intermediates.noindex/Complex.build/Debug-watchos/ComplexRun.build/DerivedSources -Xcc -DSWIFT_PACKAGE -Xcc -DDEBUG\=1 -working-directory /Users/builder/builds/TDmZkXJm/0/finestructure/swiftpackageindex-builder/spi-builder-workspace -experimental-emit-module-separately -disable-cmo

SwiftDriver ComplexRun normal arm64_32 com.apple.xcode.tools.swift.compiler (in target 'ComplexRun' from project 'Complex')
    cd /Users/builder/builds/TDmZkXJm/0/finestructure/swiftpackageindex-builder/spi-builder-workspace
    builtin-SwiftDriver -- /Applications/Xcode-15.0.0-Beta.app/Contents/Developer/Toolchains/XcodeDefault.xctoolchain/usr/bin/swiftc -module-name ComplexRun -Onone -enforce-exclusivity\=checked @/Users/builder/builds/TDmZkXJm/0/finestructure/swiftpackageindex-builder/spi-builder-workspace/.derivedData/Build/Intermediates.noindex/Complex.build/Debug-watchos/ComplexRun.build/Objects-normal/arm64_32/ComplexRun.SwiftFileList -DSWIFT_PACKAGE -DDEBUG -DXcode -sdk /Applications/Xcode-15.0.0-Beta.app/Contents/Developer/Platforms/WatchOS.platform/Developer/SDKs/WatchOS10.0.sdk -target arm64_32-apple-watchos5.0 -g -module-cache-path /Users/builder/builds/TDmZkXJm/0/finestructure/swiftpackageindex-builder/spi-builder-workspace/.derivedData/ModuleCache.noindex -Xfrontend -serialize-debugging-options -enable-testing -index-store-path /Users/builder/builds/TDmZkXJm/0/finestructure/swiftpackageindex-builder/spi-builder-workspace/.derivedData/Index.noindex/DataStore -swift-version 4 -I /Users/builder/builds/TDmZkXJm/0/finestructure/swiftpackageindex-builder/spi-builder-workspace/.derivedData/Build/Products/Debug-watchos -I /Applications/Xcode-15.0.0-Beta.app/Contents/Developer/Platforms/WatchOS.platform/Developer/
usr/lib -F /Users/builder/builds/TDmZkXJm/0/finestructure/swiftpackageindex-builder/spi-builder-workspace/.derivedData/Build/Products/Debug-watchos/PackageFrameworks -F /Users/builder/builds/TDmZkXJm/0/finestructure/swiftpackageindex-builder/spi-builder-workspace/.derivedData/Build/Products/Debug-watchos -F /Applications/Xcode-15.0.0-Beta.app/Contents/Developer/Platforms/WatchOS.platform/Developer/Library/Frameworks -F /Applications/Xcode-15.0.0-Beta.app/Contents/Developer/Platforms/WatchOS.platform/Developer/SDKs/WatchOS10.0.sdk/Developer/Library/Frameworks -c -j8 -enable-batch-mode -incremental -Xcc -ivfsstatcache -Xcc /Users/builder/builds/TDmZkXJm/0/finestructure/swiftpackageindex-builder/spi-builder-workspace/.derivedData/SDKStatCaches.noindex/watchos10.0-21R5275s-8db995917c4b1d9e1a16e7199e9e13bb.sdkstatcache -output-file-map /Users/builder/builds/TDmZkXJm/0/finestructure/swiftpackageindex-builder/spi-builder-workspace/.derivedData/Build/Intermediates.noindex/Complex.build/Debug-watchos/ComplexRun.build/Objects-normal/arm64_32/ComplexRun-OutputFileMap.json -use-frontend-parseable-output -save-temps -no-color-diagnostics -serialize-diagnostics -emit-dependencies -emit-module -emit-module-path /Users/builder/builds/TDmZkXJm/0/finestructure/swiftpackageindex-builder/spi-builder-workspace/.derivedData/Build/Intermediates.noindex/Complex.build/Debug-watchos/ComplexRun.build/Objects-normal/arm64_32/ComplexRun.swiftmodule -validate-clang-modules-once -clang-build-session-file /Users/builder/builds/TDmZkXJm/0/finestructure/swiftpackageindex-builder/spi-builder-workspace/.derivedData/ModuleCache.noindex/Session.modulevalidation -emit-const-values -Xfrontend -const-gather-protocols-file -Xfrontend /Users/builder/builds/TDmZkXJm/0/finestructure/swiftpackageindex-builder/spi-builder-workspace/.derivedData/Build/Intermediates.noindex/Complex.build/Debug-watchos/ComplexRun.build/Objects-normal/arm64_32/ComplexRun_const_extract_protocols.json -Xcc -I/Users/builder/builds/TDmZkXJm/0/finestructure/swiftpackageindex-builder/spi-builder-workspace/.derivedData/Build/Products/Debug-watchos/include -Xcc -I/Users/builder/builds/TDmZkXJm/0/finestructure/swiftpackageindex-builder/spi-builder-workspace/.derivedData/Build/Intermediates.noindex/Complex.build/Debug-watchos/ComplexRun.build/DerivedSources-normal/arm64_32 -Xcc -I/Users/builder/builds/TDmZkXJm/0/finestructure/swiftpackageindex-builder/spi-builder-workspace/.derivedData/Build/Intermediates.noindex/Complex.build/Debug-watchos/ComplexRun.build/DerivedSources/arm64_32 -Xcc -I/Users/builder/builds/TDmZkXJm/0/finestructure/swiftpackageindex-builder/spi-builder-workspace/.derivedData/Build/Intermediates.noindex/Complex.build/Debug-watchos/ComplexRun.build/DerivedSources -Xcc -DSWIFT_PACKAGE -Xcc -DDEBUG\=1 -working-directory /Users/builder/builds/TDmZkXJm/0/finestructure/swiftpackageindex-builder/spi-builder-workspace -experimental-emit-module-separately -disable-cmo

SwiftDriver ComplexRun normal arm64 com.apple.xcode.tools.swift.compiler (in target 'ComplexRun' from project 'Complex')
    cd /Users/builder/builds/TDmZkXJm/0/finestructure/swiftpackageindex-builder/spi-builder-workspace
    builtin-SwiftDriver -- /Applications/Xcode-15.0.0-Beta.app/Contents/Developer/Toolchains/XcodeDefault.xctoolchain/usr/bin/swiftc -module-name ComplexRun -Onone -enforce-exclusivity\=checked @/Users/builder/builds/TDmZkXJm/0/finestructure/swiftpackageindex-builder/spi-builder-workspace/.derivedData/Build/Intermediates.noindex/Complex.build/Debug-watchos/ComplexRun.build/Objects-normal/arm64/ComplexRun.SwiftFileList -DSWIFT_PACKAGE -DDEBUG -DXcode -sdk /Applications/Xcode-15.0.0-Beta.app/Contents/Developer/Platforms/WatchOS.platform/Developer/SDKs/WatchOS10.0.sdk -target arm64-apple-watchos5.0 -g -module-cache-path /Users/builder/builds/TDmZkXJm/0/finestructure/swiftpackageindex-builder/spi-builder-workspace/.derivedData/ModuleCache.noindex -Xfrontend -serialize-debugging-options -enable-testing -index-store-path /Users/builder/builds/TDmZkXJm/0/finestructure/swiftpackageindex-builder/spi-builder-workspace/.derivedData/Index.noindex/DataStore -swift-version 4 -I /Users/builder/builds/TDmZkXJm/0/finestructure/swiftpackageindex-builder/spi-builder-workspace/.derivedData/Build/Products/Debug-watchos -I /Applications/Xcode-15.0.0-Beta.app/Contents/Developer/Platforms/WatchOS.platform/Developer/usr/lib -F /Users/builder/builds/TDmZkXJm/0/finestructure/swiftpackageindex-builder/spi-builder-workspace/.derivedData/Build/Products/Debug-watchos/PackageFrameworks -F /Users/builder/builds/TDmZkXJm/0/finestructure/swiftpackageindex-builder/spi-builder-workspace/.derivedData/Build/Products/Debug-watchos -F /Applications/Xcode-15.0.0-Beta.app/Contents/Developer/Platforms/WatchOS.platform/Developer/Library/Frameworks -F /Applications/Xcode-15.0.0-Beta.app/Contents/Developer/Platforms/WatchOS.platform/Developer/SDKs/WatchOS10.0.sdk/Developer/Library/Frameworks -c -j8 -enable-batch-mode -incremental -Xcc -ivfsstatcache -Xcc /Users/builder/builds/TDmZkXJm/0/finestructure/swiftpackageindex-builder/spi-builder-workspace/.derivedData/SDKStatCaches.noindex/watchos10.0-21R5275s-8db995917c4b1d9e1a16e7199e9e13bb.sdkstatcache -output-file-map /Users/builder/builds/TDmZkXJm/0/finestructure/swiftpackageindex-builder/spi-builder-workspace/.derivedData/Build/Intermediates.noindex/Complex.build/Debug-watchos/ComplexRun.build/Objects-normal/arm64/ComplexRun-OutputFileMap.json -use-frontend-parseable-output -save-temps -no-color-diagnostics -serialize-diagnostics -emit-dependencies -emit-module -emit-module-path /Users/builder/builds/TDmZkXJm/0/finestructure/swiftpackageindex-builder/spi-builder-workspace/.derivedData/Build/Intermediates.noindex/Complex.build/Debug-watchos/ComplexRun.build/Objects-normal/arm64/ComplexRun.swiftmodule -validate-clang-modules-once -clang-build-session-file /Users/builder/builds/TDmZkXJm/0/finestructure/swiftpackageindex-builder/spi-builder-workspace/.derivedData/ModuleCache.noindex/Session.modulevalidation -emit-const-values -Xfrontend -const-gather-protocols-file -Xfrontend /Users/builder/builds/TDmZkXJm/0/finestructure/swiftpackageindex-builder/spi-builder-workspace/.derivedData/Build/Intermediates.noindex/Complex.build/Debug-watchos/ComplexRun.build/Objects-normal/arm64/ComplexRun_const_extract_protocols.json -Xcc -I/Users/builder/builds/TDmZkXJm/0/finestructure/swiftpackageindex-builder/spi-builder-workspace/.derivedData/Build/Products/Debug-watchos/include -Xcc -I/Users/builder/builds/TDmZkXJm/0/finestructure/swiftpackageindex-builder/spi-builder-workspace/.derivedData/Build/Intermediates.noindex/Complex.build/Debug-watchos/ComplexRun.build/DerivedSources-normal/arm64 -Xcc -I/Users/builder/builds/TDmZkXJm/0/finestructure/swiftpackageindex-builder/spi-builder-workspace/.derivedData/Build/Intermediates.noindex/Complex.build/Debug-watchos/ComplexRun.build/DerivedSources/arm64 -Xcc -I/Users/builder/builds/TDmZkXJm/0/finestructure/swiftpackageindex-builder/spi-builder-workspace/.derivedData/Build/Intermediates.noindex/Complex.build/Debug-watchos/ComplexRun.build/DerivedSources -Xcc -DSWIFT_PACKAGE -Xcc -DDEBUG\=1 -working-directory /Users/builder/builds/TDmZkXJm/0/finestructure/swiftpackageindex-builder/spi-builder-workspace -experimental-emit-module-separately -disable-cmo

SwiftEmitModule normal armv7k Emitting\ module\ for\ ComplexRun (in target 'ComplexRun' from project 'Complex')
    cd /Users/builder/builds/TDmZkXJm/0/finestructure/swiftpackageindex-builder/spi-builder-workspace
    builtin-swiftTaskExecution -- /Applications/Xcode-15.0.0-Beta.app/Contents/Developer/Toolchains/XcodeDefault.xctoolchain/usr/bin/swift-frontend -frontend -emit-module -experimental-skip-non-inlinable-function-bodies-without-types /Users/builder/builds/TDmZkXJm/0/finestructure/swiftpackageindex-builder/spi-builder-workspace/Sources/ComplexRun/main.swift -target armv7k-apple-watchos5.0 -enable-objc-interop -sdk /Applications/Xcode-15.0.0-Beta.app/Contents/Developer/Platforms/WatchOS.platform/Developer/SDKs/WatchOS10.0.sdk -I /Users/builder/builds/TDmZkXJm/0/finestructure/swiftpackageindex-builder/spi-builder-workspace/.derivedData/Build/Products/Debug-watchos -I /Applications/Xcode-15.0.0-Beta.app/Contents/Developer/Platforms/WatchOS.platform/Developer/usr/lib -F /Users/builder/builds/TDmZkXJm/0/finestructure/swiftpackageindex-builder/spi-builder-workspace/.derivedData/Build/Products/Debug-watchos/PackageFrameworks -F /Users/builder/builds/TDmZkXJm/0/finestructure/swiftpackageindex-builder/spi-builder-workspace/.derivedData/Build/Products/Debug-watchos -F /Applications/Xcode-15.0.0-Beta.app/Contents/Developer/Platforms/WatchOS.platform/Developer/Library/Frameworks -F /Applications/Xcode-15.0.0-Beta.app/Contents/Developer/Platforms/WatchOS.platform/Developer/SDKs/WatchOS10.0.sdk/Developer/Library/Frameworks -no-color-diagnostics -enable-testing -g -module-cache-path /Users/builder/builds/TDmZkXJm/0/finestructure/swiftpackageindex-builder/spi-builder-workspace/.derivedData/ModuleCache.noindex -swift-version 4 -enforce-exclusivity\=checked -Onone -D SWIFT_PACKAGE -D DEBUG -D Xcode -serialize-debugging-options -const-gather-protocols-file /Users/builder/builds/TDmZkXJm/0/finestructure/swiftpackageindex-builder/spi-builder-workspace/.derivedData/Build/Intermediates.noindex/Complex.build/Debug-watchos/ComplexRun.build/Objects-normal/armv7k/ComplexRun_const_extract_protocols.json -empty-abi-descriptor -plugin-path /Applications/Xcode-15.0.0-Beta.app/Contents/Developer/Toolchains/XcodeDefault.xctoolchain/usr/lib/swift/host/plugins -plugin-path /Applications/Xcode-15.0.0-Beta.app/Contents/Developer/Toolchains/XcodeDefault.xctoolchain/usr/local/lib/swift/host/plugins -validate-clang-modules-once -clang-build-session-file /Users/builder/builds/TDmZkXJm/0/finestructure/swiftpackageindex-builder/spi-builder-workspace/.derivedData/ModuleCache.noindex/Session.modulevalidation -Xcc -working-directory -Xcc /Users/builder/builds/TDmZkXJm/0/finestructure/swiftpackageindex-builder/spi-builder-workspace -resource-dir /Applications/Xcode-15.0.0-Beta.app/Contents/Developer/Toolchains/XcodeDefault.xctoolchain/usr/lib/swift -enable-anonymous-context-mangled-names -Xcc -ivfsstatcache -Xcc /Users/builder/builds/TDmZkXJm/0/finestructure/swiftpackageindex-builder/spi-builder-workspace/.derivedData/SDKStatCaches.noindex/watchos10.0-21R5275s-8db995917c4b1d9e1a16e7199e9e13bb.sdkstatcache -Xcc -I/Users/builder/builds/TDmZkXJm/0/finestructure/swiftpackageindex-builder/spi-builder-workspace/.derivedData/Build/Products/Debug-watchos/include -Xcc -I/Users/builder/builds/TDmZkXJm/0/finestructure/swiftpackageindex-builder/spi-builder-workspace/.derivedData/Build/Intermediates.noindex/Complex.build/Debug-watchos/ComplexRun.build/DerivedSources-normal/armv7k -Xcc -I/Users/builder/builds/TDmZkXJm/0/finestructure/swiftpackageindex-builder/spi-builder-workspace/.derivedData/Build/Intermediates.noindex/Complex.build/Debug-watchos/ComplexRun.build/DerivedSources/armv7k -Xcc -I/Users/builder/builds/TDmZkXJm/0/finestructure/swiftpackageindex-builder/spi-builder-workspace/.derivedData/Build/Intermediates.noindex/Complex.build/Debug-watchos/ComplexRun.build/DerivedSources -Xcc -DSWIFT_PACKAGE -Xcc -DDEBUG\=1 -module-name ComplexRun -disable-clang-spi -target-sdk-version 10.0 -target-sdk-name watchos10.0 -emit-module-doc-path /Users/builder/builds/TDmZkXJm/0/finestructure/swiftpackageindex-builder/spi-builder-workspace/.derivedData/Build/Intermediates.noindex/Complex.build/Debug-watchos/ComplexRun.build/Objects-normal/armv7k/ComplexRun.swiftdoc -emit-module-source-info-path /Users/builder/builds/TDmZkXJm/0/finestructure/swiftpackageindex-builder/spi-builder-workspace/.derivedData/Build/Intermediates.noindex/Complex.build/Debug-watchos/ComplexRun.build/Objects-normal/armv7k/ComplexRun.swiftsourceinfo -serialize-diagnostics-path /Users/builder/builds/TDmZkXJm/0/finestructure/swiftpackageindex-builder/spi-builder-workspace/.derivedData/Build/Intermediates.noindex/Complex.build/Debug-watchos/ComplexRun.build/Objects-normal/armv7k/ComplexRun-master-emit-module.dia -emit-dependencies-path /Users/builder/builds/TDmZkXJm/0/finestructure/swiftpackageindex-builder/spi-builder-workspace/.derivedData/Build/Intermediates.noindex/Complex.build/Debug-watchos/ComplexRun.build/Objects-normal/armv7k/ComplexRun-master-emit-module.d -o /Users/builder/builds/TDmZkXJm/0/finestructure/swiftpackageindex-builder/spi-builder-workspace/.derivedData/Build/Intermediates.noindex/Complex.build/Debug-watchos/ComplexRun.build/Objects-normal/armv7k/ComplexRun.swiftmodule -emit-abi-descriptor-path /Users/builder/builds/TDmZkXJm/0/finestructure/swiftpackageindex-builder/spi-builder-workspace/.derivedData/Build/Intermediates.noindex/Complex.build/Debug-watchos/ComplexRun.build/Objects-normal/armv7k/ComplexRun.abi.json

SwiftEmitModule normal arm64_32 Emitting\ module\ for\ ComplexRun (in target 'ComplexRun' from project 'Complex')
    cd /Users/builder/builds/TDmZkXJm/0/finestructure/swiftpackageindex-builder/spi-builder-workspace
    builtin-swiftTaskExecution -- /Applications/Xcode-15.0.0-Beta.app/Contents/Developer/Toolchains/XcodeDefault.xctoolchain/usr/bin/swift-frontend -frontend -emit-module -experimental-skip-non-inlinable-function-bodies-without-types /Users/builder/builds/TDmZkXJm/0/finestructure/swiftpackageindex-builder/spi-builder-workspace/Sources/ComplexRun/main.swift -target arm64_32-apple-watchos5.0 -enable-objc-interop -sdk /Applications/Xcode-15.0.0-Beta.app/Contents/Developer/Platforms/WatchOS.platform/Developer/SDKs/WatchOS10.0.sdk -I /Users/builder/builds/TDmZkXJm/0/finestructure/swiftpackageindex-builder/spi-builder-workspace/.derivedData/Build/Products/Debug-watchos -I /Applications/Xcode-15.0.0-Beta.app/Contents/Developer/Platforms/WatchOS.platform/Developer/usr/lib -F /Users/builder/builds/TDmZkXJm/0/finestructure/swiftpackageindex-builder/spi-builder-workspace/.derivedData/Build/Products/Debug-watchos/PackageFrameworks -F /Users/builder/builds/TDmZkXJm/0/finestructure/swiftpackageindex-builder/spi-builder-workspace/.derivedData/Build/Products/Debug-watchos -F /Applications/Xcode-15.0.0-Beta.app/Contents/Developer/Platforms/WatchOS.platform/Developer/Library/Frameworks -F /Applications/Xcode-15.0.0-Beta.app/Contents/Developer/Platforms/WatchOS.platform/Developer/SDKs/WatchOS10.0.sdk/Developer/Library/Frameworks -no-color-diagnostics -enable-testing -g -module-cache-path /Users/builder/builds/TDmZkXJm/0/finestructure/swiftpackageindex-builder/spi-builder-workspace/.derivedData/ModuleCache.noindex -swift-version 4 -enforce-exclusivity\=checked -Onone -D SWIFT_PACKAGE -D DEBUG -D Xcode -serialize-debugging-options -const-gather-protocols-file /Users/builder/builds/TDmZkXJm/0/finestructure/swiftpackageindex-builder/spi-builder-workspace/.derivedData/Build/Intermediates.noindex/Complex.build/Debug-watchos/ComplexRun.build/Objects-normal/arm64_32/ComplexRun_const_extract_protocols.json -empty-abi-descriptor -plugin-path /Applications/Xcode-15.0.0-Beta.app/Contents/Developer/Toolchains/XcodeDefault.xctoolchain/usr/lib/swift/host/plugins -plugin-path /Applications/Xcode-15.0.0-Beta.app/Contents/Developer/Toolchains/XcodeDefault.xctoolchain/usr/local/lib/swift/host/plugins -validate-clang-modules-once -clang-build-session-file /Users/builder/builds/TDmZkXJm/0/finestructure/swiftpackageindex-builder/spi-builder-workspace/.derivedData/ModuleCache.noindex/Session.modulevalidation -Xcc -working-directory -Xcc /Users/builder/builds/TDmZkXJm/0/finestructure/swiftpackageindex-builder/spi-builder-workspace -resource-dir /Applications/Xcode-15.0.0-Beta.app/Contents/Developer/Toolchains/XcodeDefault.xctoolchain/usr/lib/swift -enable-anonymous-context-mangled-names -Xcc -ivfsstatcache -Xcc /Users/builder/builds/TDmZkXJm/0/finestructure/swiftpackageindex-builder/spi-builder-workspace/.derivedData/SDKStatCaches.noindex/watchos10.0-21R5275s-8db995917c4b1d9e1a16e7199e9e13bb.sdkstatcache -Xcc -I/Users/builder/builds/TDmZkXJm/0/finestructure/swiftpackageindex-builder/spi-builder-workspace/.derivedData/Build/Products/Debug-watchos/include -Xcc -I/Users/builder/builds/TDmZkXJm/0/finestructure/swiftpackageindex-builder/spi-builder-workspace/.derivedData/Build/Intermediates.noindex/Complex.build/Debug-watchos/ComplexRun.build/DerivedSources-normal/arm64_32 -Xcc -I/Users/builder/builds/TDmZkXJm/0/finestructure/swiftpackageindex-builder/spi-builder-workspace/.derivedData/Build/Intermediates.noindex/Complex.build/Debug-watchos/ComplexRun.build/DerivedSources/arm64_32 -Xcc -I/Users/builder/builds/TDmZkXJm/0/finestructure/swiftpackageindex-builder/spi-builder-workspace/.derivedData/Build/Intermediates.noindex/Complex.build/Debug-watchos/ComplexRun.build/DerivedSources -Xcc -DSWIFT_PACKAGE -Xcc -DDEBUG\=1 -module-name ComplexRun -disable-clang-spi -target-sdk-version 10.0 -target-sdk-name watchos10.0 -emit-module-doc-path /Users/builder/builds/TDmZkXJm/0/finestructure/swiftpackageindex-builder/spi-builder-workspace/.derivedData/Build/Intermediates.noindex/Complex.build/Debug-watchos/ComplexRun.build/Objects-normal/arm64_32/ComplexRun.swiftdoc -emit-module-source-info-path /Users/builder/builds/TDmZkXJm/0/finestructure/swiftpackageindex-builder/spi-builder-workspace/.derivedData/Build/Intermediates.noindex/Complex.build/Debug-watchos/ComplexRun.build/Objects-normal/arm64_32/ComplexRun.swiftsourceinfo -serialize-diagnostics-path /Users/builder/builds/TDmZkXJm/0/finestructure/swiftpackageindex-builder/spi-builder-workspace/.derivedData/Build/Intermediates.noindex/Complex.build/Debug-watchos/ComplexRun.build/Objects-normal/arm64_32/ComplexRun-master-emit-module.dia -emit-dependencies-path /Users/builder/builds/TDmZkXJm/0/finestructure/swiftpackageindex-builder/spi-builder-workspace/.derivedData/Build/Intermediates.noindex/Complex.build/Debug-watchos/ComplexRun.build/Objects-normal/arm64_32/ComplexRun-master-emit-module.d -o /Users/builder/builds/TDmZkXJm/0/finestructure/swiftpackageindex-builder/spi-builder-workspace/.derivedData/Build/Intermediates.noindex/Complex.build/Debug-watchos/ComplexRun.build/Objects-normal/arm64_32/ComplexRun.swiftmodule -emit-abi-descriptor-path /Users/builder/builds/TDmZkXJm/0/finestructure/swiftpackageindex-builder/spi-builder-workspace/.derivedData/Build/Intermediates.noindex/Complex.build/Debug-watchos/ComplexRun.build/Objects-normal/arm64_32/ComplexRun.abi.json

SwiftEmitModule normal arm64_32 Emitting\ module\ for\ ComplexTests (in target 'ComplexTests' from project 'Complex')
    cd /Users/builder/builds/TDmZkXJm/0/finestructure/swiftpackageindex-builder/spi-builder-workspace
    builtin-swiftTaskExecution -- /Applications/Xcode-15.0.0-Beta.app/Contents/Developer/Toolchains/XcodeDefault.xctoolchain/usr/bin/swift-frontend -frontend -emit-module -experimental-skip-non-inlinable-function-bodies-without-types /Users/builder/builds/TDmZkXJm/0/finestructure/swiftpackageindex-builder/spi-builder-workspace/Tests/ComplexTests/ComplexTests.swift /Users/builder/builds/TDmZkXJm/0/finestructure/swiftpackageindex-builder/spi-builder-workspace/Tests/ComplexTests/GaussianIntTests.swift /Users/builder/builds/TDmZkXJm/0/finestructure/swiftpackageindex-builder/spi-builder-workspace/Tests/ComplexTests/XCTestManifests.swift -target arm64_32-apple-watchos5.0 -enable-objc-interop -sdk /Applications/Xcode-15.0.0-Beta.app/Contents/Developer/Platforms/WatchOS.platform/Developer/SDKs/WatchOS10.0.sdk -I /Users/builder/builds/TDmZkXJm/0/finestructure/swiftpackageindex-builder/spi-builder-workspace/.derivedData/Build/Products/Debug-watchos -I /Applications/Xcode-15.0.0-Beta.app/Contents/Developer/Platforms/WatchOS.platform/Developer/usr/lib -F /Users/builder/builds/TDmZkXJm/0/finestructure/swiftpackageindex-builder/spi-builder-workspace/.derivedData/Build/Products/Debug-watchos/PackageFrameworks -F /Users/builder/builds/TDmZkXJm/0/finestructure/swiftpackageindex-builder/spi-builder-workspace/.derivedData/Build/Products/Debug-watchos -F /Applications/Xcode-15.0.0-Beta.app/Contents/Developer/Platforms/WatchOS.platform/Developer/Library/Frameworks -F /Applications/Xcode-15.0.0-Beta.app/Contents/Developer/Platforms/WatchOS.platform/Developer/SDKs/WatchOS10.0.sdk/Developer/Library/Frameworks -no-color-diagnostics -enable-testing -g -module-cache-path /Users/builder/builds/TDmZkXJm/0/finestructure/swiftpackageindex-builder/spi-builder-workspace/.derivedData/ModuleCache.noindex -swift-version 4 -enforce-exclusivity\=checked -Onone -D SWIFT_PACKAGE -D DEBUG -D Xcode -serialize-debugging-options -const-gather-protocols-file /Users/builder/builds/TDmZkXJm/0/finestructure/swiftpackageindex-builder/spi-builder-workspace/.derivedData/Build/Intermediates.noindex/Complex.build/Debug-watchos/ComplexTests.build/Objects-normal/arm64_32/ComplexTests_const_extract_protocols.json -empty-abi-descriptor -plugin-path /Applications/Xcode-15.0.0-Beta.app/Contents/Developer/Toolchains/XcodeDefault.xctoolchain/usr/lib/swift/host/plugins -plugin-path /Applications/Xcode-15.0.0-Beta.app/Contents/Developer/Toolchains/XcodeDefault.xctoolchain/usr/local/lib/swift/host/plugins -validate-clang-modules-once -clang-build-session-file /Users/builder/builds/TDmZkXJm/0/finestructure/swiftpackageindex-builder/spi-builder-workspace/.derivedData/ModuleCache.noindex/Session.modulevalidation -Xcc -working-directory -Xcc /Users/builder/builds/TDmZkXJm/0/finestructure/swiftpackageindex-builder/spi-builder-workspace -resource-dir /Applications/Xcode-15.0.0-Beta.app/Contents/Developer/Toolchains/XcodeDefault.xctoolchain/usr/lib/swift -enable-anonymous-context-mangled-names -Xcc -ivfsstatcache -Xcc /Users/builder/builds/TDmZkXJm/0/finestructure/swiftpackageindex-builder/spi-builder-workspace/.derivedData/SDKStatCaches.noindex/watchos10.0-21R5275s-8db995917c4b1d9e1a16e7199e9e13bb.sdkstatcache -Xcc -I/Users/builder/builds/TDmZkXJm/0/finestructure/swiftpackageindex-builder/spi-builder-workspace/.derivedData/Build/Products/Debug-watchos/include -Xcc -I/Users/builder/builds/TDmZkXJm/0/finestructure/swiftpackageindex-builder/spi-builder-workspace/.derivedData/Build/Intermediates.noindex/Complex.build/Debug-watchos/ComplexTests.build/DerivedSources-normal/arm64_32 -Xcc -I/Users/builder/builds/TDmZkXJm/0/finestructure/swiftpackageindex-builder/spi-builder-workspace/.derivedData/Build/Intermediates.noindex/Complex.build/Debug-watchos/ComplexTests.build/DerivedSources/arm64_32 -Xcc -I/Users/builder/builds/TDmZkXJm/0/finestructure/swiftpackageindex-builder/spi-builder-workspace/.derivedData/Build/Intermediates.noindex/Complex.build/Debug-watchos/ComplexTests.build/DerivedSources -Xcc -DSWIFT_PACKAGE -Xcc -DDEBUG\=1 -module-name ComplexTests -disable-clang-spi -target-sdk-version 10.0 -target-sdk-name watchos10.0 -emit-module-doc-path /Users/builder/builds/TDmZkXJm/0/finestructure/swiftpackageindex-builder/spi-builder-workspace/.derivedData/Build/Intermediates.noindex/Complex.build/Debug-watchos/ComplexTests.build/Objects-normal/arm64_32/ComplexTests.swiftdoc -emit-module-source-info-path /Users/builder/builds/TDmZkXJm/0/finestructure/swiftpackageindex-builder/spi-builder-workspace/.derivedData/Build/Intermediates.noindex/Complex.build/Debug-watchos/ComplexTests.build/Objects-normal/arm64_32/ComplexTests.swiftsourceinfo -serialize-diagnostics-path /Users/builder/builds/TDmZkXJm/0/finestructure/swiftpackageindex-builder/spi-builder-workspace/.derivedData/Build/Intermediates.noindex/Complex.build/Debug-watchos/ComplexTests.build/Objects-normal/arm64_32/ComplexTests-master-emit-module.dia -emit-dependencies-path /Users/builder/builds/TDmZkXJm/0/finestructure/swiftpackageindex-builder/spi-builder-workspace/.derivedData/Build/Intermediates.noindex/Complex.build/Debug-watchos/ComplexTests.build/Objects-normal/arm64_32/ComplexTests-master-emit-module.d -o /Users/builder/builds/TDmZkXJm/0/finestructure/swiftpackageindex-builder/spi-builder-workspace/.derivedData/Build/Intermediates.noindex/Complex.build/Debug-watchos/ComplexTests.build/Objects-normal/arm64_32/ComplexTests.swiftmodule -emit-abi-descriptor-path /Users/builder/builds/TDmZkXJm/0/finestructure/swiftpackageindex-builder/spi-builder-workspace/.derivedData/Build/Intermediates.noindex/Complex.build/Debug-watchos/ComplexTests.build/Objects-normal/arm64_32/ComplexTests.abi.json

SwiftCompile normal arm64_32 Compiling\ GaussianIntTests.swift /Users/builder/builds/TDmZkXJm/0/finestructure/swiftpackageindex-builder/spi-builder-workspace/Tests/ComplexTests/GaussianIntTests.swift (in target 'ComplexTests' from project 'Complex')
    cd /Users/builder/builds/TDmZkXJm/0/finestructure/swiftpackageindex-builder/spi-builder-workspace
    builtin-swiftTaskExecution -- /Applications/Xcode-15.0.0-Beta.app/Contents/Developer/Toolchains/XcodeDefault.xctoolchain/usr/bin/swift-frontend -frontend -c /Users/builder/builds/TDmZkXJm/0/finestructure/swiftpackageindex-builder/spi-builder-workspace/Tests/ComplexTests/ComplexTests.swift -primary-file /Users/builder/builds/TDmZkXJm/0/finestructure/swiftpackageindex-builder/spi-builder-workspace/Tests/ComplexTests/GaussianIntTests.swift /Users/builder/builds/TDmZkXJm/0/finestructure/swiftpackageindex-builder/spi-builder-workspace/Tests/ComplexTests/XCTestManifests.swift -emit-dependencies-path /Users/builder/builds/TDmZkXJm/0/finestructure/swiftpackageindex-builder/spi-builder-workspace/.derivedData/Build/Intermediates.noindex/Complex.build/Debug-watchos/ComplexTests.build/Objects-normal/arm64_32/GaussianIntTests.d -emit-const-values-path /Users/builder/builds/TDmZkXJm/0/finestructure/swiftpackageindex-builder/spi-builder-workspace/.derivedData/Build/Intermediates.noindex/Complex.build/Debug-watchos/ComplexTests.build/Objects-normal/arm64_32/GaussianIntTests.swiftconstvalues -emit-reference-dependencies-path /Users/builder/builds/TDmZkXJm/0/finestructure/swiftpackageindex-builder/spi-builder-workspace/.derivedData/Build/Intermediates.noindex/Complex.build/Debug-watchos/ComplexTests.build/Objects-normal/arm64_32/GaussianIntTests.swiftdeps -serialize-diagnostics-path /Users/builder/builds/TDmZkXJm/0/finestructure/swiftpackageindex-builder/spi-builder-workspace/.derivedData/Build/Intermediates.noindex/Complex.build/Debug-watchos/ComplexTests.build/Objects-normal/arm64_32/GaussianIntTests.dia -target arm64_32-apple-watchos5.0 -enable-objc-interop -sdk /Applications/Xcode-15.0.0-Beta.app/Contents/Developer/Platforms/WatchOS.platform/Developer/SDKs/WatchOS10.0.sdk -I /Users/builder/builds/TDmZkXJm/0/finestructure/swiftpackageindex-builder/spi-builder-workspace/.derivedData/Build/Products/Debug-watchos -I /Applications/Xcode-15.0.0-Beta.app/Contents/Developer/Platforms/WatchOS.platform/Developer/usr/lib -F /Users/builder/builds/TDmZkXJm/0/finestructure/swiftpackageindex-builder/spi-builder-workspace/.derivedData/Build/Products/Debug-watchos/PackageFrameworks -F /Users/builder/builds/TDmZkXJm/0/finestructure/swiftpackageindex-builder/spi-builder-workspace/.derivedData/Build/Products/Debug-watchos -F /Applications/Xcode-15.0.0-Beta.app/Contents/Developer/Platforms/WatchOS.platform/Developer/Library/Frameworks -F /Applications/Xcode-15.0.0-Beta.app/Contents/Developer/Platforms/WatchOS.platform/Developer/SDKs/WatchOS10.0.sdk/Developer/Library/Frameworks -no-color-diagnostics -enable-testing -g -module-cache-path /Users/builder/builds/TDmZkXJm/0/finestructure/swiftpackageindex-builder/spi-builder-workspace/.derivedData/ModuleCache.noindex -swift-version 4 -enforce-exclusivity\=checked -Onone -D SWIFT_PACKAGE -D DEBUG -D Xcode -serialize-debugging-options -const-gather-protocols-file /Users/builder/builds/TDmZkXJm/0/finestructure/swiftpackageindex-builder/spi-builder-workspace/.derivedData/Build/Intermediates.noindex/Complex.build/Debug-watchos/ComplexTests.build/Objects-normal/arm64_32/ComplexTests_const_extract_protocols.json -empty-abi-descriptor -plugin-path /Applications/Xcode-15.0.0-Beta.app/Contents/Developer/Toolchains/XcodeDefault.xctoolchain/usr/lib/swift/host/plugins -plugin-path /Applications/Xcode-15.0.0-Beta.app/Contents/Developer/Toolchains/XcodeDefault.xctoolchain/usr/local/lib/swift/host/plugins -validate-clang-modules-once -clang-build-session-file /Users/builder/builds/TDmZkXJm/0/finestructure/swiftpackageindex-builder/spi-builder-workspace/.derivedData/ModuleCache.noindex/Session.modulevalidation -Xcc -working-directory -Xcc /Users/builder/builds/TDmZkXJm/0/finestructure/swiftpackageindex-builder/spi-builder-workspace -resource-dir /Applications/Xcode-15.0.0-Beta.app/Contents/Developer/Toolchains/XcodeDefault.xctoolchain/usr/lib/swift -enable-anonymous-context-mangled-names -Xcc -ivfsstatcache -Xcc /Users/builder/builds/TDmZkXJm/0/finestructure/swiftpackageindex-builder/spi-builder-workspace/.derivedData/SDKStatCaches.noindex/watchos10.0-21R5275s-8db995917c4b1d9e1a16e7199e9e13bb.sdkstatcache -Xcc -I/Users/builder/builds/TDmZkXJm/0/finestructure/swiftpackageindex-builder/spi-builder-workspace/.derivedData/Build/Products/Debug-watchos/include -Xcc -I/Users/builder/builds/TDmZkXJm/0/finestructure/swiftpackageindex-builder/spi-builder-workspace/.derivedData/Build/Intermediates.noindex/Complex.build/Debug-watchos/ComplexTests.build/DerivedSources-normal/arm64_32 -Xcc -I/Users/builder/builds/TDmZkXJm/0/finestructure/swiftpackageindex-builder/spi-builder-workspace/.derivedData/Build/Intermediates.noindex/Complex.build/Debug-watchos/ComplexTests.build/DerivedSources/arm64_32 -Xcc -I/Users/builder/builds/TDmZkXJm/0/finestructure/swiftpackageindex-builder/spi-builder-workspace/.derivedData/Build/Intermediates.noindex/Complex.build/Debug-watchos/ComplexTests.build/DerivedSources -Xcc -DSWIFT_PACKAGE -Xcc -DDEBUG\=1 -module-name ComplexTests -frontend-parseable-output -disable-clang-spi -target-sdk-version 10.0 -target-sdk-name watchos10.0 -o /Users/builder/builds/TDmZkXJm/0/finestructure/swiftpackageindex-builder/spi-builder-workspace/.derivedData/Build/Intermediates.noindex/Complex.build/Debug-watchos/ComplexTests.build/Objects-normal/arm64_32/GaussianIntTests.o -index-unit-output-path /Complex.build/Debug-watchos/ComplexTests.build/Objects-normal/arm64_32/GaussianIntTests.o -index-store-path /Users/builder/builds/TDmZkXJm/0/finestructure/swiftpackageindex-builder/spi-builder-workspace/.derivedData/Index.noindex/DataStore -index-system-modules
SwiftCompile normal arm64_32 /Users/builder/builds/TDmZkXJm/0/finestructure/swiftpackageindex-builder/spi-builder-workspace/Tests/ComplexTests/GaussianIntTests.swift (in target 'ComplexTests' from project 'Complex')
    cd /Users/builder/builds/TDmZkXJm/0/finestructure/swiftpackageindex-builder/spi-builder-workspace
    /Applications/Xcode-15.0.0-Beta.app/Contents/Developer/Toolchains/XcodeDefault.xctoolchain/usr/bin/swift-frontend -c /Users/builder/builds/TDmZkXJm/0/finestructure/swiftpackageindex-builder/spi-builder-workspace/Tests/ComplexTests/ComplexTests.swift -primary-file /Users/builder/builds/TDmZkXJm/0/finestructure/swiftpackageindex-builder/spi-builder-workspace/Tests/ComplexTests/GaussianIntTests.swift /Users/builder/builds/TDmZkXJm/0/finestructure/swiftpackageindex-builder/spi-builder-workspace/Tests/ComplexTests/XCTestManifests.swift -emit-dependencies-path /Users/builder/builds/TDmZkXJm/0/finestructure/swiftpackageindex-builder/spi-builder-workspace/.derivedData/Build/Intermediates.noindex/Complex.build/Debug-watchos/ComplexTests.build/Objects-normal/arm64_32/GaussianIntTests.d -emit-const-values-path /Users/builder/builds/TDmZkXJm/0/finestructure/swiftpackageindex-builder/spi-builder-workspace/.derivedData/Build/Intermediates.noindex/Complex.build/Debug-watchos/ComplexTests.build/Objects-normal/arm64_32/GaussianIntTests.swiftconstvalues -emit-reference-dependencies-path /Users/builder/builds/TDmZkXJm/0/finestructure/swiftpackageindex-builder/spi-builder-workspace/.derivedData/Build/Intermediates.noindex/Complex.build/Debug-watchos/ComplexTests.build/Objects-normal/arm64_32/GaussianIntTests.swiftdeps -serialize-diagnostics-path /Users/builder/builds/TDmZkXJm/0/finestructure/swiftpackageindex-builder/spi-builder-workspace/.derivedData/Build/Intermediates.noindex/Complex.build/Debug-watchos/ComplexTests.build/Objects-normal/arm64_32/GaussianIntTests.dia -target arm64_32-apple-watchos5.0 -enable-objc-interop -sdk /Applications/Xcode-15.0.0-Beta.app/Contents/Developer/Platforms/WatchOS.platform/Developer/SDKs/WatchOS10.0.sdk -I /Users/builder/builds/TDmZkXJm/0/finestructure/swiftpackageindex-builder/spi-builder-workspace/.derivedData/Build/Products/Debug-watchos -I /Applications/Xcode-15.0.0-Beta.app/Contents/Developer/Platforms/WatchOS.platform/Developer/usr/lib -F /Users/builder/builds/TDmZkXJm/0/finestructure/swiftpackageindex-builder/spi-builder-workspace/.derivedData/Build/Products/Debug-watchos/PackageFrameworks -F /Users/builder/builds/TDmZkXJm/0/finestructure/swiftpackageindex-builder/spi-builder-workspace/.derivedData/Build/Products/Debug-watchos -F /Applications/Xcode-15.0.0-Beta.app/Contents/Developer/Platforms/WatchOS.platform/Developer/Library/Frameworks -F /Applications/Xcode-15.0.0-Beta.app/Contents/Developer/Platforms/WatchOS.platform/Developer/SDKs/WatchOS10.0.sdk/Developer/Library/Frameworks -no-color-diagnostics -enable-testing -g -module-cache-path /Users/builder/builds/TDmZkXJm/0/finestructure/swiftpackageindex-builder/spi-builder-workspace/.derivedData/ModuleCache.noindex -swift-version 4 -enforce-exclusivity\=checked -Onone -D SWIFT_PACKAGE -D DEBUG -D Xcode -serialize-debugging-options -const-gather-protocols-file /Users/builder/builds/TDmZkXJm/0/finestructure/swiftpackageindex-builder/spi-builder-workspace/.derivedData/Build/Intermediates.noindex/Complex.build/Debug-watchos/ComplexTests.build/Objects-normal/arm64_32/ComplexTests_const_extract_protocols.json -empty-abi-descriptor -plugin-path /Applications/Xcode-15.0.0-Beta.app/Contents/Developer/Toolchains/XcodeDefault.xctoolchain/usr/lib/swift/host/plugins -plugin-path /Applications/Xcode-15.0.0-Beta.app/Contents/Developer/Toolchains/XcodeDefault.xctoolchain/usr/local/lib/swift/host/plugins -validate-clang-modules-once -clang-build-session-file /Users/builder/builds/TDmZkXJm/0/finestructure/swiftpackageindex-builder/spi-builder-workspace/.derivedData/ModuleCache.noindex/Session.modulevalidation -Xcc -working-directory -Xcc /Users/builder/builds/TDmZkXJm/0/finestructure/swiftpackageindex-builder/spi-builder-workspace -resource-dir /Applications/Xcode-15.0.0-Beta.app/Contents/Developer/Toolchains/XcodeDefault.xctoolchain/usr/lib/swift -enable-anonymous-context-mangled-names -Xcc -ivfsstatcache -Xcc /Users/builder/builds/TDmZkXJm/0/finestructure/swiftpackageindex-builder/spi-builder-workspace/.derivedData/SDKStatCaches.noindex/watchos10.0-21R5275s-8db995917c4b1d9e1a16e7199e9e13bb.sdkstatcache -Xcc -I/Users/builder/builds/TDmZkXJm/0/finestructure/swiftpackageindex-builder/spi-builder-workspace/.derivedData/Build/Products/Debug-watchos/include -Xcc -I/Users/builder/builds/TDmZkXJm/0/finestructure/swiftpackageindex-builder/spi-builder-workspace/.derivedData/Build/Intermediates.noindex/Complex.build/Debug-watchos/ComplexTests.build/DerivedSources-normal/arm64_32 -Xcc -I/Users/builder/builds/TDmZkXJm/0/finestructure/swiftpackageindex-builder/spi-builder-workspace/.derivedData/Build/Intermediates.noindex/Complex.build/Debug-watchos/ComplexTests.build/DerivedSources/arm64_32 -Xcc -I/Users/builder/builds/TDmZkXJm/0/finestructure/swiftpackageindex-builder/spi-builder-workspace/.derivedData/Build/Intermediates.noindex/Complex.build/Debug-watchos/ComplexTests.build/DerivedSources -Xcc -DSWIFT_PACKAGE -Xcc -DDEBUG\=1 -module-name ComplexTests -frontend-parseable-output -disable-clang-spi -target-sdk-version 10.0 -target-sdk-name watchos10.0 -o /Users/builder/builds/TDmZkXJm/0/finestructure/swiftpackageindex-builder/spi-builder-workspace/.derivedData/Build/Intermediates.noindex/Complex.build/Debug-watchos/ComplexTests.build/Objects-normal/arm64_32/GaussianIntTests.o -index-unit-output-path /Complex.build/Debug-watchos/ComplexTests.build/Objects-normal/arm64_32/GaussianIntTests.o -index-store-path /Users/builder/builds/TDmZkXJm/0/finestructure/swiftpackageindex-builder/spi-builder-workspace/.derivedData/Index.noindex/DataStore -index-system-modules

SwiftEmitModule normal arm64 Emitting\ module\ for\ ComplexTests (in target 'ComplexTests' from project 'Complex')
    cd /Users/builder/builds/TDmZkXJm/0/finestructure/swiftpackageindex-builder/spi-builder-workspace
    builtin-swiftTaskExecution -- /Applications/Xcode-15.0.0-Beta.app/Contents/Developer/Toolchains/XcodeDefault.xctoolchain/usr/bin/swift-frontend -frontend -emit-module -experimental-skip-non-inlinable-function-bodies-without-types /Users/builder/builds/TDmZkXJm/0/finestructure/swiftpackageindex-builder/spi-builder-workspace/Tests/ComplexTests/ComplexTests.swift /Users/builder/builds/TDmZkXJm/0/finestructure/swiftpackageindex-builder/spi-builder-workspace/Tests/ComplexTests/GaussianIntTests.swift /Users/builder/builds/TDmZkXJm/0/finestructure/swiftpackageindex-builder/spi-builder-workspace/Tests/ComplexTests/XCTestManifests.swift -target arm64-apple-watchos5.0 -Xllvm -aarch64-use-tbi -enable-objc-interop -sdk /Applications/Xcode-15.0.0-Beta.app/Contents/Developer/Platforms/WatchOS.platform/Developer/SDKs/WatchOS10.0.sdk -I /Users/builder/builds/TDmZkXJm/0/finestructure/swiftpackageindex-builder/spi-builder-workspace/.derivedData/Build/Products/Debug-watchos -I /Applications/Xcode-15.0.0-Beta.app/Contents/Developer/Platforms/WatchOS.platform/Developer/usr/lib -F /Users/builder/builds/TDmZkXJm/0/finestructure/swiftpackageindex-builder/spi-builder-workspace/.derivedData/Build/Products/Debug-watchos/PackageFrameworks -F /Users/builder/builds/TDmZkXJm/0/finestructure/swiftpackageindex-builder/spi-builder-workspace/.derivedData/Build/Products/Debug-watchos -F /Applications/Xcode-15.0.0-Beta.app/Contents/Developer/Platforms/WatchOS.platform/Developer/Library/Frameworks -F /Applications/Xcode-15.0.0-Beta.app/Contents/Developer/Platforms/WatchOS.platform/Developer/SDKs/WatchOS10.0.sdk/Developer/Library/Frameworks -no-color-diagnostics -enable-testing -g -module-cache-path /Users/builder/builds/TDmZkXJm/0/finestructure/swiftpackageindex-builder/spi-builder-workspace/.derivedData/ModuleCache.noindex -swift-version 4 -enforce-exclusivity\=checked -Onone -D SWIFT_PACKAGE -D DEBUG -D Xcode -serialize-debugging-options -const-gather-protocols-file /Users/builder/builds/TDmZkXJm/0/finestructure/swiftpackageindex-builder/spi-builder-workspace/.derivedData/Build/Intermediates.noindex/Complex.build/Debug-watchos/ComplexTests.build/Objects-normal/arm64/ComplexTests_const_extract_protocols.json -empty-abi-descriptor -plugin-path /Applications/Xcode-15.0.0-Beta.app/Contents/Developer/Toolchains/XcodeDefault.xctoolchain/usr/lib/swift/host/plugins -plugin-path /Applications/Xcode-15.0.0-Beta.app/Contents/Developer/Toolchains/XcodeDefault.xctoolchain/usr/local/lib/swift/host/plugins -validate-clang-modules-once -clang-build-session-file /Users/builder/builds/TDmZkXJm/0/finestructure/swiftpackageindex-builder/spi-builder-workspace/.derivedData/ModuleCache.noindex/Session.modulevalidation -Xcc -working-directory -Xcc /Users/builder/builds/TDmZkXJm/0/finestructure/swiftpackageindex-builder/spi-builder-workspace -resource-dir /Applications/Xcode-15.0.0-Beta.app/Contents/Developer/Toolchains/XcodeDefault.xctoolchain/usr/lib/swift -enable-anonymous-context-mangled-names -Xcc -ivfsstatcache -Xcc /Users/builder/builds/TDmZkXJm/0/finestructure/swiftpackageindex-builder/spi-builder-workspace/.derivedData/SDKStatCaches.noindex/watchos10.0-21R5275s-8db995917c4b1d9e1a16e7199e9e13bb.sdkstatcache -Xcc -I/Users/builder/builds/TDmZkXJm/0/finestructure/swiftpackageindex-builder/spi-builder-workspace/.derivedData/Build/Products/Debug-watchos/include -Xcc -I/Users/builder/builds/TDmZkXJm/0/finestructure/swiftpackageindex-builder/spi-builder-workspace/.derivedData/Build/Intermediates.noindex/Complex.build/Debug-watchos/ComplexTests.build/DerivedSources-normal/arm64 -Xcc -I/Users/builder/builds/TDmZkXJm/0/finestructure/swiftpackageindex-builder/spi-builder-workspace/.derivedData/Build/Intermediates.noindex/Complex.build/Debug-watchos/ComplexTests.build/DerivedSources/arm64 -Xcc -I/Users/builder/builds/TDmZkXJm/0/finestructure/swiftpackageindex-builder/spi-builder-workspace/.derivedData/Build/Intermediates.noindex/Complex.build/Debug-watchos/ComplexTests.build/DerivedSources -Xcc -DSWIFT_PACKAGE -Xcc -DDEBUG\=1 -module-name ComplexTests -disable-clang-spi -target-sdk-version 10.0 -target-sdk-name watchos10.0 -emit-module-doc-path /Users/builder/builds/TDmZkXJm/0/finestructure/swiftpackageindex-builder/spi-builder-workspace/.derivedData/Build/Intermediates.noindex/Complex.build/Debug-watchos/ComplexTests.build/Objects-normal/arm64/ComplexTests.swiftdoc -emit-module-source-info-path /Users/builder/builds/TDmZkXJm/0/finestructure/swiftpackageindex-builder/spi-builder-workspace/.derivedData/Build/Intermediates.noindex/Complex.build/Debug-watchos/ComplexTests.build/Objects-normal/arm64/ComplexTests.swiftsourceinfo -serialize-diagnostics-path /Users/builder/builds/TDmZkXJm/0/finestructure/swiftpackageindex-builder/spi-builder-workspace/.derivedData/Build/Intermediates.noindex/Complex.build/Debug-watchos/ComplexTests.build/Objects-normal/arm64/ComplexTests-master-emit-module.dia -emit-dependencies-path /Users/builder/builds/TDmZkXJm/0/finestructure/swiftpackageindex-builder/spi-builder-workspace/.derivedData/Build/Intermediates.noindex/Complex.build/Debug-watchos/ComplexTests.build/Objects-normal/arm64/ComplexTests-master-emit-module.d -o /Users/builder/builds/TDmZkXJm/0/finestructure/swiftpackageindex-builder/spi-builder-workspace/.derivedData/Build/Intermediates.noindex/Complex.build/Debug-watchos/ComplexTests.build/Objects-normal/arm64/ComplexTests.swiftmodule -emit-abi-descriptor-path /Users/builder/builds/TDmZkXJm/0/finestructure/swiftpackageindex-builder/spi-builder-workspace/.derivedData/Build/Intermediates.noindex/Complex.build/Debug-watchos/ComplexTests.build/Objects-normal/arm64/ComplexTests.abi.json
SwiftEmitModule normal armv7k Emitting\ module\ for\ ComplexTests (in target 'ComplexTests' from project 'Complex')
    cd /Users/builder/builds/TDmZkXJm/0/finestructure/swiftpackageindex-builder/spi-builder-workspace
    builtin-swiftTaskExecution -- /Applications/Xcode-15.0.0-Beta.app/Contents/Developer/Toolchains/XcodeDefault.xctoolchain/usr/bin/swift-frontend -frontend -emit-module -experimental-skip-non-inlinable-function-bodies-without-types /Users/builder/builds/TDmZkXJm/0/finestructure/swiftpackageindex-builder/spi-builder-workspace/Tests/ComplexTests/ComplexTests.swift /Users/builder/builds/TDmZkXJm/0/finestructure/swiftpackageindex-builder/spi-builder-workspace/Tests/ComplexTests/GaussianIntTests.swift /Users/builder/builds/TDmZkXJm/0/finestructure/swiftpackageindex-builder/spi-builder-workspace/Tests/ComplexTests/XCTestManifests.swift -target armv7k-apple-watchos5.0 -enable-objc-interop -sdk /Applications/Xcode-15.0.0-Beta.app/Contents/Developer/Platforms/WatchOS.platform/Developer/SDKs/WatchOS10.0.sdk -I /Users/builder/builds/TDmZkXJm/0/finestructure/swiftpackageindex-builder/spi-builder-workspace/.derivedData/Build/Products/Debug-watchos -I /Applications/Xcode-15.0.0-Beta.app/Contents/Developer/Platforms/WatchOS.platform/Developer/usr/lib -F /Users/builder/builds/TDmZkXJm/0/finestructure/swiftpackageindex-builder/spi-builder-workspace/.derivedData/Build/Products/Debug-watchos/PackageFrameworks -F /Users/builder/builds/TDmZkXJm/0/finestructure/swiftpackageindex-builder/spi-builder-workspace/.derivedData/Build/Products/Debug-watchos -F /Applications/Xcode-15.0.0-Beta.app/Contents/Developer/Platforms/WatchOS.platform/Developer/Library/Frameworks -F /Applications/Xcode-15.0.0-Beta.app/Contents/Developer/Platforms/WatchOS.platform/Developer/SDKs/WatchOS10.0.sdk/Developer/Library/Frameworks -no-color-diagnostics -enable-testing -g -module-cache-path /Users/builder/builds/TDmZkXJm/0/finestructure/swiftpackageindex-builder/spi-builder-workspace/.derivedData/ModuleCache.noindex -swift-version 4 -enforce-exclusivity\=checked -Onone -D SWIFT_PACKAGE -D DEBUG -D Xcode -serialize-debugging-options -const-gather-protocols-file /Users/builder/builds/TDmZkXJm/0/finestructure/swiftpackageindex-builder/spi-builder-workspace/.derivedData/Build/Intermediates.noindex/Complex.build/Debug-watchos/ComplexTests.build/Objects-normal/armv7k/ComplexTests_const_extract_protocols.json -empty-abi-descriptor -plugin-path /Applications/Xcode-15.0.0-Beta.app/Contents/Developer/Toolchains/XcodeDefault.xctoolchain/usr/lib/swift/host/plugins -plugin-path /Applications/Xcode-15.0.0-Beta.app/Contents/Developer/Toolchains/XcodeDefault.xctoolchain/usr/local/lib/swift/host/plugins -validate-clang-modules-once -clang-build-session-file /Users/builder/builds/TDmZkXJm/0/finestructure/swiftpackageindex-builder/spi-builder-workspace/.derivedData/ModuleCache.noindex/Session.modulevalidation -Xcc -working-directory -Xcc /Users/builder/builds/TDmZkXJm/0/finestructure/swiftpackageindex-builder/spi-builder-workspace -resource-dir /Applications/Xcode-15.0.0-Beta.app/Contents/Developer/Toolchains/XcodeDefault.xctoolchain/usr/lib/swift -enable-anonymous-context-mangled-names -Xcc -ivfsstatcache -Xcc /Users/builder/builds/TDmZkXJm/0/finestructure/swiftpackageindex-builder/spi-builder-workspace/.derivedData/SDKStatCaches.noindex/watchos10.0-21R5275s-8db995917c4b1d9e1a16e7199e9e13bb.sdkstatcache -Xcc -I/Users/builder/builds/TDmZkXJm/0/finestructure/swiftpackageindex-builder/spi-builder-workspace/.derivedData/Build/Products/Debug-watchos/include -Xcc -I/Users/builder/builds/TDmZkXJm/0/finestructure/swiftpackageindex-builder/spi-builder-workspace/.derivedData/Build/Intermediates.noindex/Complex.build/Debug-watchos/ComplexTests.build/DerivedSources-normal/armv7k -Xcc -I/Users/builder/builds/TDmZkXJm/0/finestructure/swiftpackageindex-builder/spi-builder-workspace/.derivedData/Build/Intermediates.noindex/Complex.build/Debug-watchos/ComplexTests.build/DerivedSources/armv7k -Xcc -I/Users/builder/builds/TDmZkXJm/0/finestructure/swiftpackageindex-builder/spi-builder-workspace/.derivedData/Build/Intermediates.noindex/Complex.build/Debug-watchos/ComplexTests.build/DerivedSources -Xcc -DSWIFT_PACKAGE -Xcc -DDEBUG\=1 -module-name ComplexTests -disable-clang-spi -target-sdk-version 10.0 -target-sdk-name watchos10.0 -emit-module-doc-path /Users/builder/builds/TDmZkXJm/0/finestructure/swiftpackageindex-builder/spi-builder-workspace/.derivedData/Build/Intermediates.noindex/Complex.build/Debug-watchos/ComplexTests.build/Objects-normal/armv7k/ComplexTests.swiftdoc -emit-module-source-info-path /Users/builder/builds/TDmZkXJm/0/finestructure/swiftpackageindex-builder/spi-builder-workspace/.derivedData/Build/Intermediates.noindex/Complex.build/Debug-watchos/ComplexTests.build/Objects-normal/armv7k/ComplexTests.swiftsourceinfo -serialize-diagnostics-path /Users/builder/builds/TDmZkXJm/0/finestructure/swiftpackageindex-builder/spi-builder-workspace/.derivedData/Build/Intermediates.noindex/Complex.build/Debug-watchos/ComplexTests.build/Objects-normal/armv7k/ComplexTests-master-emit-module.dia -emit-dependencies-path /Users/builder/builds/TDmZkXJm/0/finestructure/swiftpackageindex-builder/spi-builder-workspace/.derivedData/Build/Intermediates.noindex/Complex.build/Debug-watchos/ComplexTests.build/Objects-normal/armv7k/ComplexTests-master-emit-module.d -o /Users/builder/builds/TDmZkXJm/0/finestructure/swiftpackageindex-builder/spi-builder-workspace/.derivedData/Build/Intermediates.noindex/Complex.build/Debug-watchos/ComplexTests.build/Objects-normal/armv7k/ComplexTests.swiftmodule -emit-abi-descriptor-path /Users/builder/builds/TDmZkXJm/0/finestructure/swiftpackageindex-builder/spi-builder-workspace/.derivedData/Build/Intermediates.noindex/Complex.build/Debug-watchos/ComplexTests.build/Objects-normal/armv7k/ComplexTests.abi.json
/Users/builder/builds/TDmZkXJm/0/finestructure/swiftpackageindex-builder/spi-builder-workspace/Tests/ComplexTests/XCTestManifests.swift:4:28: error: cannot find type 'XCTestCaseEntry' in scope
public func allTests() -> [XCTestCaseEntry] {
                           ^~~~~~~~~~~~~~~

SwiftEmitModule normal arm64 Emitting\ module\ for\ ComplexRun (in target 'ComplexRun' from project 'Complex')
    cd /Users/builder/builds/TDmZkXJm/0/finestructure/swiftpackageindex-builder/spi-builder-workspace
    builtin-swiftTaskExecution -- /Applications/Xcode-15.0.0-Beta.app/Contents/Developer/Toolchains/XcodeDefault.xctoolchain/usr/bin/swift-frontend -frontend -emit-module -experimental-skip-non-inlinable-function-bodies-without-types /Users/builder/builds/TDmZkXJm/0/finestructure/swiftpackageindex-builder/spi-builder-workspace/Sources/ComplexRun/main.swift -target arm64-apple-watchos5.0 -Xllvm -aarch64-use-tbi -enable-objc-interop -sdk /Applications/Xcode-15.0.0-Beta.app/Contents/Developer/Platforms/WatchOS.platform/Developer/SDKs/WatchOS10.0.sdk -I /Users/builder/builds/TDmZkXJm/0/finestructure/swiftpackageindex-builder/spi-builder-workspace/.derivedData/Build/Products/Debug-watchos -I /Applications/Xcode-15.0.0-Beta.app/Contents/Developer/Platforms/WatchOS.platform/Developer/usr/lib -F /Users/builder/builds/TDmZkXJm/0/finestructure/swiftpackageindex-builder/spi-builder-workspace/.derivedData/Build/Products/Debug-watchos/PackageFrameworks -F /Users/builder/builds/TDmZkXJm/0/finestructure/swiftpackageindex-builder/spi-builder-workspace/.derivedData/Build/Products/Debug-watchos -F /Applications/Xcode-15.0.0-Beta.app/Contents/Developer/Platforms/WatchOS.platform/Developer/Library/Frameworks -F /Applications/Xcode-15.0.0-Beta.app/Contents/Developer/Platforms/WatchOS.platform/Developer/SDKs/WatchOS10.0.sdk/Developer/Library/Frameworks -no-color-diagnostics -enable-testing -g -module-cache-path /Users/builder/builds/TDmZkXJm/0/finestructure/swiftpackageindex-builder/spi-builder-workspace/.derivedData/ModuleCache.noindex -swift-version 4 -enforce-exclusivity\=checked -Onone -D SWIFT_PACKAGE -D DEBUG -D Xcode -serialize-debugging-options -const-gather-protocols-file /Users/builder/builds/TDmZkXJm/0/finestructure/swiftpackageindex-builder/spi-builder-workspace/.derivedData/Build/Intermediates.noindex/Complex.build/Debug-watchos/ComplexRun.build/Objects-normal/arm64/ComplexRun_const_extract_protocols.json -empty-abi-descriptor -plugin-path /Applications/Xcode-15.0.0-Beta.app/Contents/Developer/Toolchains/XcodeDefault.xctoolchain/usr/lib/swift/host/plugins -plugin-path /Applications/Xcode-15.0.0-Beta.app/Contents/Developer/Toolchains/XcodeDefault.xctoolchain/usr/local/lib/swift/host/plugins -validate-clang-modules-once -clang-build-session-file /Users/builder/builds/TDmZkXJm/0/finestructure/swiftpackageindex-builder/spi-builder-workspace/.derivedData/ModuleCache.noindex/Session.modulevalidation -Xcc -working-directory -Xcc /Users/builder/builds/TDmZkXJm/0/finestructure/swiftpackageindex-builder/spi-builder-workspace -resource-dir /Applications/Xcode-15.0.0-Beta.app/Contents/Developer/Toolchains/XcodeDefault.xctoolchain/usr/lib/swift -enable-anonymous-context-mangled-names -Xcc -ivfsstatcache -Xcc /Users/builder/builds/TDmZkXJm/0/finestructure/swiftpackageindex-builder/spi-builder-workspace/.derivedData/SDKStatCaches.noindex/watchos10.0-21R5275s-8db995917c4b1d9e1a16e7199e9e13bb.sdkstatcache -Xcc -I/Users/builder/builds/TDmZkXJm/0/finestructure/swiftpackageindex-builder/spi-builder-workspace/.derivedData/Build/Products/Debug-watchos/include -Xcc -I/Users/builder/builds/TDmZkXJm/0/finestructure/swiftpackageindex-builder/spi-builder-workspace/.derivedData/Build/Intermediates.noindex/Complex.build/Debug-watchos/ComplexRun.build/DerivedSources-normal/arm64 -Xcc -I/Users/builder/builds/TDmZkXJm/0/finestructure/swiftpackageindex-builder/spi-builder-workspace/.derivedData/Build/Intermediates.noindex/Complex.build/Debug-watchos/ComplexRun.build/DerivedSources/arm64 -Xcc -I/Users/builder/builds/TDmZkXJm/0/finestructure/swiftpackageindex-builder/spi-builder-workspace/.derivedData/Build/Intermediates.noindex/Complex.build/Debug-watchos/ComplexRun.build/DerivedSources -Xcc -DSWIFT_PACKAGE -Xcc -DDEBUG\=1 -module-name ComplexRun -disable-clang-spi -target-sdk-version 10.0 -target-sdk-name watchos10.0 -emit-module-doc-path /Users/builder/builds/TDmZkXJm/0/finestructure/swiftpackageindex-builder/spi-builder-workspace/.derivedData/Build/Intermediates.noindex/Complex.build/Debug-watchos/ComplexRun.build/Objects-normal/arm64/ComplexRun.swiftdoc -emit-module-source-info-path /Users/builder/builds/TDmZkXJm/0/finestructure/swiftpackageindex-builder/spi-builder-workspace/.derivedData/Build/Intermediates.noindex/Complex.build/Debug-watchos/ComplexRun.build/Objects-normal/arm64/ComplexRun.swiftsourceinfo -serialize-diagnostics-path /Users/builder/builds/TDmZkXJm/0/finestructure/swiftpackageindex-builder/spi-builder-workspace/.derivedData/Build/Intermediates.noindex/Complex.build/Debug-watchos/ComplexRun.build/Objects-normal/arm64/ComplexRun-master-emit-module.dia -emit-dependencies-path /Users/builder/builds/TDmZkXJm/0/finestructure/swiftpackageindex-builder/spi-builder-workspace/.derivedData/Build/Intermediates.noindex/Complex.build/Debug-watchos/ComplexRun.build/Objects-normal/arm64/ComplexRun-master-emit-module.d -o /Users/builder/builds/TDmZkXJm/0/finestructure/swiftpackageindex-builder/spi-builder-workspace/.derivedData/Build/Intermediates.noindex/Complex.build/Debug-watchos/ComplexRun.build/Objects-normal/arm64/ComplexRun.swiftmodule -emit-abi-descriptor-path /Users/builder/builds/TDmZkXJm/0/finestructure/swiftpackageindex-builder/spi-builder-workspace/.derivedData/Build/Intermediates.noindex/Complex.build/Debug-watchos/ComplexRun.build/Objects-normal/arm64/ComplexRun.abi.json
SwiftCompile normal arm64 Compiling\ ComplexTests.swift /Users/builder/builds/TDmZkXJm/0/finestructure/swiftpackageindex-builder/spi-builder-workspace/Tests/ComplexTests/ComplexTests.swift (in target 'ComplexTests' from project 'Complex')
    cd /Users/builder/builds/TDmZkXJm/0/finestructure/swiftpackageindex-builder/spi-builder-workspace
    builtin-swiftTaskExecution -- /Applications/Xcode-15.0.0-Beta.app/Contents/Developer/Toolchains/XcodeDefault.xctoolchain/usr/bin/swift-frontend -frontend -c -primary-file /Users/builder/builds/TDmZkXJm/0/finestructure/swiftpackageindex-builder/spi-builder-workspace/Tests/ComplexTests/ComplexTests.swift /Users/builder/builds/TDmZkXJm/0/finestructure/swiftpackageindex-builder/spi-builder-workspace/Tests/ComplexTests/GaussianIntTests.swift /Users/builder/builds/TDmZkXJm/0/finestructure/swiftpackageindex-builder/spi-builder-workspace/Tests/ComplexTests/XCTestManifests.swift -emit-dependencies-path /Users/builder/builds/TDmZkXJm/0/finestructure/swiftpackageindex-builder/spi-builder-workspace/.derivedData/Build/Intermediates.noindex/Complex.build/Debug-watchos/ComplexTests.build/Objects-normal/arm64/ComplexTests.d -emit-const-values-path /Users/builder/builds/TDmZkXJm/0/finestructure/swiftpackageindex-builder/spi-builder-workspace/.derivedData/Build/Intermediates.noindex/Complex.build/Debug-watchos/ComplexTests.build/Objects-normal/arm64/ComplexTests.swiftconstvalues -emit-reference-dependencies-path /Users/builder/builds/TDmZkXJm/0/finestructure/swiftpackageindex-builder/spi-builder-workspace/.derivedData/Build/Intermediates.noindex/Complex.build/Debug-watchos/ComplexTests.build/Objects-normal/arm64/ComplexTests.swiftdeps -serialize-diagnostics-path /Users/builder/builds/TDmZkXJm/0/finestructure/swiftpackageindex-builder/spi-builder-workspace/.derivedData/Build/Intermediates.noindex/Complex.build/Debug-watchos/ComplexTests.build/Objects-normal/arm64/ComplexTests.dia -target arm64-apple-watchos5.0 -Xllvm -aarch64-use-tbi -enable-objc-interop -sdk /Applications/Xcode-15.0.0-Beta.app/Contents/Developer/Platforms/WatchOS.platform/Developer/SDKs/WatchOS10.0.sdk -I /Users/builder/builds/TDmZkXJm/0/finestructure/swiftpackageindex-builder/spi-builder-workspace/.derivedData/Build/Products/Debug-watchos -I /Applications/Xcode-15.0.0-Beta.app/Contents/Developer/Platforms/WatchOS.platform/Developer/usr/lib -F /Users/builder/builds/TDmZkXJm/0/finestructure/swiftpackageindex-builder/spi-builder-workspace/.derivedData/Build/Products/Debug-watchos/PackageFrameworks -F /Users/builder/builds/TDmZkXJm/0/finestructure/swiftpackageindex-builder/spi-builder-workspace/.derivedData/Build/Products/Debug-watchos -F /Applications/Xcode-15.0.0-Beta.app/Contents/Developer/Platforms/WatchOS.platform/Developer/Library/Frameworks -F /Applications/Xcode-15.0.0-Beta.app/Contents/Developer/Platforms/WatchOS.platform/Developer/SDKs/WatchOS10.0.sdk/Developer/Library/Frameworks -no-color-diagnostics -enable-testing -g -module-cache-path /Users/builder/builds/TDmZkXJm/0/finestructure/swiftpackageindex-builder/spi-builder-workspace/.derivedData/ModuleCache.noindex -swift-version 4 -enforce-exclusivity\=checked -Onone -D SWIFT_PACKAGE -D DEBUG -D Xcode -serialize-debugging-options -const-gather-protocols-file /Users/builder/builds/TDmZkXJm/0/finestructure/swiftpackageindex-builder/spi-builder-workspace/.derivedData/Build/Intermediates.noindex/Complex.build/Debug-watchos/ComplexTests.build/Objects-normal/arm64/ComplexTests_const_extract_protocols.json -empty-abi-descriptor -plugin-path /Applications/Xcode-15.0.0-Beta.app/Contents/Developer/Toolchains/XcodeDefault.xctoolchain/usr/lib/swift/host/plugins -plugin-path /Applications/Xcode-15.0.0-Beta.app/Contents/Developer/Toolchains/XcodeDefault.xctoolchain/usr/local/lib/swift/host/plugins -validate-clang-modules-once -clang-build-session-file /Users/builder/builds/TDmZkXJm/0/finestructure/swiftpackageindex-builder/spi-builder-workspace/.derivedData/ModuleCache.noindex/Session.modulevalidation -Xcc -working-directory -Xcc /Users/builder/builds/TDmZkXJm/0/finestructure/swiftpackageindex-builder/spi-builder-workspace -resource-dir /Applications/Xcode-15.0.0-Beta.app/Contents/Developer/Toolchains/XcodeDefault.xctoolchain/usr/lib/swift -enable-anonymous-context-mangled-names -Xcc -ivfsstatcache -Xcc /Users/builder/builds/TDmZkXJm/0/finestructure/swiftpackageindex-builder/spi-builder-workspace/.derivedData/SDKStatCaches.noindex/watchos10.0-21R5275s-8db995917c4b1d9e1a16e7199e9e13bb.sdkstatcache -Xcc -I/Users/builder/builds/TDmZkXJm/0/finestructure/swiftpackageindex-builder/spi-builder-workspace/.derivedData/Build/Products/Debug-watchos/include -Xcc -I/Users/builder/builds/TDmZkXJm/0/finestructure/swiftpackageindex-builder/spi-builder-workspace/.derivedData/Build/Intermediates.noindex/Complex.build/Debug-watchos/ComplexTests.build/DerivedSources-normal/arm64 -Xcc -I/Users/builder/builds/TDmZkXJm/0/finestructure/swiftpackageindex-builder/spi-builder-workspace/.derivedData/Build/Intermediates.noindex/Complex.build/Debug-watchos/ComplexTests.build/DerivedSources/arm64 -Xcc -I/Users/builder/builds/TDmZkXJm/0/finestructure/swiftpackageindex-builder/spi-builder-workspace/.derivedData/Build/Intermediates.noindex/Complex.build/Debug-watchos/ComplexTests.build/DerivedSources -Xcc -DSWIFT_PACKAGE -Xcc -DDEBUG\=1 -module-name ComplexTests -frontend-parseable-output -disable-clang-spi -target-sdk-version 10.0 -target-sdk-name watchos10.0 -o /Users/builder/builds/TDmZkXJm/0/finestructure/swiftpackageindex-builder/spi-builder-workspace/.derivedData/Build/Intermediates.noindex/Complex.build/Debug-watchos/ComplexTests.build/Objects-normal/arm64/ComplexTests.o -index-unit-output-path /Complex.build/Debug-watchos/ComplexTests.build/Objects-normal/arm64/ComplexTests.o -index-store-path /Users/builder/builds/TDmZkXJm/0/finestructure/swiftpackageindex-builder/spi-builder-workspace/.derivedData/Index.noindex/DataStore -index-system-modules
SwiftCompile normal arm64 /Users/builder/builds/TDmZkXJm/0/finestructure/swiftpackageindex-builder/spi-builder-workspace/Tests/ComplexTests/ComplexTests.swift (in target 'ComplexTests' from project 'Complex')
    cd /Users/builder/builds/TDmZkXJm/0/finestructure/swiftpackageindex-builder/spi-builder-workspace
    /Applications/Xcode-15.0.0-Beta.app/Contents/Developer/Toolchains/XcodeDefault.xctoolchain/usr/bin/swift-frontend -c -primary-file /Users/builder/builds/TDmZkXJm/0/finestructure/swiftpackageindex-builder/spi-builder-workspace/Tests/ComplexTests/ComplexTests.swift /Users/builder/builds/TDmZkXJm/0/finestructure/swiftpackageindex-builder/spi-builder-workspace/Tests/ComplexTests/GaussianIntTests.swift /Users/builder/builds/TDmZkXJm/0/finestructure/swiftpackageindex-builder/spi-builder-workspace/Tests/ComplexTests/XCTestManifests.swift -emit-dependencies-path /Users/builder/builds/TDmZkXJm/0/finestructure/swiftpackageindex-builder/spi-builder-workspace/.derivedData/Build/Intermediates.noindex/Complex.build/Debug-watchos/ComplexTests.build/Objects-normal/arm64/ComplexTests.d -emit-const-values-path /Users/builder/builds/TDmZkXJm/0/finestructure/swiftpackageindex-builder/spi-builder-workspace/.derivedData/Build/Intermediates.noindex/Complex.build/Debug-watchos/ComplexTests.build/Objects-normal/arm64/ComplexTests.swiftconstvalues -emit-reference-dependencies-path /Users/builder/builds/TDmZkXJm/0/finestructure/swiftpackageindex-builder/spi-builder-workspace/.derivedData/Build/Intermediates.noindex/Complex.build/Debug-watchos/ComplexTests.build/Objects-normal/arm64/ComplexTests.swiftdeps -serialize-diagnostics-path /Users/builder/builds/TDmZkXJm/0/finestructure/swiftpackageindex-builder/spi-builder-workspace/.derivedData/Build/Intermediates.noindex/Complex.build/Debug-watchos/ComplexTests.build/Objects-normal/arm64/ComplexTests.dia -target arm64-apple-watchos5.0 -Xllvm -aarch64-use-tbi -enable-objc-interop -sdk /Applications/Xcode-15.0.0-Beta.app/Contents/Developer/Platforms/WatchOS.platform/Developer/SDKs/WatchOS10.0.sdk -I /Users/builder/builds/TDmZkXJm/0/finestructure/swiftpackageindex-builder/spi-builder-workspace/.derivedData/Build/Products/Debug-watchos -I /Applications/Xcode-15.0.0-Beta.app/Contents/Developer/Platforms/WatchOS.platform/Developer/usr/lib -F /Users/builder/builds/TDmZkXJm/0/finestructure/swiftpackageindex-builder/spi-builder-workspace/.derivedData/Build/Products/Debug-watchos/PackageFrameworks -F /Users/builder/builds/TDmZkXJm/0/finestructure/swiftpackageindex-builder/spi-builder-workspace/.derivedData/Build/Products/Debug-watchos -F /Applications/Xcode-15.0.0-Beta.app/Contents/Developer/Platforms/WatchOS.platform/Developer/Library/Frameworks -F /Applications/Xcode-15.0.0-Beta.app/Contents/Developer/Platforms/WatchOS.platform/Developer/SDKs/WatchOS10.0.sdk/Developer/Library/Frameworks -no-color-diagnostics -enable-testing -g -module-cache-path /Users/builder/builds/TDmZkXJm/0/finestructure/swiftpackageindex-builder/spi-builder-workspace/.derivedData/ModuleCache.noindex -swift-version 4 -enforce-exclusivity\=checked -Onone -D SWIFT_PACKAGE -D DEBUG -D Xcode -serialize-debugging-options -const-gather-protocols-file /Users/builder/builds/TDmZkXJm/0/finestructure/swiftpackageindex-builder/spi-builder-workspace/.derivedData/Build/Intermediates.noindex/Complex.build/Debug-watchos/ComplexTests.build/Objects-normal/arm64/ComplexTests_const_extract_protocols.json -empty-abi-descriptor -plugin-path /Applications/Xcode-15.0.0-Beta.app/Contents/Developer/Toolchains/XcodeDefault.xctoolchain/usr/lib/swift/host/plugins -plugin-path /Applications/Xcode-15.0.0-Beta.app/Contents/Developer/Toolchains/XcodeDefault.xctoolchain/usr/local/lib/swift/host/plugins -validate-clang-modules-once -clang-build-session-file /Users/builder/builds/TDmZkXJm/0/finestructure/swiftpackageindex-builder/spi-builder-workspace/.derivedData/ModuleCache.noindex/Session.modulevalidation -Xcc -working-directory -Xcc /Users/builder/builds/TDmZkXJm/0/finestructure/swiftpackageindex-builder/spi-builder-workspace -resource-dir /Applications/Xcode-15.0.0-Beta.app/Contents/Developer/Toolchains/XcodeDefault.xctoolchain/usr/lib/swift -enable-anonymous-context-mangled-names -Xcc -ivfsstatcache -Xcc /Users/builder/builds/TDmZkXJm/0/finestructure/swiftpackageindex-builder/spi-builder-workspace/.derivedData/SDKStatCaches.noindex/watchos10.0-21R5275s-8db995917c4b1d9e1a16e7199e9e13bb.sdkstatcache -Xcc -I/Users/builder/builds/TDmZkXJm/0/finestructure/swiftpackageindex-builder/spi-builder-workspace/.derivedData/Build/Products/Debug-watchos/include -Xcc -I/Users/builder/builds/TDmZkXJm/0/finestructure/swiftpackageindex-builder/spi-builder-workspace/.derivedData/Build/Intermediates.noindex/Complex.build/Debug-watchos/ComplexTests.build/DerivedSources-normal/arm64 -Xcc -I/Users/builder/builds/TDmZkXJm/0/finestructure/swiftpackageindex-builder/spi-builder-workspace/.derivedData/Build/Intermediates.noindex/Complex.build/Debug-watchos/ComplexTests.build/DerivedSources/arm64 -Xcc -I/Users/builder/builds/TDmZkXJm/0/finestructure/swiftpackageindex-builder/spi-builder-workspace/.derivedData/Build/Intermediates.noindex/Complex.build/Debug-watchos/ComplexTests.build/DerivedSources -Xcc -DSWIFT_PACKAGE -Xcc -DDEBUG\=1 -module-name ComplexTests -frontend-parseable-output -disable-clang-spi -target-sdk-version 10.0 -target-sdk-name watchos10.0 -o /Users/builder/builds/TDmZkXJm/0/finestructure/swiftpackageindex-builder/spi-builder-workspace/.derivedData/Build/Intermediates.noindex/Complex.build/Debug-watchos/ComplexTests.build/Objects-normal/arm64/ComplexTests.o -index-unit-output-path /Complex.build/Debug-watchos/ComplexTests.build/Objects-normal/arm64/ComplexTests.o -index-store-path /Users/builder/builds/TDmZkXJm/0/finestructure/swiftpackageindex-builder/spi-builder-workspace/.derivedData/Index.noindex/DataStore -index-system-modules

SwiftDriverJobDiscovery normal armv7k Emitting module for ComplexRun (in target 'ComplexRun' from project 'Complex')

SwiftCompile normal arm64_32 Compiling\ XCTestManifests.swift /Users/builder/builds/TDmZkXJm/0/finestructure/swiftpackageindex-builder/spi-builder-workspace/Tests/ComplexTests/XCTestManifests.swift (in target 'ComplexTests' from project 'Complex')
    cd /Users/builder/builds/TDmZkXJm/0/finestructure/swiftpackageindex-builder/spi-builder-workspace
    builtin-swiftTaskExecution -- /Applications/Xcode-15.0.0-Beta.app/Contents/Developer/Toolchains/XcodeDefault.xctoolchain/usr/bin/swift-frontend -frontend -c /Users/builder/builds/TDmZkXJm/0/finestructure/swiftpackageindex-builder/spi-builder-workspace/Tests/ComplexTests/ComplexTests.swift /Users/builder/builds/TDmZkXJm/0/finestructure/swiftpackageindex-builder/spi-builder-workspace/Tests/ComplexTests/GaussianIntTests.swift -primary-file /Users/builder/builds/TDmZkXJm/0/finestructure/swiftpackageindex-builder/spi-builder-workspace/Tests/ComplexTests/XCTestManifests.swift -emit-dependencies-path /Users/builder/builds/TDmZkXJm/0/finestructure/swiftpackageindex-builder/spi-builder-workspace/.derivedData/Build/Intermediates.noindex/Complex.build/Debug-watchos/ComplexTests.build/Objects-normal/arm64_32/XCTestManifests.d -emit-const-values-path /Users/builder/builds/TDmZkXJm/0/finestructure/swiftpackageindex-builder/spi-builder-workspace/.derivedData/Build/Intermediates.noindex/Complex.build/Debug-watchos/ComplexTests.build/Objects-normal/arm64_32/XCTestManifests.swiftconstvalues -emit-reference-dependencies-path /Users/builder/builds/TDmZkXJm/0/finestructure/swiftpackageindex-builder/spi-builder-workspace/.derivedData/Build/Intermediates.noindex/Complex.build/Debug-watchos/ComplexTests.build/Objects-normal/arm64_32/XCTestManifests.swiftdeps -serialize-diagnostics-path /Users/builder/builds/TDmZkXJm/0/finestructure/swiftpackageindex-builder/spi-builder-workspace/.derivedData/Build/Intermediates.noindex/Complex.build/Debug-watchos/ComplexTests.build/Objects-normal/arm64_32/XCTestManifests.dia -target arm64_32-apple-watchos5.0 -enable-objc-interop -sdk /Applications/Xcode-15.0.0-Beta.app/Contents/Developer/Platforms/WatchOS.platform/Developer/SDKs/WatchOS10.0.sdk -I /Users/builder/builds/TDmZkXJm/0/finestructure/swiftpackageindex-builder/spi-builder-workspace/.derivedData/Build/Products/Debug-watchos -I /Applications/Xcode-15.0.0-Beta.app/Contents/Developer/Platforms/WatchOS.platform/Developer/usr/lib -F /Users/builder/builds/TDmZkXJm/0/finestructure/swiftpackageindex-builder/spi-builder-workspace/.derivedData/Build/Products/Debug-watchos/PackageFrameworks -F /Users/builder/builds/TDmZkXJm/0/finestructure/swiftpackageindex-builder/spi-builder-workspace/.derivedData/Build/Products/Debug-watchos -F /Applications/Xcode-15.0.0-Beta.app/Contents/Developer/Platforms/WatchOS.platform/Developer/Library/Frameworks -F /Applications/Xcode-15.0.0-Beta.app/Contents/Developer/Platforms/WatchOS.platform/Developer/SDKs/WatchOS10.0.sdk/Developer/Library/Frameworks -no-color-diagnostics -enable-testing -g -module-cache-path /Users/builder/builds/TDmZkXJm/0/finestructure/swiftpackageindex-builder/spi-builder-workspace/.derivedData/ModuleCache.noindex -swift-version 4 -enforce-exclusivity\=checked -Onone -D SWIFT_PACKAGE -D DEBUG -D Xcode -serialize-debugging-options -const-gather-protocols-file /Users/builder/builds/TDmZkXJm/0/finestructure/swiftpackageindex-builder/spi-builder-workspace/.derivedData/Build/Intermediates.noindex/Complex.build/Debug-watchos/ComplexTests.build/Objects-normal/arm64_32/ComplexTests_const_extract_protocols.json -empty-abi-descriptor -plugin-path /Applications/Xcode-15.0.0-Beta.app/Contents/Developer/Toolchains/XcodeDefault.xctoolchain/usr/lib/swift/host/plugins -plugin-path /Applications/Xcode-15.0.0-Beta.app/Contents/Developer/Toolchains/XcodeDefault.xctoolchain/usr/local/lib/swift/host/plugins -validate-clang-modules-once -clang-build-session-file /Users/builder/builds/TDmZkXJm/0/finestructure/swiftpackageindex-builder/spi-builder-workspace/.derivedData/ModuleCache.noindex/Session.modulevalidation -Xcc -working-directory -Xcc /Users/builder/builds/TDmZkXJm/0/finestructure/swiftpackageindex-builder/spi-builder-workspace -resource-dir /Applications/Xcode-15.0.0-Beta.app/Contents/Developer/Toolchains/XcodeDefault.xctoolchain/usr/lib/swift -enable-anonymous-context-mangled-names -Xcc -ivfsstatcache -Xcc /Users/builder/builds/TDmZkXJm/0/finestructure/swiftpackageindex-builder/spi-builder-workspace/.derivedData/SDKStatCaches.noindex/watchos10.0-21R5275s-8db995917c4b1d9e1a16e7199e9e13bb.sdkstatcache -Xcc -I/Users/builder/builds/TDmZkXJm/0/finestructure/swiftpackageindex-builder/spi-builder-workspace/.derivedData/Build/Products/Debug-watchos/include -Xcc -I/Users/builder/builds/TDmZkXJm/0/finestructure/swiftpackageindex-builder/spi-builder-workspace/.derivedData/Build/Intermediates.noindex/Complex.build/Debug-watchos/ComplexTests.build/DerivedSources-normal/arm64_32 -Xcc -I/Users/builder/builds/TDmZkXJm/0/finestructure/swiftpackageindex-builder/spi-builder-workspace/.derivedData/Build/Intermediates.noindex/Complex.build/Debug-watchos/ComplexTests.build/DerivedSources/arm64_32 -Xcc -I/Users/builder/builds/TDmZkXJm/0/finestructure/swiftpackageindex-builder/spi-builder-workspace/.derivedData/Build/Intermediates.noindex/Complex.build/Debug-watchos/ComplexTests.build/DerivedSources -Xcc -DSWIFT_PACKAGE -Xcc -DDEBUG\=1 -module-name ComplexTests -frontend-parseable-output -disable-clang-spi -target-sdk-version 10.0 -target-sdk-name watchos10.0 -o /Users/builder/builds/TDmZkXJm/0/finestructure/swiftpackageindex-builder/spi-builder-workspace/.derivedData/Build/Intermediates.noindex/Complex.build/Debug-watchos/ComplexTests.build/Objects-normal/arm64_32/XCTestManifests.o -index-unit-output-path /Complex.build/Debug-watchos/ComplexTests.build/Objects-normal/arm64_32/XCTestManifests.o -index-store-path /Users/builder/builds/TDmZkXJm/0/finestructure/swiftpackageindex-builder/spi-builder-workspace/.derivedData/Index.noindex/DataStore -index-system-modules
SwiftCompile normal arm64_32 /Users/builder/builds/TDmZkXJm/0/finestructure/swiftpackageindex-builder/spi-builder-workspace/Tests/ComplexTests/XCTestManifests.swift (in target 'ComplexTests' from project 'Complex')
    cd /Users/builder/builds/TDmZkXJm/0/finestructure/swiftpackageindex-builder/spi-builder-workspace
    /Applications/Xcode-15.0.0-Beta.app/Contents/Developer/Toolchains/XcodeDefault.xctoolchain/usr/bin/swift-frontend -c /Users/builder/builds/TDmZkXJm/0/finestructure/swiftpackageindex-builder/spi-builder-workspace/Tests/ComplexTests/ComplexTests.swift /Users/builder/builds/TDmZkXJm/0/finestructure/swiftpackageindex-builder/spi-builder-workspace/Tests/ComplexTests/GaussianIntTests.swift -primary-file /Users/builder/builds/TDmZkXJm/0/finestructure/swiftpackageindex-builder/spi-builder-workspace/Tests/ComplexTests/XCTestManifests.swift -emit-dependencies-path /Users/builder/builds/TDmZkXJm/0/finestructure/swiftpackageindex-builder/spi-builder-workspace/.derivedData/Build/Intermediates.noindex/Complex.build/Debug-watchos/ComplexTests.build/Objects-normal/arm64_32/XCTestManifests.d -emit-const-values-path /Users/builder/builds/TDmZkXJm/0/finestructure/swiftpackageindex-builder/spi-builder-workspace/.derivedData/Build/Intermediates.noindex/Complex.build/Debug-watchos/ComplexTests.build/Objects-normal/arm64_32/XCTestManifests.swiftconstvalues -emit-reference-dependencies-path /Users/builder/builds/TDmZkXJm/0/finestructure/swiftpackageindex-builder/spi-builder-workspace/.derivedData/Build/Intermediates.noindex/Complex.build/Debug-watchos/ComplexTests.build/Objects-normal/arm64_32/XCTestManifests.swiftdeps -serialize-diagnostics-path /Users/builder/builds/TDmZkXJm/0/finestructure/swiftpackageindex-builder/spi-builder-workspace/.derivedData/Build/Intermediates.noindex/Complex.build/Debug-watchos/ComplexTests.build/Objects-normal/arm64_32/XCTestManifests.dia -target arm64_32-apple-watchos5.0 -enable-objc-interop -sdk /Applications/Xcode-15.0.0-Beta.app/Contents/Developer/Platforms/WatchOS.platform/Developer/SDKs/WatchOS10.0.sdk -I /Users/builder/builds/TDmZkXJm/0/finestructure/swiftpackageindex-builder/spi-builder-workspace/.derivedData/Build/Products/Debug-watchos -I /Applications/Xcode-15.0.0-Beta.app/Contents/Developer/Platforms/WatchOS.platform/Developer/usr/lib -F /Users/builder/builds/TDmZkXJm/0/finestructure/swiftpackageindex-builder/spi-builder-workspace/.derivedData/Build/Products/Debug-watchos/PackageFrameworks -F /Users/builder/builds/TDmZkXJm/0/finestructure/swiftpackageindex-builder/spi-builder-workspace/.derivedData/Build/Products/Debug-watchos -F /Applications/Xcode-15.0.0-Beta.app/Contents/Developer/Platforms/WatchOS.platform/Developer/Library/Frameworks -F /Applications/Xcode-15.0.0-Beta.app/Contents/Developer/Platforms/WatchOS.platform/Developer/SDKs/WatchOS10.0.sdk/Developer/Library/Frameworks -no-color-diagnostics -enable-testing -g -module-cache-path /Users/builder/builds/TDmZkXJm/0/finestructure/swiftpackageindex-builder/spi-builder-workspace/.derivedData/ModuleCache.noindex -swift-version 4 -enforce-exclusivity\=checked -Onone -D SWIFT_PACKAGE -D DEBUG -D Xcode -serialize-debugging-options -const-gather-protocols-file /Users/builder/builds/TDmZkXJm/0/finestructure/swiftpackageindex-builder/spi-builder-workspace/.derivedData/Build/Intermediates.noindex/Complex.build/Debug-watchos/ComplexTests.build/Objects-normal/arm64_32/ComplexTests_const_extract_protocols.json -empty-abi-descriptor -plugin-path /Applications/Xcode-15.0.0-Beta.app/Contents/Developer/Toolchains/XcodeDefault.xctoolchain/usr/lib/swift/host/plugins -plugin-path /Applications/Xcode-15.0.0-Beta.app/Contents/Developer/Toolchains/XcodeDefault.xctoolchain/usr/local/lib/swift/host/plugins -validate-clang-modules-once -clang-build-session-file /Users/builder/builds/TDmZkXJm/0/finestructure/swiftpackageindex-builder/spi-builder-workspace/.derivedData/ModuleCache.noindex/Session.modulevalidation -Xcc -working-directory -Xcc /Users/builder/builds/TDmZkXJm/0/finestructure/swiftpackageindex-builder/spi-builder-workspace -resource-dir /Applications/Xcode-15.0.0-Beta.app/Contents/Developer/Toolchains/XcodeDefault.xctoolchain/usr/lib/swift -enable-anonymous-context-mangled-names -Xcc -ivfsstatcache -Xcc /Users/builder/builds/TDmZkXJm/0/finestructure/swiftpackageindex-builder/spi-builder-workspace/.derivedData/SDKStatCaches.noindex/watchos10.0-21R5275s-8db995917c4b1d9e1a16e7199e9e13bb.sdkstatcache -Xcc -I/Users/builder/builds/TDmZkXJm/0/finestructure/swiftpackageindex-builder/spi-builder-workspace/.derivedData/Build/Products/Debug-watchos/include -Xcc -I/Users/builder/builds/TDmZkXJm/0/finestructure/swiftpackageindex-builder/spi-builder-workspace/.derivedData/Build/Intermediates.noindex/Complex.build/Debug-watchos/ComplexTests.build/DerivedSources-normal/arm64_32 -Xcc -I/Users/builder/builds/TDmZkXJm/0/finestructure/swiftpackageindex-builder/spi-builder-workspace/.derivedData/Build/Intermediates.noindex/Complex.build/Debug-watchos/ComplexTests.build/DerivedSources/arm64_32 -Xcc -I/Users/builder/builds/TDmZkXJm/0/finestructure/swiftpackageindex-builder/spi-builder-workspace/.derivedData/Build/Intermediates.noindex/Complex.build/Debug-watchos/ComplexTests.build/DerivedSources -Xcc -DSWIFT_PACKAGE -Xcc -DDEBUG\=1 -module-name ComplexTests -frontend-parseable-output -disable-clang-spi -target-sdk-version 10.0 -target-sdk-name watchos10.0 -o /Users/builder/builds/TDmZkXJm/0/finestructure/swiftpackageindex-builder/spi-builder-workspace/.derivedData/Build/Intermediates.noindex/Complex.build/Debug-watchos/ComplexTests.build/Objects-normal/arm64_32/XCTestManifests.o -index-unit-output-path /Complex.build/Debug-watchos/ComplexTests.build/Objects-normal/arm64_32/XCTestManifests.o -index-store-path /Users/builder/builds/TDmZkXJm/0/finestructure/swiftpackageindex-builder/spi-builder-workspace/.derivedData/Index.noindex/DataStore -index-system-modules

SwiftDriverJobDiscovery normal arm64_32 Emitting module for ComplexRun (in target 'ComplexRun' from project 'Complex')
SwiftCompile normal arm64 Compiling\ GaussianIntTests.swift /Users/builder/builds/TDmZkXJm/0/finestructure/swiftpackageindex-builder/spi-builder-workspace/Tests/ComplexTests/GaussianIntTests.swift (in target 'ComplexTests' from project 'Complex')
    cd /Users/builder/builds/TDmZkXJm/0/finestructure/swiftpackageindex-builder/spi-builder-workspace
    builtin-swiftTaskExecution -- /Applications/Xcode-15.0.0-Beta.app/Contents/Developer/Toolchains/XcodeDefault.xctoolchain/usr/bin/swift-frontend -frontend -c /Users/builder/builds/TDmZkXJm/0/finestructure/swiftpackageindex-builder/spi-builder-workspace/Tests/ComplexTests/ComplexTests.swift -primary-file /Users/builder/builds/TDmZkXJm/0/finestructure/swiftpackageindex-builder/spi-builder-workspace/Tests/ComplexTests/GaussianIntTests.swift /Users/builder/builds/TDmZkXJm/0/finestructure/swiftpackageindex-builder/spi-builder-workspace/Tests/ComplexTests/XCTestManifests.swift -emit-dependencies-path /Users/builder/builds/TDmZkXJm/0/finestructure/swiftpackageindex-builder/spi-builder-workspace/.derivedData/Build/Intermediates.noindex/Complex.build/Debug-watchos/ComplexTests.build/Objects-normal/arm64/GaussianIntTests.d -emit-const-values-path /Users/builder/builds/TDmZkXJm/0/finestructure/swiftpackageindex-builder/spi-builder-workspace/.derivedData/Build/Intermediates.noindex/Complex.build/Debug-watchos/ComplexTests.build/Objects-normal/arm64/GaussianIntTests.swiftconstvalues -emit-reference-dependencies-path /Users/builder/builds/TDmZkXJm/0/finestructure/swiftpackageindex-builder/spi-builder-workspace/.derivedData/Build/Intermediates.noindex/Complex.build/Debug-watchos/ComplexTests.build/Objects-normal/arm64/GaussianIntTests.swiftdeps -serialize-diagnostics-path /Users/builder/builds/TDmZkXJm/0/finestructure/swiftpackageindex-builder/spi-builder-workspace/.derivedData/Build/Intermediates.noindex/Complex.build/Debug-watchos/ComplexTests.build/Objects-normal/arm64/GaussianIntTests.dia -target arm64-apple-watchos5.0 -Xllvm -aarch64-use-tbi -enable-objc-interop -sdk /Applications/Xcode-15.0.0-Beta.app/Contents/Developer/Platforms/WatchOS.platform/Developer/SDKs/WatchOS10.0.sdk -I /Users/builder/builds/TDmZkXJm/0/finestructure/swiftpackageindex-builder/spi-builder-workspace/.derivedData/Build/Products/Debug-watchos -I /Applications/Xcode-15.0.0-Beta.app/Contents/Developer/Platforms/WatchOS.platform/Developer/usr/lib -F /Users/builder/builds/TDmZkXJm/0/finestructure/swiftpackageindex-builder/spi-builder-workspace/.derivedData/Build/Products/Debug-watchos/PackageFrameworks -F /Users/builder/builds/TDmZkXJm/0/finestructure/swiftpackageindex-builder/spi-builder-workspace/.derivedData/Build/Products/Debug-watchos -F /Applications/Xcode-15.0.0-Beta.app/Contents/Developer/Platforms/WatchOS.platform/Developer/Library/Frameworks -F /Applications/Xcode-15.0.0-Beta.app/Contents/Developer/Platforms/WatchOS.platform/Developer/SDKs/WatchOS10.0.sdk/Developer/Library/Frameworks -no-color-diagnostics -enable-testing -g -module-cache-path /Users/builder/builds/TDmZkXJm/0/finestructure/swiftpackageindex-builder/spi-builder-workspace/.derivedData/ModuleCache.noindex -swift-version 4 -enforce-exclusivity\=checked -Onone -D SWIFT_PACKAGE -D DEBUG -D Xcode -serialize-debugging-options -const-gather-protocols-file /Users/builder/builds/TDmZkXJm/0/finestructure/swiftpackageindex-builder/spi-builder-workspace/.derivedData/Build/Intermediates.noindex/Complex.build/Debug-watchos/ComplexTests.build/Objects-normal/arm64/ComplexTests_const_extract_protocols.json -empty-abi-descriptor -plugin-path /Applications/Xcode-15.0.0-Beta.app/Contents/Developer/Toolchains/XcodeDefault.xctoolchain/usr/lib/swift/host/plugins -plugin-path /Applications/Xcode-15.0.0-Beta.app/Contents/Developer/Toolchains/XcodeDefault.xctoolchain/usr/local/lib/swift/host/plugins -validate-clang-modules-once -clang-build-session-file /Users/builder/builds/TDmZkXJm/0/finestructure/swiftpackageindex-builder/spi-builder-workspace/.derivedData/ModuleCache.noindex/Session.modulevalidation -Xcc -working-directory -Xcc /Users/builder/builds/TDmZkXJm/0/finestructure/swiftpackageindex-builder/spi-builder-workspace -resource-dir /Applications/Xcode-15.0.0-Beta.app/Contents/Developer/Toolchains/XcodeDefault.xctoolchain/usr/lib/swift -enable-anonymous-context-mangled-names -Xcc -ivfsstatcache -Xcc /Users/builder/builds/TDmZkXJm/0/finestructure/swiftpackageindex-builder/spi-builder-workspace/.derivedData/SDKStatCaches.noindex/watchos10.0-21R5275s-8db995917c4b1d9e1a16e7199e9e13bb.sdkstatcache -Xcc -I/Users/builder/builds/TDmZkXJm/0/finestructure/swiftpackageindex-builder/spi-builder-workspace/.derivedData/Build/Products/Debug-watchos/include -Xcc -I/Users/builder/builds/TDmZkXJm/0/finestructure/swiftpackageindex-builder/spi-builder-workspace/.derivedData/Build/Intermediates.noindex/Complex.build/Debug-watchos/ComplexTests.build/DerivedSources-normal/arm64 -Xcc -I/Users/builder/builds/TDmZkXJm/0/finestructure/swiftpackageindex-builder/spi-builder-workspace/.derivedData/Build/Intermediates.noindex/Complex.build/Debug-watchos/ComplexTests.build/DerivedSources/arm64 -Xcc -I/Users/builder/builds/TDmZkXJm/0/finestructure/swiftpackageindex-builder/spi-builder-workspace/.derivedData/Build/Intermediates.noindex/Complex.build/Debug-watchos/ComplexTests.build/DerivedSources -Xcc -DSWIFT_PACKAGE -Xcc -DDEBUG\=1 -module-name ComplexTests -frontend-parseable-output -disable-clang-spi -target-sdk-version 10.0 -target-sdk-name watchos10.0 -o /Users/builder/builds/TDmZkXJm/0/finestructure/swiftpackageindex-builder/spi-builder-workspace/.derivedData/Build/Intermediates.noindex/Complex.build/Debug-watchos/ComplexTests.build/Objects-normal/arm64/GaussianIntTests.o -index-unit-output-path /Complex.build/Debug-watchos/ComplexTests.build/Objects-normal/arm64/GaussianIntTests.o -index-store-path /Users/builder/builds/TDmZkXJm/0/finestructure/swiftpackageindex-builder/spi-builder-workspace/.derivedData/Index.noindex/DataStore -index-system-modules

SwiftDriverJobDiscovery normal arm64 Emitting module for ComplexRun (in target 'ComplexRun' from project 'Complex')
SwiftDriver\ Compilation\ Requirements ComplexRun normal armv7k com.apple.xcode.tools.swift.compiler (in target 'ComplexRun' from project 'Complex')
    cd /Users/builder/builds/TDmZkXJm/0/finestructure/swiftpackageindex-builder/spi-builder-workspace
    builtin-Swift-Compilation-Requirements -- /Applications/Xcode-15.0.0-Beta.app/Contents/Developer/Toolchains/XcodeDefault.xctoolchain/usr/bin/swiftc -module-name ComplexRun -Onone -enforce-exclusivity\=checked @/Users/builder/builds/TDmZkXJm/0/finestructure/swiftpackageindex-builder/spi-builder-workspace/.derivedData/Build/Intermediates.noindex/Complex.build/Debug-watchos/ComplexRun.build/Objects-normal/armv7k/ComplexRun.SwiftFileList -DSWIFT_PACKAGE -DDEBUG -DXcode -sdk /Applications/Xcode-15.0.0-Beta.app/Contents/Developer/Platforms/WatchOS.platform/Developer/SDKs/WatchOS10.0.sdk -target armv7k-apple-watchos5.0 -g -module-cache-path /Users/builder/builds/TDmZkXJm/0/finestructure/swiftpackageindex-builder/spi-builder-workspace/.derivedData/ModuleCache.noindex -Xfrontend -serialize-debugging-options -enable-testing -index-store-path /Users/builder/builds/TDmZkXJm/0/finestructure/swiftpackageindex-builder/spi-builder-workspace/.derivedData/Index.noindex/DataStore -swift-version 4 -I /Users/builder/builds/TDmZkXJm/0/finestructure/swiftpackageindex-builder/spi-builder-workspace/.derivedData/Build/Products/Debug-watchos -I /Applications/Xcode-15.0.0-Beta.app/Contents/Developer/Platforms/WatchOS.platform/Developer/usr/lib -F /Users/builder/builds/TDmZkXJm/0/finestructure/swiftpackageindex-builder/spi-builder-workspace/.derivedData/Build/Products/Debug-watchos/PackageFrameworks -F /Users/builder/builds/TDmZkXJm/0/finestructure/swiftpackageindex-builder/spi-builder-workspace/.derivedData/Build/Products/Debug-watchos -F /Applications/Xcode-15.0.0-Beta.app/Contents/Developer/Platforms/WatchOS.platform/Developer/Library/Frameworks -F /Applications/Xcode-15.0.0-Beta.app/Contents/Developer/Platforms/WatchOS.platform/Developer/SDKs/WatchOS10.0.sdk/Developer/Library/Frameworks -c -j8 -enable-batch-mode -incremental -Xcc -ivfsstatcache -Xcc /Users/builder/builds/TDmZkXJm/0/finestructure/swiftpackageindex-builder/spi-builder-workspace/.derivedData/SDKStatCaches.noindex/watchos10.0-21R5275s-8db995917c4b1d9e1a16e7199e9e13bb.sdkstatcache -output-file-map /Users/builder/builds/TDmZkXJm/0/finestructure/swiftpackageindex-builder/spi-builder-workspace/.derivedData/Build/Intermediates.noindex/Complex.build/Debug-watchos/ComplexRun.build/Objects-normal/armv7k/ComplexRun-OutputFileMap.json -use-frontend-parseable-output -save-temps -no-color-diagnostics -serialize-diagnostics -emit-dependencies -emit-module -emit-module-path /Users/builder/builds/TDmZkXJm/0/finestructure/swiftpackageindex-builder/spi-builder-workspace/.derivedData/Build/Intermediates.noindex/Complex.build/Debug-watchos/ComplexRun.build/Objects-normal/armv7k/ComplexRun.swiftmodule -validate-clang-modules-once -clang-build-session-file /Users/builder/builds/TDmZkXJm/0/finestructure/swiftpackageindex-builder/spi-builder-workspace/.derivedData/ModuleCache.noindex/Session.modulevalidation -emit-const-values -Xfrontend -const-gather-protocols-file -Xfrontend /Users/builder/builds/TDmZkXJm/0/finestructure/swiftpackageindex-builder/spi-builder-workspace/.derivedData/Build/Intermediates.noindex/Complex.build/Debug-watchos/ComplexRun.build/Objects-normal/armv7k/ComplexRun_const_extract_protocols.json -Xcc -I/Users/builder/builds/TDmZkXJm/0/finestructure/swiftpackageindex-builder/spi-builder-workspace/.derivedData/Build/Products/Debug-watchos/include -Xcc -I/Users/builder/builds/TDmZkXJm/0/finestructure/swiftpackageindex-builder/spi-builder-workspace/.derivedData/Build/Intermediates.noindex/Complex.build/Debug-watchos/ComplexRun.build/DerivedSources-normal/armv7k -Xcc -I/Users/builder/builds/TDmZkXJm/0/finestructure/swiftpackageindex-builder/spi-builder-workspace/.derivedData/Build/Intermediates.noindex/Complex.build/Debug-watchos/ComplexRun.build/DerivedSources/armv7k -Xcc -I/Users/builder/builds/TDmZkXJm/0/finestructure/swiftpackageindex-builder/spi-builder-workspace/.derivedData/Build/Intermediates.noindex/Complex.build/Debug-watchos/ComplexRun.build/DerivedSources -Xcc -DSWIFT_PACKAGE -Xcc -DDEBUG\=1 -working-directory /Users/builder/builds/TDmZkXJm/0/finestructure/swiftpackageindex-builder/spi-builder-workspace -experimental-emit-module-separately -disable-cmo

SwiftDriver\ Compilation\ Requirements ComplexRun normal arm64_32 com.apple.xcode.tools.swift.compiler (in target 'ComplexRun' from project 'Complex')
    cd /Users/builder/builds/TDmZkXJm/0/finestructure/swiftpackageindex-builder/spi-builder-workspace
    builtin-Swift-Compilation-Requirements -- /Applications/Xcode-15.0.0-Beta.app/Contents/Developer/Toolchains/XcodeDefault.xctoolchain/usr/bin/swiftc -module-name ComplexRun -Onone -enforce-exclusivity\=checked @/Users/builder/builds/TDmZkXJm/0/finestructure/swiftpackageindex-builder/spi-builder-workspace/.derivedData/Build/Intermediates.noindex/Complex.build/Debug-watchos/ComplexRun.build/Objects-normal/arm64_32/ComplexRun.SwiftFileList -DSWIFT_PACKAGE -DDEBUG -DXcode -sdk /Applications/Xcode-15.0.0-Beta.app/Contents/Developer/Platforms/WatchOS.platform/Developer/SDKs/WatchOS10.0.sdk -target arm64_32-apple-watchos5.0 -g -module-cache-path /Users/builder/builds/TDmZkXJm/0/finestructure/swiftpackageindex-builder/spi-builder-workspace/.derivedData/ModuleCache.noindex -Xfrontend -serialize-debugging-options -enable-testing -index-store-path /Users/builder/builds/TDmZkXJm/0/finestructure/swiftpackageindex-builder/spi-builder-workspace/.derivedData/Index.noindex/DataStore -swift-version 4 -I /Users/builder/builds/TDmZkXJm/0/finestructure/swiftpackageindex-builder/spi-builder-workspace/.derivedData/Build/Products/Debug-watchos -I /Applications/Xcode-15.0.0-Beta.app/Contents/Developer/Platforms/WatchOS.platform/Developer/usr/lib -F /Users/builder/builds/TDmZkXJm/0/finestructure/swiftpackageindex-builder/spi-builder-workspace/.derivedData/Build/Products/Debug-watchos/PackageFrameworks -F /Users/builder/builds/TDmZkXJm/0/finestructure/swiftpackageindex-builder/spi-builder-workspace/.derivedData/Build/Products/Debug-watchos -F /Applications/Xcode-15.0.0-Beta.app/Contents/Developer/Platforms/WatchOS.platform/Developer/Library/Frameworks -F /Applications/Xcode-15.0.0-Beta.app/Contents/Developer/Platforms/WatchOS.platform/Developer/SDKs/WatchOS10.0.sdk/Developer/Library/Frameworks -c -j8 -enable-batch-mode -incremental -Xcc -ivfsstatcache -Xcc /Users/builder/builds/TDmZkXJm/0/finestructure/swiftpackageindex-builder/spi-builder-workspace/.derivedData/SDKStatCaches.noindex/watchos10.0-21R5275s-8db995917c4b1d9e1a16e7199e9e13bb.sdkstatcache -output-file-map /Users/builder/builds/TDmZkXJm/0/finestructure/swiftpackageindex-builder/spi-builder-workspace/.derivedData/Build/Intermediates.noindex/Complex.build/Debug-watchos/ComplexRun.build/Objects-normal/arm64_32/ComplexRun-OutputFileMap.json -use-frontend-parseable-output -save-temps -no-color-diagnostics -serialize-diagnostics -emit-dependencies -emit-module -emit-module-path /Users/builder/builds/TDmZkXJm/0/finestructure/swiftpackageindex-builder/spi-builder-workspace/.derivedData/Build/Intermediates.noindex/Complex.build/Debug-watchos/ComplexRun.build/Objects-normal/arm64_32/ComplexRun.swiftmodule -validate-clang-modules-once -clang-build-session-file /Users/builder/builds/TDmZkXJm/0/finestructure/swiftpackageindex-builder/spi-builder-workspace/.derivedData/ModuleCache.noindex/Session.modulevalidation -emit-const-values -Xfrontend -const-gather-protocols-file -Xfrontend /Users/builder/builds/TDmZkXJm/0/finestructure/swiftpackageindex-builder/spi-builder-workspace/.derivedData/Build/Intermediates.noindex/Complex.build/Debug-watchos/ComplexRun.build/Objects-normal/arm64_32/ComplexRun_const_extract_protocols.json -Xcc -I/Users/builder/builds/TDmZkXJm/0/finestructure/swiftpackageindex-builder/spi-builder-workspace/.derivedData/Build/Products/Debug-watchos/include -Xcc -I/Users/builder/builds/TDmZkXJm/0/finestructure/swiftpackageindex-builder/spi-builder-workspace/.derivedData/Build/Intermediates.noindex/Complex.build/Debug-watchos/ComplexRun.build/DerivedSources-normal/arm64_32 -Xcc -I/Users/builder/builds/TDmZkXJm/0/finestructure/swiftpackageindex-builder/spi-builder-workspace/.derivedData/Build/Intermediates.noindex/Complex.build/Debug-watchos/ComplexRun.build/DerivedSources/arm64_32 -Xcc -I/Users/builder/builds/TDmZkXJm/0/finestructure/swiftpackageindex-builder/spi-builder-workspace/.derivedData/Build/Intermediates.noindex/Complex.build/Debug-watchos/ComplexRun.build/DerivedSources -Xcc -DSWIFT_PACKAGE -Xcc -DDEBUG\=1 -working-directory /Users/builder/builds/TDmZkXJm/0/finestructure/swiftpackageindex-builder/spi-builder-workspace -experimental-emit-module-separately -disable-cmo
SwiftDriver\ Compilation\ Requirements ComplexRun normal arm64 com.apple.xcode.tools.swift.compiler (in target 'ComplexRun' from project 'Complex')
    cd /Users/builder/builds/TDmZkXJm/0/finestructure/swiftpackageindex-builder/spi-builder-workspace
    builtin-Swift-Compilation-Requirements -- /Applications/Xcode-15.0.0-Beta.app/Contents/Developer/Toolchains/XcodeDefault.xctoolchain/usr/bin/swiftc -module-name ComplexRun -Onone -enforce-exclusivity\=checked @/Users/builder/builds/TDmZkXJm/0/finestructure/swiftpackageindex-builder/spi-builder-workspace/.derivedData/Build/Intermediates.noindex/Complex.build/Debug-watchos/ComplexRun.build/Objects-normal/arm64/ComplexRun.SwiftFileList -DSWIFT_PACKAGE -DDEBUG -DXcode -sdk /Applications/Xcode-15.0.0-Beta.app/Contents/Developer/Platforms/WatchOS.platform/Developer/SDKs/WatchOS10.0.sdk -target arm64-apple-watchos5.0 -g -module-cache-path /Users/builder/builds/TDmZkXJm/0/finestructure/swiftpackageindex-builder/spi-builder-workspace/.derivedData/ModuleCache.noindex -Xfrontend -serialize-debugging-options -enable-testing -index-store-path /Users/builder/builds/TDmZkXJm/0/finestructure/swiftpackageindex-builder/spi-builder-workspace/.derivedData/Index.noindex/DataStore -swift-version 4 -I /Users/builder/builds/TDmZkXJm/0/finestructure/swiftpackageindex-builder/spi-builder-workspace/.derivedData/Build/Products/Debug-watchos -I /Applications/Xcode-15.0.0-Beta.app/Contents/Developer/Platforms/WatchOS.platform/Developer/usr/lib -F /Users/builder/builds/TDmZkXJm/0/finestructure/swiftpackageindex-builder/spi-builder-workspace/.derivedData/Build/Products/Debug-watchos/PackageFrameworks -F /Users/builder/builds/TDmZkXJm/0/finestructure/swiftpackageindex-builder/spi-builder-workspace/.derivedData/Build/Products/Debug-watchos -F /Applications/Xcode-15.0.0-Beta.app/Contents/Developer/Platforms/WatchOS.platform/Developer/Library/Frameworks -F /Applications/Xcode-15.0.0-Beta.app/Contents/Developer/Platforms/WatchOS.platform/Developer/SDKs/WatchOS10.0.sdk/Developer/Library/Frameworks -c -j8 -enable-batch-mode -incremental -Xcc -ivfsstatcache -Xcc /Users/builder/builds/TDmZkXJm/0/finestructure/swiftpackageindex-builder/spi-builder-workspace/.derivedData/SDKStatCaches.noindex/watchos10.0-21R5275s-8db995917c4b1d9e1a16e7199e9e13bb.sdkstatcache -output-file-map /Users/builder/builds/TDmZkXJm/0/finestructure/swiftpackageindex-builder/spi-builder-workspace/.derivedData/Build/Intermediates.noindex/Complex.build/Debug-watchos/ComplexRun.build/Objects-normal/arm64/ComplexRun-OutputFileMap.json -use-frontend-parseable-output -save-temps -no-color-diagnostics -serialize-diagnostics -emit-dependencies -emit-module -emit-module-path /Users/builder/builds/TDmZkXJm/0/finestructure/swiftpackageindex-builder/spi-builder-workspace/.derivedData/Build/Intermediates.noindex/Complex.build/Debug-watchos/ComplexRun.build/Objects-normal/arm64/ComplexRun.swiftmodule -validate-clang-modules-once -clang-build-session-file /Users/builder/builds/TDmZkXJm/0/finestructure/swiftpackageindex-builder/spi-builder-workspace/.derivedData/ModuleCache.noindex/Session.modulevalidation -emit-const-values -Xfrontend -const-gather-protocols-file -Xfrontend /Users/builder/builds/TDmZkXJm/0/finestructure/swiftpackageindex-builder/spi-builder-workspace/.derivedData/Build/Intermediates.noindex/Complex.build/Debug-watchos/ComplexRun.build/Objects-normal/arm64/ComplexRun_const_extract_protocols.json -Xcc -I/Users/builder/builds/TDmZkXJm/0/finestructure/swiftpackageindex-builder/spi-builder-workspace/.derivedData/Build/Products/Debug-watchos/include -Xcc -I/Users/builder/builds/TDmZkXJm/0/finestructure/swiftpackageindex-builder/spi-builder-workspace/.derivedData/Build/Intermediates.noindex/Complex.build/Debug-watchos/ComplexRun.build/DerivedSources-normal/arm64 -Xcc -I/Users/builder/builds/TDmZkXJm/0/finestructure/swiftpackageindex-builder/spi-builder-workspace/.derivedData/Build/Intermediates.noindex/Complex.build/Debug-watchos/ComplexRun.build/DerivedSources/arm64 -Xcc -I/Users/builder/builds/TDmZkXJm/0/finestructure/swiftpackageindex-builder/spi-builder-workspace/.derivedData/Build/Intermediates.noindex/Complex.build/Debug-watchos/ComplexRun.build/DerivedSources -Xcc -DSWIFT_PACKAGE -Xcc -DDEBUG\=1 -working-directory /Users/builder/builds/TDmZkXJm/0/finestructure/swiftpackageindex-builder/spi-builder-workspace -experimental-emit-module-separately -disable-cmo
** BUILD FAILED **


The following build commands failed:
	SwiftEmitModule normal armv7k Emitting\ module\ for\ ComplexTests (in target 'ComplexTests' from project 'Complex')
(1 failure)
Retrying in 0 seconds ...
BUILD FAILURE 5.9 watchos