Build Information
Failed to build OnboardingKit, reference 10.0.0 (64c542), with Swift 6.3 for Wasm on 13 Aug 2026 03:00:13 UTC.
Build Command
bash -c docker run --pull=always --rm -v "checkouts-53886769-1":/host -w "$PWD" -e JAVA_HOME="/root/.sdkman/candidates/java/current" -e SPI_BUILD="1" -e SPI_PROCESSING="1" registry.gitlab.com/saguaro1/spi-images:wasm-6.3-latest swift build --swift-sdk swift-6.3.2-RELEASE_wasm 2>&1Build Log
========================================
RunAll
========================================
Builder version: 5.0.1
Interrupt handler set up.
========================================
Checkout
========================================
Clone URL: https://github.com/danielsaidi/OnboardingKit.git
Reference: 10.0.0
Initialized empty Git repository in /host/spi-builder-workspace/.git/
hint: Using 'master' as the name for the initial branch. This default branch name
hint: is subject to change. To configure the initial branch name to use in all
hint: of your new repositories, which will suppress this warning, call:
hint:
hint: git config --global init.defaultBranch <name>
hint:
hint: Names commonly chosen instead of 'master' are 'main', 'trunk' and
hint: 'development'. The just-created branch can be renamed via this command:
hint:
hint: git branch -m <name>
From https://github.com/danielsaidi/OnboardingKit
* tag 10.0.0 -> FETCH_HEAD
HEAD is now at 64c5427 Update release script for lint
Cloned https://github.com/danielsaidi/OnboardingKit.git
Revision (git rev-parse @):
64c54277c289fa1f8ddf5b07f1401e08c7222711
SUCCESS checkout https://github.com/danielsaidi/OnboardingKit.git at 10.0.0
========================================
Build
========================================
Selected platform: wasm
Swift version: 6.3
Building package at path: $PWD
https://github.com/danielsaidi/OnboardingKit.git
Running build ...
bash -c docker run --pull=always --rm -v "checkouts-53886769-1":/host -w "$PWD" -e JAVA_HOME="/root/.sdkman/candidates/java/current" -e SPI_BUILD="1" -e SPI_PROCESSING="1" registry.gitlab.com/saguaro1/spi-images:wasm-6.3-latest swift build --swift-sdk swift-6.3.2-RELEASE_wasm 2>&1
wasm-6.3-latest: Pulling from saguaro1/spi-images
Digest: sha256:e92e38b97676c18adb57b57429ddfb766786102cb50cb918e0d9e8055d05b35d
Status: Image is up to date for registry.gitlab.com/saguaro1/spi-images:wasm-6.3-latest
Fetching https://github.com/danielsaidi/PageView.git
[1/300] Fetching pageview
Fetched https://github.com/danielsaidi/PageView.git from cache (0.49s)
Computing version for https://github.com/danielsaidi/PageView.git
Computed https://github.com/danielsaidi/PageView.git at 0.2.0 (0.63s)
Creating working copy for https://github.com/danielsaidi/PageView.git
Working copy of https://github.com/danielsaidi/PageView.git resolved at 0.2.0
warning: 'spi-builder-workspace': found 1 file(s) which are unhandled; explicitly declare them as resources or exclude from the target
/host/spi-builder-workspace/Sources/OnboardingKit/Previews/PreviewAssets.xcassets
Building for debugging...
[0/3] Write sources
[2/3] Write swift-version-24593BA9C3E375BF.txt
error: emit-module command failed with exit code 1 (use -v to see invocation)
[4/8] Emitting module PageView
/host/spi-builder-workspace/.build/checkouts/PageView/Sources/PageView/PageView.swift:9:8: error: no such module 'SwiftUI'
7 | //
8 |
9 | import SwiftUI
| `- error: no such module 'SwiftUI'
10 | import Combine
11 |
[5/8] Compiling PageView SwipeGestureViewModifier.swift
/host/spi-builder-workspace/.build/checkouts/PageView/Sources/PageView/PageView.swift:9:8: error: no such module 'SwiftUI'
7 | //
8 |
9 | import SwiftUI
| `- error: no such module 'SwiftUI'
10 | import Combine
11 |
[6/8] Compiling PageView PageViewState.swift
/host/spi-builder-workspace/.build/checkouts/PageView/Sources/PageView/PageView.swift:9:8: error: no such module 'SwiftUI'
7 | //
8 |
9 | import SwiftUI
| `- error: no such module 'SwiftUI'
10 | import Combine
11 |
[7/8] Compiling PageView PageView.swift
/host/spi-builder-workspace/.build/checkouts/PageView/Sources/PageView/PageView.swift:9:8: error: no such module 'SwiftUI'
7 | //
8 |
9 | import SwiftUI
| `- error: no such module 'SwiftUI'
10 | import Combine
11 |
[8/8] Compiling PageView PageViewIndicator.swift
/host/spi-builder-workspace/.build/checkouts/PageView/Sources/PageView/PageView.swift:9:8: error: no such module 'SwiftUI'
7 | //
8 |
9 | import SwiftUI
| `- error: no such module 'SwiftUI'
10 | import Combine
11 |
BUILD FAILURE 6.3 wasm