The Swift Package Index logo.Swift Package Index

Build Information

Failed to build Survicate, reference master (d5be9f), with Swift 6.2 for macOS (Xcode) using Xcode 26.3 on 22 Oct 2026 12:12:07 UTC.

Build Command

env DEVELOPER_DIR=/Applications/Xcode-26.3.0.app xcrun xcodebuild -IDEClonedSourcePackagesDirPathOverride=$PWD/.dependencies -skipMacroValidation -skipPackagePluginValidation -derivedDataPath $PWD/.derivedData build -scheme Survicate -destination platform=macOS,arch=arm64

Build Log

========================================
RunAll
========================================
Builder version: 5.1.3
Interrupt handler set up.
========================================
Checkout
========================================
Clone URL: https://github.com/Survicate/survicate-ios-sdk.git
Reference: master
Initialized empty Git repository in /Users/admin/builder/spi-builder-workspace/.git/
From https://github.com/Survicate/survicate-ios-sdk
 * branch            master     -> FETCH_HEAD
 * [new branch]      master     -> origin/master
HEAD is now at d5be9f2 Update Package.swift with new version and checksum. (#67)
Cloned https://github.com/Survicate/survicate-ios-sdk.git
Revision (git rev-parse @):
d5be9f23dfa82534d394114975044449acc90158
SUCCESS checkout https://github.com/Survicate/survicate-ios-sdk.git at master
========================================
Build
========================================
Selected platform:         macosXcodebuild
Swift version:             6.2
Building package at path:  $PWD
https://github.com/Survicate/survicate-ios-sdk.git
Command line invocation:
    /Applications/Xcode-26.3.0.app/Contents/Developer/usr/bin/xcodebuild -IDEClonedSourcePackagesDirPathOverride=/Users/admin/builder/spi-builder-workspace/.dependencies -resolvePackageDependencies
Resolve Package Graph
Resolve Package Graph
Resolved source packages:
  Survicate: /Users/admin/builder/spi-builder-workspace
resolved source packages: Survicate
2026-10-22 08:11:43.070 xcodebuild[539:3093] [MT] IDERunDestination: Supported platforms for the buildables in the current scheme is empty.
{
  "dependencies" : [
  ],
  "manifest_display_name" : "Survicate",
  "name" : "Survicate",
  "path" : "/Users/admin/builder/spi-builder-workspace",
  "platforms" : [
  ],
  "products" : [
    {
      "name" : "Survicate",
      "targets" : [
        "Survicate"
      ],
      "type" : {
        "library" : [
          "automatic"
        ]
      }
    }
  ],
  "targets" : [
    {
      "c99name" : "Survicate",
      "module_type" : "BinaryTarget",
      "name" : "Survicate",
      "path" : "remote/archive/Survicate.zip",
      "product_memberships" : [
        "Survicate"
      ],
      "sources" : [
      ],
      "type" : "binary"
    }
  ],
  "tools_version" : "5.10"
}
{
  "workspace" : {
    "name" : "spi-builder-workspace",
    "schemes" : [
      "Survicate"
    ]
  }
}
2026-10-22 08:12:01.775 xcodebuild[692:4238] [MT] IDERunDestination: Supported platforms for the buildables in the current scheme is empty.
Running build ...
env DEVELOPER_DIR=/Applications/Xcode-26.3.0.app xcrun xcodebuild -IDEClonedSourcePackagesDirPathOverride=$PWD/.dependencies -skipMacroValidation -skipPackagePluginValidation -derivedDataPath $PWD/.derivedData build -scheme Survicate -destination platform=macOS,arch=arm64
Command line invocation:
    /Applications/Xcode-26.3.0.app/Contents/Developer/usr/bin/xcodebuild -IDEClonedSourcePackagesDirPathOverride=/Users/admin/builder/spi-builder-workspace/.dependencies -skipMacroValidation -skipPackagePluginValidation -derivedDataPath /Users/admin/builder/spi-builder-workspace/.derivedData build -scheme Survicate -destination platform=macOS,arch=arm64
Resolve Package Graph
Resolved source packages:
  Survicate: /Users/admin/builder/spi-builder-workspace
ComputePackagePrebuildTargetDependencyGraph
Prepare packages
CreateBuildRequest
SendProjectDescription
CreateBuildOperation
ComputeTargetDependencyGraph
note: Building targets in dependency order
note: Target dependency graph (1 target)
    Target 'Survicate' in project 'Survicate' (no dependencies)
GatherProvisioningInputs
CreateBuildDescription
ExecuteExternalTool /Applications/Xcode-26.3.0.app/Contents/Developer/Toolchains/XcodeDefault.xctoolchain/usr/bin/clang -v -E -dM -isysroot /Applications/Xcode-26.3.0.app/Contents/Developer/Platforms/MacOSX.platform/Developer/SDKs/MacOSX26.2.sdk -x c -c /dev/null
Build description signature: 996b1066c78e3d4d14b066a5f329c557
Build description path: /Users/admin/builder/spi-builder-workspace/.derivedData/Build/Intermediates.noindex/XCBuildData/996b1066c78e3d4d14b066a5f329c557.xcbuilddata
/Users/admin/builder/spi-builder-workspace/.dependencies/artifacts/spi-builder-workspace/Survicate/Survicate.xcframework:1:1: error: While building for macOS, no library for this platform was found in '/Users/admin/builder/spi-builder-workspace/.dependencies/artifacts/spi-builder-workspace/Survicate/Survicate.xcframework'. (in target 'Survicate' from project 'Survicate')
2026-10-22 08:12:03.204 xcodebuild[694:4288] [MT] IDERunDestination: Supported platforms for the buildables in the current scheme is empty.
--- xcodebuild: WARNING: Using the first of multiple matching destinations:
{ platform:macOS, arch:arm64, id:26562612472f7e818839fc55b3a54ffcc52e0372, name:My Mac }
{ platform:macOS, arch:arm64, variant:Mac Catalyst, id:26562612472f7e818839fc55b3a54ffcc52e0372, name:My Mac }
{ platform:macOS, arch:arm64, variant:DriverKit, id:26562612472f7e818839fc55b3a54ffcc52e0372, name:My Mac }
{ platform:macOS, arch:arm64, variant:Designed for [iPad,iPhone], id:26562612472f7e818839fc55b3a54ffcc52e0372, name:My Mac }
** BUILD FAILED **
The following build commands failed:
	Building workspace spi-builder-workspace with scheme Survicate
(1 failure)
Command line invocation:
    /Applications/Xcode-26.3.0.app/Contents/Developer/usr/bin/xcodebuild -IDEClonedSourcePackagesDirPathOverride=/Users/admin/builder/spi-builder-workspace/.dependencies -resolvePackageDependencies
Resolve Package Graph
Resolved source packages:
  Survicate: /Users/admin/builder/spi-builder-workspace
resolved source packages: Survicate
2026-10-22 08:12:05.567 xcodebuild[707:4386] [MT] IDERunDestination: Supported platforms for the buildables in the current scheme is empty.
{
  "dependencies" : [
  ],
  "manifest_display_name" : "Survicate",
  "name" : "Survicate",
  "path" : "/Users/admin/builder/spi-builder-workspace",
  "platforms" : [
  ],
  "products" : [
    {
      "name" : "Survicate",
      "targets" : [
        "Survicate"
      ],
      "type" : {
        "library" : [
          "automatic"
        ]
      }
    }
  ],
  "targets" : [
    {
      "c99name" : "Survicate",
      "module_type" : "BinaryTarget",
      "name" : "Survicate",
      "path" : "remote/archive/Survicate.zip",
      "product_memberships" : [
        "Survicate"
      ],
      "sources" : [
      ],
      "type" : "binary"
    }
  ],
  "tools_version" : "5.10"
}
{
  "workspace" : {
    "name" : "spi-builder-workspace",
    "schemes" : [
      "Survicate"
    ]
  }
}
2026-10-22 08:12:06.698 xcodebuild[715:4446] [MT] IDERunDestination: Supported platforms for the buildables in the current scheme is empty.
Running build ...
env DEVELOPER_DIR=/Applications/Xcode-26.3.0.app xcrun xcodebuild -IDEClonedSourcePackagesDirPathOverride=$PWD/.dependencies -skipMacroValidation -skipPackagePluginValidation -derivedDataPath $PWD/.derivedData build -scheme Survicate -destination platform=macOS,arch=arm64
Command line invocation:
    /Applications/Xcode-26.3.0.app/Contents/Developer/usr/bin/xcodebuild -IDEClonedSourcePackagesDirPathOverride=/Users/admin/builder/spi-builder-workspace/.dependencies -skipMacroValidation -skipPackagePluginValidation -derivedDataPath /Users/admin/builder/spi-builder-workspace/.derivedData build -scheme Survicate -destination platform=macOS,arch=arm64
Resolve Package Graph
Resolved source packages:
  Survicate: /Users/admin/builder/spi-builder-workspace
ComputePackagePrebuildTargetDependencyGraph
Prepare packages
CreateBuildRequest
SendProjectDescription
CreateBuildOperation
ComputeTargetDependencyGraph
note: Building targets in dependency order
note: Target dependency graph (1 target)
    Target 'Survicate' in project 'Survicate' (no dependencies)
GatherProvisioningInputs
CreateBuildDescription
ExecuteExternalTool /Applications/Xcode-26.3.0.app/Contents/Developer/Toolchains/XcodeDefault.xctoolchain/usr/bin/clang -v -E -dM -isysroot /Applications/Xcode-26.3.0.app/Contents/Developer/Platforms/MacOSX.platform/Developer/SDKs/MacOSX26.2.sdk -x c -c /dev/null
Build description signature: 996b1066c78e3d4d14b066a5f329c557
Build description path: /Users/admin/builder/spi-builder-workspace/.derivedData/Build/Intermediates.noindex/XCBuildData/996b1066c78e3d4d14b066a5f329c557.xcbuilddata
/Users/admin/builder/spi-builder-workspace/.dependencies/artifacts/spi-builder-workspace/Survicate/Survicate.xcframework:1:1: error: While building for macOS, no library for this platform was found in '/Users/admin/builder/spi-builder-workspace/.dependencies/artifacts/spi-builder-workspace/Survicate/Survicate.xcframework'. (in target 'Survicate' from project 'Survicate')
2026-10-22 08:12:07.581 xcodebuild[717:4481] [MT] IDERunDestination: Supported platforms for the buildables in the current scheme is empty.
--- xcodebuild: WARNING: Using the first of multiple matching destinations:
{ platform:macOS, arch:arm64, id:26562612472f7e818839fc55b3a54ffcc52e0372, name:My Mac }
{ platform:macOS, arch:arm64, variant:Mac Catalyst, id:26562612472f7e818839fc55b3a54ffcc52e0372, name:My Mac }
{ platform:macOS, arch:arm64, variant:DriverKit, id:26562612472f7e818839fc55b3a54ffcc52e0372, name:My Mac }
{ platform:macOS, arch:arm64, variant:Designed for [iPad,iPhone], id:26562612472f7e818839fc55b3a54ffcc52e0372, name:My Mac }
** BUILD FAILED **
The following build commands failed:
	Building workspace spi-builder-workspace with scheme Survicate
(1 failure)
BUILD FAILURE 6.2 macosXcodebuild