The Swift Package Index logo.Swift Package Index

Build Information

Failed to build LicenseKit, reference main (f13aa1), with Swift 6.3 for Wasm on 18 Jul 2026 00:07:32 UTC.

Build Command

bash -c docker run --pull=always --rm -v "checkouts-54344844-1":/host -w "$PWD" -e JAVA_HOME="/root/.sdkman/candidates/java/current" -e SPI_BUILD="1" -e SPI_PROCESSING="1" registry.gitlab.com/saguaro1/spi-images:wasm-6.3-latest swift build --swift-sdk swift-6.3.2-RELEASE_wasm 2>&1

Build Log

========================================
RunAll
========================================
Builder version: 333316120c8b89ed7d21f1b34865290794301d91
Interrupt handler set up.
========================================
Checkout
========================================
Clone URL: https://github.com/naviapps/license-kit.git
Reference: main
Initialized empty Git repository in /host/spi-builder-workspace/.git/
hint: Using 'master' as the name for the initial branch. This default branch name
hint: is subject to change. To configure the initial branch name to use in all
hint: of your new repositories, which will suppress this warning, call:
hint:
hint: 	git config --global init.defaultBranch <name>
hint:
hint: Names commonly chosen instead of 'master' are 'main', 'trunk' and
hint: 'development'. The just-created branch can be renamed via this command:
hint:
hint: 	git branch -m <name>
From https://github.com/naviapps/license-kit
 * branch            main       -> FETCH_HEAD
 * [new branch]      main       -> origin/main
HEAD is now at f13aa1e Prepare LicenseKit 2.0.0 (#2)
Cloned https://github.com/naviapps/license-kit.git
Revision (git rev-parse @):
f13aa1e946dc618f2187654c05887b907724d32f
SPI manifest file found: $PWD/.spi.yml
SUCCESS checkout https://github.com/naviapps/license-kit.git at main
========================================
Build
========================================
Selected platform:         wasm
Swift version:             6.3
Building package at path:  $PWD
https://github.com/naviapps/license-kit.git
Running build ...
bash -c docker run --pull=always --rm -v "checkouts-54344844-1":/host -w "$PWD" -e JAVA_HOME="/root/.sdkman/candidates/java/current" -e SPI_BUILD="1" -e SPI_PROCESSING="1" registry.gitlab.com/saguaro1/spi-images:wasm-6.3-latest swift build --swift-sdk swift-6.3.2-RELEASE_wasm 2>&1
wasm-6.3-latest: Pulling from saguaro1/spi-images
Digest: sha256:501b6bfc4ca8a27c305c68f9d5c778f996de82635741ab45476a03ffa6fa26d2
Status: Image is up to date for registry.gitlab.com/saguaro1/spi-images:wasm-6.3-latest
Building for debugging...
[0/2] Write sources
[1/2] Write swift-version-24593BA9C3E375BF.txt
error: emit-module command failed with exit code 1 (use -v to see invocation)
[3/27] Emitting module LicenseKit
/host/spi-builder-workspace/Sources/LicenseKit/Persistence/KeychainLicenseActivationStorage.swift:2:8: error: no such module 'Security'
  1 | import Foundation
  2 | import Security
    |        `- error: no such module 'Security'
  3 |
  4 | /// ``LicenseActivationStorage`` backed by the system Keychain.
[4/30] Compiling LicenseKit LicenseStateMetadataStorage.swift
/host/spi-builder-workspace/Sources/LicenseKit/Persistence/KeychainLicenseActivationStorage.swift:2:8: error: no such module 'Security'
  1 | import Foundation
  2 | import Security
    |        `- error: no such module 'Security'
  3 |
  4 | /// ``LicenseActivationStorage`` backed by the system Keychain.
[5/30] Compiling LicenseKit LicenseStateRestoration.swift
/host/spi-builder-workspace/Sources/LicenseKit/Persistence/KeychainLicenseActivationStorage.swift:2:8: error: no such module 'Security'
  1 | import Foundation
  2 | import Security
    |        `- error: no such module 'Security'
  3 |
  4 | /// ``LicenseActivationStorage`` backed by the system Keychain.
[6/30] Compiling LicenseKit UserDefaultsLicenseStateMetadataStorage.swift
/host/spi-builder-workspace/Sources/LicenseKit/Persistence/KeychainLicenseActivationStorage.swift:2:8: error: no such module 'Security'
  1 | import Foundation
  2 | import Security
    |        `- error: no such module 'Security'
  3 |
  4 | /// ``LicenseActivationStorage`` backed by the system Keychain.
[7/30] Compiling LicenseKit LicenseActivation.swift
/host/spi-builder-workspace/Sources/LicenseKit/Persistence/KeychainLicenseActivationStorage.swift:2:8: error: no such module 'Security'
  1 | import Foundation
  2 | import Security
    |        `- error: no such module 'Security'
  3 |
  4 | /// ``LicenseActivationStorage`` backed by the system Keychain.
[8/30] Compiling LicenseKit LicenseActivationRequest.swift
/host/spi-builder-workspace/Sources/LicenseKit/Persistence/KeychainLicenseActivationStorage.swift:2:8: error: no such module 'Security'
  1 | import Foundation
  2 | import Security
    |        `- error: no such module 'Security'
  3 |
  4 | /// ``LicenseActivationStorage`` backed by the system Keychain.
[9/30] Compiling LicenseKit LicenseError.swift
/host/spi-builder-workspace/Sources/LicenseKit/Persistence/KeychainLicenseActivationStorage.swift:2:8: error: no such module 'Security'
  1 | import Foundation
  2 | import Security
    |        `- error: no such module 'Security'
  3 |
  4 | /// ``LicenseActivationStorage`` backed by the system Keychain.
[10/30] Compiling LicenseKit LicensePlan.swift
/host/spi-builder-workspace/Sources/LicenseKit/Persistence/KeychainLicenseActivationStorage.swift:2:8: error: no such module 'Security'
  1 | import Foundation
  2 | import Security
    |        `- error: no such module 'Security'
  3 |
  4 | /// ``LicenseActivationStorage`` backed by the system Keychain.
[11/30] Compiling LicenseKit LicenseSource.swift
/host/spi-builder-workspace/Sources/LicenseKit/Persistence/KeychainLicenseActivationStorage.swift:2:8: error: no such module 'Security'
  1 | import Foundation
  2 | import Security
    |        `- error: no such module 'Security'
  3 |
  4 | /// ``LicenseActivationStorage`` backed by the system Keychain.
[12/30] Compiling LicenseKit LicenseStringNormalization.swift
/host/spi-builder-workspace/Sources/LicenseKit/Persistence/KeychainLicenseActivationStorage.swift:2:8: error: no such module 'Security'
  1 | import Foundation
  2 | import Security
    |        `- error: no such module 'Security'
  3 |
  4 | /// ``LicenseActivationStorage`` backed by the system Keychain.
[13/30] Compiling LicenseKit LicenseValidationResult.swift
/host/spi-builder-workspace/Sources/LicenseKit/Persistence/KeychainLicenseActivationStorage.swift:2:8: error: no such module 'Security'
  1 | import Foundation
  2 | import Security
    |        `- error: no such module 'Security'
  3 |
  4 | /// ``LicenseActivationStorage`` backed by the system Keychain.
[14/30] Compiling LicenseKit LicenseManager+Activation.swift
/host/spi-builder-workspace/Sources/LicenseKit/Persistence/KeychainLicenseActivationStorage.swift:2:8: error: no such module 'Security'
  1 | import Foundation
  2 | import Security
    |        `- error: no such module 'Security'
  3 |
  4 | /// ``LicenseActivationStorage`` backed by the system Keychain.
[15/30] Compiling LicenseKit LicenseProvider.swift
/host/spi-builder-workspace/Sources/LicenseKit/Persistence/KeychainLicenseActivationStorage.swift:2:8: error: no such module 'Security'
  1 | import Foundation
  2 | import Security
    |        `- error: no such module 'Security'
  3 |
  4 | /// ``LicenseActivationStorage`` backed by the system Keychain.
[16/30] Compiling LicenseKit LicenseProviderError.swift
/host/spi-builder-workspace/Sources/LicenseKit/Persistence/KeychainLicenseActivationStorage.swift:2:8: error: no such module 'Security'
  1 | import Foundation
  2 | import Security
    |        `- error: no such module 'Security'
  3 |
  4 | /// ``LicenseActivationStorage`` backed by the system Keychain.
[17/30] Compiling LicenseKit LicenseProviderGateway.swift
/host/spi-builder-workspace/Sources/LicenseKit/Persistence/KeychainLicenseActivationStorage.swift:2:8: error: no such module 'Security'
  1 | import Foundation
  2 | import Security
    |        `- error: no such module 'Security'
  3 |
  4 | /// ``LicenseActivationStorage`` backed by the system Keychain.
[18/30] Compiling LicenseKit LicenseState.swift
/host/spi-builder-workspace/Sources/LicenseKit/Persistence/KeychainLicenseActivationStorage.swift:2:8: error: no such module 'Security'
  1 | import Foundation
  2 | import Security
    |        `- error: no such module 'Security'
  3 |
  4 | /// ``LicenseActivationStorage`` backed by the system Keychain.
[19/30] Compiling LicenseKit LicenseStateStore.swift
/host/spi-builder-workspace/Sources/LicenseKit/Persistence/KeychainLicenseActivationStorage.swift:2:8: error: no such module 'Security'
  1 | import Foundation
  2 | import Security
    |        `- error: no such module 'Security'
  3 |
  4 | /// ``LicenseActivationStorage`` backed by the system Keychain.
[20/30] Compiling LicenseKit LicenseValidationSnapshot.swift
/host/spi-builder-workspace/Sources/LicenseKit/Persistence/KeychainLicenseActivationStorage.swift:2:8: error: no such module 'Security'
  1 | import Foundation
  2 | import Security
    |        `- error: no such module 'Security'
  3 |
  4 | /// ``LicenseActivationStorage`` backed by the system Keychain.
[21/30] Compiling LicenseKit KeychainLicenseActivationStorage.swift
/host/spi-builder-workspace/Sources/LicenseKit/Persistence/KeychainLicenseActivationStorage.swift:2:8: error: no such module 'Security'
  1 | import Foundation
  2 | import Security
    |        `- error: no such module 'Security'
  3 |
  4 | /// ``LicenseActivationStorage`` backed by the system Keychain.
[22/30] Compiling LicenseKit LicenseActivationStorage.swift
/host/spi-builder-workspace/Sources/LicenseKit/Persistence/KeychainLicenseActivationStorage.swift:2:8: error: no such module 'Security'
  1 | import Foundation
  2 | import Security
    |        `- error: no such module 'Security'
  3 |
  4 | /// ``LicenseActivationStorage`` backed by the system Keychain.
[23/30] Compiling LicenseKit LicenseStateMetadata.swift
/host/spi-builder-workspace/Sources/LicenseKit/Persistence/KeychainLicenseActivationStorage.swift:2:8: error: no such module 'Security'
  1 | import Foundation
  2 | import Security
    |        `- error: no such module 'Security'
  3 |
  4 | /// ``LicenseActivationStorage`` backed by the system Keychain.
[24/30] Compiling LicenseKit LicenseManager+Deactivation.swift
/host/spi-builder-workspace/Sources/LicenseKit/Persistence/KeychainLicenseActivationStorage.swift:2:8: error: no such module 'Security'
  1 | import Foundation
  2 | import Security
    |        `- error: no such module 'Security'
  3 |
  4 | /// ``LicenseActivationStorage`` backed by the system Keychain.
[25/30] Compiling LicenseKit LicenseManager+Persistence.swift
/host/spi-builder-workspace/Sources/LicenseKit/Persistence/KeychainLicenseActivationStorage.swift:2:8: error: no such module 'Security'
  1 | import Foundation
  2 | import Security
    |        `- error: no such module 'Security'
  3 |
  4 | /// ``LicenseActivationStorage`` backed by the system Keychain.
[26/30] Compiling LicenseKit LicenseManager+Refresh.swift
/host/spi-builder-workspace/Sources/LicenseKit/Persistence/KeychainLicenseActivationStorage.swift:2:8: error: no such module 'Security'
  1 | import Foundation
  2 | import Security
    |        `- error: no such module 'Security'
  3 |
  4 | /// ``LicenseActivationStorage`` backed by the system Keychain.
[27/30] Compiling LicenseKit LicenseManager.swift
/host/spi-builder-workspace/Sources/LicenseKit/Persistence/KeychainLicenseActivationStorage.swift:2:8: error: no such module 'Security'
  1 | import Foundation
  2 | import Security
    |        `- error: no such module 'Security'
  3 |
  4 | /// ``LicenseActivationStorage`` backed by the system Keychain.
[28/30] Compiling LicenseKit LicenseRefreshFailure.swift
/host/spi-builder-workspace/Sources/LicenseKit/Persistence/KeychainLicenseActivationStorage.swift:2:8: error: no such module 'Security'
  1 | import Foundation
  2 | import Security
    |        `- error: no such module 'Security'
  3 |
  4 | /// ``LicenseActivationStorage`` backed by the system Keychain.
[29/30] Compiling LicenseKit LicenseRefreshPolicy.swift
/host/spi-builder-workspace/Sources/LicenseKit/Persistence/KeychainLicenseActivationStorage.swift:2:8: error: no such module 'Security'
  1 | import Foundation
  2 | import Security
    |        `- error: no such module 'Security'
  3 |
  4 | /// ``LicenseActivationStorage`` backed by the system Keychain.
[30/30] Compiling LicenseKit LicenseRefreshResult.swift
/host/spi-builder-workspace/Sources/LicenseKit/Persistence/KeychainLicenseActivationStorage.swift:2:8: error: no such module 'Security'
  1 | import Foundation
  2 | import Security
    |        `- error: no such module 'Security'
  3 |
  4 | /// ``LicenseActivationStorage`` backed by the system Keychain.
BUILD FAILURE 6.3 wasm