Build Information
Failed to build Core, reference 3.10.1 (89c698), with Swift 6.4 for watchOS using Xcode 27.0 on 17 Sep 2026 21:52:05 UTC.
Build Command
env DEVELOPER_DIR=/Applications/Xcode-27.0.0-Release.Candidate.app xcrun xcodebuild -IDEClonedSourcePackagesDirPathOverride=$PWD/.dependencies -skipMacroValidation -skipPackagePluginValidation -derivedDataPath $PWD/.derivedData build -scheme Core-Package -destination generic/platform=watchOSBuild Log
SwiftDriverJobDiscovery normal arm64_32 Compiling ByteBuffer+require.swift (in target 'Bits' from project 'Core')
SwiftDriverJobDiscovery normal arm64_32 Compiling Byte+Control.swift, Byte+Digit.swift (in target 'Bits' from project 'Core')
SwiftCompile normal arm64 Compiling\ ByteBuffer+binaryFloatingPointOperations.swift /Users/admin/builder/spi-builder-workspace/Sources/Bits/ByteBuffer+binaryFloatingPointOperations.swift (in target 'Bits' from project 'Core')
/Users/admin/builder/spi-builder-workspace/Sources/Bits/Deprecated.swift:3:15: warning: extraneous whitespace between attribute name and '('; this is an error in the Swift 6 language mode
1 | extension Byte {
2 | /// ~
3 | @available (*, deprecated, renamed: "tilde")
| `- warning: extraneous whitespace between attribute name and '('; this is an error in the Swift 6 language mode
4 | public static let tilda: Byte = 0x7E
5 | }
SwiftCompile normal arm64 /Users/admin/builder/spi-builder-workspace/Sources/Bits/ByteBuffer+binaryFloatingPointOperations.swift (in target 'Bits' from project 'Core')
cd /Users/admin/builder/spi-builder-workspace/.swiftpm/xcode
builtin-SwiftPerFileCompile ByteBuffer+binaryFloatingPointOperations.swift
SwiftDriverJobDiscovery normal arm64 Compiling Data+Bytes.swift (in target 'Bits' from project 'Core')
SwiftDriverJobDiscovery normal arm64 Compiling ByteBuffer+string.swift (in target 'Bits' from project 'Core')
SwiftCompile normal arm64 Compiling\ Bytes.swift /Users/admin/builder/spi-builder-workspace/Sources/Bits/Bytes.swift (in target 'Bits' from project 'Core')
/Users/admin/builder/spi-builder-workspace/Sources/Bits/Deprecated.swift:3:15: warning: extraneous whitespace between attribute name and '('; this is an error in the Swift 6 language mode
1 | extension Byte {
2 | /// ~
3 | @available (*, deprecated, renamed: "tilde")
| `- warning: extraneous whitespace between attribute name and '('; this is an error in the Swift 6 language mode
4 | public static let tilda: Byte = 0x7E
5 | }
SwiftCompile normal arm64 /Users/admin/builder/spi-builder-workspace/Sources/Bits/Bytes.swift (in target 'Bits' from project 'Core')
cd /Users/admin/builder/spi-builder-workspace/.swiftpm/xcode
builtin-SwiftPerFileCompile Bytes.swift
SwiftDriverJobDiscovery normal arm64_32 Compiling Data+Bytes.swift (in target 'Bits' from project 'Core')
SwiftCompile normal arm64 Compiling\ Data+Strings.swift /Users/admin/builder/spi-builder-workspace/Sources/Bits/Data+Strings.swift (in target 'Bits' from project 'Core')
/Users/admin/builder/spi-builder-workspace/Sources/Bits/Deprecated.swift:3:15: warning: extraneous whitespace between attribute name and '('; this is an error in the Swift 6 language mode
1 | extension Byte {
2 | /// ~
3 | @available (*, deprecated, renamed: "tilde")
| `- warning: extraneous whitespace between attribute name and '('; this is an error in the Swift 6 language mode
4 | public static let tilda: Byte = 0x7E
5 | }
SwiftCompile normal arm64 /Users/admin/builder/spi-builder-workspace/Sources/Bits/Data+Strings.swift (in target 'Bits' from project 'Core')
cd /Users/admin/builder/spi-builder-workspace/.swiftpm/xcode
builtin-SwiftPerFileCompile Data+Strings.swift
SwiftCompile normal arm64_32 Compiling\ ByteBuffer+string.swift /Users/admin/builder/spi-builder-workspace/Sources/Bits/ByteBuffer+string.swift (in target 'Bits' from project 'Core')
/Users/admin/builder/spi-builder-workspace/Sources/Bits/ByteBuffer+string.swift:6:68: warning: cannot use struct 'Encoding' here; 'Foundation' was not imported by this file
4 | /// - parameters:
5 | /// - encoding: `String.Encoding` to use when converting the bytes to a `String`
6 | public mutating func readNullTerminatedString(encoding: String.Encoding = .utf8) -> String? {
| `- warning: cannot use struct 'Encoding' here; 'Foundation' was not imported by this file
7 | var bytes: [UInt8] = []
8 | parse: while true {
Foundation.String.Encoding:2:15: note: struct declared here
1 | struct String {
2 | public struct Encoding : RawRepresentable, Sendable, Equatable {
| `- note: struct declared here
3 | public var rawValue: UInt
4 | public init(rawValue: UInt)
/Users/admin/builder/spi-builder-workspace/Sources/Bits/ByteBuffer+string.swift:6:80: warning: static property 'utf8' cannot be used in a default argument value because 'Foundation' was not imported by this file; this is an error in the Swift 6 language mode
4 | /// - parameters:
5 | /// - encoding: `String.Encoding` to use when converting the bytes to a `String`
6 | public mutating func readNullTerminatedString(encoding: String.Encoding = .utf8) -> String? {
| |- warning: static property 'utf8' cannot be used in a default argument value because 'Foundation' was not imported by this file; this is an error in the Swift 6 language mode
| `- note: The missing import of module 'Foundation' will be added implicitly
7 | var bytes: [UInt8] = []
8 | parse: while true {
/Users/admin/builder/spi-builder-workspace/Sources/Bits/ByteBuffer+string.swift:23:75: warning: cannot use struct 'Encoding' here; 'Foundation' was not imported by this file
21 | ///
22 | /// See `readNullTerminatedString(encoding:)`
23 | public mutating func requireReadNullTerminatedString(encoding: String.Encoding = .utf8) throws -> String {
| `- warning: cannot use struct 'Encoding' here; 'Foundation' was not imported by this file
24 | guard let string = readNullTerminatedString(encoding: encoding) else {
25 | throw BitsError(identifier: "nullTerminatedString", reason: "This was not available in the buffer")
Foundation.String.Encoding:2:15: note: struct declared here
1 | struct String {
2 | public struct Encoding : RawRepresentable, Sendable, Equatable {
| `- note: struct declared here
3 | public var rawValue: UInt
4 | public init(rawValue: UInt)
/Users/admin/builder/spi-builder-workspace/Sources/Bits/ByteBuffer+string.swift:23:87: warning: static property 'utf8' cannot be used in a default argument value because 'Foundation' was not imported by this file; this is an error in the Swift 6 language mode
21 | ///
22 | /// See `readNullTerminatedString(encoding:)`
23 | public mutating func requireReadNullTerminatedString(encoding: String.Encoding = .utf8) throws -> String {
| |- warning: static property 'utf8' cannot be used in a default argument value because 'Foundation' was not imported by this file; this is an error in the Swift 6 language mode
| `- note: The missing import of module 'Foundation' will be added implicitly
24 | guard let string = readNullTerminatedString(encoding: encoding) else {
25 | throw BitsError(identifier: "nullTerminatedString", reason: "This was not available in the buffer")
/Users/admin/builder/spi-builder-workspace/Sources/Bits/Deprecated.swift:3:15: warning: extraneous whitespace between attribute name and '('; this is an error in the Swift 6 language mode
1 | extension Byte {
2 | /// ~
3 | @available (*, deprecated, renamed: "tilde")
| `- warning: extraneous whitespace between attribute name and '('; this is an error in the Swift 6 language mode
4 | public static let tilda: Byte = 0x7E
5 | }
SwiftCompile normal arm64_32 /Users/admin/builder/spi-builder-workspace/Sources/Bits/ByteBuffer+string.swift (in target 'Bits' from project 'Core')
cd /Users/admin/builder/spi-builder-workspace/.swiftpm/xcode
builtin-SwiftPerFileCompile ByteBuffer+string.swift
SwiftDriverJobDiscovery normal arm64_32 Compiling Data+Strings.swift (in target 'Bits' from project 'Core')
SwiftCompile normal arm64_32 Compiling\ Bytes.swift /Users/admin/builder/spi-builder-workspace/Sources/Bits/Bytes.swift (in target 'Bits' from project 'Core')
/Users/admin/builder/spi-builder-workspace/Sources/Bits/Deprecated.swift:3:15: warning: extraneous whitespace between attribute name and '('; this is an error in the Swift 6 language mode
1 | extension Byte {
2 | /// ~
3 | @available (*, deprecated, renamed: "tilde")
| `- warning: extraneous whitespace between attribute name and '('; this is an error in the Swift 6 language mode
4 | public static let tilda: Byte = 0x7E
5 | }
SwiftCompile normal arm64_32 /Users/admin/builder/spi-builder-workspace/Sources/Bits/Bytes.swift (in target 'Bits' from project 'Core')
cd /Users/admin/builder/spi-builder-workspace/.swiftpm/xcode
builtin-SwiftPerFileCompile Bytes.swift
SwiftDriverJobDiscovery normal arm64 Compiling ByteBuffer+require.swift (in target 'Bits' from project 'Core')
SwiftCompile normal arm64_32 Compiling\ BitsError.swift,\ Byte+Alphabet.swift /Users/admin/builder/spi-builder-workspace/Sources/Bits/BitsError.swift /Users/admin/builder/spi-builder-workspace/Sources/Bits/Byte+Alphabet.swift (in target 'Bits' from project 'Core')
/Users/admin/builder/spi-builder-workspace/Sources/Bits/Deprecated.swift:3:15: warning: extraneous whitespace between attribute name and '('; this is an error in the Swift 6 language mode
1 | extension Byte {
2 | /// ~
3 | @available (*, deprecated, renamed: "tilde")
| `- warning: extraneous whitespace between attribute name and '('; this is an error in the Swift 6 language mode
4 | public static let tilda: Byte = 0x7E
5 | }
SwiftCompile normal arm64_32 /Users/admin/builder/spi-builder-workspace/Sources/Bits/BitsError.swift (in target 'Bits' from project 'Core')
cd /Users/admin/builder/spi-builder-workspace/.swiftpm/xcode
builtin-SwiftPerFileCompile BitsError.swift
SwiftCompile normal arm64_32 /Users/admin/builder/spi-builder-workspace/Sources/Bits/Byte+Alphabet.swift (in target 'Bits' from project 'Core')
cd /Users/admin/builder/spi-builder-workspace/.swiftpm/xcode
builtin-SwiftPerFileCompile Byte+Alphabet.swift
SwiftDriverJobDiscovery normal arm64 Compiling Bytes.swift (in target 'Bits' from project 'Core')
SwiftCompile normal arm64_32 Compiling\ ByteBuffer+peek.swift /Users/admin/builder/spi-builder-workspace/Sources/Bits/ByteBuffer+peek.swift (in target 'Bits' from project 'Core')
/Users/admin/builder/spi-builder-workspace/Sources/Bits/Deprecated.swift:3:15: warning: extraneous whitespace between attribute name and '('; this is an error in the Swift 6 language mode
1 | extension Byte {
2 | /// ~
3 | @available (*, deprecated, renamed: "tilde")
| `- warning: extraneous whitespace between attribute name and '('; this is an error in the Swift 6 language mode
4 | public static let tilda: Byte = 0x7E
5 | }
SwiftCompile normal arm64_32 /Users/admin/builder/spi-builder-workspace/Sources/Bits/ByteBuffer+peek.swift (in target 'Bits' from project 'Core')
cd /Users/admin/builder/spi-builder-workspace/.swiftpm/xcode
builtin-SwiftPerFileCompile ByteBuffer+peek.swift
SwiftDriverJobDiscovery normal arm64 Compiling ByteBuffer+binaryFloatingPointOperations.swift (in target 'Bits' from project 'Core')
SwiftDriverJobDiscovery normal arm64_32 Compiling ByteBuffer+binaryFloatingPointOperations.swift (in target 'Bits' from project 'Core')
SwiftDriver Async normal arm64_32 com.apple.xcode.tools.swift.compiler (in target 'Async' from project 'Core')
cd /Users/admin/builder/spi-builder-workspace/.swiftpm/xcode
builtin-SwiftDriver -- /Applications/Xcode-27.0.0-Release.Candidate.app/Contents/Developer/Toolchains/XcodeDefault.xctoolchain/usr/bin/swiftc -parse-as-library -module-name Async -Onone @/Users/admin/builder/spi-builder-workspace/.derivedData/Build/Intermediates.noindex/Core.build/Debug-watchos/Async-t.build/Objects-normal/arm64_32/Async.SwiftFileList -DSWIFT_PACKAGE -DDEBUG -DSWIFT_MODULE_RESOURCE_BUNDLE_UNAVAILABLE -Xcc -fmodule-map-file\=/Users/admin/builder/spi-builder-workspace/.dependencies/checkouts/swift-nio-zlib-support/module.modulemap -Xcc -fmodule-map-file\=/Users/admin/builder/spi-builder-workspace/.derivedData/Build/Intermediates.noindex/GeneratedModuleMaps-watchos/CNIOSHA1.modulemap -Xcc -fmodule-map-file\=/Users/admin/builder/spi-builder-workspace/.derivedData/Build/Intermediates.noindex/GeneratedModuleMaps-watchos/CNIOAtomics.modulemap -Xcc -fmodule-map-file\=/Users/admin/builder/spi-builder-workspace/.derivedData/Build/Intermediates.noindex/GeneratedModuleMaps-watchos/CNIODarwin.modulemap -Xcc -fmodule-map-file\=/Users/admin/builder/spi-builder-workspace/.derivedData/Build/Intermediates.noindex/GeneratedModuleMaps-watchos/CNIOLinux.modulemap -DXcode -plugin-path /Applications/Xcode-27.0.0-Release.Candidate.app/Contents/Developer/Toolchains/XcodeDefault.xctoolchain/usr/lib/swift/host/plugins/testing -enable-experimental-feature DebugDescriptionMacro -sdk /Applications/Xcode-27.0.0-Release.Candidate.app/Contents/Developer/Platforms/WatchOS.platform/Developer/SDKs/WatchOS27.0.sdk -target arm64_32-apple-watchos9.0 -g -module-cache-path /Users/admin/builder/spi-builder-workspace/.derivedData/ModuleCache.noindex -Xfrontend -serialize-debugging-options -profile-coverage-mapping -profile-generate -enable-testing -index-store-path /Users/admin/builder/spi-builder-workspace/.derivedData/Index.noindex/DataStore -Xcc -D_LIBCPP_HARDENING_MODE\=_LIBCPP_HARDENING_MODE_DEBUG -swift-version 4 -I /Users/admin/builder/spi-builder-workspace/.derivedData/Build/Products/Debug-watchos -Isystem /Applications/Xcode-27.0.0-Release.Candidate.app/Contents/Developer/Platforms/WatchOS.platform/Developer/usr/lib -F /Users/admin/builder/spi-builder-workspace/.derivedData/Build/Products/Debug-watchos/PackageFrameworks -F /Users/admin/builder/spi-builder-workspace/.derivedData/Build/Products/Debug-watchos -F /Applications/Xcode-27.0.0-Release.Candidate.app/Contents/Developer/Platforms/WatchOS.platform/Developer/Library/Frameworks -F /Applications/Xcode-27.0.0-Release.Candidate.app/Contents/Developer/Platforms/WatchOS.platform/Developer/SDKs/WatchOS27.0.sdk/Developer/Library/Frameworks -c -j10 -enable-batch-mode -incremental -Xcc -ivfsstatcache -Xcc /Users/admin/builder/spi-builder-workspace/.derivedData/SDKStatCaches.noindex/watchos27.0-24R360-e829b21a6f8c9b70876ba0858053c04477534ef55a1706bf4c1112bbb242f0a2.sdkstatcache -output-file-map /Users/admin/builder/spi-builder-workspace/.derivedData/Build/Intermediates.noindex/Core.build/Debug-watchos/Async-t.build/Objects-normal/arm64_32/Async-OutputFileMap.json -save-temps -no-color-diagnostics -emit-dependencies -emit-module -emit-module-path /Users/admin/builder/spi-builder-workspace/.derivedData/Build/Intermediates.noindex/Core.build/Debug-watchos/Async-t.build/Objects-normal/arm64_32/Async.swiftmodule -serialize-diagnostics -validate-clang-modules-once -clang-build-session-file /Users/admin/builder/spi-builder-workspace/.derivedData/ModuleCache.noindex/Session.modulevalidation -Xcc -fmodules-prune-interval\=86400 -Xcc -fmodules-prune-after\=345600 -emit-const-values -const-gather-protocols-list /Users/admin/builder/spi-builder-workspace/.derivedData/Build/Intermediates.noindex/Core.build/Debug-watchos/Async-t.build/Objects-normal/arm64_32/Async_const_extract_protocols.json -Xcc -I/Users/admin/builder/spi-builder-workspace/.dependencies/checkouts/swift-nio/Sources/CNIOSHA1/include -Xcc -I/Users/admin/builder/spi-builder-workspace/.dependencies/checkouts/swift-nio/Sources/CNIOAtomics/include -Xcc -I/Users/admin/builder/spi-builder-workspace/.dependencies/checkouts/swift-nio/Sources/CNIODarwin/include -Xcc -I/Users/admin/builder/spi-builder-workspace/.dependencies/checkouts/swift-nio/Sources/CNIOLinux/include -Xcc -I/Users/admin/builder/spi-builder-workspace/.derivedData/Build/Products/Debug-watchos/include -Xcc -I/Users/admin/builder/spi-builder-workspace/.derivedData/Build/Intermediates.noindex/Core.build/Debug-watchos/Async-t.build/DerivedSources-normal/arm64_32 -Xcc -I/Users/admin/builder/spi-builder-workspace/.derivedData/Build/Intermediates.noindex/Core.build/Debug-watchos/Async-t.build/DerivedSources/arm64_32 -Xcc -I/Users/admin/builder/spi-builder-workspace/.derivedData/Build/Intermediates.noindex/Core.build/Debug-watchos/Async-t.build/DerivedSources -Xcc -DSWIFT_PACKAGE -Xcc -DDEBUG\=1 -emit-objc-header -emit-objc-header-path /Users/admin/builder/spi-builder-workspace/.derivedData/Build/Intermediates.noindex/Core.build/Debug-watchos/Async-t.build/Objects-normal/arm64_32/Async-Swift.h -working-directory /Users/admin/builder/spi-builder-workspace/.swiftpm/xcode -experimental-emit-module-separately -disable-cmo
SwiftDriver Async normal arm64 com.apple.xcode.tools.swift.compiler (in target 'Async' from project 'Core')
cd /Users/admin/builder/spi-builder-workspace/.swiftpm/xcode
builtin-SwiftDriver -- /Applications/Xcode-27.0.0-Release.Candidate.app/Contents/Developer/Toolchains/XcodeDefault.xctoolchain/usr/bin/swiftc -parse-as-library -module-name Async -Onone @/Users/admin/builder/spi-builder-workspace/.derivedData/Build/Intermediates.noindex/Core.build/Debug-watchos/Async-t.build/Objects-normal/arm64/Async.SwiftFileList -DSWIFT_PACKAGE -DDEBUG -DSWIFT_MODULE_RESOURCE_BUNDLE_UNAVAILABLE -Xcc -fmodule-map-file\=/Users/admin/builder/spi-builder-workspace/.dependencies/checkouts/swift-nio-zlib-support/module.modulemap -Xcc -fmodule-map-file\=/Users/admin/builder/spi-builder-workspace/.derivedData/Build/Intermediates.noindex/GeneratedModuleMaps-watchos/CNIOSHA1.modulemap -Xcc -fmodule-map-file\=/Users/admin/builder/spi-builder-workspace/.derivedData/Build/Intermediates.noindex/GeneratedModuleMaps-watchos/CNIOAtomics.modulemap -Xcc -fmodule-map-file\=/Users/admin/builder/spi-builder-workspace/.derivedData/Build/Intermediates.noindex/GeneratedModuleMaps-watchos/CNIODarwin.modulemap -Xcc -fmodule-map-file\=/Users/admin/builder/spi-builder-workspace/.derivedData/Build/Intermediates.noindex/GeneratedModuleMaps-watchos/CNIOLinux.modulemap -DXcode -plugin-path /Applications/Xcode-27.0.0-Release.Candidate.app/Contents/Developer/Toolchains/XcodeDefault.xctoolchain/usr/lib/swift/host/plugins/testing -enable-experimental-feature DebugDescriptionMacro -sdk /Applications/Xcode-27.0.0-Release.Candidate.app/Contents/Developer/Platforms/WatchOS.platform/Developer/SDKs/WatchOS27.0.sdk -target arm64-apple-watchos9.0 -g -module-cache-path /Users/admin/builder/spi-builder-workspace/.derivedData/ModuleCache.noindex -Xfrontend -serialize-debugging-options -profile-coverage-mapping -profile-generate -enable-testing -index-store-path /Users/admin/builder/spi-builder-workspace/.derivedData/Index.noindex/DataStore -Xcc -D_LIBCPP_HARDENING_MODE\=_LIBCPP_HARDENING_MODE_DEBUG -swift-version 4 -I /Users/admin/builder/spi-builder-workspace/.derivedData/Build/Products/Debug-watchos -Isystem /Applications/Xcode-27.0.0-Release.Candidate.app/Contents/Developer/Platforms/WatchOS.platform/Developer/usr/lib -F /Users/admin/builder/spi-builder-workspace/.derivedData/Build/Products/Debug-watchos/PackageFrameworks -F /Users/admin/builder/spi-builder-workspace/.derivedData/Build/Products/Debug-watchos -F /Applications/Xcode-27.0.0-Release.Candidate.app/Contents/Developer/Platforms/WatchOS.platform/Developer/Library/Frameworks -F /Applications/Xcode-27.0.0-Release.Candidate.app/Contents/Developer/Platforms/WatchOS.platform/Developer/SDKs/WatchOS27.0.sdk/Developer/Library/Frameworks -c -j10 -enable-batch-mode -incremental -Xcc -ivfsstatcache -Xcc /Users/admin/builder/spi-builder-workspace/.derivedData/SDKStatCaches.noindex/watchos27.0-24R360-e829b21a6f8c9b70876ba0858053c04477534ef55a1706bf4c1112bbb242f0a2.sdkstatcache -output-file-map /Users/admin/builder/spi-builder-workspace/.derivedData/Build/Intermediates.noindex/Core.build/Debug-watchos/Async-t.build/Objects-normal/arm64/Async-OutputFileMap.json -save-temps -no-color-diagnostics -emit-dependencies -emit-module -emit-module-path /Users/admin/builder/spi-builder-workspace/.derivedData/Build/Intermediates.noindex/Core.build/Debug-watchos/Async-t.build/Objects-normal/arm64/Async.swiftmodule -serialize-diagnostics -validate-clang-modules-once -clang-build-session-file /Users/admin/builder/spi-builder-workspace/.derivedData/ModuleCache.noindex/Session.modulevalidation -Xcc -fmodules-prune-interval\=86400 -Xcc -fmodules-prune-after\=345600 -emit-const-values -const-gather-protocols-list /Users/admin/builder/spi-builder-workspace/.derivedData/Build/Intermediates.noindex/Core.build/Debug-watchos/Async-t.build/Objects-normal/arm64/Async_const_extract_protocols.json -Xcc -I/Users/admin/builder/spi-builder-workspace/.dependencies/checkouts/swift-nio/Sources/CNIOSHA1/include -Xcc -I/Users/admin/builder/spi-builder-workspace/.dependencies/checkouts/swift-nio/Sources/CNIOAtomics/include -Xcc -I/Users/admin/builder/spi-builder-workspace/.dependencies/checkouts/swift-nio/Sources/CNIODarwin/include -Xcc -I/Users/admin/builder/spi-builder-workspace/.dependencies/checkouts/swift-nio/Sources/CNIOLinux/include -Xcc -I/Users/admin/builder/spi-builder-workspace/.derivedData/Build/Products/Debug-watchos/include -Xcc -I/Users/admin/builder/spi-builder-workspace/.derivedData/Build/Intermediates.noindex/Core.build/Debug-watchos/Async-t.build/DerivedSources-normal/arm64 -Xcc -I/Users/admin/builder/spi-builder-workspace/.derivedData/Build/Intermediates.noindex/Core.build/Debug-watchos/Async-t.build/DerivedSources/arm64 -Xcc -I/Users/admin/builder/spi-builder-workspace/.derivedData/Build/Intermediates.noindex/Core.build/Debug-watchos/Async-t.build/DerivedSources -Xcc -DSWIFT_PACKAGE -Xcc -DDEBUG\=1 -emit-objc-header -emit-objc-header-path /Users/admin/builder/spi-builder-workspace/.derivedData/Build/Intermediates.noindex/Core.build/Debug-watchos/Async-t.build/Objects-normal/arm64/Async-Swift.h -working-directory /Users/admin/builder/spi-builder-workspace/.swiftpm/xcode -experimental-emit-module-separately -disable-cmo
SwiftDriverJobDiscovery normal arm64 Compiling ByteBuffer+peek.swift (in target 'Bits' from project 'Core')
SwiftDriverJobDiscovery normal arm64 Compiling BitsError.swift, Byte+Alphabet.swift (in target 'Bits' from project 'Core')
SwiftEmitModule normal arm64_32 Emitting\ module\ for\ Async (in target 'Async' from project 'Core')
/Users/admin/builder/spi-builder-workspace/Sources/Async/Future+Map.swift:16:21: warning: generic parameter 'T' shadows generic parameter from outer scope with the same name; this is an error in the Swift 6 language mode
14 | ///
15 | /// See `flatMap(to:_:)` for mapping `Future` results to other `Future` types.
16 | public func map<T>(to type: T.Type = T.self, _ callback: @escaping (Expectation) throws -> T) -> Future<T> {
| `- warning: generic parameter 'T' shadows generic parameter from outer scope with the same name; this is an error in the Swift 6 language mode
17 | return self.thenThrowing(callback)
18 | }
/Users/admin/builder/spi-builder-workspace/Sources/Async/Future+Map.swift:32:25: warning: generic parameter 'T' shadows generic parameter from outer scope with the same name; this is an error in the Swift 6 language mode
30 | ///
31 | /// See `map(to:_:)` for mapping `Future` results to non-`Future` types.
32 | public func flatMap<T>(to type: T.Type = T.self, _ callback: @escaping (Expectation) throws -> Future<T>) -> Future<T> {
| `- warning: generic parameter 'T' shadows generic parameter from outer scope with the same name; this is an error in the Swift 6 language mode
33 | return self.then { input in
34 | do {
/Users/admin/builder/spi-builder-workspace/Sources/Async/Future+Transform.swift:8:27: warning: generic parameter 'T' shadows generic parameter from outer scope with the same name; this is an error in the Swift 6 language mode
6 | /// user.save(on: req).transform(to: HTTPStatus.created)
7 | ///
8 | public func transform<T>(to instance: @escaping @autoclosure () -> T) -> Future<T> {
| `- warning: generic parameter 'T' shadows generic parameter from outer scope with the same name; this is an error in the Swift 6 language mode
9 | return self.map(to: T.self) { _ in
10 | instance()
/Users/admin/builder/spi-builder-workspace/Sources/Async/Future+Transform.swift:19:27: warning: generic parameter 'T' shadows generic parameter from outer scope with the same name; this is an error in the Swift 6 language mode
17 | /// posts.save(on: request).transform(to: user)
18 | ///
19 | public func transform<T>(to future: Future<T>) -> Future<T> {
| `- warning: generic parameter 'T' shadows generic parameter from outer scope with the same name; this is an error in the Swift 6 language mode
20 | return self.flatMap(to: T.self) { _ in
21 | future
SwiftCompile normal arm64_32 (in target 'Async' from project 'Core')
cd /Users/admin/builder/spi-builder-workspace/.swiftpm/xcode
SwiftCompile normal arm64_32 Compiling\ FutureType.swift /Users/admin/builder/spi-builder-workspace/Sources/Async/FutureType.swift (in target 'Async' from project 'Core')
SwiftCompile normal arm64_32 /Users/admin/builder/spi-builder-workspace/Sources/Async/FutureType.swift (in target 'Async' from project 'Core')
cd /Users/admin/builder/spi-builder-workspace/.swiftpm/xcode
builtin-SwiftPerFileCompile FutureType.swift
SwiftCompile normal arm64_32 Compiling\ Worker.swift /Users/admin/builder/spi-builder-workspace/Sources/Async/Worker.swift (in target 'Async' from project 'Core')
SwiftCompile normal arm64_32 /Users/admin/builder/spi-builder-workspace/Sources/Async/Worker.swift (in target 'Async' from project 'Core')
cd /Users/admin/builder/spi-builder-workspace/.swiftpm/xcode
builtin-SwiftPerFileCompile Worker.swift
SwiftEmitModule normal arm64 Emitting\ module\ for\ Async (in target 'Async' from project 'Core')
/Users/admin/builder/spi-builder-workspace/Sources/Async/Future+Map.swift:16:21: warning: generic parameter 'T' shadows generic parameter from outer scope with the same name; this is an error in the Swift 6 language mode
14 | ///
15 | /// See `flatMap(to:_:)` for mapping `Future` results to other `Future` types.
16 | public func map<T>(to type: T.Type = T.self, _ callback: @escaping (Expectation) throws -> T) -> Future<T> {
| `- warning: generic parameter 'T' shadows generic parameter from outer scope with the same name; this is an error in the Swift 6 language mode
17 | return self.thenThrowing(callback)
18 | }
/Users/admin/builder/spi-builder-workspace/Sources/Async/Future+Map.swift:32:25: warning: generic parameter 'T' shadows generic parameter from outer scope with the same name; this is an error in the Swift 6 language mode
30 | ///
31 | /// See `map(to:_:)` for mapping `Future` results to non-`Future` types.
32 | public func flatMap<T>(to type: T.Type = T.self, _ callback: @escaping (Expectation) throws -> Future<T>) -> Future<T> {
| `- warning: generic parameter 'T' shadows generic parameter from outer scope with the same name; this is an error in the Swift 6 language mode
33 | return self.then { input in
34 | do {
/Users/admin/builder/spi-builder-workspace/Sources/Async/Future+Transform.swift:8:27: warning: generic parameter 'T' shadows generic parameter from outer scope with the same name; this is an error in the Swift 6 language mode
6 | /// user.save(on: req).transform(to: HTTPStatus.created)
7 | ///
8 | public func transform<T>(to instance: @escaping @autoclosure () -> T) -> Future<T> {
| `- warning: generic parameter 'T' shadows generic parameter from outer scope with the same name; this is an error in the Swift 6 language mode
9 | return self.map(to: T.self) { _ in
10 | instance()
/Users/admin/builder/spi-builder-workspace/Sources/Async/Future+Transform.swift:19:27: warning: generic parameter 'T' shadows generic parameter from outer scope with the same name; this is an error in the Swift 6 language mode
17 | /// posts.save(on: request).transform(to: user)
18 | ///
19 | public func transform<T>(to future: Future<T>) -> Future<T> {
| `- warning: generic parameter 'T' shadows generic parameter from outer scope with the same name; this is an error in the Swift 6 language mode
20 | return self.flatMap(to: T.self) { _ in
21 | future
SwiftCompile normal arm64 (in target 'Async' from project 'Core')
cd /Users/admin/builder/spi-builder-workspace/.swiftpm/xcode
SwiftDriverJobDiscovery normal arm64_32 Compiling ByteBuffer+string.swift (in target 'Bits' from project 'Core')
SwiftCompile normal arm64 Compiling\ Future+Flatten.swift,\ Future+Global.swift /Users/admin/builder/spi-builder-workspace/Sources/Async/Future+Flatten.swift /Users/admin/builder/spi-builder-workspace/Sources/Async/Future+Global.swift (in target 'Async' from project 'Core')
SwiftCompile normal arm64 /Users/admin/builder/spi-builder-workspace/Sources/Async/Future+Flatten.swift (in target 'Async' from project 'Core')
cd /Users/admin/builder/spi-builder-workspace/.swiftpm/xcode
builtin-SwiftPerFileCompile Future+Flatten.swift
SwiftCompile normal arm64 /Users/admin/builder/spi-builder-workspace/Sources/Async/Future+Global.swift (in target 'Async' from project 'Core')
cd /Users/admin/builder/spi-builder-workspace/.swiftpm/xcode
builtin-SwiftPerFileCompile Future+Global.swift
SwiftDriverJobDiscovery normal arm64_32 Compiling Bytes.swift (in target 'Bits' from project 'Core')
SwiftCompile normal arm64 Compiling\ Exports.swift,\ Future+DoCatch.swift /Users/admin/builder/spi-builder-workspace/Sources/Async/Exports.swift /Users/admin/builder/spi-builder-workspace/Sources/Async/Future+DoCatch.swift (in target 'Async' from project 'Core')
SwiftCompile normal arm64 /Users/admin/builder/spi-builder-workspace/Sources/Async/Exports.swift (in target 'Async' from project 'Core')
cd /Users/admin/builder/spi-builder-workspace/.swiftpm/xcode
builtin-SwiftPerFileCompile Exports.swift
SwiftCompile normal arm64 /Users/admin/builder/spi-builder-workspace/Sources/Async/Future+DoCatch.swift (in target 'Async' from project 'Core')
cd /Users/admin/builder/spi-builder-workspace/.swiftpm/xcode
builtin-SwiftPerFileCompile Future+DoCatch.swift
SwiftDriverJobDiscovery normal arm64 Compiling Data+Strings.swift (in target 'Bits' from project 'Core')
SwiftDriver\ Compilation Bits normal arm64 com.apple.xcode.tools.swift.compiler (in target 'Bits' from project 'Core')
cd /Users/admin/builder/spi-builder-workspace/.swiftpm/xcode
builtin-Swift-Compilation -- /Applications/Xcode-27.0.0-Release.Candidate.app/Contents/Developer/Toolchains/XcodeDefault.xctoolchain/usr/bin/swiftc -parse-as-library -module-name Bits -Onone @/Users/admin/builder/spi-builder-workspace/.derivedData/Build/Intermediates.noindex/Core.build/Debug-watchos/Bits-t.build/Objects-normal/arm64/Bits.SwiftFileList -DSWIFT_PACKAGE -DDEBUG -DSWIFT_MODULE_RESOURCE_BUNDLE_UNAVAILABLE -Xcc -fmodule-map-file\=/Users/admin/builder/spi-builder-workspace/.dependencies/checkouts/swift-nio-zlib-support/module.modulemap -Xcc -fmodule-map-file\=/Users/admin/builder/spi-builder-workspace/.derivedData/Build/Intermediates.noindex/GeneratedModuleMaps-watchos/CNIOSHA1.modulemap -Xcc -fmodule-map-file\=/Users/admin/builder/spi-builder-workspace/.derivedData/Build/Intermediates.noindex/GeneratedModuleMaps-watchos/CNIOAtomics.modulemap -Xcc -fmodule-map-file\=/Users/admin/builder/spi-builder-workspace/.derivedData/Build/Intermediates.noindex/GeneratedModuleMaps-watchos/CNIODarwin.modulemap -Xcc -fmodule-map-file\=/Users/admin/builder/spi-builder-workspace/.derivedData/Build/Intermediates.noindex/GeneratedModuleMaps-watchos/CNIOLinux.modulemap -DXcode -plugin-path /Applications/Xcode-27.0.0-Release.Candidate.app/Contents/Developer/Toolchains/XcodeDefault.xctoolchain/usr/lib/swift/host/plugins/testing -enable-experimental-feature DebugDescriptionMacro -sdk /Applications/Xcode-27.0.0-Release.Candidate.app/Contents/Developer/Platforms/WatchOS.platform/Developer/SDKs/WatchOS27.0.sdk -target arm64-apple-watchos9.0 -g -module-cache-path /Users/admin/builder/spi-builder-workspace/.derivedData/ModuleCache.noindex -Xfrontend -serialize-debugging-options -profile-coverage-mapping -profile-generate -enable-testing -index-store-path /Users/admin/builder/spi-builder-workspace/.derivedData/Index.noindex/DataStore -Xcc -D_LIBCPP_HARDENING_MODE\=_LIBCPP_HARDENING_MODE_DEBUG -swift-version 4 -I /Users/admin/builder/spi-builder-workspace/.derivedData/Build/Products/Debug-watchos -Isystem /Applications/Xcode-27.0.0-Release.Candidate.app/Contents/Developer/Platforms/WatchOS.platform/Developer/usr/lib -F /Users/admin/builder/spi-builder-workspace/.derivedData/Build/Products/Debug-watchos/PackageFrameworks -F /Users/admin/builder/spi-builder-workspace/.derivedData/Build/Products/Debug-watchos -F /Applications/Xcode-27.0.0-Release.Candidate.app/Contents/Developer/Platforms/WatchOS.platform/Developer/Library/Frameworks -F /Applications/Xcode-27.0.0-Release.Candidate.app/Contents/Developer/Platforms/WatchOS.platform/Developer/SDKs/WatchOS27.0.sdk/Developer/Library/Frameworks -c -j10 -enable-batch-mode -incremental -Xcc -ivfsstatcache -Xcc /Users/admin/builder/spi-builder-workspace/.derivedData/SDKStatCaches.noindex/watchos27.0-24R360-e829b21a6f8c9b70876ba0858053c04477534ef55a1706bf4c1112bbb242f0a2.sdkstatcache -output-file-map /Users/admin/builder/spi-builder-workspace/.derivedData/Build/Intermediates.noindex/Core.build/Debug-watchos/Bits-t.build/Objects-normal/arm64/Bits-OutputFileMap.json -save-temps -no-color-diagnostics -emit-dependencies -emit-module -emit-module-path /Users/admin/builder/spi-builder-workspace/.derivedData/Build/Intermediates.noindex/Core.build/Debug-watchos/Bits-t.build/Objects-normal/arm64/Bits.swiftmodule -serialize-diagnostics -validate-clang-modules-once -clang-build-session-file /Users/admin/builder/spi-builder-workspace/.derivedData/ModuleCache.noindex/Session.modulevalidation -Xcc -fmodules-prune-interval\=86400 -Xcc -fmodules-prune-after\=345600 -emit-const-values -const-gather-protocols-list /Users/admin/builder/spi-builder-workspace/.derivedData/Build/Intermediates.noindex/Core.build/Debug-watchos/Bits-t.build/Objects-normal/arm64/Bits_const_extract_protocols.json -Xcc -I/Users/admin/builder/spi-builder-workspace/.dependencies/checkouts/swift-nio/Sources/CNIOSHA1/include -Xcc -I/Users/admin/builder/spi-builder-workspace/.dependencies/checkouts/swift-nio/Sources/CNIOAtomics/include -Xcc -I/Users/admin/builder/spi-builder-workspace/.dependencies/checkouts/swift-nio/Sources/CNIODarwin/include -Xcc -I/Users/admin/builder/spi-builder-workspace/.dependencies/checkouts/swift-nio/Sources/CNIOLinux/include -Xcc -I/Users/admin/builder/spi-builder-workspace/.derivedData/Build/Products/Debug-watchos/include -Xcc -I/Users/admin/builder/spi-builder-workspace/.derivedData/Build/Intermediates.noindex/Core.build/Debug-watchos/Bits-t.build/DerivedSources-normal/arm64 -Xcc -I/Users/admin/builder/spi-builder-workspace/.derivedData/Build/Intermediates.noindex/Core.build/Debug-watchos/Bits-t.build/DerivedSources/arm64 -Xcc -I/Users/admin/builder/spi-builder-workspace/.derivedData/Build/Intermediates.noindex/Core.build/Debug-watchos/Bits-t.build/DerivedSources -Xcc -DSWIFT_PACKAGE -Xcc -DDEBUG\=1 -emit-objc-header -emit-objc-header-path /Users/admin/builder/spi-builder-workspace/.derivedData/Build/Intermediates.noindex/Core.build/Debug-watchos/Bits-t.build/Objects-normal/arm64/Bits-Swift.h -working-directory /Users/admin/builder/spi-builder-workspace/.swiftpm/xcode -experimental-emit-module-separately -disable-cmo
SwiftDriverJobDiscovery normal arm64_32 Compiling FutureType.swift (in target 'Async' from project 'Core')
SwiftCompile normal arm64_32 Compiling\ QueueHandler.swift /Users/admin/builder/spi-builder-workspace/Sources/Async/QueueHandler.swift (in target 'Async' from project 'Core')
SwiftCompile normal arm64_32 /Users/admin/builder/spi-builder-workspace/Sources/Async/QueueHandler.swift (in target 'Async' from project 'Core')
cd /Users/admin/builder/spi-builder-workspace/.swiftpm/xcode
builtin-SwiftPerFileCompile QueueHandler.swift
SwiftCompile normal arm64_32 Compiling\ Future+Map.swift,\ Future+Transform.swift /Users/admin/builder/spi-builder-workspace/Sources/Async/Future+Map.swift /Users/admin/builder/spi-builder-workspace/Sources/Async/Future+Transform.swift (in target 'Async' from project 'Core')
/Users/admin/builder/spi-builder-workspace/Sources/Async/Future+Map.swift:16:21: warning: generic parameter 'T' shadows generic parameter from outer scope with the same name; this is an error in the Swift 6 language mode
14 | ///
15 | /// See `flatMap(to:_:)` for mapping `Future` results to other `Future` types.
16 | public func map<T>(to type: T.Type = T.self, _ callback: @escaping (Expectation) throws -> T) -> Future<T> {
| `- warning: generic parameter 'T' shadows generic parameter from outer scope with the same name; this is an error in the Swift 6 language mode
17 | return self.thenThrowing(callback)
18 | }
/Users/admin/builder/spi-builder-workspace/Sources/Async/Future+Map.swift:32:25: warning: generic parameter 'T' shadows generic parameter from outer scope with the same name; this is an error in the Swift 6 language mode
30 | ///
31 | /// See `map(to:_:)` for mapping `Future` results to non-`Future` types.
32 | public func flatMap<T>(to type: T.Type = T.self, _ callback: @escaping (Expectation) throws -> Future<T>) -> Future<T> {
| `- warning: generic parameter 'T' shadows generic parameter from outer scope with the same name; this is an error in the Swift 6 language mode
33 | return self.then { input in
34 | do {
/Users/admin/builder/spi-builder-workspace/Sources/Async/Future+Transform.swift:8:27: warning: generic parameter 'T' shadows generic parameter from outer scope with the same name; this is an error in the Swift 6 language mode
6 | /// user.save(on: req).transform(to: HTTPStatus.created)
7 | ///
8 | public func transform<T>(to instance: @escaping @autoclosure () -> T) -> Future<T> {
| `- warning: generic parameter 'T' shadows generic parameter from outer scope with the same name; this is an error in the Swift 6 language mode
9 | return self.map(to: T.self) { _ in
10 | instance()
/Users/admin/builder/spi-builder-workspace/Sources/Async/Future+Transform.swift:19:27: warning: generic parameter 'T' shadows generic parameter from outer scope with the same name; this is an error in the Swift 6 language mode
17 | /// posts.save(on: request).transform(to: user)
18 | ///
19 | public func transform<T>(to future: Future<T>) -> Future<T> {
| `- warning: generic parameter 'T' shadows generic parameter from outer scope with the same name; this is an error in the Swift 6 language mode
20 | return self.flatMap(to: T.self) { _ in
21 | future
SwiftCompile normal arm64_32 /Users/admin/builder/spi-builder-workspace/Sources/Async/Future+Map.swift (in target 'Async' from project 'Core')
cd /Users/admin/builder/spi-builder-workspace/.swiftpm/xcode
builtin-SwiftPerFileCompile Future+Map.swift
SwiftCompile normal arm64_32 /Users/admin/builder/spi-builder-workspace/Sources/Async/Future+Transform.swift (in target 'Async' from project 'Core')
cd /Users/admin/builder/spi-builder-workspace/.swiftpm/xcode
builtin-SwiftPerFileCompile Future+Transform.swift
SwiftDriverJobDiscovery normal arm64_32 Compiling Worker.swift (in target 'Async' from project 'Core')
SwiftCompile normal arm64 Compiling\ FutureType.swift /Users/admin/builder/spi-builder-workspace/Sources/Async/FutureType.swift (in target 'Async' from project 'Core')
SwiftCompile normal arm64 /Users/admin/builder/spi-builder-workspace/Sources/Async/FutureType.swift (in target 'Async' from project 'Core')
cd /Users/admin/builder/spi-builder-workspace/.swiftpm/xcode
builtin-SwiftPerFileCompile FutureType.swift
SwiftDriverJobDiscovery normal arm64_32 Emitting module for Async (in target 'Async' from project 'Core')
SwiftDriver\ Compilation\ Requirements Async normal arm64_32 com.apple.xcode.tools.swift.compiler (in target 'Async' from project 'Core')
cd /Users/admin/builder/spi-builder-workspace/.swiftpm/xcode
builtin-Swift-Compilation-Requirements -- /Applications/Xcode-27.0.0-Release.Candidate.app/Contents/Developer/Toolchains/XcodeDefault.xctoolchain/usr/bin/swiftc -parse-as-library -module-name Async -Onone @/Users/admin/builder/spi-builder-workspace/.derivedData/Build/Intermediates.noindex/Core.build/Debug-watchos/Async-t.build/Objects-normal/arm64_32/Async.SwiftFileList -DSWIFT_PACKAGE -DDEBUG -DSWIFT_MODULE_RESOURCE_BUNDLE_UNAVAILABLE -Xcc -fmodule-map-file\=/Users/admin/builder/spi-builder-workspace/.dependencies/checkouts/swift-nio-zlib-support/module.modulemap -Xcc -fmodule-map-file\=/Users/admin/builder/spi-builder-workspace/.derivedData/Build/Intermediates.noindex/GeneratedModuleMaps-watchos/CNIOSHA1.modulemap -Xcc -fmodule-map-file\=/Users/admin/builder/spi-builder-workspace/.derivedData/Build/Intermediates.noindex/GeneratedModuleMaps-watchos/CNIOAtomics.modulemap -Xcc -fmodule-map-file\=/Users/admin/builder/spi-builder-workspace/.derivedData/Build/Intermediates.noindex/GeneratedModuleMaps-watchos/CNIODarwin.modulemap -Xcc -fmodule-map-file\=/Users/admin/builder/spi-builder-workspace/.derivedData/Build/Intermediates.noindex/GeneratedModuleMaps-watchos/CNIOLinux.modulemap -DXcode -plugin-path /Applications/Xcode-27.0.0-Release.Candidate.app/Contents/Developer/Toolchains/XcodeDefault.xctoolchain/usr/lib/swift/host/plugins/testing -enable-experimental-feature DebugDescriptionMacro -sdk /Applications/Xcode-27.0.0-Release.Candidate.app/Contents/Developer/Platforms/WatchOS.platform/Developer/SDKs/WatchOS27.0.sdk -target arm64_32-apple-watchos9.0 -g -module-cache-path /Users/admin/builder/spi-builder-workspace/.derivedData/ModuleCache.noindex -Xfrontend -serialize-debugging-options -profile-coverage-mapping -profile-generate -enable-testing -index-store-path /Users/admin/builder/spi-builder-workspace/.derivedData/Index.noindex/DataStore -Xcc -D_LIBCPP_HARDENING_MODE\=_LIBCPP_HARDENING_MODE_DEBUG -swift-version 4 -I /Users/admin/builder/spi-builder-workspace/.derivedData/Build/Products/Debug-watchos -Isystem /Applications/Xcode-27.0.0-Release.Candidate.app/Contents/Developer/Platforms/WatchOS.platform/Developer/usr/lib -F /Users/admin/builder/spi-builder-workspace/.derivedData/Build/Products/Debug-watchos/PackageFrameworks -F /Users/admin/builder/spi-builder-workspace/.derivedData/Build/Products/Debug-watchos -F /Applications/Xcode-27.0.0-Release.Candidate.app/Contents/Developer/Platforms/WatchOS.platform/Developer/Library/Frameworks -F /Applications/Xcode-27.0.0-Release.Candidate.app/Contents/Developer/Platforms/WatchOS.platform/Developer/SDKs/WatchOS27.0.sdk/Developer/Library/Frameworks -c -j10 -enable-batch-mode -incremental -Xcc -ivfsstatcache -Xcc /Users/admin/builder/spi-builder-workspace/.derivedData/SDKStatCaches.noindex/watchos27.0-24R360-e829b21a6f8c9b70876ba0858053c04477534ef55a1706bf4c1112bbb242f0a2.sdkstatcache -output-file-map /Users/admin/builder/spi-builder-workspace/.derivedData/Build/Intermediates.noindex/Core.build/Debug-watchos/Async-t.build/Objects-normal/arm64_32/Async-OutputFileMap.json -save-temps -no-color-diagnostics -emit-dependencies -emit-module -emit-module-path /Users/admin/builder/spi-builder-workspace/.derivedData/Build/Intermediates.noindex/Core.build/Debug-watchos/Async-t.build/Objects-normal/arm64_32/Async.swiftmodule -serialize-diagnostics -validate-clang-modules-once -clang-build-session-file /Users/admin/builder/spi-builder-workspace/.derivedData/ModuleCache.noindex/Session.modulevalidation -Xcc -fmodules-prune-interval\=86400 -Xcc -fmodules-prune-after\=345600 -emit-const-values -const-gather-protocols-list /Users/admin/builder/spi-builder-workspace/.derivedData/Build/Intermediates.noindex/Core.build/Debug-watchos/Async-t.build/Objects-normal/arm64_32/Async_const_extract_protocols.json -Xcc -I/Users/admin/builder/spi-builder-workspace/.dependencies/checkouts/swift-nio/Sources/CNIOSHA1/include -Xcc -I/Users/admin/builder/spi-builder-workspace/.dependencies/checkouts/swift-nio/Sources/CNIOAtomics/include -Xcc -I/Users/admin/builder/spi-builder-workspace/.dependencies/checkouts/swift-nio/Sources/CNIODarwin/include -Xcc -I/Users/admin/builder/spi-builder-workspace/.dependencies/checkouts/swift-nio/Sources/CNIOLinux/include -Xcc -I/Users/admin/builder/spi-builder-workspace/.derivedData/Build/Products/Debug-watchos/include -Xcc -I/Users/admin/builder/spi-builder-workspace/.derivedData/Build/Intermediates.noindex/Core.build/Debug-watchos/Async-t.build/DerivedSources-normal/arm64_32 -Xcc -I/Users/admin/builder/spi-builder-workspace/.derivedData/Build/Intermediates.noindex/Core.build/Debug-watchos/Async-t.build/DerivedSources/arm64_32 -Xcc -I/Users/admin/builder/spi-builder-workspace/.derivedData/Build/Intermediates.noindex/Core.build/Debug-watchos/Async-t.build/DerivedSources -Xcc -DSWIFT_PACKAGE -Xcc -DDEBUG\=1 -emit-objc-header -emit-objc-header-path /Users/admin/builder/spi-builder-workspace/.derivedData/Build/Intermediates.noindex/Core.build/Debug-watchos/Async-t.build/Objects-normal/arm64_32/Async-Swift.h -working-directory /Users/admin/builder/spi-builder-workspace/.swiftpm/xcode -experimental-emit-module-separately -disable-cmo
SwiftDriverJobDiscovery normal arm64_32 Compiling ByteBuffer+peek.swift (in target 'Bits' from project 'Core')
SwiftCompile normal arm64_32 Compiling\ Future+Variadic.swift /Users/admin/builder/spi-builder-workspace/Sources/Async/Future+Variadic.swift (in target 'Async' from project 'Core')
SwiftCompile normal arm64_32 /Users/admin/builder/spi-builder-workspace/Sources/Async/Future+Variadic.swift (in target 'Async' from project 'Core')
cd /Users/admin/builder/spi-builder-workspace/.swiftpm/xcode
builtin-SwiftPerFileCompile Future+Variadic.swift
Copy /Users/admin/builder/spi-builder-workspace/.derivedData/Build/Products/Debug-watchos/Async.swiftmodule/arm64_32-apple-watchos.swiftmodule /Users/admin/builder/spi-builder-workspace/.derivedData/Build/Intermediates.noindex/Core.build/Debug-watchos/Async-t.build/Objects-normal/arm64_32/Async.swiftmodule (in target 'Async' from project 'Core')
cd /Users/admin/builder/spi-builder-workspace
builtin-copy -exclude .DS_Store -exclude CVS -exclude .svn -exclude .git -exclude .hg -resolve-src-symlinks -rename /Users/admin/builder/spi-builder-workspace/.derivedData/Build/Intermediates.noindex/Core.build/Debug-watchos/Async-t.build/Objects-normal/arm64_32/Async.swiftmodule /Users/admin/builder/spi-builder-workspace/.derivedData/Build/Products/Debug-watchos/Async.swiftmodule/arm64_32-apple-watchos.swiftmodule
SwiftDriverJobDiscovery normal arm64_32 Compiling BitsError.swift, Byte+Alphabet.swift (in target 'Bits' from project 'Core')
Copy /Users/admin/builder/spi-builder-workspace/.derivedData/Build/Products/Debug-watchos/Async.swiftmodule/arm64_32-apple-watchos.swiftdoc /Users/admin/builder/spi-builder-workspace/.derivedData/Build/Intermediates.noindex/Core.build/Debug-watchos/Async-t.build/Objects-normal/arm64_32/Async.swiftdoc (in target 'Async' from project 'Core')
cd /Users/admin/builder/spi-builder-workspace
builtin-copy -exclude .DS_Store -exclude CVS -exclude .svn -exclude .git -exclude .hg -resolve-src-symlinks -rename /Users/admin/builder/spi-builder-workspace/.derivedData/Build/Intermediates.noindex/Core.build/Debug-watchos/Async-t.build/Objects-normal/arm64_32/Async.swiftdoc /Users/admin/builder/spi-builder-workspace/.derivedData/Build/Products/Debug-watchos/Async.swiftmodule/arm64_32-apple-watchos.swiftdoc
Copy /Users/admin/builder/spi-builder-workspace/.derivedData/Build/Products/Debug-watchos/Async.swiftmodule/arm64_32-apple-watchos.abi.json /Users/admin/builder/spi-builder-workspace/.derivedData/Build/Intermediates.noindex/Core.build/Debug-watchos/Async-t.build/Objects-normal/arm64_32/Async.abi.json (in target 'Async' from project 'Core')
cd /Users/admin/builder/spi-builder-workspace
builtin-copy -exclude .DS_Store -exclude CVS -exclude .svn -exclude .git -exclude .hg -resolve-src-symlinks -rename /Users/admin/builder/spi-builder-workspace/.derivedData/Build/Intermediates.noindex/Core.build/Debug-watchos/Async-t.build/Objects-normal/arm64_32/Async.abi.json /Users/admin/builder/spi-builder-workspace/.derivedData/Build/Products/Debug-watchos/Async.swiftmodule/arm64_32-apple-watchos.abi.json
Copy /Users/admin/builder/spi-builder-workspace/.derivedData/Build/Products/Debug-watchos/Async.swiftmodule/Project/arm64_32-apple-watchos.swiftsourceinfo /Users/admin/builder/spi-builder-workspace/.derivedData/Build/Intermediates.noindex/Core.build/Debug-watchos/Async-t.build/Objects-normal/arm64_32/Async.swiftsourceinfo (in target 'Async' from project 'Core')
cd /Users/admin/builder/spi-builder-workspace
builtin-copy -exclude .DS_Store -exclude CVS -exclude .svn -exclude .git -exclude .hg -resolve-src-symlinks -rename /Users/admin/builder/spi-builder-workspace/.derivedData/Build/Intermediates.noindex/Core.build/Debug-watchos/Async-t.build/Objects-normal/arm64_32/Async.swiftsourceinfo /Users/admin/builder/spi-builder-workspace/.derivedData/Build/Products/Debug-watchos/Async.swiftmodule/Project/arm64_32-apple-watchos.swiftsourceinfo
SwiftDriver\ Compilation Bits normal arm64_32 com.apple.xcode.tools.swift.compiler (in target 'Bits' from project 'Core')
cd /Users/admin/builder/spi-builder-workspace/.swiftpm/xcode
builtin-Swift-Compilation -- /Applications/Xcode-27.0.0-Release.Candidate.app/Contents/Developer/Toolchains/XcodeDefault.xctoolchain/usr/bin/swiftc -parse-as-library -module-name Bits -Onone @/Users/admin/builder/spi-builder-workspace/.derivedData/Build/Intermediates.noindex/Core.build/Debug-watchos/Bits-t.build/Objects-normal/arm64_32/Bits.SwiftFileList -DSWIFT_PACKAGE -DDEBUG -DSWIFT_MODULE_RESOURCE_BUNDLE_UNAVAILABLE -Xcc -fmodule-map-file\=/Users/admin/builder/spi-builder-workspace/.dependencies/checkouts/swift-nio-zlib-support/module.modulemap -Xcc -fmodule-map-file\=/Users/admin/builder/spi-builder-workspace/.derivedData/Build/Intermediates.noindex/GeneratedModuleMaps-watchos/CNIOSHA1.modulemap -Xcc -fmodule-map-file\=/Users/admin/builder/spi-builder-workspace/.derivedData/Build/Intermediates.noindex/GeneratedModuleMaps-watchos/CNIOAtomics.modulemap -Xcc -fmodule-map-file\=/Users/admin/builder/spi-builder-workspace/.derivedData/Build/Intermediates.noindex/GeneratedModuleMaps-watchos/CNIODarwin.modulemap -Xcc -fmodule-map-file\=/Users/admin/builder/spi-builder-workspace/.derivedData/Build/Intermediates.noindex/GeneratedModuleMaps-watchos/CNIOLinux.modulemap -DXcode -plugin-path /Applications/Xcode-27.0.0-Release.Candidate.app/Contents/Developer/Toolchains/XcodeDefault.xctoolchain/usr/lib/swift/host/plugins/testing -enable-experimental-feature DebugDescriptionMacro -sdk /Applications/Xcode-27.0.0-Release.Candidate.app/Contents/Developer/Platforms/WatchOS.platform/Developer/SDKs/WatchOS27.0.sdk -target arm64_32-apple-watchos9.0 -g -module-cache-path /Users/admin/builder/spi-builder-workspace/.derivedData/ModuleCache.noindex -Xfrontend -serialize-debugging-options -profile-coverage-mapping -profile-generate -enable-testing -index-store-path /Users/admin/builder/spi-builder-workspace/.derivedData/Index.noindex/DataStore -Xcc -D_LIBCPP_HARDENING_MODE\=_LIBCPP_HARDENING_MODE_DEBUG -swift-version 4 -I /Users/admin/builder/spi-builder-workspace/.derivedData/Build/Products/Debug-watchos -Isystem /Applications/Xcode-27.0.0-Release.Candidate.app/Contents/Developer/Platforms/WatchOS.platform/Developer/usr/lib -F /Users/admin/builder/spi-builder-workspace/.derivedData/Build/Products/Debug-watchos/PackageFrameworks -F /Users/admin/builder/spi-builder-workspace/.derivedData/Build/Products/Debug-watchos -F /Applications/Xcode-27.0.0-Release.Candidate.app/Contents/Developer/Platforms/WatchOS.platform/Developer/Library/Frameworks -F /Applications/Xcode-27.0.0-Release.Candidate.app/Contents/Developer/Platforms/WatchOS.platform/Developer/SDKs/WatchOS27.0.sdk/Developer/Library/Frameworks -c -j10 -enable-batch-mode -incremental -Xcc -ivfsstatcache -Xcc /Users/admin/builder/spi-builder-workspace/.derivedData/SDKStatCaches.noindex/watchos27.0-24R360-e829b21a6f8c9b70876ba0858053c04477534ef55a1706bf4c1112bbb242f0a2.sdkstatcache -output-file-map /Users/admin/builder/spi-builder-workspace/.derivedData/Build/Intermediates.noindex/Core.build/Debug-watchos/Bits-t.build/Objects-normal/arm64_32/Bits-OutputFileMap.json -save-temps -no-color-diagnostics -emit-dependencies -emit-module -emit-module-path /Users/admin/builder/spi-builder-workspace/.derivedData/Build/Intermediates.noindex/Core.build/Debug-watchos/Bits-t.build/Objects-normal/arm64_32/Bits.swiftmodule -serialize-diagnostics -validate-clang-modules-once -clang-build-session-file /Users/admin/builder/spi-builder-workspace/.derivedData/ModuleCache.noindex/Session.modulevalidation -Xcc -fmodules-prune-interval\=86400 -Xcc -fmodules-prune-after\=345600 -emit-const-values -const-gather-protocols-list /Users/admin/builder/spi-builder-workspace/.derivedData/Build/Intermediates.noindex/Core.build/Debug-watchos/Bits-t.build/Objects-normal/arm64_32/Bits_const_extract_protocols.json -Xcc -I/Users/admin/builder/spi-builder-workspace/.dependencies/checkouts/swift-nio/Sources/CNIOSHA1/include -Xcc -I/Users/admin/builder/spi-builder-workspace/.dependencies/checkouts/swift-nio/Sources/CNIOAtomics/include -Xcc -I/Users/admin/builder/spi-builder-workspace/.dependencies/checkouts/swift-nio/Sources/CNIODarwin/include -Xcc -I/Users/admin/builder/spi-builder-workspace/.dependencies/checkouts/swift-nio/Sources/CNIOLinux/include -Xcc -I/Users/admin/builder/spi-builder-workspace/.derivedData/Build/Products/Debug-watchos/include -Xcc -I/Users/admin/builder/spi-builder-workspace/.derivedData/Build/Intermediates.noindex/Core.build/Debug-watchos/Bits-t.build/DerivedSources-normal/arm64_32 -Xcc -I/Users/admin/builder/spi-builder-workspace/.derivedData/Build/Intermediates.noindex/Core.build/Debug-watchos/Bits-t.build/DerivedSources/arm64_32 -Xcc -I/Users/admin/builder/spi-builder-workspace/.derivedData/Build/Intermediates.noindex/Core.build/Debug-watchos/Bits-t.build/DerivedSources -Xcc -DSWIFT_PACKAGE -Xcc -DDEBUG\=1 -emit-objc-header -emit-objc-header-path /Users/admin/builder/spi-builder-workspace/.derivedData/Build/Intermediates.noindex/Core.build/Debug-watchos/Bits-t.build/Objects-normal/arm64_32/Bits-Swift.h -working-directory /Users/admin/builder/spi-builder-workspace/.swiftpm/xcode -experimental-emit-module-separately -disable-cmo
SwiftCompile normal arm64_32 Compiling\ Future+Flatten.swift,\ Future+Global.swift /Users/admin/builder/spi-builder-workspace/Sources/Async/Future+Flatten.swift /Users/admin/builder/spi-builder-workspace/Sources/Async/Future+Global.swift (in target 'Async' from project 'Core')
SwiftCompile normal arm64_32 /Users/admin/builder/spi-builder-workspace/Sources/Async/Future+Flatten.swift (in target 'Async' from project 'Core')
cd /Users/admin/builder/spi-builder-workspace/.swiftpm/xcode
builtin-SwiftPerFileCompile Future+Flatten.swift
SwiftCompile normal arm64_32 /Users/admin/builder/spi-builder-workspace/Sources/Async/Future+Global.swift (in target 'Async' from project 'Core')
cd /Users/admin/builder/spi-builder-workspace/.swiftpm/xcode
builtin-SwiftPerFileCompile Future+Global.swift
SwiftCompile normal arm64_32 Compiling\ Future+Void.swift /Users/admin/builder/spi-builder-workspace/Sources/Async/Future+Void.swift (in target 'Async' from project 'Core')
SwiftCompile normal arm64_32 /Users/admin/builder/spi-builder-workspace/Sources/Async/Future+Void.swift (in target 'Async' from project 'Core')
cd /Users/admin/builder/spi-builder-workspace/.swiftpm/xcode
builtin-SwiftPerFileCompile Future+Void.swift
SwiftDriverJobDiscovery normal arm64 Emitting module for Async (in target 'Async' from project 'Core')
SwiftDriver\ Compilation\ Requirements Async normal arm64 com.apple.xcode.tools.swift.compiler (in target 'Async' from project 'Core')
cd /Users/admin/builder/spi-builder-workspace/.swiftpm/xcode
builtin-Swift-Compilation-Requirements -- /Applications/Xcode-27.0.0-Release.Candidate.app/Contents/Developer/Toolchains/XcodeDefault.xctoolchain/usr/bin/swiftc -parse-as-library -module-name Async -Onone @/Users/admin/builder/spi-builder-workspace/.derivedData/Build/Intermediates.noindex/Core.build/Debug-watchos/Async-t.build/Objects-normal/arm64/Async.SwiftFileList -DSWIFT_PACKAGE -DDEBUG -DSWIFT_MODULE_RESOURCE_BUNDLE_UNAVAILABLE -Xcc -fmodule-map-file\=/Users/admin/builder/spi-builder-workspace/.dependencies/checkouts/swift-nio-zlib-support/module.modulemap -Xcc -fmodule-map-file\=/Users/admin/builder/spi-builder-workspace/.derivedData/Build/Intermediates.noindex/GeneratedModuleMaps-watchos/CNIOSHA1.modulemap -Xcc -fmodule-map-file\=/Users/admin/builder/spi-builder-workspace/.derivedData/Build/Intermediates.noindex/GeneratedModuleMaps-watchos/CNIOAtomics.modulemap -Xcc -fmodule-map-file\=/Users/admin/builder/spi-builder-workspace/.derivedData/Build/Intermediates.noindex/GeneratedModuleMaps-watchos/CNIODarwin.modulemap -Xcc -fmodule-map-file\=/Users/admin/builder/spi-builder-workspace/.derivedData/Build/Intermediates.noindex/GeneratedModuleMaps-watchos/CNIOLinux.modulemap -DXcode -plugin-path /Applications/Xcode-27.0.0-Release.Candidate.app/Contents/Developer/Toolchains/XcodeDefault.xctoolchain/usr/lib/swift/host/plugins/testing -enable-experimental-feature DebugDescriptionMacro -sdk /Applications/Xcode-27.0.0-Release.Candidate.app/Contents/Developer/Platforms/WatchOS.platform/Developer/SDKs/WatchOS27.0.sdk -target arm64-apple-watchos9.0 -g -module-cache-path /Users/admin/builder/spi-builder-workspace/.derivedData/ModuleCache.noindex -Xfrontend -serialize-debugging-options -profile-coverage-mapping -profile-generate -enable-testing -index-store-path /Users/admin/builder/spi-builder-workspace/.derivedData/Index.noindex/DataStore -Xcc -D_LIBCPP_HARDENING_MODE\=_LIBCPP_HARDENING_MODE_DEBUG -swift-version 4 -I /Users/admin/builder/spi-builder-workspace/.derivedData/Build/Products/Debug-watchos -Isystem /Applications/Xcode-27.0.0-Release.Candidate.app/Contents/Developer/Platforms/WatchOS.platform/Developer/usr/lib -F /Users/admin/builder/spi-builder-workspace/.derivedData/Build/Products/Debug-watchos/PackageFrameworks -F /Users/admin/builder/spi-builder-workspace/.derivedData/Build/Products/Debug-watchos -F /Applications/Xcode-27.0.0-Release.Candidate.app/Contents/Developer/Platforms/WatchOS.platform/Developer/Library/Frameworks -F /Applications/Xcode-27.0.0-Release.Candidate.app/Contents/Developer/Platforms/WatchOS.platform/Developer/SDKs/WatchOS27.0.sdk/Developer/Library/Frameworks -c -j10 -enable-batch-mode -incremental -Xcc -ivfsstatcache -Xcc /Users/admin/builder/spi-builder-workspace/.derivedData/SDKStatCaches.noindex/watchos27.0-24R360-e829b21a6f8c9b70876ba0858053c04477534ef55a1706bf4c1112bbb242f0a2.sdkstatcache -output-file-map /Users/admin/builder/spi-builder-workspace/.derivedData/Build/Intermediates.noindex/Core.build/Debug-watchos/Async-t.build/Objects-normal/arm64/Async-OutputFileMap.json -save-temps -no-color-diagnostics -emit-dependencies -emit-module -emit-module-path /Users/admin/builder/spi-builder-workspace/.derivedData/Build/Intermediates.noindex/Core.build/Debug-watchos/Async-t.build/Objects-normal/arm64/Async.swiftmodule -serialize-diagnostics -validate-clang-modules-once -clang-build-session-file /Users/admin/builder/spi-builder-workspace/.derivedData/ModuleCache.noindex/Session.modulevalidation -Xcc -fmodules-prune-interval\=86400 -Xcc -fmodules-prune-after\=345600 -emit-const-values -const-gather-protocols-list /Users/admin/builder/spi-builder-workspace/.derivedData/Build/Intermediates.noindex/Core.build/Debug-watchos/Async-t.build/Objects-normal/arm64/Async_const_extract_protocols.json -Xcc -I/Users/admin/builder/spi-builder-workspace/.dependencies/checkouts/swift-nio/Sources/CNIOSHA1/include -Xcc -I/Users/admin/builder/spi-builder-workspace/.dependencies/checkouts/swift-nio/Sources/CNIOAtomics/include -Xcc -I/Users/admin/builder/spi-builder-workspace/.dependencies/checkouts/swift-nio/Sources/CNIODarwin/include -Xcc -I/Users/admin/builder/spi-builder-workspace/.dependencies/checkouts/swift-nio/Sources/CNIOLinux/include -Xcc -I/Users/admin/builder/spi-builder-workspace/.derivedData/Build/Products/Debug-watchos/include -Xcc -I/Users/admin/builder/spi-builder-workspace/.derivedData/Build/Intermediates.noindex/Core.build/Debug-watchos/Async-t.build/DerivedSources-normal/arm64 -Xcc -I/Users/admin/builder/spi-builder-workspace/.derivedData/Build/Intermediates.noindex/Core.build/Debug-watchos/Async-t.build/DerivedSources/arm64 -Xcc -I/Users/admin/builder/spi-builder-workspace/.derivedData/Build/Intermediates.noindex/Core.build/Debug-watchos/Async-t.build/DerivedSources -Xcc -DSWIFT_PACKAGE -Xcc -DDEBUG\=1 -emit-objc-header -emit-objc-header-path /Users/admin/builder/spi-builder-workspace/.derivedData/Build/Intermediates.noindex/Core.build/Debug-watchos/Async-t.build/Objects-normal/arm64/Async-Swift.h -working-directory /Users/admin/builder/spi-builder-workspace/.swiftpm/xcode -experimental-emit-module-separately -disable-cmo
SwiftDriverJobDiscovery normal arm64 Compiling Exports.swift, Future+DoCatch.swift (in target 'Async' from project 'Core')
SwiftCompile normal arm64_32 Compiling\ Async+NIO.swift,\ AsyncError.swift /Users/admin/builder/spi-builder-workspace/Sources/Async/Async+NIO.swift /Users/admin/builder/spi-builder-workspace/Sources/Async/AsyncError.swift (in target 'Async' from project 'Core')
SwiftCompile normal arm64_32 /Users/admin/builder/spi-builder-workspace/Sources/Async/Async+NIO.swift (in target 'Async' from project 'Core')
cd /Users/admin/builder/spi-builder-workspace/.swiftpm/xcode
builtin-SwiftPerFileCompile Async+NIO.swift
SwiftCompile normal arm64_32 /Users/admin/builder/spi-builder-workspace/Sources/Async/AsyncError.swift (in target 'Async' from project 'Core')
cd /Users/admin/builder/spi-builder-workspace/.swiftpm/xcode
builtin-SwiftPerFileCompile AsyncError.swift
SwiftCompile normal arm64 Compiling\ Future+Map.swift,\ Future+Transform.swift /Users/admin/builder/spi-builder-workspace/Sources/Async/Future+Map.swift /Users/admin/builder/spi-builder-workspace/Sources/Async/Future+Transform.swift (in target 'Async' from project 'Core')
/Users/admin/builder/spi-builder-workspace/Sources/Async/Future+Map.swift:16:21: warning: generic parameter 'T' shadows generic parameter from outer scope with the same name; this is an error in the Swift 6 language mode
14 | ///
15 | /// See `flatMap(to:_:)` for mapping `Future` results to other `Future` types.
16 | public func map<T>(to type: T.Type = T.self, _ callback: @escaping (Expectation) throws -> T) -> Future<T> {
| `- warning: generic parameter 'T' shadows generic parameter from outer scope with the same name; this is an error in the Swift 6 language mode
17 | return self.thenThrowing(callback)
18 | }
/Users/admin/builder/spi-builder-workspace/Sources/Async/Future+Map.swift:32:25: warning: generic parameter 'T' shadows generic parameter from outer scope with the same name; this is an error in the Swift 6 language mode
30 | ///
31 | /// See `map(to:_:)` for mapping `Future` results to non-`Future` types.
32 | public func flatMap<T>(to type: T.Type = T.self, _ callback: @escaping (Expectation) throws -> Future<T>) -> Future<T> {
| `- warning: generic parameter 'T' shadows generic parameter from outer scope with the same name; this is an error in the Swift 6 language mode
33 | return self.then { input in
34 | do {
/Users/admin/builder/spi-builder-workspace/Sources/Async/Future+Transform.swift:8:27: warning: generic parameter 'T' shadows generic parameter from outer scope with the same name; this is an error in the Swift 6 language mode
6 | /// user.save(on: req).transform(to: HTTPStatus.created)
7 | ///
8 | public func transform<T>(to instance: @escaping @autoclosure () -> T) -> Future<T> {
| `- warning: generic parameter 'T' shadows generic parameter from outer scope with the same name; this is an error in the Swift 6 language mode
9 | return self.map(to: T.self) { _ in
10 | instance()
/Users/admin/builder/spi-builder-workspace/Sources/Async/Future+Transform.swift:19:27: warning: generic parameter 'T' shadows generic parameter from outer scope with the same name; this is an error in the Swift 6 language mode
17 | /// posts.save(on: request).transform(to: user)
18 | ///
19 | public func transform<T>(to future: Future<T>) -> Future<T> {
| `- warning: generic parameter 'T' shadows generic parameter from outer scope with the same name; this is an error in the Swift 6 language mode
20 | return self.flatMap(to: T.self) { _ in
21 | future
SwiftCompile normal arm64 /Users/admin/builder/spi-builder-workspace/Sources/Async/Future+Map.swift (in target 'Async' from project 'Core')
cd /Users/admin/builder/spi-builder-workspace/.swiftpm/xcode
builtin-SwiftPerFileCompile Future+Map.swift
SwiftCompile normal arm64 /Users/admin/builder/spi-builder-workspace/Sources/Async/Future+Transform.swift (in target 'Async' from project 'Core')
cd /Users/admin/builder/spi-builder-workspace/.swiftpm/xcode
builtin-SwiftPerFileCompile Future+Transform.swift
SwiftDriverJobDiscovery normal arm64 Compiling Future+Flatten.swift, Future+Global.swift (in target 'Async' from project 'Core')
SwiftMergeGeneratedHeaders /Users/admin/builder/spi-builder-workspace/.derivedData/Build/Intermediates.noindex/GeneratedModuleMaps-watchos/Async-Swift.h /Users/admin/builder/spi-builder-workspace/.derivedData/Build/Intermediates.noindex/Core.build/Debug-watchos/Async-t.build/Objects-normal/arm64/Async-Swift.h /Users/admin/builder/spi-builder-workspace/.derivedData/Build/Intermediates.noindex/Core.build/Debug-watchos/Async-t.build/Objects-normal/arm64_32/Async-Swift.h (in target 'Async' from project 'Core')
cd /Users/admin/builder/spi-builder-workspace
builtin-swiftHeaderTool -arch arm64 /Users/admin/builder/spi-builder-workspace/.derivedData/Build/Intermediates.noindex/Core.build/Debug-watchos/Async-t.build/Objects-normal/arm64/Async-Swift.h -arch arm64_32 /Users/admin/builder/spi-builder-workspace/.derivedData/Build/Intermediates.noindex/Core.build/Debug-watchos/Async-t.build/Objects-normal/arm64_32/Async-Swift.h -o /Users/admin/builder/spi-builder-workspace/.derivedData/Build/Intermediates.noindex/GeneratedModuleMaps-watchos/Async-Swift.h
SwiftDriverJobDiscovery normal arm64 Compiling FutureType.swift (in target 'Async' from project 'Core')
Copy /Users/admin/builder/spi-builder-workspace/.derivedData/Build/Products/Debug-watchos/Async.swiftmodule/arm64-apple-watchos.swiftmodule /Users/admin/builder/spi-builder-workspace/.derivedData/Build/Intermediates.noindex/Core.build/Debug-watchos/Async-t.build/Objects-normal/arm64/Async.swiftmodule (in target 'Async' from project 'Core')
cd /Users/admin/builder/spi-builder-workspace
builtin-copy -exclude .DS_Store -exclude CVS -exclude .svn -exclude .git -exclude .hg -resolve-src-symlinks -rename /Users/admin/builder/spi-builder-workspace/.derivedData/Build/Intermediates.noindex/Core.build/Debug-watchos/Async-t.build/Objects-normal/arm64/Async.swiftmodule /Users/admin/builder/spi-builder-workspace/.derivedData/Build/Products/Debug-watchos/Async.swiftmodule/arm64-apple-watchos.swiftmodule
Copy /Users/admin/builder/spi-builder-workspace/.derivedData/Build/Products/Debug-watchos/Async.swiftmodule/arm64-apple-watchos.swiftdoc /Users/admin/builder/spi-builder-workspace/.derivedData/Build/Intermediates.noindex/Core.build/Debug-watchos/Async-t.build/Objects-normal/arm64/Async.swiftdoc (in target 'Async' from project 'Core')
cd /Users/admin/builder/spi-builder-workspace
builtin-copy -exclude .DS_Store -exclude CVS -exclude .svn -exclude .git -exclude .hg -resolve-src-symlinks -rename /Users/admin/builder/spi-builder-workspace/.derivedData/Build/Intermediates.noindex/Core.build/Debug-watchos/Async-t.build/Objects-normal/arm64/Async.swiftdoc /Users/admin/builder/spi-builder-workspace/.derivedData/Build/Products/Debug-watchos/Async.swiftmodule/arm64-apple-watchos.swiftdoc
SwiftDriverJobDiscovery normal arm64_32 Compiling Future+Map.swift, Future+Transform.swift (in target 'Async' from project 'Core')
Copy /Users/admin/builder/spi-builder-workspace/.derivedData/Build/Products/Debug-watchos/Async.swiftmodule/arm64-apple-watchos.abi.json /Users/admin/builder/spi-builder-workspace/.derivedData/Build/Intermediates.noindex/Core.build/Debug-watchos/Async-t.build/Objects-normal/arm64/Async.abi.json (in target 'Async' from project 'Core')
cd /Users/admin/builder/spi-builder-workspace
builtin-copy -exclude .DS_Store -exclude CVS -exclude .svn -exclude .git -exclude .hg -resolve-src-symlinks -rename /Users/admin/builder/spi-builder-workspace/.derivedData/Build/Intermediates.noindex/Core.build/Debug-watchos/Async-t.build/Objects-normal/arm64/Async.abi.json /Users/admin/builder/spi-builder-workspace/.derivedData/Build/Products/Debug-watchos/Async.swiftmodule/arm64-apple-watchos.abi.json
Copy /Users/admin/builder/spi-builder-workspace/.derivedData/Build/Products/Debug-watchos/Async.swiftmodule/Project/arm64-apple-watchos.swiftsourceinfo /Users/admin/builder/spi-builder-workspace/.derivedData/Build/Intermediates.noindex/Core.build/Debug-watchos/Async-t.build/Objects-normal/arm64/Async.swiftsourceinfo (in target 'Async' from project 'Core')
cd /Users/admin/builder/spi-builder-workspace
builtin-copy -exclude .DS_Store -exclude CVS -exclude .svn -exclude .git -exclude .hg -resolve-src-symlinks -rename /Users/admin/builder/spi-builder-workspace/.derivedData/Build/Intermediates.noindex/Core.build/Debug-watchos/Async-t.build/Objects-normal/arm64/Async.swiftsourceinfo /Users/admin/builder/spi-builder-workspace/.derivedData/Build/Products/Debug-watchos/Async.swiftmodule/Project/arm64-apple-watchos.swiftsourceinfo
SwiftCompile normal arm64 Compiling\ Future+Void.swift /Users/admin/builder/spi-builder-workspace/Sources/Async/Future+Void.swift (in target 'Async' from project 'Core')
SwiftCompile normal arm64 /Users/admin/builder/spi-builder-workspace/Sources/Async/Future+Void.swift (in target 'Async' from project 'Core')
cd /Users/admin/builder/spi-builder-workspace/.swiftpm/xcode
builtin-SwiftPerFileCompile Future+Void.swift
SwiftCompile normal arm64 Compiling\ Worker.swift /Users/admin/builder/spi-builder-workspace/Sources/Async/Worker.swift (in target 'Async' from project 'Core')
SwiftCompile normal arm64 /Users/admin/builder/spi-builder-workspace/Sources/Async/Worker.swift (in target 'Async' from project 'Core')
cd /Users/admin/builder/spi-builder-workspace/.swiftpm/xcode
builtin-SwiftPerFileCompile Worker.swift
SwiftDriverJobDiscovery normal arm64_32 Compiling Future+Void.swift (in target 'Async' from project 'Core')
SwiftCompile normal arm64 Compiling\ Collection+Future.swift,\ Deprecated.swift /Users/admin/builder/spi-builder-workspace/Sources/Async/Collection+Future.swift /Users/admin/builder/spi-builder-workspace/Sources/Async/Deprecated.swift (in target 'Async' from project 'Core')
SwiftCompile normal arm64 /Users/admin/builder/spi-builder-workspace/Sources/Async/Collection+Future.swift (in target 'Async' from project 'Core')
cd /Users/admin/builder/spi-builder-workspace/.swiftpm/xcode
builtin-SwiftPerFileCompile Collection+Future.swift
SwiftCompile normal arm64 /Users/admin/builder/spi-builder-workspace/Sources/Async/Deprecated.swift (in target 'Async' from project 'Core')
cd /Users/admin/builder/spi-builder-workspace/.swiftpm/xcode
builtin-SwiftPerFileCompile Deprecated.swift
SwiftDriverJobDiscovery normal arm64_32 Compiling QueueHandler.swift (in target 'Async' from project 'Core')
SwiftCompile normal arm64 Compiling\ Future+Variadic.swift /Users/admin/builder/spi-builder-workspace/Sources/Async/Future+Variadic.swift (in target 'Async' from project 'Core')
SwiftCompile normal arm64 /Users/admin/builder/spi-builder-workspace/Sources/Async/Future+Variadic.swift (in target 'Async' from project 'Core')
cd /Users/admin/builder/spi-builder-workspace/.swiftpm/xcode
builtin-SwiftPerFileCompile Future+Variadic.swift
SwiftDriverJobDiscovery normal arm64_32 Compiling Future+Flatten.swift, Future+Global.swift (in target 'Async' from project 'Core')
SwiftCompile normal arm64_32 Compiling\ Collection+Future.swift,\ Deprecated.swift /Users/admin/builder/spi-builder-workspace/Sources/Async/Collection+Future.swift /Users/admin/builder/spi-builder-workspace/Sources/Async/Deprecated.swift (in target 'Async' from project 'Core')
SwiftCompile normal arm64_32 /Users/admin/builder/spi-builder-workspace/Sources/Async/Collection+Future.swift (in target 'Async' from project 'Core')
cd /Users/admin/builder/spi-builder-workspace/.swiftpm/xcode
builtin-SwiftPerFileCompile Collection+Future.swift
SwiftCompile normal arm64_32 /Users/admin/builder/spi-builder-workspace/Sources/Async/Deprecated.swift (in target 'Async' from project 'Core')
cd /Users/admin/builder/spi-builder-workspace/.swiftpm/xcode
builtin-SwiftPerFileCompile Deprecated.swift
SwiftDriverJobDiscovery normal arm64_32 Compiling Future+Variadic.swift (in target 'Async' from project 'Core')
SwiftCompile normal arm64_32 Compiling\ Exports.swift,\ Future+DoCatch.swift /Users/admin/builder/spi-builder-workspace/Sources/Async/Exports.swift /Users/admin/builder/spi-builder-workspace/Sources/Async/Future+DoCatch.swift (in target 'Async' from project 'Core')
SwiftCompile normal arm64_32 /Users/admin/builder/spi-builder-workspace/Sources/Async/Exports.swift (in target 'Async' from project 'Core')
cd /Users/admin/builder/spi-builder-workspace/.swiftpm/xcode
builtin-SwiftPerFileCompile Exports.swift
SwiftCompile normal arm64_32 /Users/admin/builder/spi-builder-workspace/Sources/Async/Future+DoCatch.swift (in target 'Async' from project 'Core')
cd /Users/admin/builder/spi-builder-workspace/.swiftpm/xcode
builtin-SwiftPerFileCompile Future+DoCatch.swift
SwiftCompile normal arm64 Compiling\ QueueHandler.swift /Users/admin/builder/spi-builder-workspace/Sources/Async/QueueHandler.swift (in target 'Async' from project 'Core')
SwiftCompile normal arm64 /Users/admin/builder/spi-builder-workspace/Sources/Async/QueueHandler.swift (in target 'Async' from project 'Core')
cd /Users/admin/builder/spi-builder-workspace/.swiftpm/xcode
builtin-SwiftPerFileCompile QueueHandler.swift
SwiftDriverJobDiscovery normal arm64 Compiling Future+Map.swift, Future+Transform.swift (in target 'Async' from project 'Core')
SwiftCompile normal arm64 Compiling\ Async+NIO.swift,\ AsyncError.swift /Users/admin/builder/spi-builder-workspace/Sources/Async/Async+NIO.swift /Users/admin/builder/spi-builder-workspace/Sources/Async/AsyncError.swift (in target 'Async' from project 'Core')
SwiftCompile normal arm64 /Users/admin/builder/spi-builder-workspace/Sources/Async/Async+NIO.swift (in target 'Async' from project 'Core')
cd /Users/admin/builder/spi-builder-workspace/.swiftpm/xcode
builtin-SwiftPerFileCompile Async+NIO.swift
SwiftCompile normal arm64 /Users/admin/builder/spi-builder-workspace/Sources/Async/AsyncError.swift (in target 'Async' from project 'Core')
cd /Users/admin/builder/spi-builder-workspace/.swiftpm/xcode
builtin-SwiftPerFileCompile AsyncError.swift
SwiftDriverJobDiscovery normal arm64_32 Compiling Async+NIO.swift, AsyncError.swift (in target 'Async' from project 'Core')
SwiftDriverJobDiscovery normal arm64 Compiling Future+Void.swift (in target 'Async' from project 'Core')
SwiftDriverJobDiscovery normal arm64 Compiling Worker.swift (in target 'Async' from project 'Core')
SwiftDriver Core normal arm64_32 com.apple.xcode.tools.swift.compiler (in target 'Core' from project 'Core')
cd /Users/admin/builder/spi-builder-workspace/.swiftpm/xcode
builtin-SwiftDriver -- /Applications/Xcode-27.0.0-Release.Candidate.app/Contents/Developer/Toolchains/XcodeDefault.xctoolchain/usr/bin/swiftc -parse-as-library -module-name Core -Onone @/Users/admin/builder/spi-builder-workspace/.derivedData/Build/Intermediates.noindex/Core.build/Debug-watchos/Core-t.build/Objects-normal/arm64_32/Core.SwiftFileList -DSWIFT_PACKAGE -DDEBUG -DSWIFT_MODULE_RESOURCE_BUNDLE_UNAVAILABLE -Xcc -fmodule-map-file\=/Users/admin/builder/spi-builder-workspace/.dependencies/checkouts/swift-nio-zlib-support/module.modulemap -Xcc -fmodule-map-file\=/Users/admin/builder/spi-builder-workspace/.derivedData/Build/Intermediates.noindex/GeneratedModuleMaps-watchos/CNIOSHA1.modulemap -Xcc -fmodule-map-file\=/Users/admin/builder/spi-builder-workspace/.derivedData/Build/Intermediates.noindex/GeneratedModuleMaps-watchos/CNIOAtomics.modulemap -Xcc -fmodule-map-file\=/Users/admin/builder/spi-builder-workspace/.derivedData/Build/Intermediates.noindex/GeneratedModuleMaps-watchos/CNIODarwin.modulemap -Xcc -fmodule-map-file\=/Users/admin/builder/spi-builder-workspace/.derivedData/Build/Intermediates.noindex/GeneratedModuleMaps-watchos/CNIOLinux.modulemap -DXcode -plugin-path /Applications/Xcode-27.0.0-Release.Candidate.app/Contents/Developer/Toolchains/XcodeDefault.xctoolchain/usr/lib/swift/host/plugins/testing -enable-experimental-feature DebugDescriptionMacro -sdk /Applications/Xcode-27.0.0-Release.Candidate.app/Contents/Developer/Platforms/WatchOS.platform/Developer/SDKs/WatchOS27.0.sdk -target arm64_32-apple-watchos9.0 -g -module-cache-path /Users/admin/builder/spi-builder-workspace/.derivedData/ModuleCache.noindex -Xfrontend -serialize-debugging-options -profile-coverage-mapping -profile-generate -enable-testing -index-store-path /Users/admin/builder/spi-builder-workspace/.derivedData/Index.noindex/DataStore -Xcc -D_LIBCPP_HARDENING_MODE\=_LIBCPP_HARDENING_MODE_DEBUG -swift-version 4 -I /Users/admin/builder/spi-builder-workspace/.derivedData/Build/Products/Debug-watchos -Isystem /Applications/Xcode-27.0.0-Release.Candidate.app/Contents/Developer/Platforms/WatchOS.platform/Developer/usr/lib -F /Users/admin/builder/spi-builder-workspace/.derivedData/Build/Products/Debug-watchos/PackageFrameworks -F /Users/admin/builder/spi-builder-workspace/.derivedData/Build/Products/Debug-watchos -F /Applications/Xcode-27.0.0-Release.Candidate.app/Contents/Developer/Platforms/WatchOS.platform/Developer/Library/Frameworks -F /Applications/Xcode-27.0.0-Release.Candidate.app/Contents/Developer/Platforms/WatchOS.platform/Developer/SDKs/WatchOS27.0.sdk/Developer/Library/Frameworks -c -j10 -enable-batch-mode -incremental -Xcc -ivfsstatcache -Xcc /Users/admin/builder/spi-builder-workspace/.derivedData/SDKStatCaches.noindex/watchos27.0-24R360-e829b21a6f8c9b70876ba0858053c04477534ef55a1706bf4c1112bbb242f0a2.sdkstatcache -output-file-map /Users/admin/builder/spi-builder-workspace/.derivedData/Build/Intermediates.noindex/Core.build/Debug-watchos/Core-t.build/Objects-normal/arm64_32/Core-OutputFileMap.json -save-temps -no-color-diagnostics -emit-dependencies -emit-module -emit-module-path /Users/admin/builder/spi-builder-workspace/.derivedData/Build/Intermediates.noindex/Core.build/Debug-watchos/Core-t.build/Objects-normal/arm64_32/Core.swiftmodule -serialize-diagnostics -validate-clang-modules-once -clang-build-session-file /Users/admin/builder/spi-builder-workspace/.derivedData/ModuleCache.noindex/Session.modulevalidation -Xcc -fmodules-prune-interval\=86400 -Xcc -fmodules-prune-after\=345600 -emit-const-values -const-gather-protocols-list /Users/admin/builder/spi-builder-workspace/.derivedData/Build/Intermediates.noindex/Core.build/Debug-watchos/Core-t.build/Objects-normal/arm64_32/Core_const_extract_protocols.json -Xcc -I/Users/admin/builder/spi-builder-workspace/.dependencies/checkouts/swift-nio/Sources/CNIOSHA1/include -Xcc -I/Users/admin/builder/spi-builder-workspace/.dependencies/checkouts/swift-nio/Sources/CNIOAtomics/include -Xcc -I/Users/admin/builder/spi-builder-workspace/.dependencies/checkouts/swift-nio/Sources/CNIODarwin/include -Xcc -I/Users/admin/builder/spi-builder-workspace/.dependencies/checkouts/swift-nio/Sources/CNIOLinux/include -Xcc -I/Users/admin/builder/spi-builder-workspace/.derivedData/Build/Products/Debug-watchos/include -Xcc -I/Users/admin/builder/spi-builder-workspace/.derivedData/Build/Intermediates.noindex/Core.build/Debug-watchos/Core-t.build/DerivedSources-normal/arm64_32 -Xcc -I/Users/admin/builder/spi-builder-workspace/.derivedData/Build/Intermediates.noindex/Core.build/Debug-watchos/Core-t.build/DerivedSources/arm64_32 -Xcc -I/Users/admin/builder/spi-builder-workspace/.derivedData/Build/Intermediates.noindex/Core.build/Debug-watchos/Core-t.build/DerivedSources -Xcc -DSWIFT_PACKAGE -Xcc -DDEBUG\=1 -emit-objc-header -emit-objc-header-path /Users/admin/builder/spi-builder-workspace/.derivedData/Build/Intermediates.noindex/Core.build/Debug-watchos/Core-t.build/Objects-normal/arm64_32/Core-Swift.h -working-directory /Users/admin/builder/spi-builder-workspace/.swiftpm/xcode -experimental-emit-module-separately -disable-cmo
SwiftDriver Core normal arm64 com.apple.xcode.tools.swift.compiler (in target 'Core' from project 'Core')
cd /Users/admin/builder/spi-builder-workspace/.swiftpm/xcode
builtin-SwiftDriver -- /Applications/Xcode-27.0.0-Release.Candidate.app/Contents/Developer/Toolchains/XcodeDefault.xctoolchain/usr/bin/swiftc -parse-as-library -module-name Core -Onone @/Users/admin/builder/spi-builder-workspace/.derivedData/Build/Intermediates.noindex/Core.build/Debug-watchos/Core-t.build/Objects-normal/arm64/Core.SwiftFileList -DSWIFT_PACKAGE -DDEBUG -DSWIFT_MODULE_RESOURCE_BUNDLE_UNAVAILABLE -Xcc -fmodule-map-file\=/Users/admin/builder/spi-builder-workspace/.dependencies/checkouts/swift-nio-zlib-support/module.modulemap -Xcc -fmodule-map-file\=/Users/admin/builder/spi-builder-workspace/.derivedData/Build/Intermediates.noindex/GeneratedModuleMaps-watchos/CNIOSHA1.modulemap -Xcc -fmodule-map-file\=/Users/admin/builder/spi-builder-workspace/.derivedData/Build/Intermediates.noindex/GeneratedModuleMaps-watchos/CNIOAtomics.modulemap -Xcc -fmodule-map-file\=/Users/admin/builder/spi-builder-workspace/.derivedData/Build/Intermediates.noindex/GeneratedModuleMaps-watchos/CNIODarwin.modulemap -Xcc -fmodule-map-file\=/Users/admin/builder/spi-builder-workspace/.derivedData/Build/Intermediates.noindex/GeneratedModuleMaps-watchos/CNIOLinux.modulemap -DXcode -plugin-path /Applications/Xcode-27.0.0-Release.Candidate.app/Contents/Developer/Toolchains/XcodeDefault.xctoolchain/usr/lib/swift/host/plugins/testing -enable-experimental-feature DebugDescriptionMacro -sdk /Applications/Xcode-27.0.0-Release.Candidate.app/Contents/Developer/Platforms/WatchOS.platform/Developer/SDKs/WatchOS27.0.sdk -target arm64-apple-watchos9.0 -g -module-cache-path /Users/admin/builder/spi-builder-workspace/.derivedData/ModuleCache.noindex -Xfrontend -serialize-debugging-options -profile-coverage-mapping -profile-generate -enable-testing -index-store-path /Users/admin/builder/spi-builder-workspace/.derivedData/Index.noindex/DataStore -Xcc -D_LIBCPP_HARDENING_MODE\=_LIBCPP_HARDENING_MODE_DEBUG -swift-version 4 -I /Users/admin/builder/spi-builder-workspace/.derivedData/Build/Products/Debug-watchos -Isystem /Applications/Xcode-27.0.0-Release.Candidate.app/Contents/Developer/Platforms/WatchOS.platform/Developer/usr/lib -F /Users/admin/builder/spi-builder-workspace/.derivedData/Build/Products/Debug-watchos/PackageFrameworks -F /Users/admin/builder/spi-builder-workspace/.derivedData/Build/Products/Debug-watchos -F /Applications/Xcode-27.0.0-Release.Candidate.app/Contents/Developer/Platforms/WatchOS.platform/Developer/Library/Frameworks -F /Applications/Xcode-27.0.0-Release.Candidate.app/Contents/Developer/Platforms/WatchOS.platform/Developer/SDKs/WatchOS27.0.sdk/Developer/Library/Frameworks -c -j10 -enable-batch-mode -incremental -Xcc -ivfsstatcache -Xcc /Users/admin/builder/spi-builder-workspace/.derivedData/SDKStatCaches.noindex/watchos27.0-24R360-e829b21a6f8c9b70876ba0858053c04477534ef55a1706bf4c1112bbb242f0a2.sdkstatcache -output-file-map /Users/admin/builder/spi-builder-workspace/.derivedData/Build/Intermediates.noindex/Core.build/Debug-watchos/Core-t.build/Objects-normal/arm64/Core-OutputFileMap.json -save-temps -no-color-diagnostics -emit-dependencies -emit-module -emit-module-path /Users/admin/builder/spi-builder-workspace/.derivedData/Build/Intermediates.noindex/Core.build/Debug-watchos/Core-t.build/Objects-normal/arm64/Core.swiftmodule -serialize-diagnostics -validate-clang-modules-once -clang-build-session-file /Users/admin/builder/spi-builder-workspace/.derivedData/ModuleCache.noindex/Session.modulevalidation -Xcc -fmodules-prune-interval\=86400 -Xcc -fmodules-prune-after\=345600 -emit-const-values -const-gather-protocols-list /Users/admin/builder/spi-builder-workspace/.derivedData/Build/Intermediates.noindex/Core.build/Debug-watchos/Core-t.build/Objects-normal/arm64/Core_const_extract_protocols.json -Xcc -I/Users/admin/builder/spi-builder-workspace/.dependencies/checkouts/swift-nio/Sources/CNIOSHA1/include -Xcc -I/Users/admin/builder/spi-builder-workspace/.dependencies/checkouts/swift-nio/Sources/CNIOAtomics/include -Xcc -I/Users/admin/builder/spi-builder-workspace/.dependencies/checkouts/swift-nio/Sources/CNIODarwin/include -Xcc -I/Users/admin/builder/spi-builder-workspace/.dependencies/checkouts/swift-nio/Sources/CNIOLinux/include -Xcc -I/Users/admin/builder/spi-builder-workspace/.derivedData/Build/Products/Debug-watchos/include -Xcc -I/Users/admin/builder/spi-builder-workspace/.derivedData/Build/Intermediates.noindex/Core.build/Debug-watchos/Core-t.build/DerivedSources-normal/arm64 -Xcc -I/Users/admin/builder/spi-builder-workspace/.derivedData/Build/Intermediates.noindex/Core.build/Debug-watchos/Core-t.build/DerivedSources/arm64 -Xcc -I/Users/admin/builder/spi-builder-workspace/.derivedData/Build/Intermediates.noindex/Core.build/Debug-watchos/Core-t.build/DerivedSources -Xcc -DSWIFT_PACKAGE -Xcc -DDEBUG\=1 -emit-objc-header -emit-objc-header-path /Users/admin/builder/spi-builder-workspace/.derivedData/Build/Intermediates.noindex/Core.build/Debug-watchos/Core-t.build/Objects-normal/arm64/Core-Swift.h -working-directory /Users/admin/builder/spi-builder-workspace/.swiftpm/xcode -experimental-emit-module-separately -disable-cmo
SwiftEmitModule normal arm64_32 Emitting\ module\ for\ Core (in target 'Core' from project 'Core')
SwiftCompile normal arm64_32 (in target 'Core' from project 'Core')
cd /Users/admin/builder/spi-builder-workspace/.swiftpm/xcode
SwiftCompile normal arm64_32 Compiling\ Deprecated.swift,\ DirectoryConfig.swift,\ Exports.swift /Users/admin/builder/spi-builder-workspace/Sources/Core/Deprecated.swift /Users/admin/builder/spi-builder-workspace/Sources/Core/DirectoryConfig.swift /Users/admin/builder/spi-builder-workspace/Sources/Core/Exports.swift (in target 'Core' from project 'Core')
SwiftCompile normal arm64_32 /Users/admin/builder/spi-builder-workspace/Sources/Core/Deprecated.swift (in target 'Core' from project 'Core')
cd /Users/admin/builder/spi-builder-workspace/.swiftpm/xcode
builtin-SwiftPerFileCompile Deprecated.swift
SwiftCompile normal arm64_32 /Users/admin/builder/spi-builder-workspace/Sources/Core/DirectoryConfig.swift (in target 'Core' from project 'Core')
cd /Users/admin/builder/spi-builder-workspace/.swiftpm/xcode
builtin-SwiftPerFileCompile DirectoryConfig.swift
SwiftCompile normal arm64_32 /Users/admin/builder/spi-builder-workspace/Sources/Core/Exports.swift (in target 'Core' from project 'Core')
cd /Users/admin/builder/spi-builder-workspace/.swiftpm/xcode
builtin-SwiftPerFileCompile Exports.swift
SwiftEmitModule normal arm64 Emitting\ module\ for\ Core (in target 'Core' from project 'Core')
SwiftCompile normal arm64 (in target 'Core' from project 'Core')
cd /Users/admin/builder/spi-builder-workspace/.swiftpm/xcode
SwiftDriverJobDiscovery normal arm64 Compiling Collection+Future.swift, Deprecated.swift (in target 'Async' from project 'Core')
SwiftDriverJobDiscovery normal arm64_32 Compiling Exports.swift, Future+DoCatch.swift (in target 'Async' from project 'Core')
SwiftCompile normal arm64_32 Compiling\ File.swift,\ Future+Unwrap.swift,\ FutureEncoder.swift /Users/admin/builder/spi-builder-workspace/Sources/Core/File.swift /Users/admin/builder/spi-builder-workspace/Sources/Core/Future+Unwrap.swift /Users/admin/builder/spi-builder-workspace/Sources/Core/FutureEncoder.swift (in target 'Core' from project 'Core')
/Users/admin/builder/spi-builder-workspace/Sources/Core/FutureEncoder.swift:9:1: warning: extension declares a conformance of imported type 'EventLoopFuture' to imported protocol 'Encodable'; this will not behave correctly if the owners of 'NIO' introduce this conformance in the future
7 |
8 | /// Conforms future to `Encodable` where its expectation is also `Encodable`.
9 | extension Future: Encodable where T: Encodable {
| |- warning: extension declares a conformance of imported type 'EventLoopFuture' to imported protocol 'Encodable'; this will not behave correctly if the owners of 'NIO' introduce this conformance in the future
| `- note: add '@retroactive' to silence this warning
10 | /// See `Encodable`.
11 | public func encode(to encoder: Encoder) throws {
SwiftCompile normal arm64_32 /Users/admin/builder/spi-builder-workspace/Sources/Core/File.swift (in target 'Core' from project 'Core')
cd /Users/admin/builder/spi-builder-workspace/.swiftpm/xcode
builtin-SwiftPerFileCompile File.swift
SwiftCompile normal arm64_32 /Users/admin/builder/spi-builder-workspace/Sources/Core/Future+Unwrap.swift (in target 'Core' from project 'Core')
cd /Users/admin/builder/spi-builder-workspace/.swiftpm/xcode
builtin-SwiftPerFileCompile Future+Unwrap.swift
SwiftCompile normal arm64_32 /Users/admin/builder/spi-builder-workspace/Sources/Core/FutureEncoder.swift (in target 'Core' from project 'Core')
cd /Users/admin/builder/spi-builder-workspace/.swiftpm/xcode
builtin-SwiftPerFileCompile FutureEncoder.swift
SwiftCompile normal arm64 Compiling\ ReflectionDecodable.swift,\ ReflectionDecoders.swift,\ CoreError.swift /Users/admin/builder/spi-builder-workspace/Sources/Core/CodableReflection/ReflectionDecodable.swift /Users/admin/builder/spi-builder-workspace/Sources/Core/CodableReflection/ReflectionDecoders.swift /Users/admin/builder/spi-builder-workspace/Sources/Core/CoreError.swift (in target 'Core' from project 'Core')
SwiftCompile normal arm64 /Users/admin/builder/spi-builder-workspace/Sources/Core/CodableReflection/ReflectionDecodable.swift (in target 'Core' from project 'Core')
cd /Users/admin/builder/spi-builder-workspace/.swiftpm/xcode
builtin-SwiftPerFileCompile ReflectionDecodable.swift
SwiftCompile normal arm64 /Users/admin/builder/spi-builder-workspace/Sources/Core/CodableReflection/ReflectionDecoders.swift (in target 'Core' from project 'Core')
cd /Users/admin/builder/spi-builder-workspace/.swiftpm/xcode
builtin-SwiftPerFileCompile ReflectionDecoders.swift
SwiftCompile normal arm64 /Users/admin/builder/spi-builder-workspace/Sources/Core/CoreError.swift (in target 'Core' from project 'Core')
cd /Users/admin/builder/spi-builder-workspace/.swiftpm/xcode
builtin-SwiftPerFileCompile CoreError.swift
SwiftDriverJobDiscovery normal arm64_32 Compiling Collection+Future.swift, Deprecated.swift (in target 'Async' from project 'Core')
SwiftCompile normal arm64_32 Compiling\ HeaderValue.swift,\ LosslessDataConvertible.swift /Users/admin/builder/spi-builder-workspace/Sources/Core/HeaderValue.swift /Users/admin/builder/spi-builder-workspace/Sources/Core/LosslessDataConvertible.swift (in target 'Core' from project 'Core')
SwiftCompile normal arm64_32 /Users/admin/builder/spi-builder-workspace/Sources/Core/HeaderValue.swift (in target 'Core' from project 'Core')
cd /Users/admin/builder/spi-builder-workspace/.swiftpm/xcode
builtin-SwiftPerFileCompile HeaderValue.swift
SwiftCompile normal arm64_32 /Users/admin/builder/spi-builder-workspace/Sources/Core/LosslessDataConvertible.swift (in target 'Core' from project 'Core')
cd /Users/admin/builder/spi-builder-workspace/.swiftpm/xcode
builtin-SwiftPerFileCompile LosslessDataConvertible.swift
SwiftDriverJobDiscovery normal arm64 Compiling Future+Variadic.swift (in target 'Async' from project 'Core')
SwiftCompile normal arm64 Compiling\ Deprecated.swift,\ DirectoryConfig.swift,\ Exports.swift /Users/admin/builder/spi-builder-workspace/Sources/Core/Deprecated.swift /Users/admin/builder/spi-builder-workspace/Sources/Core/DirectoryConfig.swift /Users/admin/builder/spi-builder-workspace/Sources/Core/Exports.swift (in target 'Core' from project 'Core')
SwiftCompile normal arm64 /Users/admin/builder/spi-builder-workspace/Sources/Core/Deprecated.swift (in target 'Core' from project 'Core')
cd /Users/admin/builder/spi-builder-workspace/.swiftpm/xcode
builtin-SwiftPerFileCompile Deprecated.swift
SwiftCompile normal arm64 /Users/admin/builder/spi-builder-workspace/Sources/Core/DirectoryConfig.swift (in target 'Core' from project 'Core')
cd /Users/admin/builder/spi-builder-workspace/.swiftpm/xcode
builtin-SwiftPerFileCompile DirectoryConfig.swift
SwiftCompile normal arm64 /Users/admin/builder/spi-builder-workspace/Sources/Core/Exports.swift (in target 'Core' from project 'Core')
cd /Users/admin/builder/spi-builder-workspace/.swiftpm/xcode
builtin-SwiftPerFileCompile Exports.swift
SwiftDriverJobDiscovery normal arm64 Compiling Async+NIO.swift, AsyncError.swift (in target 'Async' from project 'Core')
SwiftCompile normal arm64_32 Compiling\ ReflectionDecodable.swift,\ ReflectionDecoders.swift,\ CoreError.swift /Users/admin/builder/spi-builder-workspace/Sources/Core/CodableReflection/ReflectionDecodable.swift /Users/admin/builder/spi-builder-workspace/Sources/Core/CodableReflection/ReflectionDecoders.swift /Users/admin/builder/spi-builder-workspace/Sources/Core/CoreError.swift (in target 'Core' from project 'Core')
SwiftCompile normal arm64_32 /Users/admin/builder/spi-builder-workspace/Sources/Core/CodableReflection/ReflectionDecodable.swift (in target 'Core' from project 'Core')
cd /Users/admin/builder/spi-builder-workspace/.swiftpm/xcode
builtin-SwiftPerFileCompile ReflectionDecodable.swift
SwiftCompile normal arm64_32 /Users/admin/builder/spi-builder-workspace/Sources/Core/CodableReflection/ReflectionDecoders.swift (in target 'Core' from project 'Core')
cd /Users/admin/builder/spi-builder-workspace/.swiftpm/xcode
builtin-SwiftPerFileCompile ReflectionDecoders.swift
SwiftCompile normal arm64_32 /Users/admin/builder/spi-builder-workspace/Sources/Core/CoreError.swift (in target 'Core' from project 'Core')
cd /Users/admin/builder/spi-builder-workspace/.swiftpm/xcode
builtin-SwiftPerFileCompile CoreError.swift
SwiftDriverJobDiscovery normal arm64 Compiling QueueHandler.swift (in target 'Async' from project 'Core')
SwiftCompile normal arm64_32 Compiling\ String+Utilities.swift,\ Thread+Async.swift /Users/admin/builder/spi-builder-workspace/Sources/Core/String+Utilities.swift /Users/admin/builder/spi-builder-workspace/Sources/Core/Thread+Async.swift (in target 'Core' from project 'Core')
/Users/admin/builder/spi-builder-workspace/Sources/Core/String+Utilities.swift:24:1: warning: extension declares a conformance of imported type 'UUID' to imported protocol 'LosslessStringConvertible'; this will not behave correctly if the owners of 'Foundation' introduce this conformance in the future
22 | }
23 |
24 | extension UUID: LosslessStringConvertible {
| |- warning: extension declares a conformance of imported type 'UUID' to imported protocol 'LosslessStringConvertible'; this will not behave correctly if the owners of 'Foundation' introduce this conformance in the future
| `- note: add '@retroactive' to silence this warning
25 | /// See `LosslessStringConvertible`.
26 | public init?(_ string: String) {
SwiftCompile normal arm64_32 /Users/admin/builder/spi-builder-workspace/Sources/Core/String+Utilities.swift (in target 'Core' from project 'Core')
cd /Users/admin/builder/spi-builder-workspace/.swiftpm/xcode
builtin-SwiftPerFileCompile String+Utilities.swift
SwiftCompile normal arm64_32 /Users/admin/builder/spi-builder-workspace/Sources/Core/Thread+Async.swift (in target 'Core' from project 'Core')
cd /Users/admin/builder/spi-builder-workspace/.swiftpm/xcode
builtin-SwiftPerFileCompile Thread+Async.swift
Ld /Users/admin/builder/spi-builder-workspace/.derivedData/Build/Intermediates.noindex/swift-nio.build/Debug-watchos/CNIOAtomics-t.build/Objects-normal/arm64_32/Binary/CNIOAtomics.o normal arm64_32 (in target 'CNIOAtomics' from project 'swift-nio')
cd /Users/admin/builder/spi-builder-workspace/.dependencies/checkouts/swift-nio
/Applications/Xcode-27.0.0-Release.Candidate.app/Contents/Developer/Toolchains/XcodeDefault.xctoolchain/usr/bin/clang -Xlinker -reproducible -target arm64_32-apple-watchos9.0 -r -isysroot /Applications/Xcode-27.0.0-Release.Candidate.app/Contents/Developer/Platforms/WatchOS.platform/Developer/SDKs/WatchOS27.0.sdk -O0 -w -Xlinker -no_warn_duplicate_libraries -F/Users/admin/builder/spi-builder-workspace/.derivedData/Build/Intermediates.noindex/EagerLinkingTBDs/Debug-watchos -F/Users/admin/builder/spi-builder-workspace/.derivedData/Build/Products/Debug-watchos -iframework /Applications/Xcode-27.0.0-Release.Candidate.app/Contents/Developer/Platforms/WatchOS.platform/Developer/Library/Frameworks -iframework /Applications/Xcode-27.0.0-Release.Candidate.app/Contents/Developer/Platforms/WatchOS.platform/Developer/SDKs/WatchOS27.0.sdk/Developer/Library/Frameworks -filelist /Users/admin/builder/spi-builder-workspace/.derivedData/Build/Intermediates.noindex/swift-nio.build/Debug-watchos/CNIOAtomics-t.build/Objects-normal/arm64_32/CNIOAtomics.LinkFileList -nostdlib -Xlinker -object_path_lto -Xlinker /Users/admin/builder/spi-builder-workspace/.derivedData/Build/Intermediates.noindex/swift-nio.build/Debug-watchos/CNIOAtomics-t.build/Objects-normal/arm64_32/CNIOAtomics_lto.o -Xlinker -no_deduplicate -Xlinker -debug_variant -Xlinker -dependency_info -Xlinker /Users/admin/builder/spi-builder-workspace/.derivedData/Build/Intermediates.noindex/swift-nio.build/Debug-watchos/CNIOAtomics-t.build/Objects-normal/arm64_32/CNIOAtomics_dependency_info.dat -o /Users/admin/builder/spi-builder-workspace/.derivedData/Build/Intermediates.noindex/swift-nio.build/Debug-watchos/CNIOAtomics-t.build/Objects-normal/arm64_32/Binary/CNIOAtomics.o
SwiftDriverJobDiscovery normal arm64_32 Compiling Deprecated.swift, DirectoryConfig.swift, Exports.swift (in target 'Core' from project 'Core')
SwiftCompile normal arm64 Compiling\ Process+Execute.swift,\ Reflectable.swift /Users/admin/builder/spi-builder-workspace/Sources/Core/Process+Execute.swift /Users/admin/builder/spi-builder-workspace/Sources/Core/Reflectable.swift (in target 'Core' from project 'Core')
/Users/admin/builder/spi-builder-workspace/Sources/Core/Process+Execute.swift:13:11: error: cannot find type 'Process' in scope
11 | }
12 |
13 | extension Process {
| `- error: cannot find type 'Process' in scope
14 | /// Executes the supplied program in a new process, blocking until the process completes.
15 | /// Any data piped to `stdout` during the process will be returned as a string.
/Users/admin/builder/spi-builder-workspace/Sources/Core/Process+Execute.swift:160:107: error: cannot find type 'Process' in scope
158 |
159 | /// Powers `Process.execute(_:_:)` methods. Separated so that `/bin/sh -c which` can run as a separate command.
160 | private static func launchProcess(path: String, _ arguments: [String], stdout: Pipe, stderr: Pipe) -> Process {
| `- error: cannot find type 'Process' in scope
161 | let process = Process()
162 | process.environment = ProcessInfo.processInfo.environment
Failed frontend command:
/Applications/Xcode-27.0.0-Release.Candidate.app/Contents/Developer/Toolchains/XcodeDefault.xctoolchain/usr/bin/swift-frontend -frontend -c /Users/admin/builder/spi-builder-workspace/Sources/Core/BasicKey.swift /Users/admin/builder/spi-builder-workspace/Sources/Core/CaseInsensitiveString.swift /Users/admin/builder/spi-builder-workspace/Sources/Core/CodableReflection/Decodable+Reflectable.swift /Users/admin/builder/spi-builder-workspace/Sources/Core/CodableReflection/ReflectionDecodable.swift /Users/admin/builder/spi-builder-workspace/Sources/Core/CodableReflection/ReflectionDecoders.swift /Users/admin/builder/spi-builder-workspace/Sources/Core/CoreError.swift /Users/admin/builder/spi-builder-workspace/Sources/Core/Data+Base64URL.swift /Users/admin/builder/spi-builder-workspace/Sources/Core/Data+Hex.swift /Users/admin/builder/spi-builder-workspace/Sources/Core/DataCoders.swift /Users/admin/builder/spi-builder-workspace/Sources/Core/Deprecated.swift /Users/admin/builder/spi-builder-workspace/Sources/Core/DirectoryConfig.swift /Users/admin/builder/spi-builder-workspace/Sources/Core/Exports.swift /Users/admin/builder/spi-builder-workspace/Sources/Core/File.swift /Users/admin/builder/spi-builder-workspace/Sources/Core/Future+Unwrap.swift /Users/admin/builder/spi-builder-workspace/Sources/Core/FutureEncoder.swift /Users/admin/builder/spi-builder-workspace/Sources/Core/HeaderValue.swift /Users/admin/builder/spi-builder-workspace/Sources/Core/LosslessDataConvertible.swift /Users/admin/builder/spi-builder-workspace/Sources/Core/MediaType.swift /Users/admin/builder/spi-builder-workspace/Sources/Core/NestedData.swift /Users/admin/builder/spi-builder-workspace/Sources/Core/NotFound.swift /Users/admin/builder/spi-builder-workspace/Sources/Core/OptionalType.swift -primary-file /Users/admin/builder/spi-builder-workspace/Sources/Core/Process+Execute.swift -primary-file /Users/admin/builder/spi-builder-workspace/Sources/Core/Reflectable.swift /Users/admin/builder/spi-builder-workspace/Sources/Core/String+Utilities.swift /Users/admin/builder/spi-builder-workspace/Sources/Core/Thread+Async.swift -emit-dependencies-path /Users/admin/builder/spi-builder-workspace/.derivedData/Build/Intermediates.noindex/Core.build/Debug-watchos/Core-t.build/Objects-normal/arm64/Process+Execute.d -emit-const-values-path /Users/admin/builder/spi-builder-workspace/.derivedData/Build/Intermediates.noindex/Core.build/Debug-watchos/Core-t.build/Objects-normal/arm64/Process+Execute.swiftconstvalues -emit-reference-dependencies-path /Users/admin/builder/spi-builder-workspace/.derivedData/Build/Intermediates.noindex/Core.build/Debug-watchos/Core-t.build/Objects-normal/arm64/Process+Execute.swiftdeps -serialize-diagnostics-path /Users/admin/builder/spi-builder-workspace/.derivedData/Build/Intermediates.noindex/Core.build/Debug-watchos/Core-t.build/Objects-normal/arm64/Process+Execute.dia -emit-dependencies-path /Users/admin/builder/spi-builder-workspace/.derivedData/Build/Intermediates.noindex/Core.build/Debug-watchos/Core-t.build/Objects-normal/arm64/Reflectable.d -emit-const-values-path /Users/admin/builder/spi-builder-workspace/.derivedData/Build/Intermediates.noindex/Core.build/Debug-watchos/Core-t.build/Objects-normal/arm64/Reflectable.swiftconstvalues -emit-reference-dependencies-path /Users/admin/builder/spi-builder-workspace/.derivedData/Build/Intermediates.noindex/Core.build/Debug-watchos/Core-t.build/Objects-normal/arm64/Reflectable.swiftdeps -serialize-diagnostics-path /Users/admin/builder/spi-builder-workspace/.derivedData/Build/Intermediates.noindex/Core.build/Debug-watchos/Core-t.build/Objects-normal/arm64/Reflectable.dia -target arm64-apple-watchos9.0 -Xllvm -aarch64-use-tbi -enable-objc-interop -stack-check -sdk /Applications/Xcode-27.0.0-Release.Candidate.app/Contents/Developer/Platforms/WatchOS.platform/Developer/SDKs/WatchOS27.0.sdk -I /Users/admin/builder/spi-builder-workspace/.derivedData/Build/Products/Debug-watchos -Isystem /Applications/Xcode-27.0.0-Release.Candidate.app/Contents/Developer/Platforms/WatchOS.platform/Developer/usr/lib -F /Users/admin/builder/spi-builder-workspace/.derivedData/Build/Products/Debug-watchos/PackageFrameworks -F /Users/admin/builder/spi-builder-workspace/.derivedData/Build/Products/Debug-watchos -F /Applications/Xcode-27.0.0-Release.Candidate.app/Contents/Developer/Platforms/WatchOS.platform/Developer/Library/Frameworks -F /Applications/Xcode-27.0.0-Release.Candidate.app/Contents/Developer/Platforms/WatchOS.platform/Developer/SDKs/WatchOS27.0.sdk/Developer/Library/Frameworks -module-cache-path /Users/admin/builder/spi-builder-workspace/.derivedData/ModuleCache.noindex -no-color-diagnostics -Xcc -fno-color-diagnostics -enable-testing -g -debug-info-format\=dwarf -dwarf-version\=4 -profile-generate -profile-coverage-mapping -swift-version 4 -Onone -D SWIFT_PACKAGE -D DEBUG -D SWIFT_MODULE_RESOURCE_BUNDLE_UNAVAILABLE -D Xcode -serialize-debugging-options -enable-experimental-feature DebugDescriptionMacro -empty-abi-descriptor -plugin-path /Applications/Xcode-27.0.0-Release.Candidate.app/Contents/Developer/Toolchains/XcodeDefault.xctoolchain/usr/lib/swift/host/plugins/testing -validate-clang-modules-once -clang-build-session-file /Users/admin/builder/spi-builder-workspace/.derivedData/ModuleCache.noindex/Session.modulevalidation -Xcc -working-directory -Xcc /Users/admin/builder/spi-builder-workspace/.swiftpm/xcode -enable-anonymous-context-mangled-names -file-compilation-dir /Users/admin/builder/spi-builder-workspace/.swiftpm/xcode -Xcc -fmodule-map-file\=/Users/admin/builder/spi-builder-workspace/.dependencies/checkouts/swift-nio-zlib-support/module.modulemap -Xcc -fmodule-map-file\=/Users/admin/builder/spi-builder-workspace/.derivedData/Build/Intermediates.noindex/GeneratedModuleMaps-watchos/CNIOSHA1.modulemap -Xcc -fmodule-map-file\=/Users/admin/builder/spi-builder-workspace/.derivedData/Build/Intermediates.noindex/GeneratedModuleMaps-watchos/CNIOAtomics.modulemap -Xcc -fmodule-map-file\=/Users/admin/builder/spi-builder-workspace/.derivedData/Build/Intermediates.noindex/GeneratedModuleMaps-watchos/CNIODarwin.modulemap -Xcc -fmodule-map-file\=/Users/admin/builder/spi-builder-workspace/.derivedData/Build/Intermediates.noindex/GeneratedModuleMaps-watchos/CNIOLinux.modulemap -Xcc -D_LIBCPP_HARDENING_MODE\=_LIBCPP_HARDENING_MODE_DEBUG -Xcc -ivfsstatcache -Xcc /Users/admin/builder/spi-builder-workspace/.derivedData/SDKStatCaches.noindex/watchos27.0-24R360-e829b21a6f8c9b70876ba0858053c04477534ef55a1706bf4c1112bbb242f0a2.sdkstatcache -Xcc -fmodules-prune-interval\=86400 -Xcc -fmodules-prune-after\=345600 -Xcc -I/Users/admin/builder/spi-builder-workspace/.dependencies/checkouts/swift-nio/Sources/CNIOSHA1/include -Xcc -I/Users/admin/builder/spi-builder-workspace/.dependencies/checkouts/swift-nio/Sources/CNIOAtomics/include -Xcc -I/Users/admin/builder/spi-builder-workspace/.dependencies/checkouts/swift-nio/Sources/CNIODarwin/include -Xcc -I/Users/admin/builder/spi-builder-workspace/.dependencies/checkouts/swift-nio/Sources/CNIOLinux/include -Xcc -I/Users/admin/builder/spi-builder-workspace/.derivedData/Build/Products/Debug-watchos/include -Xcc -I/Users/admin/builder/spi-builder-workspace/.derivedData/Build/Intermediates.noindex/Core.build/Debug-watchos/Core-t.build/DerivedSources-normal/arm64 -Xcc -I/Users/admin/builder/spi-builder-workspace/.derivedData/Build/Intermediates.noindex/Core.build/Debug-watchos/Core-t.build/DerivedSources/arm64 -Xcc -I/Users/admin/builder/spi-builder-workspace/.derivedData/Build/Intermediates.noindex/Core.build/Debug-watchos/Core-t.build/DerivedSources -Xcc -DSWIFT_PACKAGE -Xcc -DDEBUG\=1 -no-auto-bridging-header-chaining -module-name Core -const-gather-protocols-file /Users/admin/builder/spi-builder-workspace/.derivedData/Build/Intermediates.noindex/Core.build/Debug-watchos/Core-t.build/Objects-normal/arm64/Core_const_extract_protocols.json -disable-clang-spi -target-sdk-version 27.0 -target-sdk-name watchos27.0 -external-plugin-path /Applications/Xcode-27.0.0-Release.Candidate.app/Contents/Developer/Platforms/WatchOS.platform/Developer/usr/lib/swift/host/plugins\#/Applications/Xcode-27.0.0-Release.Candidate.app/Contents/Developer/Platforms/WatchOS.platform/Developer/usr/bin/swift-plugin-server -external-plugin-path /Applications/Xcode-27.0.0-Release.Candidate.app/Contents/Developer/Platforms/WatchOS.platform/Developer/usr/local/lib/swift/host/plugins\#/Applications/Xcode-27.0.0-Release.Candidate.app/Contents/Developer/Platforms/WatchOS.platform/Developer/usr/bin/swift-plugin-server -in-process-plugin-server-path /Applications/Xcode-27.0.0-Release.Candidate.app/Contents/Developer/Toolchains/XcodeDefault.xctoolchain/usr/lib/swift/host/libSwiftInProcPluginServer.dylib -plugin-path /Applications/Xcode-27.0.0-Release.Candidate.app/Contents/Developer/Toolchains/XcodeDefault.xctoolchain/usr/lib/swift/host/plugins -plugin-path /Applications/Xcode-27.0.0-Release.Candidate.app/Contents/Developer/Toolchains/XcodeDefault.xctoolchain/usr/local/lib/swift/host/plugins -parse-as-library -o /Users/admin/builder/spi-builder-workspace/.derivedData/Build/Intermediates.noindex/Core.build/Debug-watchos/Core-t.build/Objects-normal/arm64/Process+Execute.o -o /Users/admin/builder/spi-builder-workspace/.derivedData/Build/Intermediates.noindex/Core.build/Debug-watchos/Core-t.build/Objects-normal/arm64/Reflectable.o -index-unit-output-path /Core.build/Debug-watchos/Core-t.build/Objects-normal/arm64/Process+Execute.o -index-unit-output-path /Core.build/Debug-watchos/Core-t.build/Objects-normal/arm64/Reflectable.o -index-store-path /Users/admin/builder/spi-builder-workspace/.derivedData/Index.noindex/DataStore -index-system-modules
SwiftCompile normal arm64 /Users/admin/builder/spi-builder-workspace/Sources/Core/Process+Execute.swift (in target 'Core' from project 'Core')
cd /Users/admin/builder/spi-builder-workspace/.swiftpm/xcode
builtin-SwiftPerFileCompile Process+Execute.swift
SwiftCompile normal arm64 /Users/admin/builder/spi-builder-workspace/Sources/Core/Reflectable.swift (in target 'Core' from project 'Core')
cd /Users/admin/builder/spi-builder-workspace/.swiftpm/xcode
builtin-SwiftPerFileCompile Reflectable.swift
SwiftCompile normal arm64_32 Compiling\ Data+Base64URL.swift,\ Data+Hex.swift,\ DataCoders.swift /Users/admin/builder/spi-builder-workspace/Sources/Core/Data+Base64URL.swift /Users/admin/builder/spi-builder-workspace/Sources/Core/Data+Hex.swift /Users/admin/builder/spi-builder-workspace/Sources/Core/DataCoders.swift (in target 'Core' from project 'Core')
SwiftCompile normal arm64_32 /Users/admin/builder/spi-builder-workspace/Sources/Core/Data+Base64URL.swift (in target 'Core' from project 'Core')
cd /Users/admin/builder/spi-builder-workspace/.swiftpm/xcode
builtin-SwiftPerFileCompile Data+Base64URL.swift
SwiftCompile normal arm64_32 /Users/admin/builder/spi-builder-workspace/Sources/Core/Data+Hex.swift (in target 'Core' from project 'Core')
cd /Users/admin/builder/spi-builder-workspace/.swiftpm/xcode
builtin-SwiftPerFileCompile Data+Hex.swift
SwiftCompile normal arm64_32 /Users/admin/builder/spi-builder-workspace/Sources/Core/DataCoders.swift (in target 'Core' from project 'Core')
cd /Users/admin/builder/spi-builder-workspace/.swiftpm/xcode
builtin-SwiftPerFileCompile DataCoders.swift
SwiftDriverJobDiscovery normal arm64_32 Compiling File.swift, Future+Unwrap.swift, FutureEncoder.swift (in target 'Core' from project 'Core')
SwiftCompile normal arm64_32 Compiling\ BasicKey.swift,\ CaseInsensitiveString.swift,\ Decodable+Reflectable.swift /Users/admin/builder/spi-builder-workspace/Sources/Core/BasicKey.swift /Users/admin/builder/spi-builder-workspace/Sources/Core/CaseInsensitiveString.swift /Users/admin/builder/spi-builder-workspace/Sources/Core/CodableReflection/Decodable+Reflectable.swift (in target 'Core' from project 'Core')
SwiftCompile normal arm64_32 /Users/admin/builder/spi-builder-workspace/Sources/Core/BasicKey.swift (in target 'Core' from project 'Core')
cd /Users/admin/builder/spi-builder-workspace/.swiftpm/xcode
builtin-SwiftPerFileCompile BasicKey.swift
SwiftCompile normal arm64_32 /Users/admin/builder/spi-builder-workspace/Sources/Core/CaseInsensitiveString.swift (in target 'Core' from project 'Core')
cd /Users/admin/builder/spi-builder-workspace/.swiftpm/xcode
builtin-SwiftPerFileCompile CaseInsensitiveString.swift
SwiftCompile normal arm64_32 /Users/admin/builder/spi-builder-workspace/Sources/Core/CodableReflection/Decodable+Reflectable.swift (in target 'Core' from project 'Core')
cd /Users/admin/builder/spi-builder-workspace/.swiftpm/xcode
builtin-SwiftPerFileCompile Decodable+Reflectable.swift
SwiftDriverJobDiscovery normal arm64 Compiling Deprecated.swift, DirectoryConfig.swift, Exports.swift (in target 'Core' from project 'Core')
SwiftCompile normal arm64 Compiling\ Data+Base64URL.swift,\ Data+Hex.swift,\ DataCoders.swift /Users/admin/builder/spi-builder-workspace/Sources/Core/Data+Base64URL.swift /Users/admin/builder/spi-builder-workspace/Sources/Core/Data+Hex.swift /Users/admin/builder/spi-builder-workspace/Sources/Core/DataCoders.swift (in target 'Core' from project 'Core')
SwiftCompile normal arm64 /Users/admin/builder/spi-builder-workspace/Sources/Core/Data+Base64URL.swift (in target 'Core' from project 'Core')
cd /Users/admin/builder/spi-builder-workspace/.swiftpm/xcode
builtin-SwiftPerFileCompile Data+Base64URL.swift
SwiftCompile normal arm64 /Users/admin/builder/spi-builder-workspace/Sources/Core/Data+Hex.swift (in target 'Core' from project 'Core')
cd /Users/admin/builder/spi-builder-workspace/.swiftpm/xcode
builtin-SwiftPerFileCompile Data+Hex.swift
SwiftCompile normal arm64 /Users/admin/builder/spi-builder-workspace/Sources/Core/DataCoders.swift (in target 'Core' from project 'Core')
cd /Users/admin/builder/spi-builder-workspace/.swiftpm/xcode
builtin-SwiftPerFileCompile DataCoders.swift
SwiftCompile normal arm64_32 Compiling\ MediaType.swift,\ NestedData.swift /Users/admin/builder/spi-builder-workspace/Sources/Core/MediaType.swift /Users/admin/builder/spi-builder-workspace/Sources/Core/NestedData.swift (in target 'Core' from project 'Core')
SwiftCompile normal arm64_32 /Users/admin/builder/spi-builder-workspace/Sources/Core/MediaType.swift (in target 'Core' from project 'Core')
cd /Users/admin/builder/spi-builder-workspace/.swiftpm/xcode
builtin-SwiftPerFileCompile MediaType.swift
SwiftCompile normal arm64_32 /Users/admin/builder/spi-builder-workspace/Sources/Core/NestedData.swift (in target 'Core' from project 'Core')
cd /Users/admin/builder/spi-builder-workspace/.swiftpm/xcode
builtin-SwiftPerFileCompile NestedData.swift
SwiftDriverJobDiscovery normal arm64_32 Compiling String+Utilities.swift, Thread+Async.swift (in target 'Core' from project 'Core')
Ld /Users/admin/builder/spi-builder-workspace/.derivedData/Build/Intermediates.noindex/swift-nio.build/Debug-watchos/CNIOAtomics-t.build/Objects-normal/arm64/Binary/CNIOAtomics.o normal arm64 (in target 'CNIOAtomics' from project 'swift-nio')
cd /Users/admin/builder/spi-builder-workspace/.dependencies/checkouts/swift-nio
/Applications/Xcode-27.0.0-Release.Candidate.app/Contents/Developer/Toolchains/XcodeDefault.xctoolchain/usr/bin/clang -Xlinker -reproducible -target arm64-apple-watchos9.0 -r -isysroot /Applications/Xcode-27.0.0-Release.Candidate.app/Contents/Developer/Platforms/WatchOS.platform/Developer/SDKs/WatchOS27.0.sdk -O0 -w -Xlinker -no_warn_duplicate_libraries -F/Users/admin/builder/spi-builder-workspace/.derivedData/Build/Intermediates.noindex/EagerLinkingTBDs/Debug-watchos -F/Users/admin/builder/spi-builder-workspace/.derivedData/Build/Products/Debug-watchos -iframework /Applications/Xcode-27.0.0-Release.Candidate.app/Contents/Developer/Platforms/WatchOS.platform/Developer/Library/Frameworks -iframework /Applications/Xcode-27.0.0-Release.Candidate.app/Contents/Developer/Platforms/WatchOS.platform/Developer/SDKs/WatchOS27.0.sdk/Developer/Library/Frameworks -filelist /Users/admin/builder/spi-builder-workspace/.derivedData/Build/Intermediates.noindex/swift-nio.build/Debug-watchos/CNIOAtomics-t.build/Objects-normal/arm64/CNIOAtomics.LinkFileList -nostdlib -Xlinker -object_path_lto -Xlinker /Users/admin/builder/spi-builder-workspace/.derivedData/Build/Intermediates.noindex/swift-nio.build/Debug-watchos/CNIOAtomics-t.build/Objects-normal/arm64/CNIOAtomics_lto.o -Xlinker -no_deduplicate -Xlinker -debug_variant -Xlinker -dependency_info -Xlinker /Users/admin/builder/spi-builder-workspace/.derivedData/Build/Intermediates.noindex/swift-nio.build/Debug-watchos/CNIOAtomics-t.build/Objects-normal/arm64/CNIOAtomics_dependency_info.dat -o /Users/admin/builder/spi-builder-workspace/.derivedData/Build/Intermediates.noindex/swift-nio.build/Debug-watchos/CNIOAtomics-t.build/Objects-normal/arm64/Binary/CNIOAtomics.o
SwiftDriverJobDiscovery normal arm64_32 Compiling HeaderValue.swift, LosslessDataConvertible.swift (in target 'Core' from project 'Core')
SwiftCompile normal arm64 Compiling\ HeaderValue.swift,\ LosslessDataConvertible.swift /Users/admin/builder/spi-builder-workspace/Sources/Core/HeaderValue.swift /Users/admin/builder/spi-builder-workspace/Sources/Core/LosslessDataConvertible.swift (in target 'Core' from project 'Core')
SwiftCompile normal arm64 /Users/admin/builder/spi-builder-workspace/Sources/Core/HeaderValue.swift (in target 'Core' from project 'Core')
cd /Users/admin/builder/spi-builder-workspace/.swiftpm/xcode
builtin-SwiftPerFileCompile HeaderValue.swift
SwiftCompile normal arm64 /Users/admin/builder/spi-builder-workspace/Sources/Core/LosslessDataConvertible.swift (in target 'Core' from project 'Core')
cd /Users/admin/builder/spi-builder-workspace/.swiftpm/xcode
builtin-SwiftPerFileCompile LosslessDataConvertible.swift
CreateUniversalBinary /Users/admin/builder/spi-builder-workspace/.derivedData/Build/Products/Debug-watchos/CNIOAtomics.o normal arm64\ arm64_32 (in target 'CNIOAtomics' from project 'swift-nio')
cd /Users/admin/builder/spi-builder-workspace/.dependencies/checkouts/swift-nio
/Applications/Xcode-27.0.0-Release.Candidate.app/Contents/Developer/Toolchains/XcodeDefault.xctoolchain/usr/bin/lipo -create /Users/admin/builder/spi-builder-workspace/.derivedData/Build/Intermediates.noindex/swift-nio.build/Debug-watchos/CNIOAtomics-t.build/Objects-normal/arm64/Binary/CNIOAtomics.o /Users/admin/builder/spi-builder-workspace/.derivedData/Build/Intermediates.noindex/swift-nio.build/Debug-watchos/CNIOAtomics-t.build/Objects-normal/arm64_32/Binary/CNIOAtomics.o -output /Users/admin/builder/spi-builder-workspace/.derivedData/Build/Products/Debug-watchos/CNIOAtomics.o
PruneExplicitPrecompiledModules /Users/admin/builder/spi-builder-workspace/.derivedData/Build/Intermediates.noindex/SwiftExplicitPrecompiledModules
PruneExplicitPrecompiledModules /Users/admin/builder/spi-builder-workspace/.derivedData/Build/Intermediates.noindex/ExplicitPrecompiledModules
PruneExplicitPrecompiledModules /Users/admin/builder/spi-builder-workspace/.derivedData/SDKExplicitPrecompiledModules
2026-09-17 17:51:51.361 xcodebuild[724:4508] [MT] IDERunDestination: Supported platforms for the buildables in the current scheme is empty.
** BUILD FAILED **
The following build commands failed:
SwiftCompile normal arm64 Compiling\ Process+Execute.swift,\ Reflectable.swift /Users/admin/builder/spi-builder-workspace/Sources/Core/Process+Execute.swift /Users/admin/builder/spi-builder-workspace/Sources/Core/Reflectable.swift (in target 'Core' from project 'Core')
SwiftCompile normal arm64 /Users/admin/builder/spi-builder-workspace/Sources/Core/Process+Execute.swift (in target 'Core' from project 'Core')
Building workspace Core with scheme Core-Package
(3 failures)
Command line invocation:
/Applications/Xcode-27.0.0-Release.Candidate.app/Contents/Developer/usr/bin/xcodebuild -IDEClonedSourcePackagesDirPathOverride=/Users/admin/builder/spi-builder-workspace/.dependencies -resolvePackageDependencies
Resolve Package Graph
ignoring declared target(s) 'swift-nio-zlib-support' in the system packagecouldn't find pc file for zlib
Resolved source packages:
swift-nio: https://github.com/apple/swift-nio.git @ 1.14.4
swift-nio-zlib-support: https://github.com/apple/swift-nio-zlib-support.git @ 1.0.0
Core: /Users/admin/builder/spi-builder-workspace
resolved source packages: swift-nio, swift-nio-zlib-support, Core
2026-09-17 17:52:01.405 xcodebuild[949:5547] [MT] IDERunDestination: Supported platforms for the buildables in the current scheme is empty.
{
"dependencies" : [
{
"identity" : "swift-nio",
"requirement" : {
"range" : [
{
"lower_bound" : "1.14.1",
"upper_bound" : "2.0.0"
}
]
},
"type" : "sourceControl",
"url" : "https://github.com/apple/swift-nio.git"
}
],
"manifest_display_name" : "Core",
"name" : "Core",
"path" : "/Users/admin/builder/spi-builder-workspace",
"platforms" : [
],
"products" : [
{
"name" : "Async",
"targets" : [
"Async"
],
"type" : {
"library" : [
"automatic"
]
}
},
{
"name" : "Bits",
"targets" : [
"Bits"
],
"type" : {
"library" : [
"automatic"
]
}
},
{
"name" : "Core",
"targets" : [
"Core"
],
"type" : {
"library" : [
"automatic"
]
}
},
{
"name" : "COperatingSystem",
"targets" : [
"COperatingSystem"
],
"type" : {
"library" : [
"automatic"
]
}
},
{
"name" : "Debugging",
"targets" : [
"Debugging"
],
"type" : {
"library" : [
"automatic"
]
}
}
],
"targets" : [
{
"c99name" : "DebuggingTests",
"module_type" : "SwiftTarget",
"name" : "DebuggingTests",
"path" : "Tests/DebuggingTests",
"sources" : [
"FooError.swift",
"FooErrorTests.swift",
"GeneralTests.swift",
"MinimumError.swift",
"TestError.swift",
"TraceableTests.swift"
],
"target_dependencies" : [
"Debugging"
],
"type" : "test"
},
{
"c99name" : "Debugging",
"module_type" : "SwiftTarget",
"name" : "Debugging",
"path" : "Sources/Debugging",
"product_memberships" : [
"Bits",
"Core",
"Debugging"
],
"sources" : [
"Debuggable.swift",
"Demangler.swift",
"SourceLocation.swift"
],
"type" : "library"
},
{
"c99name" : "CoreTests",
"module_type" : "SwiftTarget",
"name" : "CoreTests",
"path" : "Tests/CoreTests",
"sources" : [
"CoreTests.swift",
"ReflectableTests.swift"
],
"target_dependencies" : [
"Core"
],
"type" : "test"
},
{
"c99name" : "Core",
"module_type" : "SwiftTarget",
"name" : "Core",
"path" : "Sources/Core",
"product_dependencies" : [
"NIOFoundationCompat"
],
"product_memberships" : [
"Core"
],
"sources" : [
"BasicKey.swift",
"CaseInsensitiveString.swift",
"CodableReflection/Decodable+Reflectable.swift",
"CodableReflection/ReflectionDecodable.swift",
"CodableReflection/ReflectionDecoders.swift",
"CoreError.swift",
"Data+Base64URL.swift",
"Data+Hex.swift",
"DataCoders.swift",
"Deprecated.swift",
"DirectoryConfig.swift",
"Exports.swift",
"File.swift",
"Future+Unwrap.swift",
"FutureEncoder.swift",
"HeaderValue.swift",
"LosslessDataConvertible.swift",
"MediaType.swift",
"NestedData.swift",
"NotFound.swift",
"OptionalType.swift",
"Process+Execute.swift",
"Reflectable.swift",
"String+Utilities.swift",
"Thread+Async.swift"
],
"target_dependencies" : [
"Async",
"Bits",
"COperatingSystem",
"Debugging"
],
"type" : "library"
},
{
"c99name" : "COperatingSystem",
"module_type" : "SwiftTarget",
"name" : "COperatingSystem",
"path" : "Sources/COperatingSystem",
"product_memberships" : [
"Core",
"COperatingSystem"
],
"sources" : [
"libc.swift"
],
"type" : "library"
},
{
"c99name" : "BitsTests",
"module_type" : "SwiftTarget",
"name" : "BitsTests",
"path" : "Tests/BitsTests",
"product_dependencies" : [
"NIO"
],
"sources" : [
"ByteBufferPeekTests.swift",
"ByteBufferRequireTests.swift"
],
"target_dependencies" : [
"Bits"
],
"type" : "test"
},
{
"c99name" : "Bits",
"module_type" : "SwiftTarget",
"name" : "Bits",
"path" : "Sources/Bits",
"product_dependencies" : [
"NIO"
],
"product_memberships" : [
"Bits",
"Core"
],
"sources" : [
"BitsError.swift",
"Byte+Alphabet.swift",
"Byte+Control.swift",
"Byte+Digit.swift",
"ByteBuffer+binaryFloatingPointOperations.swift",
"ByteBuffer+peek.swift",
"ByteBuffer+require.swift",
"ByteBuffer+string.swift",
"Bytes.swift",
"Data+Bytes.swift",
"Data+Strings.swift",
"Deprecated.swift"
],
"target_dependencies" : [
"Debugging"
],
"type" : "library"
},
{
"c99name" : "AsyncTests",
"module_type" : "SwiftTarget",
"name" : "AsyncTests",
"path" : "Tests/AsyncTests",
"sources" : [
"AsyncTests.swift"
],
"target_dependencies" : [
"Async"
],
"type" : "test"
},
{
"c99name" : "Async",
"module_type" : "SwiftTarget",
"name" : "Async",
"path" : "Sources/Async",
"product_dependencies" : [
"NIO"
],
"product_memberships" : [
"Async",
"Core"
],
"sources" : [
"Async+NIO.swift",
"AsyncError.swift",
"Collection+Future.swift",
"Deprecated.swift",
"Exports.swift",
"Future+DoCatch.swift",
"Future+Flatten.swift",
"Future+Global.swift",
"Future+Map.swift",
"Future+Transform.swift",
"Future+Variadic.swift",
"Future+Void.swift",
"FutureType.swift",
"QueueHandler.swift",
"Worker.swift"
],
"type" : "library"
}
],
"tools_version" : "4.1"
}
{
"workspace" : {
"name" : "Core",
"schemes" : [
"Async",
"Bits",
"COperatingSystem",
"Core",
"Core-Package",
"Debugging"
]
}
}
2026-09-17 17:52:02.735 xcodebuild[958:5620] [MT] IDERunDestination: Supported platforms for the buildables in the current scheme is empty.
Running build ...
env DEVELOPER_DIR=/Applications/Xcode-27.0.0-Release.Candidate.app xcrun xcodebuild -IDEClonedSourcePackagesDirPathOverride=$PWD/.dependencies -skipMacroValidation -skipPackagePluginValidation -derivedDataPath $PWD/.derivedData build -scheme Core-Package -destination generic/platform=watchOS
Command line invocation:
/Applications/Xcode-27.0.0-Release.Candidate.app/Contents/Developer/usr/bin/xcodebuild -IDEClonedSourcePackagesDirPathOverride=/Users/admin/builder/spi-builder-workspace/.dependencies -skipMacroValidation -skipPackagePluginValidation -derivedDataPath /Users/admin/builder/spi-builder-workspace/.derivedData build -scheme Core-Package -destination generic/platform=watchOS
Resolve Package Graph
ignoring declared target(s) 'swift-nio-zlib-support' in the system packagecouldn't find pc file for zlib
Resolved source packages:
swift-nio-zlib-support: https://github.com/apple/swift-nio-zlib-support.git @ 1.0.0
swift-nio: https://github.com/apple/swift-nio.git @ 1.14.4
Core: /Users/admin/builder/spi-builder-workspace
ComputePackagePrebuildTargetDependencyGraph
Prepare packages
CreateBuildRequest
SendProjectDescription
CreateBuildOperation
ComputeTargetDependencyGraph
note: Building targets in dependency order
note: Target dependency graph (21 targets)
Target 'Debugging-product' in project 'Core'
➜ Explicit dependency on target 'Debugging' in project 'Core'
Target 'COperatingSystem-product' in project 'Core'
➜ Explicit dependency on target 'COperatingSystem' in project 'Core'
Target 'Core-product' in project 'Core'
➜ Explicit dependency on target 'Core' in project 'Core'
➜ Explicit dependency on target 'Async' in project 'Core'
➜ Explicit dependency on target 'Debugging' in project 'Core'
➜ Explicit dependency on target 'Bits' in project 'Core'
➜ Explicit dependency on target 'COperatingSystem' in project 'Core'
➜ Explicit dependency on target 'NIO-product' in project 'swift-nio'
➜ Explicit dependency on target 'NIOFoundationCompat-product' in project 'swift-nio'
Target 'Core' in project 'Core'
➜ Explicit dependency on target 'Async' in project 'Core'
➜ Explicit dependency on target 'Debugging' in project 'Core'
➜ Explicit dependency on target 'Bits' in project 'Core'
➜ Explicit dependency on target 'COperatingSystem' in project 'Core'
➜ Explicit dependency on target 'NIO-product' in project 'swift-nio'
➜ Explicit dependency on target 'NIOFoundationCompat-product' in project 'swift-nio'
Target 'NIOFoundationCompat-product' in project 'swift-nio'
➜ Explicit dependency on target 'NIOFoundationCompat' in project 'swift-nio'
➜ Explicit dependency on target 'CNIOLinux' in project 'swift-nio'
➜ Explicit dependency on target 'CNIODarwin' in project 'swift-nio'
➜ Explicit dependency on target 'CNIOAtomics' in project 'swift-nio'
➜ Explicit dependency on target 'NIOConcurrencyHelpers' in project 'swift-nio'
➜ Explicit dependency on target 'NIOPriorityQueue' in project 'swift-nio'
➜ Explicit dependency on target 'CNIOSHA1' in project 'swift-nio'
➜ Explicit dependency on target 'NIO' in project 'swift-nio'
Target 'NIOFoundationCompat' in project 'swift-nio'
➜ Explicit dependency on target 'swift-nio-zlib-support' in project 'swift-nio-zlib-support'
➜ Explicit dependency on target 'CNIOLinux' in project 'swift-nio'
➜ Explicit dependency on target 'CNIODarwin' in project 'swift-nio'
➜ Explicit dependency on target 'CNIOAtomics' in project 'swift-nio'
➜ Explicit dependency on target 'NIOConcurrencyHelpers' in project 'swift-nio'
➜ Explicit dependency on target 'NIOPriorityQueue' in project 'swift-nio'
➜ Explicit dependency on target 'CNIOSHA1' in project 'swift-nio'
➜ Explicit dependency on target 'NIO' in project 'swift-nio'
Target 'COperatingSystem' in project 'Core' (no dependencies)
Target 'Bits-product' in project 'Core'
➜ Explicit dependency on target 'Bits' in project 'Core'
➜ Explicit dependency on target 'Debugging' in project 'Core'
➜ Explicit dependency on target 'NIO-product' in project 'swift-nio'
Target 'Bits' in project 'Core'
➜ Explicit dependency on target 'Debugging' in project 'Core'
➜ Explicit dependency on target 'NIO-product' in project 'swift-nio'
Target 'Debugging' in project 'Core' (no dependencies)
Target 'Async-product' in project 'Core'
➜ Explicit dependency on target 'Async' in project 'Core'
➜ Explicit dependency on target 'NIO-product' in project 'swift-nio'
Target 'Async' in project 'Core'
➜ Explicit dependency on target 'NIO-product' in project 'swift-nio'
Target 'NIO-product' in project 'swift-nio'
➜ Explicit dependency on target 'NIO' in project 'swift-nio'
➜ Explicit dependency on target 'CNIOLinux' in project 'swift-nio'
➜ Explicit dependency on target 'CNIODarwin' in project 'swift-nio'
➜ Explicit dependency on target 'CNIOAtomics' in project 'swift-nio'
➜ Explicit dependency on target 'NIOConcurrencyHelpers' in project 'swift-nio'
➜ Explicit dependency on target 'NIOPriorityQueue' in project 'swift-nio'
➜ Explicit dependency on target 'CNIOSHA1' in project 'swift-nio'
Target 'NIO' in project 'swift-nio'
➜ Explicit dependency on target 'swift-nio-zlib-support' in project 'swift-nio-zlib-support'
➜ Explicit dependency on target 'CNIOLinux' in project 'swift-nio'
➜ Explicit dependency on target 'CNIODarwin' in project 'swift-nio'
➜ Explicit dependency on target 'CNIOAtomics' in project 'swift-nio'
➜ Explicit dependency on target 'NIOConcurrencyHelpers' in project 'swift-nio'
➜ Explicit dependency on target 'NIOPriorityQueue' in project 'swift-nio'
➜ Explicit dependency on target 'CNIOSHA1' in project 'swift-nio'
Target 'CNIOSHA1' in project 'swift-nio'
➜ Explicit dependency on target 'swift-nio-zlib-support' in project 'swift-nio-zlib-support'
Target 'NIOPriorityQueue' in project 'swift-nio'
➜ Explicit dependency on target 'swift-nio-zlib-support' in project 'swift-nio-zlib-support'
Target 'NIOConcurrencyHelpers' in project 'swift-nio'
➜ Explicit dependency on target 'swift-nio-zlib-support' in project 'swift-nio-zlib-support'
➜ Explicit dependency on target 'CNIOAtomics' in project 'swift-nio'
Target 'CNIOAtomics' in project 'swift-nio'
➜ Explicit dependency on target 'swift-nio-zlib-support' in project 'swift-nio-zlib-support'
Target 'CNIODarwin' in project 'swift-nio'
➜ Explicit dependency on target 'swift-nio-zlib-support' in project 'swift-nio-zlib-support'
Target 'CNIOLinux' in project 'swift-nio'
➜ Explicit dependency on target 'swift-nio-zlib-support' in project 'swift-nio-zlib-support'
Target 'swift-nio-zlib-support' in project 'swift-nio-zlib-support' (no dependencies)
GatherProvisioningInputs
CreateBuildDescription
ClangStatCache /Applications/Xcode-27.0.0-Release.Candidate.app/Contents/Developer/Toolchains/XcodeDefault.xctoolchain/usr/bin/clang-stat-cache /Applications/Xcode-27.0.0-Release.Candidate.app/Contents/Developer/Platforms/WatchOS.platform/Developer/SDKs/WatchOS27.0.sdk /Users/admin/builder/spi-builder-workspace/.derivedData/SDKStatCaches.noindex/watchos27.0-24R360-e829b21a6f8c9b70876ba0858053c04477534ef55a1706bf4c1112bbb242f0a2.sdkstatcache
cd /Users/admin/builder/spi-builder-workspace/.swiftpm/xcode
/Applications/Xcode-27.0.0-Release.Candidate.app/Contents/Developer/Toolchains/XcodeDefault.xctoolchain/usr/bin/clang-stat-cache /Applications/Xcode-27.0.0-Release.Candidate.app/Contents/Developer/Platforms/WatchOS.platform/Developer/SDKs/WatchOS27.0.sdk -o /Users/admin/builder/spi-builder-workspace/.derivedData/SDKStatCaches.noindex/watchos27.0-24R360-e829b21a6f8c9b70876ba0858053c04477534ef55a1706bf4c1112bbb242f0a2.sdkstatcache
SwiftDriver Core normal arm64_32 com.apple.xcode.tools.swift.compiler (in target 'Core' from project 'Core')
cd /Users/admin/builder/spi-builder-workspace/.swiftpm/xcode
builtin-SwiftDriver -- /Applications/Xcode-27.0.0-Release.Candidate.app/Contents/Developer/Toolchains/XcodeDefault.xctoolchain/usr/bin/swiftc -parse-as-library -module-name Core -Onone @/Users/admin/builder/spi-builder-workspace/.derivedData/Build/Intermediates.noindex/Core.build/Debug-watchos/Core-t.build/Objects-normal/arm64_32/Core.SwiftFileList -DSWIFT_PACKAGE -DDEBUG -DSWIFT_MODULE_RESOURCE_BUNDLE_UNAVAILABLE -Xcc -fmodule-map-file\=/Users/admin/builder/spi-builder-workspace/.dependencies/checkouts/swift-nio-zlib-support/module.modulemap -Xcc -fmodule-map-file\=/Users/admin/builder/spi-builder-workspace/.derivedData/Build/Intermediates.noindex/GeneratedModuleMaps-watchos/CNIOSHA1.modulemap -Xcc -fmodule-map-file\=/Users/admin/builder/spi-builder-workspace/.derivedData/Build/Intermediates.noindex/GeneratedModuleMaps-watchos/CNIOAtomics.modulemap -Xcc -fmodule-map-file\=/Users/admin/builder/spi-builder-workspace/.derivedData/Build/Intermediates.noindex/GeneratedModuleMaps-watchos/CNIODarwin.modulemap -Xcc -fmodule-map-file\=/Users/admin/builder/spi-builder-workspace/.derivedData/Build/Intermediates.noindex/GeneratedModuleMaps-watchos/CNIOLinux.modulemap -DXcode -plugin-path /Applications/Xcode-27.0.0-Release.Candidate.app/Contents/Developer/Toolchains/XcodeDefault.xctoolchain/usr/lib/swift/host/plugins/testing -enable-experimental-feature DebugDescriptionMacro -sdk /Applications/Xcode-27.0.0-Release.Candidate.app/Contents/Developer/Platforms/WatchOS.platform/Developer/SDKs/WatchOS27.0.sdk -target arm64_32-apple-watchos9.0 -g -module-cache-path /Users/admin/builder/spi-builder-workspace/.derivedData/ModuleCache.noindex -Xfrontend -serialize-debugging-options -profile-coverage-mapping -profile-generate -enable-testing -index-store-path /Users/admin/builder/spi-builder-workspace/.derivedData/Index.noindex/DataStore -Xcc -D_LIBCPP_HARDENING_MODE\=_LIBCPP_HARDENING_MODE_DEBUG -swift-version 4 -I /Users/admin/builder/spi-builder-workspace/.derivedData/Build/Products/Debug-watchos -Isystem /Applications/Xcode-27.0.0-Release.Candidate.app/Contents/Developer/Platforms/WatchOS.platform/Developer/usr/lib -F /Users/admin/builder/spi-builder-workspace/.derivedData/Build/Products/Debug-watchos/PackageFrameworks -F /Users/admin/builder/spi-builder-workspace/.derivedData/Build/Products/Debug-watchos -F /Applications/Xcode-27.0.0-Release.Candidate.app/Contents/Developer/Platforms/WatchOS.platform/Developer/Library/Frameworks -F /Applications/Xcode-27.0.0-Release.Candidate.app/Contents/Developer/Platforms/WatchOS.platform/Developer/SDKs/WatchOS27.0.sdk/Developer/Library/Frameworks -c -j10 -enable-batch-mode -incremental -Xcc -ivfsstatcache -Xcc /Users/admin/builder/spi-builder-workspace/.derivedData/SDKStatCaches.noindex/watchos27.0-24R360-e829b21a6f8c9b70876ba0858053c04477534ef55a1706bf4c1112bbb242f0a2.sdkstatcache -output-file-map /Users/admin/builder/spi-builder-workspace/.derivedData/Build/Intermediates.noindex/Core.build/Debug-watchos/Core-t.build/Objects-normal/arm64_32/Core-OutputFileMap.json -save-temps -no-color-diagnostics -emit-dependencies -emit-module -emit-module-path /Users/admin/builder/spi-builder-workspace/.derivedData/Build/Intermediates.noindex/Core.build/Debug-watchos/Core-t.build/Objects-normal/arm64_32/Core.swiftmodule -serialize-diagnostics -validate-clang-modules-once -clang-build-session-file /Users/admin/builder/spi-builder-workspace/.derivedData/ModuleCache.noindex/Session.modulevalidation -Xcc -fmodules-prune-interval\=86400 -Xcc -fmodules-prune-after\=345600 -emit-const-values -const-gather-protocols-list /Users/admin/builder/spi-builder-workspace/.derivedData/Build/Intermediates.noindex/Core.build/Debug-watchos/Core-t.build/Objects-normal/arm64_32/Core_const_extract_protocols.json -Xcc -I/Users/admin/builder/spi-builder-workspace/.dependencies/checkouts/swift-nio/Sources/CNIOSHA1/include -Xcc -I/Users/admin/builder/spi-builder-workspace/.dependencies/checkouts/swift-nio/Sources/CNIOAtomics/include -Xcc -I/Users/admin/builder/spi-builder-workspace/.dependencies/checkouts/swift-nio/Sources/CNIODarwin/include -Xcc -I/Users/admin/builder/spi-builder-workspace/.dependencies/checkouts/swift-nio/Sources/CNIOLinux/include -Xcc -I/Users/admin/builder/spi-builder-workspace/.derivedData/Build/Products/Debug-watchos/include -Xcc -I/Users/admin/builder/spi-builder-workspace/.derivedData/Build/Intermediates.noindex/Core.build/Debug-watchos/Core-t.build/DerivedSources-normal/arm64_32 -Xcc -I/Users/admin/builder/spi-builder-workspace/.derivedData/Build/Intermediates.noindex/Core.build/Debug-watchos/Core-t.build/DerivedSources/arm64_32 -Xcc -I/Users/admin/builder/spi-builder-workspace/.derivedData/Build/Intermediates.noindex/Core.build/Debug-watchos/Core-t.build/DerivedSources -Xcc -DSWIFT_PACKAGE -Xcc -DDEBUG\=1 -emit-objc-header -emit-objc-header-path /Users/admin/builder/spi-builder-workspace/.derivedData/Build/Intermediates.noindex/Core.build/Debug-watchos/Core-t.build/Objects-normal/arm64_32/Core-Swift.h -working-directory /Users/admin/builder/spi-builder-workspace/.swiftpm/xcode -experimental-emit-module-separately -disable-cmo
SwiftDriver Core normal arm64 com.apple.xcode.tools.swift.compiler (in target 'Core' from project 'Core')
cd /Users/admin/builder/spi-builder-workspace/.swiftpm/xcode
builtin-SwiftDriver -- /Applications/Xcode-27.0.0-Release.Candidate.app/Contents/Developer/Toolchains/XcodeDefault.xctoolchain/usr/bin/swiftc -parse-as-library -module-name Core -Onone @/Users/admin/builder/spi-builder-workspace/.derivedData/Build/Intermediates.noindex/Core.build/Debug-watchos/Core-t.build/Objects-normal/arm64/Core.SwiftFileList -DSWIFT_PACKAGE -DDEBUG -DSWIFT_MODULE_RESOURCE_BUNDLE_UNAVAILABLE -Xcc -fmodule-map-file\=/Users/admin/builder/spi-builder-workspace/.dependencies/checkouts/swift-nio-zlib-support/module.modulemap -Xcc -fmodule-map-file\=/Users/admin/builder/spi-builder-workspace/.derivedData/Build/Intermediates.noindex/GeneratedModuleMaps-watchos/CNIOSHA1.modulemap -Xcc -fmodule-map-file\=/Users/admin/builder/spi-builder-workspace/.derivedData/Build/Intermediates.noindex/GeneratedModuleMaps-watchos/CNIOAtomics.modulemap -Xcc -fmodule-map-file\=/Users/admin/builder/spi-builder-workspace/.derivedData/Build/Intermediates.noindex/GeneratedModuleMaps-watchos/CNIODarwin.modulemap -Xcc -fmodule-map-file\=/Users/admin/builder/spi-builder-workspace/.derivedData/Build/Intermediates.noindex/GeneratedModuleMaps-watchos/CNIOLinux.modulemap -DXcode -plugin-path /Applications/Xcode-27.0.0-Release.Candidate.app/Contents/Developer/Toolchains/XcodeDefault.xctoolchain/usr/lib/swift/host/plugins/testing -enable-experimental-feature DebugDescriptionMacro -sdk /Applications/Xcode-27.0.0-Release.Candidate.app/Contents/Developer/Platforms/WatchOS.platform/Developer/SDKs/WatchOS27.0.sdk -target arm64-apple-watchos9.0 -g -module-cache-path /Users/admin/builder/spi-builder-workspace/.derivedData/ModuleCache.noindex -Xfrontend -serialize-debugging-options -profile-coverage-mapping -profile-generate -enable-testing -index-store-path /Users/admin/builder/spi-builder-workspace/.derivedData/Index.noindex/DataStore -Xcc -D_LIBCPP_HARDENING_MODE\=_LIBCPP_HARDENING_MODE_DEBUG -swift-version 4 -I /Users/admin/builder/spi-builder-workspace/.derivedData/Build/Products/Debug-watchos -Isystem /Applications/Xcode-27.0.0-Release.Candidate.app/Contents/Developer/Platforms/WatchOS.platform/Developer/usr/lib -F /Users/admin/builder/spi-builder-workspace/.derivedData/Build/Products/Debug-watchos/PackageFrameworks -F /Users/admin/builder/spi-builder-workspace/.derivedData/Build/Products/Debug-watchos -F /Applications/Xcode-27.0.0-Release.Candidate.app/Contents/Developer/Platforms/WatchOS.platform/Developer/Library/Frameworks -F /Applications/Xcode-27.0.0-Release.Candidate.app/Contents/Developer/Platforms/WatchOS.platform/Developer/SDKs/WatchOS27.0.sdk/Developer/Library/Frameworks -c -j10 -enable-batch-mode -incremental -Xcc -ivfsstatcache -Xcc /Users/admin/builder/spi-builder-workspace/.derivedData/SDKStatCaches.noindex/watchos27.0-24R360-e829b21a6f8c9b70876ba0858053c04477534ef55a1706bf4c1112bbb242f0a2.sdkstatcache -output-file-map /Users/admin/builder/spi-builder-workspace/.derivedData/Build/Intermediates.noindex/Core.build/Debug-watchos/Core-t.build/Objects-normal/arm64/Core-OutputFileMap.json -save-temps -no-color-diagnostics -emit-dependencies -emit-module -emit-module-path /Users/admin/builder/spi-builder-workspace/.derivedData/Build/Intermediates.noindex/Core.build/Debug-watchos/Core-t.build/Objects-normal/arm64/Core.swiftmodule -serialize-diagnostics -validate-clang-modules-once -clang-build-session-file /Users/admin/builder/spi-builder-workspace/.derivedData/ModuleCache.noindex/Session.modulevalidation -Xcc -fmodules-prune-interval\=86400 -Xcc -fmodules-prune-after\=345600 -emit-const-values -const-gather-protocols-list /Users/admin/builder/spi-builder-workspace/.derivedData/Build/Intermediates.noindex/Core.build/Debug-watchos/Core-t.build/Objects-normal/arm64/Core_const_extract_protocols.json -Xcc -I/Users/admin/builder/spi-builder-workspace/.dependencies/checkouts/swift-nio/Sources/CNIOSHA1/include -Xcc -I/Users/admin/builder/spi-builder-workspace/.dependencies/checkouts/swift-nio/Sources/CNIOAtomics/include -Xcc -I/Users/admin/builder/spi-builder-workspace/.dependencies/checkouts/swift-nio/Sources/CNIODarwin/include -Xcc -I/Users/admin/builder/spi-builder-workspace/.dependencies/checkouts/swift-nio/Sources/CNIOLinux/include -Xcc -I/Users/admin/builder/spi-builder-workspace/.derivedData/Build/Products/Debug-watchos/include -Xcc -I/Users/admin/builder/spi-builder-workspace/.derivedData/Build/Intermediates.noindex/Core.build/Debug-watchos/Core-t.build/DerivedSources-normal/arm64 -Xcc -I/Users/admin/builder/spi-builder-workspace/.derivedData/Build/Intermediates.noindex/Core.build/Debug-watchos/Core-t.build/DerivedSources/arm64 -Xcc -I/Users/admin/builder/spi-builder-workspace/.derivedData/Build/Intermediates.noindex/Core.build/Debug-watchos/Core-t.build/DerivedSources -Xcc -DSWIFT_PACKAGE -Xcc -DDEBUG\=1 -emit-objc-header -emit-objc-header-path /Users/admin/builder/spi-builder-workspace/.derivedData/Build/Intermediates.noindex/Core.build/Debug-watchos/Core-t.build/Objects-normal/arm64/Core-Swift.h -working-directory /Users/admin/builder/spi-builder-workspace/.swiftpm/xcode -experimental-emit-module-separately -disable-cmo
SwiftDriver Async normal arm64_32 com.apple.xcode.tools.swift.compiler (in target 'Async' from project 'Core')
cd /Users/admin/builder/spi-builder-workspace/.swiftpm/xcode
builtin-SwiftDriver -- /Applications/Xcode-27.0.0-Release.Candidate.app/Contents/Developer/Toolchains/XcodeDefault.xctoolchain/usr/bin/swiftc -parse-as-library -module-name Async -Onone @/Users/admin/builder/spi-builder-workspace/.derivedData/Build/Intermediates.noindex/Core.build/Debug-watchos/Async-t.build/Objects-normal/arm64_32/Async.SwiftFileList -DSWIFT_PACKAGE -DDEBUG -DSWIFT_MODULE_RESOURCE_BUNDLE_UNAVAILABLE -Xcc -fmodule-map-file\=/Users/admin/builder/spi-builder-workspace/.dependencies/checkouts/swift-nio-zlib-support/module.modulemap -Xcc -fmodule-map-file\=/Users/admin/builder/spi-builder-workspace/.derivedData/Build/Intermediates.noindex/GeneratedModuleMaps-watchos/CNIOSHA1.modulemap -Xcc -fmodule-map-file\=/Users/admin/builder/spi-builder-workspace/.derivedData/Build/Intermediates.noindex/GeneratedModuleMaps-watchos/CNIOAtomics.modulemap -Xcc -fmodule-map-file\=/Users/admin/builder/spi-builder-workspace/.derivedData/Build/Intermediates.noindex/GeneratedModuleMaps-watchos/CNIODarwin.modulemap -Xcc -fmodule-map-file\=/Users/admin/builder/spi-builder-workspace/.derivedData/Build/Intermediates.noindex/GeneratedModuleMaps-watchos/CNIOLinux.modulemap -DXcode -plugin-path /Applications/Xcode-27.0.0-Release.Candidate.app/Contents/Developer/Toolchains/XcodeDefault.xctoolchain/usr/lib/swift/host/plugins/testing -enable-experimental-feature DebugDescriptionMacro -sdk /Applications/Xcode-27.0.0-Release.Candidate.app/Contents/Developer/Platforms/WatchOS.platform/Developer/SDKs/WatchOS27.0.sdk -target arm64_32-apple-watchos9.0 -g -module-cache-path /Users/admin/builder/spi-builder-workspace/.derivedData/ModuleCache.noindex -Xfrontend -serialize-debugging-options -profile-coverage-mapping -profile-generate -enable-testing -index-store-path /Users/admin/builder/spi-builder-workspace/.derivedData/Index.noindex/DataStore -Xcc -D_LIBCPP_HARDENING_MODE\=_LIBCPP_HARDENING_MODE_DEBUG -swift-version 4 -I /Users/admin/builder/spi-builder-workspace/.derivedData/Build/Products/Debug-watchos -Isystem /Applications/Xcode-27.0.0-Release.Candidate.app/Contents/Developer/Platforms/WatchOS.platform/Developer/usr/lib -F /Users/admin/builder/spi-builder-workspace/.derivedData/Build/Products/Debug-watchos/PackageFrameworks -F /Users/admin/builder/spi-builder-workspace/.derivedData/Build/Products/Debug-watchos -F /Applications/Xcode-27.0.0-Release.Candidate.app/Contents/Developer/Platforms/WatchOS.platform/Developer/Library/Frameworks -F /Applications/Xcode-27.0.0-Release.Candidate.app/Contents/Developer/Platforms/WatchOS.platform/Developer/SDKs/WatchOS27.0.sdk/Developer/Library/Frameworks -c -j10 -enable-batch-mode -incremental -Xcc -ivfsstatcache -Xcc /Users/admin/builder/spi-builder-workspace/.derivedData/SDKStatCaches.noindex/watchos27.0-24R360-e829b21a6f8c9b70876ba0858053c04477534ef55a1706bf4c1112bbb242f0a2.sdkstatcache -output-file-map /Users/admin/builder/spi-builder-workspace/.derivedData/Build/Intermediates.noindex/Core.build/Debug-watchos/Async-t.build/Objects-normal/arm64_32/Async-OutputFileMap.json -save-temps -no-color-diagnostics -emit-dependencies -emit-module -emit-module-path /Users/admin/builder/spi-builder-workspace/.derivedData/Build/Intermediates.noindex/Core.build/Debug-watchos/Async-t.build/Objects-normal/arm64_32/Async.swiftmodule -serialize-diagnostics -validate-clang-modules-once -clang-build-session-file /Users/admin/builder/spi-builder-workspace/.derivedData/ModuleCache.noindex/Session.modulevalidation -Xcc -fmodules-prune-interval\=86400 -Xcc -fmodules-prune-after\=345600 -emit-const-values -const-gather-protocols-list /Users/admin/builder/spi-builder-workspace/.derivedData/Build/Intermediates.noindex/Core.build/Debug-watchos/Async-t.build/Objects-normal/arm64_32/Async_const_extract_protocols.json -Xcc -I/Users/admin/builder/spi-builder-workspace/.dependencies/checkouts/swift-nio/Sources/CNIOSHA1/include -Xcc -I/Users/admin/builder/spi-builder-workspace/.dependencies/checkouts/swift-nio/Sources/CNIOAtomics/include -Xcc -I/Users/admin/builder/spi-builder-workspace/.dependencies/checkouts/swift-nio/Sources/CNIODarwin/include -Xcc -I/Users/admin/builder/spi-builder-workspace/.dependencies/checkouts/swift-nio/Sources/CNIOLinux/include -Xcc -I/Users/admin/builder/spi-builder-workspace/.derivedData/Build/Products/Debug-watchos/include -Xcc -I/Users/admin/builder/spi-builder-workspace/.derivedData/Build/Intermediates.noindex/Core.build/Debug-watchos/Async-t.build/DerivedSources-normal/arm64_32 -Xcc -I/Users/admin/builder/spi-builder-workspace/.derivedData/Build/Intermediates.noindex/Core.build/Debug-watchos/Async-t.build/DerivedSources/arm64_32 -Xcc -I/Users/admin/builder/spi-builder-workspace/.derivedData/Build/Intermediates.noindex/Core.build/Debug-watchos/Async-t.build/DerivedSources -Xcc -DSWIFT_PACKAGE -Xcc -DDEBUG\=1 -emit-objc-header -emit-objc-header-path /Users/admin/builder/spi-builder-workspace/.derivedData/Build/Intermediates.noindex/Core.build/Debug-watchos/Async-t.build/Objects-normal/arm64_32/Async-Swift.h -working-directory /Users/admin/builder/spi-builder-workspace/.swiftpm/xcode -experimental-emit-module-separately -disable-cmo
SwiftDriver Async normal arm64 com.apple.xcode.tools.swift.compiler (in target 'Async' from project 'Core')
cd /Users/admin/builder/spi-builder-workspace/.swiftpm/xcode
builtin-SwiftDriver -- /Applications/Xcode-27.0.0-Release.Candidate.app/Contents/Developer/Toolchains/XcodeDefault.xctoolchain/usr/bin/swiftc -parse-as-library -module-name Async -Onone @/Users/admin/builder/spi-builder-workspace/.derivedData/Build/Intermediates.noindex/Core.build/Debug-watchos/Async-t.build/Objects-normal/arm64/Async.SwiftFileList -DSWIFT_PACKAGE -DDEBUG -DSWIFT_MODULE_RESOURCE_BUNDLE_UNAVAILABLE -Xcc -fmodule-map-file\=/Users/admin/builder/spi-builder-workspace/.dependencies/checkouts/swift-nio-zlib-support/module.modulemap -Xcc -fmodule-map-file\=/Users/admin/builder/spi-builder-workspace/.derivedData/Build/Intermediates.noindex/GeneratedModuleMaps-watchos/CNIOSHA1.modulemap -Xcc -fmodule-map-file\=/Users/admin/builder/spi-builder-workspace/.derivedData/Build/Intermediates.noindex/GeneratedModuleMaps-watchos/CNIOAtomics.modulemap -Xcc -fmodule-map-file\=/Users/admin/builder/spi-builder-workspace/.derivedData/Build/Intermediates.noindex/GeneratedModuleMaps-watchos/CNIODarwin.modulemap -Xcc -fmodule-map-file\=/Users/admin/builder/spi-builder-workspace/.derivedData/Build/Intermediates.noindex/GeneratedModuleMaps-watchos/CNIOLinux.modulemap -DXcode -plugin-path /Applications/Xcode-27.0.0-Release.Candidate.app/Contents/Developer/Toolchains/XcodeDefault.xctoolchain/usr/lib/swift/host/plugins/testing -enable-experimental-feature DebugDescriptionMacro -sdk /Applications/Xcode-27.0.0-Release.Candidate.app/Contents/Developer/Platforms/WatchOS.platform/Developer/SDKs/WatchOS27.0.sdk -target arm64-apple-watchos9.0 -g -module-cache-path /Users/admin/builder/spi-builder-workspace/.derivedData/ModuleCache.noindex -Xfrontend -serialize-debugging-options -profile-coverage-mapping -profile-generate -enable-testing -index-store-path /Users/admin/builder/spi-builder-workspace/.derivedData/Index.noindex/DataStore -Xcc -D_LIBCPP_HARDENING_MODE\=_LIBCPP_HARDENING_MODE_DEBUG -swift-version 4 -I /Users/admin/builder/spi-builder-workspace/.derivedData/Build/Products/Debug-watchos -Isystem /Applications/Xcode-27.0.0-Release.Candidate.app/Contents/Developer/Platforms/WatchOS.platform/Developer/usr/lib -F /Users/admin/builder/spi-builder-workspace/.derivedData/Build/Products/Debug-watchos/PackageFrameworks -F /Users/admin/builder/spi-builder-workspace/.derivedData/Build/Products/Debug-watchos -F /Applications/Xcode-27.0.0-Release.Candidate.app/Contents/Developer/Platforms/WatchOS.platform/Developer/Library/Frameworks -F /Applications/Xcode-27.0.0-Release.Candidate.app/Contents/Developer/Platforms/WatchOS.platform/Developer/SDKs/WatchOS27.0.sdk/Developer/Library/Frameworks -c -j10 -enable-batch-mode -incremental -Xcc -ivfsstatcache -Xcc /Users/admin/builder/spi-builder-workspace/.derivedData/SDKStatCaches.noindex/watchos27.0-24R360-e829b21a6f8c9b70876ba0858053c04477534ef55a1706bf4c1112bbb242f0a2.sdkstatcache -output-file-map /Users/admin/builder/spi-builder-workspace/.derivedData/Build/Intermediates.noindex/Core.build/Debug-watchos/Async-t.build/Objects-normal/arm64/Async-OutputFileMap.json -save-temps -no-color-diagnostics -emit-dependencies -emit-module -emit-module-path /Users/admin/builder/spi-builder-workspace/.derivedData/Build/Intermediates.noindex/Core.build/Debug-watchos/Async-t.build/Objects-normal/arm64/Async.swiftmodule -serialize-diagnostics -validate-clang-modules-once -clang-build-session-file /Users/admin/builder/spi-builder-workspace/.derivedData/ModuleCache.noindex/Session.modulevalidation -Xcc -fmodules-prune-interval\=86400 -Xcc -fmodules-prune-after\=345600 -emit-const-values -const-gather-protocols-list /Users/admin/builder/spi-builder-workspace/.derivedData/Build/Intermediates.noindex/Core.build/Debug-watchos/Async-t.build/Objects-normal/arm64/Async_const_extract_protocols.json -Xcc -I/Users/admin/builder/spi-builder-workspace/.dependencies/checkouts/swift-nio/Sources/CNIOSHA1/include -Xcc -I/Users/admin/builder/spi-builder-workspace/.dependencies/checkouts/swift-nio/Sources/CNIOAtomics/include -Xcc -I/Users/admin/builder/spi-builder-workspace/.dependencies/checkouts/swift-nio/Sources/CNIODarwin/include -Xcc -I/Users/admin/builder/spi-builder-workspace/.dependencies/checkouts/swift-nio/Sources/CNIOLinux/include -Xcc -I/Users/admin/builder/spi-builder-workspace/.derivedData/Build/Products/Debug-watchos/include -Xcc -I/Users/admin/builder/spi-builder-workspace/.derivedData/Build/Intermediates.noindex/Core.build/Debug-watchos/Async-t.build/DerivedSources-normal/arm64 -Xcc -I/Users/admin/builder/spi-builder-workspace/.derivedData/Build/Intermediates.noindex/Core.build/Debug-watchos/Async-t.build/DerivedSources/arm64 -Xcc -I/Users/admin/builder/spi-builder-workspace/.derivedData/Build/Intermediates.noindex/Core.build/Debug-watchos/Async-t.build/DerivedSources -Xcc -DSWIFT_PACKAGE -Xcc -DDEBUG\=1 -emit-objc-header -emit-objc-header-path /Users/admin/builder/spi-builder-workspace/.derivedData/Build/Intermediates.noindex/Core.build/Debug-watchos/Async-t.build/Objects-normal/arm64/Async-Swift.h -working-directory /Users/admin/builder/spi-builder-workspace/.swiftpm/xcode -experimental-emit-module-separately -disable-cmo
CreateUniversalBinary /Users/admin/builder/spi-builder-workspace/.derivedData/Build/Products/Debug-watchos/CNIOAtomics.o normal arm64\ arm64_32 (in target 'CNIOAtomics' from project 'swift-nio')
cd /Users/admin/builder/spi-builder-workspace/.dependencies/checkouts/swift-nio
/Applications/Xcode-27.0.0-Release.Candidate.app/Contents/Developer/Toolchains/XcodeDefault.xctoolchain/usr/bin/lipo -create /Users/admin/builder/spi-builder-workspace/.derivedData/Build/Intermediates.noindex/swift-nio.build/Debug-watchos/CNIOAtomics-t.build/Objects-normal/arm64/Binary/CNIOAtomics.o /Users/admin/builder/spi-builder-workspace/.derivedData/Build/Intermediates.noindex/swift-nio.build/Debug-watchos/CNIOAtomics-t.build/Objects-normal/arm64_32/Binary/CNIOAtomics.o -output /Users/admin/builder/spi-builder-workspace/.derivedData/Build/Products/Debug-watchos/CNIOAtomics.o
Ld /Users/admin/builder/spi-builder-workspace/.derivedData/Build/Intermediates.noindex/swift-nio.build/Debug-watchos/NIOConcurrencyHelpers-t.build/Objects-normal/arm64/Binary/NIOConcurrencyHelpers.o normal arm64 (in target 'NIOConcurrencyHelpers' from project 'swift-nio')
cd /Users/admin/builder/spi-builder-workspace/.dependencies/checkouts/swift-nio
/Applications/Xcode-27.0.0-Release.Candidate.app/Contents/Developer/Toolchains/XcodeDefault.xctoolchain/usr/bin/clang -Xlinker -reproducible -target arm64-apple-watchos9.0 -r -isysroot /Applications/Xcode-27.0.0-Release.Candidate.app/Contents/Developer/Platforms/WatchOS.platform/Developer/SDKs/WatchOS27.0.sdk -O0 -w -Xlinker -no_warn_duplicate_libraries -F/Users/admin/builder/spi-builder-workspace/.derivedData/Build/Intermediates.noindex/EagerLinkingTBDs/Debug-watchos -F/Users/admin/builder/spi-builder-workspace/.derivedData/Build/Products/Debug-watchos/PackageFrameworks -F/Users/admin/builder/spi-builder-workspace/.derivedData/Build/Products/Debug-watchos -iframework /Applications/Xcode-27.0.0-Release.Candidate.app/Contents/Developer/Platforms/WatchOS.platform/Developer/Library/Frameworks -iframework /Applications/Xcode-27.0.0-Release.Candidate.app/Contents/Developer/Platforms/WatchOS.platform/Developer/SDKs/WatchOS27.0.sdk/Developer/Library/Frameworks -filelist /Users/admin/builder/spi-builder-workspace/.derivedData/Build/Intermediates.noindex/swift-nio.build/Debug-watchos/NIOConcurrencyHelpers-t.build/Objects-normal/arm64/NIOConcurrencyHelpers.LinkFileList -nostdlib -Xlinker -object_path_lto -Xlinker /Users/admin/builder/spi-builder-workspace/.derivedData/Build/Intermediates.noindex/swift-nio.build/Debug-watchos/NIOConcurrencyHelpers-t.build/Objects-normal/arm64/NIOConcurrencyHelpers_lto.o -Xlinker -no_deduplicate -Xlinker -debug_variant -Xlinker -dependency_info -Xlinker /Users/admin/builder/spi-builder-workspace/.derivedData/Build/Intermediates.noindex/swift-nio.build/Debug-watchos/NIOConcurrencyHelpers-t.build/Objects-normal/arm64/NIOConcurrencyHelpers_dependency_info.dat -fobjc-link-runtime -L/Applications/Xcode-27.0.0-Release.Candidate.app/Contents/Developer/Toolchains/XcodeDefault.xctoolchain/usr/lib/swift/watchos -L/usr/lib/swift -Xlinker -add_ast_path -Xlinker /Users/admin/builder/spi-builder-workspace/.derivedData/Build/Intermediates.noindex/swift-nio.build/Debug-watchos/NIOConcurrencyHelpers-t.build/Objects-normal/arm64/NIOConcurrencyHelpers.swiftmodule -o /Users/admin/builder/spi-builder-workspace/.derivedData/Build/Intermediates.noindex/swift-nio.build/Debug-watchos/NIOConcurrencyHelpers-t.build/Objects-normal/arm64/Binary/NIOConcurrencyHelpers.o
Ld /Users/admin/builder/spi-builder-workspace/.derivedData/Build/Intermediates.noindex/swift-nio.build/Debug-watchos/NIOConcurrencyHelpers-t.build/Objects-normal/arm64_32/Binary/NIOConcurrencyHelpers.o normal arm64_32 (in target 'NIOConcurrencyHelpers' from project 'swift-nio')
cd /Users/admin/builder/spi-builder-workspace/.dependencies/checkouts/swift-nio
/Applications/Xcode-27.0.0-Release.Candidate.app/Contents/Developer/Toolchains/XcodeDefault.xctoolchain/usr/bin/clang -Xlinker -reproducible -target arm64_32-apple-watchos9.0 -r -isysroot /Applications/Xcode-27.0.0-Release.Candidate.app/Contents/Developer/Platforms/WatchOS.platform/Developer/SDKs/WatchOS27.0.sdk -O0 -w -Xlinker -no_warn_duplicate_libraries -F/Users/admin/builder/spi-builder-workspace/.derivedData/Build/Intermediates.noindex/EagerLinkingTBDs/Debug-watchos -F/Users/admin/builder/spi-builder-workspace/.derivedData/Build/Products/Debug-watchos/PackageFrameworks -F/Users/admin/builder/spi-builder-workspace/.derivedData/Build/Products/Debug-watchos -iframework /Applications/Xcode-27.0.0-Release.Candidate.app/Contents/Developer/Platforms/WatchOS.platform/Developer/Library/Frameworks -iframework /Applications/Xcode-27.0.0-Release.Candidate.app/Contents/Developer/Platforms/WatchOS.platform/Developer/SDKs/WatchOS27.0.sdk/Developer/Library/Frameworks -filelist /Users/admin/builder/spi-builder-workspace/.derivedData/Build/Intermediates.noindex/swift-nio.build/Debug-watchos/NIOConcurrencyHelpers-t.build/Objects-normal/arm64_32/NIOConcurrencyHelpers.LinkFileList -nostdlib -Xlinker -object_path_lto -Xlinker /Users/admin/builder/spi-builder-workspace/.derivedData/Build/Intermediates.noindex/swift-nio.build/Debug-watchos/NIOConcurrencyHelpers-t.build/Objects-normal/arm64_32/NIOConcurrencyHelpers_lto.o -Xlinker -no_deduplicate -Xlinker -debug_variant -Xlinker -dependency_info -Xlinker /Users/admin/builder/spi-builder-workspace/.derivedData/Build/Intermediates.noindex/swift-nio.build/Debug-watchos/NIOConcurrencyHelpers-t.build/Objects-normal/arm64_32/NIOConcurrencyHelpers_dependency_info.dat -fobjc-link-runtime -L/Applications/Xcode-27.0.0-Release.Candidate.app/Contents/Developer/Toolchains/XcodeDefault.xctoolchain/usr/lib/swift/watchos -L/usr/lib/swift -Xlinker -add_ast_path -Xlinker /Users/admin/builder/spi-builder-workspace/.derivedData/Build/Intermediates.noindex/swift-nio.build/Debug-watchos/NIOConcurrencyHelpers-t.build/Objects-normal/arm64_32/NIOConcurrencyHelpers.swiftmodule -o /Users/admin/builder/spi-builder-workspace/.derivedData/Build/Intermediates.noindex/swift-nio.build/Debug-watchos/NIOConcurrencyHelpers-t.build/Objects-normal/arm64_32/Binary/NIOConcurrencyHelpers.o
CreateUniversalBinary /Users/admin/builder/spi-builder-workspace/.derivedData/Build/Products/Debug-watchos/NIOConcurrencyHelpers.o normal arm64\ arm64_32 (in target 'NIOConcurrencyHelpers' from project 'swift-nio')
cd /Users/admin/builder/spi-builder-workspace/.dependencies/checkouts/swift-nio
/Applications/Xcode-27.0.0-Release.Candidate.app/Contents/Developer/Toolchains/XcodeDefault.xctoolchain/usr/bin/lipo -create /Users/admin/builder/spi-builder-workspace/.derivedData/Build/Intermediates.noindex/swift-nio.build/Debug-watchos/NIOConcurrencyHelpers-t.build/Objects-normal/arm64/Binary/NIOConcurrencyHelpers.o /Users/admin/builder/spi-builder-workspace/.derivedData/Build/Intermediates.noindex/swift-nio.build/Debug-watchos/NIOConcurrencyHelpers-t.build/Objects-normal/arm64_32/Binary/NIOConcurrencyHelpers.o -output /Users/admin/builder/spi-builder-workspace/.derivedData/Build/Products/Debug-watchos/NIOConcurrencyHelpers.o
ExtractAppIntentsMetadata (in target 'NIOConcurrencyHelpers' from project 'swift-nio')
cd /Users/admin/builder/spi-builder-workspace/.dependencies/checkouts/swift-nio
/Applications/Xcode-27.0.0-Release.Candidate.app/Contents/Developer/Toolchains/XcodeDefault.xctoolchain/usr/bin/appintentsmetadataprocessor --toolchain-dir /var/run/com.apple.security.cryptexd/mnt/com.apple.MobileAsset.MetalToolchain-v27.1.266.1.Cq7U7v/Metal.xctoolchain --module-name NIOConcurrencyHelpers --sdk-root /Applications/Xcode-27.0.0-Release.Candidate.app/Contents/Developer/Platforms/WatchOS.platform/Developer/SDKs/WatchOS27.0.sdk --xcode-version 27A266a --platform-family watchOS --deployment-target 9.0 --bundle-identifier swift-nio.NIOConcurrencyHelpers --output /Users/admin/builder/spi-builder-workspace/.derivedData/Build/Products/Debug-watchos/NIOConcurrencyHelpers.appintents --target-triple arm64-apple-watchos9.0 --target-triple arm64_32-apple-watchos9.0 --binary-file /Users/admin/builder/spi-builder-workspace/.derivedData/Build/Products/Debug-watchos/NIOConcurrencyHelpers.o --dependency-file /Users/admin/builder/spi-builder-workspace/.derivedData/Build/Intermediates.noindex/swift-nio.build/Debug-watchos/NIOConcurrencyHelpers-t.build/Objects-normal/arm64/NIOConcurrencyHelpers_dependency_info.dat --dependency-file /Users/admin/builder/spi-builder-workspace/.derivedData/Build/Intermediates.noindex/swift-nio.build/Debug-watchos/NIOConcurrencyHelpers-t.build/Objects-normal/arm64_32/NIOConcurrencyHelpers_dependency_info.dat --stringsdata-file /Users/admin/builder/spi-builder-workspace/.derivedData/Build/Intermediates.noindex/swift-nio.build/Debug-watchos/NIOConcurrencyHelpers-t.build/Objects-normal/arm64/ExtractedAppShortcutsMetadata.stringsdata --stringsdata-file /Users/admin/builder/spi-builder-workspace/.derivedData/Build/Intermediates.noindex/swift-nio.build/Debug-watchos/NIOConcurrencyHelpers-t.build/Objects-normal/arm64_32/ExtractedAppShortcutsMetadata.stringsdata --source-file-list /Users/admin/builder/spi-builder-workspace/.derivedData/Build/Intermediates.noindex/swift-nio.build/Debug-watchos/NIOConcurrencyHelpers-t.build/Objects-normal/arm64/NIOConcurrencyHelpers.SwiftFileList --source-file-list /Users/admin/builder/spi-builder-workspace/.derivedData/Build/Intermediates.noindex/swift-nio.build/Debug-watchos/NIOConcurrencyHelpers-t.build/Objects-normal/arm64_32/NIOConcurrencyHelpers.SwiftFileList --metadata-file-list /Users/admin/builder/spi-builder-workspace/.derivedData/Build/Intermediates.noindex/swift-nio.build/Debug-watchos/NIOConcurrencyHelpers-t.build/NIOConcurrencyHelpers.DependencyMetadataFileList --static-metadata-file-list /Users/admin/builder/spi-builder-workspace/.derivedData/Build/Intermediates.noindex/swift-nio.build/Debug-watchos/NIOConcurrencyHelpers-t.build/NIOConcurrencyHelpers.DependencyStaticMetadataFileList --swift-const-vals-list /Users/admin/builder/spi-builder-workspace/.derivedData/Build/Intermediates.noindex/swift-nio.build/Debug-watchos/NIOConcurrencyHelpers-t.build/Objects-normal/arm64/NIOConcurrencyHelpers.SwiftConstValuesFileList --swift-const-vals-list /Users/admin/builder/spi-builder-workspace/.derivedData/Build/Intermediates.noindex/swift-nio.build/Debug-watchos/NIOConcurrencyHelpers-t.build/Objects-normal/arm64_32/NIOConcurrencyHelpers.SwiftConstValuesFileList --force --compile-time-extraction --deployment-aware-processing --no-app-shortcuts-localization
2026-09-17 17:52:05.075 appintentsmetadataprocessor[970:5715] Starting appintentsmetadataprocessor export
2026-09-17 17:52:05.134 appintentsmetadataprocessor[970:5715] Extracted no relevant App Intents symbols, skipping writing output
Ld /Users/admin/builder/spi-builder-workspace/.derivedData/Build/Intermediates.noindex/swift-nio.build/Debug-watchos/NIO-t.build/Objects-normal/arm64_32/Binary/NIO.o normal arm64_32 (in target 'NIO' from project 'swift-nio')
cd /Users/admin/builder/spi-builder-workspace/.dependencies/checkouts/swift-nio
/Applications/Xcode-27.0.0-Release.Candidate.app/Contents/Developer/Toolchains/XcodeDefault.xctoolchain/usr/bin/clang -Xlinker -reproducible -target arm64_32-apple-watchos9.0 -r -isysroot /Applications/Xcode-27.0.0-Release.Candidate.app/Contents/Developer/Platforms/WatchOS.platform/Developer/SDKs/WatchOS27.0.sdk -O0 -w -Xlinker -no_warn_duplicate_libraries -F/Users/admin/builder/spi-builder-workspace/.derivedData/Build/Intermediates.noindex/EagerLinkingTBDs/Debug-watchos -F/Users/admin/builder/spi-builder-workspace/.derivedData/Build/Products/Debug-watchos/PackageFrameworks -F/Users/admin/builder/spi-builder-workspace/.derivedData/Build/Products/Debug-watchos -iframework /Applications/Xcode-27.0.0-Release.Candidate.app/Contents/Developer/Platforms/WatchOS.platform/Developer/Library/Frameworks -iframework /Applications/Xcode-27.0.0-Release.Candidate.app/Contents/Developer/Platforms/WatchOS.platform/Developer/SDKs/WatchOS27.0.sdk/Developer/Library/Frameworks -filelist /Users/admin/builder/spi-builder-workspace/.derivedData/Build/Intermediates.noindex/swift-nio.build/Debug-watchos/NIO-t.build/Objects-normal/arm64_32/NIO.LinkFileList -nostdlib -Xlinker -object_path_lto -Xlinker /Users/admin/builder/spi-builder-workspace/.derivedData/Build/Intermediates.noindex/swift-nio.build/Debug-watchos/NIO-t.build/Objects-normal/arm64_32/NIO_lto.o -Xlinker -no_deduplicate -Xlinker -debug_variant -Xlinker -dependency_info -Xlinker /Users/admin/builder/spi-builder-workspace/.derivedData/Build/Intermediates.noindex/swift-nio.build/Debug-watchos/NIO-t.build/Objects-normal/arm64_32/NIO_dependency_info.dat -fobjc-link-runtime -L/Applications/Xcode-27.0.0-Release.Candidate.app/Contents/Developer/Toolchains/XcodeDefault.xctoolchain/usr/lib/swift/watchos -L/usr/lib/swift -Xlinker -add_ast_path -Xlinker /Users/admin/builder/spi-builder-workspace/.derivedData/Build/Intermediates.noindex/swift-nio.build/Debug-watchos/NIO-t.build/Objects-normal/arm64_32/NIO.swiftmodule -o /Users/admin/builder/spi-builder-workspace/.derivedData/Build/Intermediates.noindex/swift-nio.build/Debug-watchos/NIO-t.build/Objects-normal/arm64_32/Binary/NIO.o
Ld /Users/admin/builder/spi-builder-workspace/.derivedData/Build/Intermediates.noindex/swift-nio.build/Debug-watchos/NIO-t.build/Objects-normal/arm64/Binary/NIO.o normal arm64 (in target 'NIO' from project 'swift-nio')
cd /Users/admin/builder/spi-builder-workspace/.dependencies/checkouts/swift-nio
/Applications/Xcode-27.0.0-Release.Candidate.app/Contents/Developer/Toolchains/XcodeDefault.xctoolchain/usr/bin/clang -Xlinker -reproducible -target arm64-apple-watchos9.0 -r -isysroot /Applications/Xcode-27.0.0-Release.Candidate.app/Contents/Developer/Platforms/WatchOS.platform/Developer/SDKs/WatchOS27.0.sdk -O0 -w -Xlinker -no_warn_duplicate_libraries -F/Users/admin/builder/spi-builder-workspace/.derivedData/Build/Intermediates.noindex/EagerLinkingTBDs/Debug-watchos -F/Users/admin/builder/spi-builder-workspace/.derivedData/Build/Products/Debug-watchos/PackageFrameworks -F/Users/admin/builder/spi-builder-workspace/.derivedData/Build/Products/Debug-watchos -iframework /Applications/Xcode-27.0.0-Release.Candidate.app/Contents/Developer/Platforms/WatchOS.platform/Developer/Library/Frameworks -iframework /Applications/Xcode-27.0.0-Release.Candidate.app/Contents/Developer/Platforms/WatchOS.platform/Developer/SDKs/WatchOS27.0.sdk/Developer/Library/Frameworks -filelist /Users/admin/builder/spi-builder-workspace/.derivedData/Build/Intermediates.noindex/swift-nio.build/Debug-watchos/NIO-t.build/Objects-normal/arm64/NIO.LinkFileList -nostdlib -Xlinker -object_path_lto -Xlinker /Users/admin/builder/spi-builder-workspace/.derivedData/Build/Intermediates.noindex/swift-nio.build/Debug-watchos/NIO-t.build/Objects-normal/arm64/NIO_lto.o -Xlinker -no_deduplicate -Xlinker -debug_variant -Xlinker -dependency_info -Xlinker /Users/admin/builder/spi-builder-workspace/.derivedData/Build/Intermediates.noindex/swift-nio.build/Debug-watchos/NIO-t.build/Objects-normal/arm64/NIO_dependency_info.dat -fobjc-link-runtime -L/Applications/Xcode-27.0.0-Release.Candidate.app/Contents/Developer/Toolchains/XcodeDefault.xctoolchain/usr/lib/swift/watchos -L/usr/lib/swift -Xlinker -add_ast_path -Xlinker /Users/admin/builder/spi-builder-workspace/.derivedData/Build/Intermediates.noindex/swift-nio.build/Debug-watchos/NIO-t.build/Objects-normal/arm64/NIO.swiftmodule -o /Users/admin/builder/spi-builder-workspace/.derivedData/Build/Intermediates.noindex/swift-nio.build/Debug-watchos/NIO-t.build/Objects-normal/arm64/Binary/NIO.o
CreateUniversalBinary /Users/admin/builder/spi-builder-workspace/.derivedData/Build/Products/Debug-watchos/NIO.o normal arm64\ arm64_32 (in target 'NIO' from project 'swift-nio')
cd /Users/admin/builder/spi-builder-workspace/.dependencies/checkouts/swift-nio
/Applications/Xcode-27.0.0-Release.Candidate.app/Contents/Developer/Toolchains/XcodeDefault.xctoolchain/usr/bin/lipo -create /Users/admin/builder/spi-builder-workspace/.derivedData/Build/Intermediates.noindex/swift-nio.build/Debug-watchos/NIO-t.build/Objects-normal/arm64/Binary/NIO.o /Users/admin/builder/spi-builder-workspace/.derivedData/Build/Intermediates.noindex/swift-nio.build/Debug-watchos/NIO-t.build/Objects-normal/arm64_32/Binary/NIO.o -output /Users/admin/builder/spi-builder-workspace/.derivedData/Build/Products/Debug-watchos/NIO.o
ExtractAppIntentsMetadata (in target 'NIO' from project 'swift-nio')
cd /Users/admin/builder/spi-builder-workspace/.dependencies/checkouts/swift-nio
/Applications/Xcode-27.0.0-Release.Candidate.app/Contents/Developer/Toolchains/XcodeDefault.xctoolchain/usr/bin/appintentsmetadataprocessor --toolchain-dir /var/run/com.apple.security.cryptexd/mnt/com.apple.MobileAsset.MetalToolchain-v27.1.266.1.Cq7U7v/Metal.xctoolchain --module-name NIO --sdk-root /Applications/Xcode-27.0.0-Release.Candidate.app/Contents/Developer/Platforms/WatchOS.platform/Developer/SDKs/WatchOS27.0.sdk --xcode-version 27A266a --platform-family watchOS --deployment-target 9.0 --bundle-identifier swift-nio.NIO --output /Users/admin/builder/spi-builder-workspace/.derivedData/Build/Products/Debug-watchos/NIO.appintents --target-triple arm64-apple-watchos9.0 --target-triple arm64_32-apple-watchos9.0 --binary-file /Users/admin/builder/spi-builder-workspace/.derivedData/Build/Products/Debug-watchos/NIO.o --dependency-file /Users/admin/builder/spi-builder-workspace/.derivedData/Build/Intermediates.noindex/swift-nio.build/Debug-watchos/NIO-t.build/Objects-normal/arm64/NIO_dependency_info.dat --dependency-file /Users/admin/builder/spi-builder-workspace/.derivedData/Build/Intermediates.noindex/swift-nio.build/Debug-watchos/NIO-t.build/Objects-normal/arm64_32/NIO_dependency_info.dat --stringsdata-file /Users/admin/builder/spi-builder-workspace/.derivedData/Build/Intermediates.noindex/swift-nio.build/Debug-watchos/NIO-t.build/Objects-normal/arm64/ExtractedAppShortcutsMetadata.stringsdata --stringsdata-file /Users/admin/builder/spi-builder-workspace/.derivedData/Build/Intermediates.noindex/swift-nio.build/Debug-watchos/NIO-t.build/Objects-normal/arm64_32/ExtractedAppShortcutsMetadata.stringsdata --source-file-list /Users/admin/builder/spi-builder-workspace/.derivedData/Build/Intermediates.noindex/swift-nio.build/Debug-watchos/NIO-t.build/Objects-normal/arm64/NIO.SwiftFileList --source-file-list /Users/admin/builder/spi-builder-workspace/.derivedData/Build/Intermediates.noindex/swift-nio.build/Debug-watchos/NIO-t.build/Objects-normal/arm64_32/NIO.SwiftFileList --metadata-file-list /Users/admin/builder/spi-builder-workspace/.derivedData/Build/Intermediates.noindex/swift-nio.build/Debug-watchos/NIO-t.build/NIO.DependencyMetadataFileList --static-metadata-file-list /Users/admin/builder/spi-builder-workspace/.derivedData/Build/Intermediates.noindex/swift-nio.build/Debug-watchos/NIO-t.build/NIO.DependencyStaticMetadataFileList --swift-const-vals-list /Users/admin/builder/spi-builder-workspace/.derivedData/Build/Intermediates.noindex/swift-nio.build/Debug-watchos/NIO-t.build/Objects-normal/arm64/NIO.SwiftConstValuesFileList --swift-const-vals-list /Users/admin/builder/spi-builder-workspace/.derivedData/Build/Intermediates.noindex/swift-nio.build/Debug-watchos/NIO-t.build/Objects-normal/arm64_32/NIO.SwiftConstValuesFileList --force --compile-time-extraction --deployment-aware-processing --no-app-shortcuts-localization
2026-09-17 17:52:05.217 appintentsmetadataprocessor[976:5743] Starting appintentsmetadataprocessor export
2026-09-17 17:52:05.292 appintentsmetadataprocessor[976:5743] Extracted no relevant App Intents symbols, skipping writing output
SwiftEmitModule normal arm64_32 Emitting\ module\ for\ Core (in target 'Core' from project 'Core')
SwiftCompile normal arm64_32 (in target 'Core' from project 'Core')
cd /Users/admin/builder/spi-builder-workspace/.swiftpm/xcode
SwiftCompile normal arm64_32 Compiling\ BasicKey.swift,\ CaseInsensitiveString.swift,\ Decodable+Reflectable.swift /Users/admin/builder/spi-builder-workspace/Sources/Core/BasicKey.swift /Users/admin/builder/spi-builder-workspace/Sources/Core/CaseInsensitiveString.swift /Users/admin/builder/spi-builder-workspace/Sources/Core/CodableReflection/Decodable+Reflectable.swift (in target 'Core' from project 'Core')
SwiftCompile normal arm64_32 /Users/admin/builder/spi-builder-workspace/Sources/Core/BasicKey.swift (in target 'Core' from project 'Core')
cd /Users/admin/builder/spi-builder-workspace/.swiftpm/xcode
builtin-SwiftPerFileCompile BasicKey.swift
SwiftCompile normal arm64_32 /Users/admin/builder/spi-builder-workspace/Sources/Core/CaseInsensitiveString.swift (in target 'Core' from project 'Core')
cd /Users/admin/builder/spi-builder-workspace/.swiftpm/xcode
builtin-SwiftPerFileCompile CaseInsensitiveString.swift
SwiftCompile normal arm64_32 /Users/admin/builder/spi-builder-workspace/Sources/Core/CodableReflection/Decodable+Reflectable.swift (in target 'Core' from project 'Core')
cd /Users/admin/builder/spi-builder-workspace/.swiftpm/xcode
builtin-SwiftPerFileCompile Decodable+Reflectable.swift
SwiftCompile normal arm64 Compiling\ File.swift,\ Future+Unwrap.swift,\ FutureEncoder.swift /Users/admin/builder/spi-builder-workspace/Sources/Core/File.swift /Users/admin/builder/spi-builder-workspace/Sources/Core/Future+Unwrap.swift /Users/admin/builder/spi-builder-workspace/Sources/Core/FutureEncoder.swift (in target 'Core' from project 'Core')
SwiftCompile normal arm64 /Users/admin/builder/spi-builder-workspace/Sources/Core/File.swift (in target 'Core' from project 'Core')
cd /Users/admin/builder/spi-builder-workspace/.swiftpm/xcode
builtin-SwiftPerFileCompile File.swift
SwiftCompile normal arm64 /Users/admin/builder/spi-builder-workspace/Sources/Core/Future+Unwrap.swift (in target 'Core' from project 'Core')
cd /Users/admin/builder/spi-builder-workspace/.swiftpm/xcode
builtin-SwiftPerFileCompile Future+Unwrap.swift
SwiftCompile normal arm64 /Users/admin/builder/spi-builder-workspace/Sources/Core/FutureEncoder.swift (in target 'Core' from project 'Core')
cd /Users/admin/builder/spi-builder-workspace/.swiftpm/xcode
builtin-SwiftPerFileCompile FutureEncoder.swift
SwiftCompile normal arm64_32 Compiling\ Deprecated.swift,\ DirectoryConfig.swift,\ Exports.swift /Users/admin/builder/spi-builder-workspace/Sources/Core/Deprecated.swift /Users/admin/builder/spi-builder-workspace/Sources/Core/DirectoryConfig.swift /Users/admin/builder/spi-builder-workspace/Sources/Core/Exports.swift (in target 'Core' from project 'Core')
SwiftCompile normal arm64_32 /Users/admin/builder/spi-builder-workspace/Sources/Core/Deprecated.swift (in target 'Core' from project 'Core')
cd /Users/admin/builder/spi-builder-workspace/.swiftpm/xcode
builtin-SwiftPerFileCompile Deprecated.swift
SwiftCompile normal arm64_32 /Users/admin/builder/spi-builder-workspace/Sources/Core/DirectoryConfig.swift (in target 'Core' from project 'Core')
cd /Users/admin/builder/spi-builder-workspace/.swiftpm/xcode
builtin-SwiftPerFileCompile DirectoryConfig.swift
SwiftCompile normal arm64_32 /Users/admin/builder/spi-builder-workspace/Sources/Core/Exports.swift (in target 'Core' from project 'Core')
cd /Users/admin/builder/spi-builder-workspace/.swiftpm/xcode
builtin-SwiftPerFileCompile Exports.swift
SwiftCompile normal arm64 Compiling\ NotFound.swift,\ OptionalType.swift /Users/admin/builder/spi-builder-workspace/Sources/Core/NotFound.swift /Users/admin/builder/spi-builder-workspace/Sources/Core/OptionalType.swift (in target 'Core' from project 'Core')
SwiftCompile normal arm64 /Users/admin/builder/spi-builder-workspace/Sources/Core/NotFound.swift (in target 'Core' from project 'Core')
cd /Users/admin/builder/spi-builder-workspace/.swiftpm/xcode
builtin-SwiftPerFileCompile NotFound.swift
SwiftCompile normal arm64 /Users/admin/builder/spi-builder-workspace/Sources/Core/OptionalType.swift (in target 'Core' from project 'Core')
cd /Users/admin/builder/spi-builder-workspace/.swiftpm/xcode
builtin-SwiftPerFileCompile OptionalType.swift
SwiftEmitModule normal arm64 Emitting\ module\ for\ Core (in target 'Core' from project 'Core')
SwiftCompile normal arm64 (in target 'Core' from project 'Core')
cd /Users/admin/builder/spi-builder-workspace/.swiftpm/xcode
SwiftCompile normal arm64_32 Compiling\ Process+Execute.swift,\ Reflectable.swift /Users/admin/builder/spi-builder-workspace/Sources/Core/Process+Execute.swift /Users/admin/builder/spi-builder-workspace/Sources/Core/Reflectable.swift (in target 'Core' from project 'Core')
/Users/admin/builder/spi-builder-workspace/Sources/Core/Process+Execute.swift:13:11: error: cannot find type 'Process' in scope
11 | }
12 |
13 | extension Process {
| `- error: cannot find type 'Process' in scope
14 | /// Executes the supplied program in a new process, blocking until the process completes.
15 | /// Any data piped to `stdout` during the process will be returned as a string.
/Users/admin/builder/spi-builder-workspace/Sources/Core/Process+Execute.swift:160:107: error: cannot find type 'Process' in scope
158 |
159 | /// Powers `Process.execute(_:_:)` methods. Separated so that `/bin/sh -c which` can run as a separate command.
160 | private static func launchProcess(path: String, _ arguments: [String], stdout: Pipe, stderr: Pipe) -> Process {
| `- error: cannot find type 'Process' in scope
161 | let process = Process()
162 | process.environment = ProcessInfo.processInfo.environment
Failed frontend command:
/Applications/Xcode-27.0.0-Release.Candidate.app/Contents/Developer/Toolchains/XcodeDefault.xctoolchain/usr/bin/swift-frontend -frontend -c /Users/admin/builder/spi-builder-workspace/Sources/Core/BasicKey.swift /Users/admin/builder/spi-builder-workspace/Sources/Core/CaseInsensitiveString.swift /Users/admin/builder/spi-builder-workspace/Sources/Core/CodableReflection/Decodable+Reflectable.swift /Users/admin/builder/spi-builder-workspace/Sources/Core/CodableReflection/ReflectionDecodable.swift /Users/admin/builder/spi-builder-workspace/Sources/Core/CodableReflection/ReflectionDecoders.swift /Users/admin/builder/spi-builder-workspace/Sources/Core/CoreError.swift /Users/admin/builder/spi-builder-workspace/Sources/Core/Data+Base64URL.swift /Users/admin/builder/spi-builder-workspace/Sources/Core/Data+Hex.swift /Users/admin/builder/spi-builder-workspace/Sources/Core/DataCoders.swift /Users/admin/builder/spi-builder-workspace/Sources/Core/Deprecated.swift /Users/admin/builder/spi-builder-workspace/Sources/Core/DirectoryConfig.swift /Users/admin/builder/spi-builder-workspace/Sources/Core/Exports.swift /Users/admin/builder/spi-builder-workspace/Sources/Core/File.swift /Users/admin/builder/spi-builder-workspace/Sources/Core/Future+Unwrap.swift /Users/admin/builder/spi-builder-workspace/Sources/Core/FutureEncoder.swift /Users/admin/builder/spi-builder-workspace/Sources/Core/HeaderValue.swift /Users/admin/builder/spi-builder-workspace/Sources/Core/LosslessDataConvertible.swift /Users/admin/builder/spi-builder-workspace/Sources/Core/MediaType.swift /Users/admin/builder/spi-builder-workspace/Sources/Core/NestedData.swift /Users/admin/builder/spi-builder-workspace/Sources/Core/NotFound.swift /Users/admin/builder/spi-builder-workspace/Sources/Core/OptionalType.swift -primary-file /Users/admin/builder/spi-builder-workspace/Sources/Core/Process+Execute.swift -primary-file /Users/admin/builder/spi-builder-workspace/Sources/Core/Reflectable.swift /Users/admin/builder/spi-builder-workspace/Sources/Core/String+Utilities.swift /Users/admin/builder/spi-builder-workspace/Sources/Core/Thread+Async.swift -emit-dependencies-path /Users/admin/builder/spi-builder-workspace/.derivedData/Build/Intermediates.noindex/Core.build/Debug-watchos/Core-t.build/Objects-normal/arm64_32/Process+Execute.d -emit-const-values-path /Users/admin/builder/spi-builder-workspace/.derivedData/Build/Intermediates.noindex/Core.build/Debug-watchos/Core-t.build/Objects-normal/arm64_32/Process+Execute.swiftconstvalues -emit-reference-dependencies-path /Users/admin/builder/spi-builder-workspace/.derivedData/Build/Intermediates.noindex/Core.build/Debug-watchos/Core-t.build/Objects-normal/arm64_32/Process+Execute.swiftdeps -serialize-diagnostics-path /Users/admin/builder/spi-builder-workspace/.derivedData/Build/Intermediates.noindex/Core.build/Debug-watchos/Core-t.build/Objects-normal/arm64_32/Process+Execute.dia -emit-dependencies-path /Users/admin/builder/spi-builder-workspace/.derivedData/Build/Intermediates.noindex/Core.build/Debug-watchos/Core-t.build/Objects-normal/arm64_32/Reflectable.d -emit-const-values-path /Users/admin/builder/spi-builder-workspace/.derivedData/Build/Intermediates.noindex/Core.build/Debug-watchos/Core-t.build/Objects-normal/arm64_32/Reflectable.swiftconstvalues -emit-reference-dependencies-path /Users/admin/builder/spi-builder-workspace/.derivedData/Build/Intermediates.noindex/Core.build/Debug-watchos/Core-t.build/Objects-normal/arm64_32/Reflectable.swiftdeps -serialize-diagnostics-path /Users/admin/builder/spi-builder-workspace/.derivedData/Build/Intermediates.noindex/Core.build/Debug-watchos/Core-t.build/Objects-normal/arm64_32/Reflectable.dia -target arm64_32-apple-watchos9.0 -enable-objc-interop -sdk /Applications/Xcode-27.0.0-Release.Candidate.app/Contents/Developer/Platforms/WatchOS.platform/Developer/SDKs/WatchOS27.0.sdk -I /Users/admin/builder/spi-builder-workspace/.derivedData/Build/Products/Debug-watchos -Isystem /Applications/Xcode-27.0.0-Release.Candidate.app/Contents/Developer/Platforms/WatchOS.platform/Developer/usr/lib -F /Users/admin/builder/spi-builder-workspace/.derivedData/Build/Products/Debug-watchos/PackageFrameworks -F /Users/admin/builder/spi-builder-workspace/.derivedData/Build/Products/Debug-watchos -F /Applications/Xcode-27.0.0-Release.Candidate.app/Contents/Developer/Platforms/WatchOS.platform/Developer/Library/Frameworks -F /Applications/Xcode-27.0.0-Release.Candidate.app/Contents/Developer/Platforms/WatchOS.platform/Developer/SDKs/WatchOS27.0.sdk/Developer/Library/Frameworks -module-cache-path /Users/admin/builder/spi-builder-workspace/.derivedData/ModuleCache.noindex -no-color-diagnostics -Xcc -fno-color-diagnostics -enable-testing -g -debug-info-format\=dwarf -dwarf-version\=4 -profile-generate -profile-coverage-mapping -swift-version 4 -Onone -D SWIFT_PACKAGE -D DEBUG -D SWIFT_MODULE_RESOURCE_BUNDLE_UNAVAILABLE -D Xcode -serialize-debugging-options -enable-experimental-feature DebugDescriptionMacro -empty-abi-descriptor -plugin-path /Applications/Xcode-27.0.0-Release.Candidate.app/Contents/Developer/Toolchains/XcodeDefault.xctoolchain/usr/lib/swift/host/plugins/testing -validate-clang-modules-once -clang-build-session-file /Users/admin/builder/spi-builder-workspace/.derivedData/ModuleCache.noindex/Session.modulevalidation -Xcc -working-directory -Xcc /Users/admin/builder/spi-builder-workspace/.swiftpm/xcode -enable-anonymous-context-mangled-names -file-compilation-dir /Users/admin/builder/spi-builder-workspace/.swiftpm/xcode -Xcc -fmodule-map-file\=/Users/admin/builder/spi-builder-workspace/.dependencies/checkouts/swift-nio-zlib-support/module.modulemap -Xcc -fmodule-map-file\=/Users/admin/builder/spi-builder-workspace/.derivedData/Build/Intermediates.noindex/GeneratedModuleMaps-watchos/CNIOSHA1.modulemap -Xcc -fmodule-map-file\=/Users/admin/builder/spi-builder-workspace/.derivedData/Build/Intermediates.noindex/GeneratedModuleMaps-watchos/CNIOAtomics.modulemap -Xcc -fmodule-map-file\=/Users/admin/builder/spi-builder-workspace/.derivedData/Build/Intermediates.noindex/GeneratedModuleMaps-watchos/CNIODarwin.modulemap -Xcc -fmodule-map-file\=/Users/admin/builder/spi-builder-workspace/.derivedData/Build/Intermediates.noindex/GeneratedModuleMaps-watchos/CNIOLinux.modulemap -Xcc -D_LIBCPP_HARDENING_MODE\=_LIBCPP_HARDENING_MODE_DEBUG -Xcc -ivfsstatcache -Xcc /Users/admin/builder/spi-builder-workspace/.derivedData/SDKStatCaches.noindex/watchos27.0-24R360-e829b21a6f8c9b70876ba0858053c04477534ef55a1706bf4c1112bbb242f0a2.sdkstatcache -Xcc -fmodules-prune-interval\=86400 -Xcc -fmodules-prune-after\=345600 -Xcc -I/Users/admin/builder/spi-builder-workspace/.dependencies/checkouts/swift-nio/Sources/CNIOSHA1/include -Xcc -I/Users/admin/builder/spi-builder-workspace/.dependencies/checkouts/swift-nio/Sources/CNIOAtomics/include -Xcc -I/Users/admin/builder/spi-builder-workspace/.dependencies/checkouts/swift-nio/Sources/CNIODarwin/include -Xcc -I/Users/admin/builder/spi-builder-workspace/.dependencies/checkouts/swift-nio/Sources/CNIOLinux/include -Xcc -I/Users/admin/builder/spi-builder-workspace/.derivedData/Build/Products/Debug-watchos/include -Xcc -I/Users/admin/builder/spi-builder-workspace/.derivedData/Build/Intermediates.noindex/Core.build/Debug-watchos/Core-t.build/DerivedSources-normal/arm64_32 -Xcc -I/Users/admin/builder/spi-builder-workspace/.derivedData/Build/Intermediates.noindex/Core.build/Debug-watchos/Core-t.build/DerivedSources/arm64_32 -Xcc -I/Users/admin/builder/spi-builder-workspace/.derivedData/Build/Intermediates.noindex/Core.build/Debug-watchos/Core-t.build/DerivedSources -Xcc -DSWIFT_PACKAGE -Xcc -DDEBUG\=1 -no-auto-bridging-header-chaining -module-name Core -const-gather-protocols-file /Users/admin/builder/spi-builder-workspace/.derivedData/Build/Intermediates.noindex/Core.build/Debug-watchos/Core-t.build/Objects-normal/arm64_32/Core_const_extract_protocols.json -disable-clang-spi -target-sdk-version 27.0 -target-sdk-name watchos27.0 -external-plugin-path /Applications/Xcode-27.0.0-Release.Candidate.app/Contents/Developer/Platforms/WatchOS.platform/Developer/usr/lib/swift/host/plugins\#/Applications/Xcode-27.0.0-Release.Candidate.app/Contents/Developer/Platforms/WatchOS.platform/Developer/usr/bin/swift-plugin-server -external-plugin-path /Applications/Xcode-27.0.0-Release.Candidate.app/Contents/Developer/Platforms/WatchOS.platform/Developer/usr/local/lib/swift/host/plugins\#/Applications/Xcode-27.0.0-Release.Candidate.app/Contents/Developer/Platforms/WatchOS.platform/Developer/usr/bin/swift-plugin-server -in-process-plugin-server-path /Applications/Xcode-27.0.0-Release.Candidate.app/Contents/Developer/Toolchains/XcodeDefault.xctoolchain/usr/lib/swift/host/libSwiftInProcPluginServer.dylib -plugin-path /Applications/Xcode-27.0.0-Release.Candidate.app/Contents/Developer/Toolchains/XcodeDefault.xctoolchain/usr/lib/swift/host/plugins -plugin-path /Applications/Xcode-27.0.0-Release.Candidate.app/Contents/Developer/Toolchains/XcodeDefault.xctoolchain/usr/local/lib/swift/host/plugins -parse-as-library -o /Users/admin/builder/spi-builder-workspace/.derivedData/Build/Intermediates.noindex/Core.build/Debug-watchos/Core-t.build/Objects-normal/arm64_32/Process+Execute.o -o /Users/admin/builder/spi-builder-workspace/.derivedData/Build/Intermediates.noindex/Core.build/Debug-watchos/Core-t.build/Objects-normal/arm64_32/Reflectable.o -index-unit-output-path /Core.build/Debug-watchos/Core-t.build/Objects-normal/arm64_32/Process+Execute.o -index-unit-output-path /Core.build/Debug-watchos/Core-t.build/Objects-normal/arm64_32/Reflectable.o -index-store-path /Users/admin/builder/spi-builder-workspace/.derivedData/Index.noindex/DataStore -index-system-modules
SwiftCompile normal arm64_32 /Users/admin/builder/spi-builder-workspace/Sources/Core/Process+Execute.swift (in target 'Core' from project 'Core')
cd /Users/admin/builder/spi-builder-workspace/.swiftpm/xcode
builtin-SwiftPerFileCompile Process+Execute.swift
SwiftCompile normal arm64_32 /Users/admin/builder/spi-builder-workspace/Sources/Core/Reflectable.swift (in target 'Core' from project 'Core')
cd /Users/admin/builder/spi-builder-workspace/.swiftpm/xcode
builtin-SwiftPerFileCompile Reflectable.swift
SwiftCompile normal arm64 Compiling\ HeaderValue.swift,\ LosslessDataConvertible.swift /Users/admin/builder/spi-builder-workspace/Sources/Core/HeaderValue.swift /Users/admin/builder/spi-builder-workspace/Sources/Core/LosslessDataConvertible.swift (in target 'Core' from project 'Core')
SwiftCompile normal arm64 /Users/admin/builder/spi-builder-workspace/Sources/Core/HeaderValue.swift (in target 'Core' from project 'Core')
cd /Users/admin/builder/spi-builder-workspace/.swiftpm/xcode
builtin-SwiftPerFileCompile HeaderValue.swift
SwiftCompile normal arm64 /Users/admin/builder/spi-builder-workspace/Sources/Core/LosslessDataConvertible.swift (in target 'Core' from project 'Core')
cd /Users/admin/builder/spi-builder-workspace/.swiftpm/xcode
builtin-SwiftPerFileCompile LosslessDataConvertible.swift
SwiftCompile normal arm64_32 Compiling\ NotFound.swift,\ OptionalType.swift /Users/admin/builder/spi-builder-workspace/Sources/Core/NotFound.swift /Users/admin/builder/spi-builder-workspace/Sources/Core/OptionalType.swift (in target 'Core' from project 'Core')
SwiftCompile normal arm64_32 /Users/admin/builder/spi-builder-workspace/Sources/Core/NotFound.swift (in target 'Core' from project 'Core')
cd /Users/admin/builder/spi-builder-workspace/.swiftpm/xcode
builtin-SwiftPerFileCompile NotFound.swift
SwiftCompile normal arm64_32 /Users/admin/builder/spi-builder-workspace/Sources/Core/OptionalType.swift (in target 'Core' from project 'Core')
cd /Users/admin/builder/spi-builder-workspace/.swiftpm/xcode
builtin-SwiftPerFileCompile OptionalType.swift
SwiftCompile normal arm64 Compiling\ Data+Base64URL.swift,\ Data+Hex.swift,\ DataCoders.swift /Users/admin/builder/spi-builder-workspace/Sources/Core/Data+Base64URL.swift /Users/admin/builder/spi-builder-workspace/Sources/Core/Data+Hex.swift /Users/admin/builder/spi-builder-workspace/Sources/Core/DataCoders.swift (in target 'Core' from project 'Core')
SwiftCompile normal arm64 /Users/admin/builder/spi-builder-workspace/Sources/Core/Data+Base64URL.swift (in target 'Core' from project 'Core')
cd /Users/admin/builder/spi-builder-workspace/.swiftpm/xcode
builtin-SwiftPerFileCompile Data+Base64URL.swift
SwiftCompile normal arm64 /Users/admin/builder/spi-builder-workspace/Sources/Core/Data+Hex.swift (in target 'Core' from project 'Core')
cd /Users/admin/builder/spi-builder-workspace/.swiftpm/xcode
builtin-SwiftPerFileCompile Data+Hex.swift
SwiftCompile normal arm64 /Users/admin/builder/spi-builder-workspace/Sources/Core/DataCoders.swift (in target 'Core' from project 'Core')
cd /Users/admin/builder/spi-builder-workspace/.swiftpm/xcode
builtin-SwiftPerFileCompile DataCoders.swift
SwiftCompile normal arm64 Compiling\ MediaType.swift,\ NestedData.swift /Users/admin/builder/spi-builder-workspace/Sources/Core/MediaType.swift /Users/admin/builder/spi-builder-workspace/Sources/Core/NestedData.swift (in target 'Core' from project 'Core')
SwiftCompile normal arm64 /Users/admin/builder/spi-builder-workspace/Sources/Core/MediaType.swift (in target 'Core' from project 'Core')
cd /Users/admin/builder/spi-builder-workspace/.swiftpm/xcode
builtin-SwiftPerFileCompile MediaType.swift
SwiftCompile normal arm64 /Users/admin/builder/spi-builder-workspace/Sources/Core/NestedData.swift (in target 'Core' from project 'Core')
cd /Users/admin/builder/spi-builder-workspace/.swiftpm/xcode
builtin-SwiftPerFileCompile NestedData.swift
PruneExplicitPrecompiledModules /Users/admin/builder/spi-builder-workspace/.derivedData/SDKExplicitPrecompiledModules
PruneExplicitPrecompiledModules /Users/admin/builder/spi-builder-workspace/.derivedData/Build/Intermediates.noindex/ExplicitPrecompiledModules
PruneExplicitPrecompiledModules /Users/admin/builder/spi-builder-workspace/.derivedData/Build/Intermediates.noindex/SwiftExplicitPrecompiledModules
2026-09-17 17:52:03.773 xcodebuild[960:5649] [MT] IDERunDestination: Supported platforms for the buildables in the current scheme is empty.
** BUILD FAILED **
The following build commands failed:
SwiftCompile normal arm64_32 Compiling\ Process+Execute.swift,\ Reflectable.swift /Users/admin/builder/spi-builder-workspace/Sources/Core/Process+Execute.swift /Users/admin/builder/spi-builder-workspace/Sources/Core/Reflectable.swift (in target 'Core' from project 'Core')
SwiftCompile normal arm64_32 /Users/admin/builder/spi-builder-workspace/Sources/Core/Process+Execute.swift (in target 'Core' from project 'Core')
Building workspace Core with scheme Core-Package
(3 failures)
BUILD FAILURE 6.4 watchOS