The Swift Package Index logo.Swift Package Index

Build Information

Failed to build RelevaSDK, reference master (2ff021), with Swift 6.1 for Android on 24 Oct 2026 10:02:03 UTC.

Build Command

bash -c docker run --pull=always --rm -v "checkouts-53886769-0":/host -w "$PWD" -e JAVA_HOME="/root/.sdkman/candidates/java/current" -e SPI_BUILD="1" -e SPI_PROCESSING="1" registry.gitlab.com/saguaro1/spi-images:android-6.1-latest swift build --swift-sdk aarch64-unknown-linux-android24 2>&1

Build Log

========================================
RunAll
========================================
Builder version: 5.1.3
Interrupt handler set up.
========================================
Checkout
========================================
Clone URL: https://github.com/Releva-ai/sdk-swift.git
Reference: master
Initialized empty Git repository in /host/spi-builder-workspace/.git/
hint: Using 'master' as the name for the initial branch. This default branch name
hint: is subject to change. To configure the initial branch name to use in all
hint: of your new repositories, which will suppress this warning, call:
hint:
hint: 	git config --global init.defaultBranch <name>
hint:
hint: Names commonly chosen instead of 'master' are 'main', 'trunk' and
hint: 'development'. The just-created branch can be renamed via this command:
hint:
hint: 	git branch -m <name>
From https://github.com/Releva-ai/sdk-swift
 * branch            master     -> FETCH_HEAD
 * [new branch]      master     -> origin/master
HEAD is now at 2ff0214 Merge pull request #27 from Releva-ai/docs/readme-push-token-5.2.1
Cloned https://github.com/Releva-ai/sdk-swift.git
Revision (git rev-parse @):
2ff021402849f36207b7286d76cdb9ca58c45bb6
SUCCESS checkout https://github.com/Releva-ai/sdk-swift.git at master
========================================
Build
========================================
Selected platform:         android
Swift version:             6.1
Building package at path:  $PWD
https://github.com/Releva-ai/sdk-swift.git
https://github.com/Releva-ai/sdk-swift.git
WARNING: environment variable SUPPRESS_SWIFT_6_FLAGS is not set
Running build ...
bash -c docker run --pull=always --rm -v "checkouts-53886769-0":/host -w "$PWD" -e JAVA_HOME="/root/.sdkman/candidates/java/current" -e SPI_BUILD="1" -e SPI_PROCESSING="1" registry.gitlab.com/saguaro1/spi-images:android-6.1-latest swift build --swift-sdk aarch64-unknown-linux-android24 -Xswiftc -Xfrontend -Xswiftc -stats-output-dir -Xswiftc -Xfrontend -Xswiftc .stats -Xswiftc -strict-concurrency=complete -Xswiftc -enable-upcoming-feature -Xswiftc StrictConcurrency -Xswiftc -enable-upcoming-feature -Xswiftc DisableOutwardActorInference -Xswiftc -enable-upcoming-feature -Xswiftc GlobalActorIsolatedTypesUsability -Xswiftc -enable-upcoming-feature -Xswiftc InferSendableFromCaptures 2>&1
android-6.1-latest: Pulling from saguaro1/spi-images
Digest: sha256:1af1ef9e2b8f7a959ad4dced2035c22f050ae85f531ed2857472423d8f2ef4d3
Status: Image is up to date for registry.gitlab.com/saguaro1/spi-images:android-6.1-latest
Fetching https://github.com/firebase/firebase-ios-sdk.git
[1/432645] Fetching firebase-ios-sdk
Fetched https://github.com/firebase/firebase-ios-sdk.git from cache (10.16s)
Computing version for https://github.com/firebase/firebase-ios-sdk.git
Computed https://github.com/firebase/firebase-ios-sdk.git at 12.19.3 (10.77s)
Fetching https://github.com/google/grpc-binary.git
Fetching https://github.com/firebase/nanopb.git
Fetching https://github.com/google/abseil-cpp-binary.git
Fetching https://github.com/google/interop-ios-for-google-sdks.git
Fetching https://github.com/firebase/leveldb.git
Fetching https://github.com/google/app-check.git
[1/163] Fetching grpc-binary
[107/270] Fetching grpc-binary, abseil-cpp-binary
[214/573] Fetching grpc-binary, abseil-cpp-binary, interop-ios-for-google-sdks
[281/8875] Fetching grpc-binary, abseil-cpp-binary, interop-ios-for-google-sdks, nanopb
[3812/15207] Fetching grpc-binary, abseil-cpp-binary, interop-ios-for-google-sdks, nanopb, app-check
[15208/18561] Fetching grpc-binary, abseil-cpp-binary, interop-ios-for-google-sdks, nanopb, app-check, leveldb
Fetched https://github.com/google/grpc-binary.git from cache (0.52s)
Fetched https://github.com/google/abseil-cpp-binary.git from cache (0.52s)
[16547/18291] Fetching interop-ios-for-google-sdks, nanopb, app-check, leveldb
Fetching https://github.com/google/GoogleUtilities.git
Fetching https://github.com/google/gtm-session-fetcher.git
Fetched https://github.com/google/interop-ios-for-google-sdks.git from cache (0.57s)
Fetched https://github.com/google/app-check.git from cache (0.57s)
Fetching https://github.com/google/GoogleDataTransport.git
Fetched https://github.com/firebase/leveldb.git from cache (0.57s)
Fetching https://github.com/google/GoogleAppMeasurement.git
Fetching https://github.com/google/promises.git
Fetched https://github.com/firebase/nanopb.git from cache (0.58s)
[1/5701] Fetching googleutilities
[59/8159] Fetching googleutilities, promises
[117/8804] Fetching googleutilities, promises, googleappmeasurement
[318/14912] Fetching googleutilities, promises, googleappmeasurement, googledatatransport
Fetched https://github.com/google/GoogleAppMeasurement.git from cache (0.34s)
[8065/14267] Fetching googleutilities, promises, googledatatransport
[13177/19360] Fetching googleutilities, promises, googledatatransport, gtm-session-fetcher
Fetched https://github.com/google/promises.git from cache (0.37s)
[12217/16902] Fetching googleutilities, googledatatransport, gtm-session-fetcher
Fetched https://github.com/google/GoogleUtilities.git from cache (0.46s)
[9877/11201] Fetching googledatatransport, gtm-session-fetcher
Fetched https://github.com/google/GoogleDataTransport.git from cache (0.41s)
[3922/5093] Fetching gtm-session-fetcher
Fetched https://github.com/google/gtm-session-fetcher.git from cache (0.56s)
Computing version for https://github.com/google/interop-ios-for-google-sdks.git
Computed https://github.com/google/interop-ios-for-google-sdks.git at 101.0.0 (1.34s)
Computing version for https://github.com/google/abseil-cpp-binary.git
Computed https://github.com/google/abseil-cpp-binary.git at 1.2024072200.0 (0.24s)
Computing version for https://github.com/google/GoogleAppMeasurement.git
Computed https://github.com/google/GoogleAppMeasurement.git at 12.19.2 (0.24s)
Fetching https://github.com/googleads/google-ads-on-device-conversion-ios-sdk
[1/128] Fetching google-ads-on-device-conversion-ios-sdk
Fetched https://github.com/googleads/google-ads-on-device-conversion-ios-sdk from cache (0.40s)
Computing version for https://github.com/googleads/google-ads-on-device-conversion-ios-sdk
Computed https://github.com/googleads/google-ads-on-device-conversion-ios-sdk at 3.7.0 (0.66s)
Computing version for https://github.com/google/grpc-binary.git
Computed https://github.com/google/grpc-binary.git at 1.69.1 (0.26s)
Computing version for https://github.com/firebase/nanopb.git
Computed https://github.com/firebase/nanopb.git at 2.30910.1 (0.26s)
Computing version for https://github.com/google/GoogleDataTransport.git
Computed https://github.com/google/GoogleDataTransport.git at 10.1.1 (0.23s)
Computing version for https://github.com/google/promises.git
Computed https://github.com/google/promises.git at 2.4.1 (0.26s)
Computing version for https://github.com/google/app-check.git
Computed https://github.com/google/app-check.git at 11.3.2 (0.27s)
Computing version for https://github.com/google/GoogleUtilities.git
Computed https://github.com/google/GoogleUtilities.git at 8.1.5 (0.24s)
Computing version for https://github.com/firebase/leveldb.git
Computed https://github.com/firebase/leveldb.git at 1.22.5 (0.24s)
Computing version for https://github.com/google/gtm-session-fetcher.git
Computed https://github.com/google/gtm-session-fetcher.git at 5.3.1 (0.22s)
Creating working copy for https://github.com/googleads/google-ads-on-device-conversion-ios-sdk
Working copy of https://github.com/googleads/google-ads-on-device-conversion-ios-sdk resolved at 3.7.0
Creating working copy for https://github.com/google/grpc-binary.git
Working copy of https://github.com/google/grpc-binary.git resolved at 1.69.1
Creating working copy for https://github.com/google/promises.git
Working copy of https://github.com/google/promises.git resolved at 2.4.1
Creating working copy for https://github.com/firebase/nanopb.git
Working copy of https://github.com/firebase/nanopb.git resolved at 2.30910.1
Creating working copy for https://github.com/firebase/leveldb.git
Working copy of https://github.com/firebase/leveldb.git resolved at 1.22.5
Creating working copy for https://github.com/google/app-check.git
Working copy of https://github.com/google/app-check.git resolved at 11.3.2
Creating working copy for https://github.com/firebase/firebase-ios-sdk.git
Working copy of https://github.com/firebase/firebase-ios-sdk.git resolved at 12.19.3
Creating working copy for https://github.com/google/GoogleDataTransport.git
Working copy of https://github.com/google/GoogleDataTransport.git resolved at 10.1.1
Creating working copy for https://github.com/google/gtm-session-fetcher.git
Working copy of https://github.com/google/gtm-session-fetcher.git resolved at 5.3.1
Creating working copy for https://github.com/google/interop-ios-for-google-sdks.git
Working copy of https://github.com/google/interop-ios-for-google-sdks.git resolved at 101.0.0
Creating working copy for https://github.com/google/GoogleAppMeasurement.git
Working copy of https://github.com/google/GoogleAppMeasurement.git resolved at 12.19.2
Creating working copy for https://github.com/google/GoogleUtilities.git
Working copy of https://github.com/google/GoogleUtilities.git resolved at 8.1.5
Creating working copy for https://github.com/google/abseil-cpp-binary.git
Working copy of https://github.com/google/abseil-cpp-binary.git resolved at 1.2024072200.0
Downloading binary artifact https://dl.google.com/firebase/ios/swiftpm/12.19.2/FirebaseAnalytics.zip
Downloading binary artifact https://dl.google.com/firebase/ios/swiftpm/12.19.2/GoogleAppMeasurement.zip
Downloading binary artifact https://dl.google.com/firebase/ios/bin/firestore/12.19.3/rc0/FirebaseFirestoreInternal.zip
Downloading binary artifact https://dl.google.com/firebase/ios/bin/grpc/1.69.1/rc0/openssl_grpc.zip
Downloading binary artifact https://dl.google.com/firebase/ios/bin/abseil/1.2024072200.0/rc0/absl.zip
Downloading binary artifact https://dl.google.com/firebase/ios/bin/grpc/1.69.1/rc0/grpc.zip
Downloading binary artifact https://dl.google.com/firebase/ios/bin/grpc/1.69.1/rc0/grpcpp.zip
Downloading binary artifact https://dl.google.com/firebase/ios/swiftpm/12.19.2/GoogleAppMeasurementIdentitySupport.zip
Downloading binary artifact https://dl.google.com/firebase/ios/appads/3.7.0/GoogleAdsOnDeviceConversion.zip
[2062/2062] Downloading https://dl.google.com/firebase/ios/bin/grpc/1.69.1/rc0/openssl_grpc.zip
[86391/86391] Downloading https://dl.google.com/firebase/ios/bin/grpc/1.69.1/rc0/openssl_grpc.zip, https://dl.google.com/firebase/ios/swiftpm/12.19.2/FirebaseAnalytics.zip
[109370/109370] Downloading https://dl.google.com/firebase/ios/bin/grpc/1.69.1/rc0/openssl_grpc.zip, https://dl.google.com/firebase/ios/swiftpm/12.19.2/FirebaseAnalytics.zip, https://dl.google.com/firebase/ios/bin/abseil/1.2024072200.0/rc0/absl.zip
[180248/180248] Downloading https://dl.google.com/firebase/ios/bin/grpc/1.69.1/rc0/openssl_grpc.zip, https://dl.google.com/firebase/ios/swiftpm/12.19.2/FirebaseAnalytics.zip, https://dl.google.com/firebase/ios/bin/abseil/1.2024072200.0/rc0/absl.zip, https://dl.google.com/firebase/ios/bin/grpc/1.69.1/rc0/grpcpp.zip
[220409/220409] Downloading https://dl.google.com/firebase/ios/bin/grpc/1.69.1/rc0/openssl_grpc.zip, https://dl.google.com/firebase/ios/swiftpm/12.19.2/FirebaseAnalytics.zip, https://dl.google.com/firebase/ios/bin/abseil/1.2024072200.0/rc0/absl.zip, https://dl.google.com/firebase/ios/bin/grpc/1.69.1/rc0/grpcpp.zip, https://dl.google.com/firebase/ios/swiftpm/12.19.2/GoogleAppMeasurement.zip
[242555/242555] Downloading https://dl.google.com/firebase/ios/bin/grpc/1.69.1/rc0/openssl_grpc.zip, https://dl.google.com/firebase/ios/swiftpm/12.19.2/FirebaseAnalytics.zip, https://dl.google.com/firebase/ios/bin/abseil/1.2024072200.0/rc0/absl.zip, https://dl.google.com/firebase/ios/bin/grpc/1.69.1/rc0/grpcpp.zip, https://dl.google.com/firebase/ios/swiftpm/12.19.2/GoogleAppMeasurement.zip, https://dl.google.com/firebase/ios/swiftpm/12.19.2/GoogleAppMeasurementIdentitySupport.zip
[498831/498831] Downloading https://dl.google.com/firebase/ios/bin/grpc/1.69.1/rc0/openssl_grpc.zip, https://dl.google.com/firebase/ios/swiftpm/12.19.2/FirebaseAnalytics.zip, https://dl.google.com/firebase/ios/bin/abseil/1.2024072200.0/rc0/absl.zip, https://dl.google.com/firebase/ios/bin/grpc/1.69.1/rc0/grpcpp.zip, https://dl.google.com/firebase/ios/swiftpm/12.19.2/GoogleAppMeasurement.zip, https://dl.google.com/firebase/ios/swiftpm/12.19.2/GoogleAppMeasurementIdentitySupport.zip, https://dl.google.com/firebase/ios/bin/firestore/12.19.3/rc0/FirebaseFirestoreInternal.zip
[842085/842085] Downloading https://dl.google.com/firebase/ios/bin/grpc/1.69.1/rc0/openssl_grpc.zip
Downloaded https://dl.google.com/firebase/ios/swiftpm/12.19.2/GoogleAppMeasurementIdentitySupport.zip (0.30s)
[865812/865812] Downloading https://dl.google.com/firebase/ios/bin/grpc/1.69.1/rc0/openssl_grpc.zip, https://dl.google.com/firebase/ios/bin/grpc/1.69.1/rc0/grpc.zip
[1344026/1344026] Downloading https://dl.google.com/firebase/ios/bin/grpc/1.69.1/rc0/openssl_grpc.zip, https://dl.google.com/firebase/ios/bin/grpc/1.69.1/rc0/grpc.zip, https://dl.google.com/firebase/ios/swiftpm/12.19.2/FirebaseAnalytics.zip
[1961292/1961292] Downloading https://dl.google.com/firebase/ios/bin/grpc/1.69.1/rc0/openssl_grpc.zip, https://dl.google.com/firebase/ios/bin/grpc/1.69.1/rc0/grpc.zip, https://dl.google.com/firebase/ios/swiftpm/12.19.2/FirebaseAnalytics.zip, https://dl.google.com/firebase/ios/swiftpm/12.19.2/GoogleAppMeasurement.zip
[2262436/2262436] Downloading https://dl.google.com/firebase/ios/bin/grpc/1.69.1/rc0/openssl_grpc.zip, https://dl.google.com/firebase/ios/bin/grpc/1.69.1/rc0/grpc.zip, https://dl.google.com/firebase/ios/swiftpm/12.19.2/FirebaseAnalytics.zip, https://dl.google.com/firebase/ios/swiftpm/12.19.2/GoogleAppMeasurement.zip, https://dl.google.com/firebase/ios/bin/abseil/1.2024072200.0/rc0/absl.zip
[2563448/2563448] Downloading https://dl.google.com/firebase/ios/bin/grpc/1.69.1/rc0/openssl_grpc.zip, https://dl.google.com/firebase/ios/bin/grpc/1.69.1/rc0/grpc.zip, https://dl.google.com/firebase/ios/swiftpm/12.19.2/FirebaseAnalytics.zip, https://dl.google.com/firebase/ios/swiftpm/12.19.2/GoogleAppMeasurement.zip, https://dl.google.com/firebase/ios/bin/abseil/1.2024072200.0/rc0/absl.zip, https://dl.google.com/firebase/ios/bin/grpc/1.69.1/rc0/grpcpp.zip
[2856768/2856768] Downloading https://dl.google.com/firebase/ios/bin/grpc/1.69.1/rc0/openssl_grpc.zip, https://dl.google.com/firebase/ios/bin/grpc/1.69.1/rc0/grpc.zip, https://dl.google.com/firebase/ios/swiftpm/12.19.2/FirebaseAnalytics.zip, https://dl.google.com/firebase/ios/swiftpm/12.19.2/GoogleAppMeasurement.zip, https://dl.google.com/firebase/ios/bin/abseil/1.2024072200.0/rc0/absl.zip, https://dl.google.com/firebase/ios/bin/grpc/1.69.1/rc0/grpcpp.zip, https://dl.google.com/firebase/ios/bin/firestore/12.19.3/rc0/FirebaseFirestoreInternal.zip
[519870/519870] Downloading https://dl.google.com/firebase/ios/swiftpm/12.19.2/GoogleAppMeasurement.zip
Downloaded https://dl.google.com/firebase/ios/swiftpm/12.19.2/FirebaseAnalytics.zip (0.51s)
[2368462/2368462] Downloading https://dl.google.com/firebase/ios/swiftpm/12.19.2/GoogleAppMeasurement.zip, https://dl.google.com/firebase/ios/bin/grpc/1.69.1/rc0/grpcpp.zip
[3489157/3489157] Downloading https://dl.google.com/firebase/ios/swiftpm/12.19.2/GoogleAppMeasurement.zip, https://dl.google.com/firebase/ios/bin/grpc/1.69.1/rc0/grpcpp.zip, https://dl.google.com/firebase/ios/bin/firestore/12.19.3/rc0/FirebaseFirestoreInternal.zip
[17367112/17367112] Downloading https://dl.google.com/firebase/ios/swiftpm/12.19.2/GoogleAppMeasurement.zip, https://dl.google.com/firebase/ios/bin/grpc/1.69.1/rc0/grpcpp.zip, https://dl.google.com/firebase/ios/bin/firestore/12.19.3/rc0/FirebaseFirestoreInternal.zip, https://dl.google.com/firebase/ios/bin/grpc/1.69.1/rc0/openssl_grpc.zip
[18667593/18667593] Downloading https://dl.google.com/firebase/ios/swiftpm/12.19.2/GoogleAppMeasurement.zip, https://dl.google.com/firebase/ios/bin/grpc/1.69.1/rc0/grpcpp.zip, https://dl.google.com/firebase/ios/bin/firestore/12.19.3/rc0/FirebaseFirestoreInternal.zip, https://dl.google.com/firebase/ios/bin/grpc/1.69.1/rc0/openssl_grpc.zip, https://dl.google.com/firebase/ios/bin/grpc/1.69.1/rc0/grpc.zip
[60016150/60016150] Downloading https://dl.google.com/firebase/ios/swiftpm/12.19.2/GoogleAppMeasurement.zip, https://dl.google.com/firebase/ios/bin/grpc/1.69.1/rc0/grpcpp.zip, https://dl.google.com/firebase/ios/bin/firestore/12.19.3/rc0/FirebaseFirestoreInternal.zip, https://dl.google.com/firebase/ios/bin/grpc/1.69.1/rc0/openssl_grpc.zip, https://dl.google.com/firebase/ios/bin/grpc/1.69.1/rc0/grpc.zip, https://dl.google.com/firebase/ios/appads/3.7.0/GoogleAdsOnDeviceConversion.zip
[23986072/23986072] Downloading https://dl.google.com/firebase/ios/bin/grpc/1.69.1/rc0/grpc.zip
Downloaded https://dl.google.com/firebase/ios/bin/abseil/1.2024072200.0/rc0/absl.zip (1.28s)
Downloaded https://dl.google.com/firebase/ios/appads/3.7.0/GoogleAdsOnDeviceConversion.zip (1.38s)
Downloaded https://dl.google.com/firebase/ios/swiftpm/12.19.2/GoogleAppMeasurement.zip (1.70s)
Downloaded https://dl.google.com/firebase/ios/bin/grpc/1.69.1/rc0/openssl_grpc.zip (1.74s)
Downloaded https://dl.google.com/firebase/ios/bin/grpc/1.69.1/rc0/grpcpp.zip (2.95s)
Downloaded https://dl.google.com/firebase/ios/bin/firestore/12.19.3/rc0/FirebaseFirestoreInternal.zip (2.99s)
Downloaded https://dl.google.com/firebase/ios/bin/grpc/1.69.1/rc0/grpc.zip (7.92s)
Building for debugging...
[0/4] Write sources
[0/4] Copying PrivacyInfo.xcprivacy
[2/4] Write sources
[3/4] Write swift-version-24593BA9C3E375BF.txt
error: emit-module command failed with exit code 1 (use -v to see invocation)
[5/63] Emitting module RelevaSDK
/host/spi-builder-workspace/Sources/RelevaSDK/Banner/BannerCardLayout.swift:1:8: error: no such module 'SwiftUI'
  1 | import SwiftUI
    |        `- error: no such module 'SwiftUI'
  2 |
  3 | /// Where a bar's card sits and what it pads, resolved the way sdk-react-native's
[6/70] Compiling RelevaNotificationExtension RelevaNotificationServiceExtension.swift
/host/spi-builder-workspace/Sources/RelevaNotificationExtension/RelevaExtensionLog.swift:2:8: error: no such module 'os'
 1 | import Foundation
 2 | import os
   |        `- error: no such module 'os'
 3 |
 4 | /// Extension-process logging under the same subsystem as the SDK (`ai.releva.sdk`), category
[7/70] Compiling RelevaSDK NpsDisplayView.swift
/host/spi-builder-workspace/Sources/RelevaSDK/Banner/BannerCardLayout.swift:1:8: error: no such module 'SwiftUI'
  1 | import SwiftUI
    |        `- error: no such module 'SwiftUI'
  2 |
  3 | /// Where a bar's card sits and what it pads, resolved the way sdk-react-native's
[8/70] Compiling RelevaSDK NpsManagerService.swift
/host/spi-builder-workspace/Sources/RelevaSDK/Banner/BannerCardLayout.swift:1:8: error: no such module 'SwiftUI'
  1 | import SwiftUI
    |        `- error: no such module 'SwiftUI'
  2 |
  3 | /// Where a bar's card sits and what it pads, resolved the way sdk-react-native's
[9/70] Compiling RelevaSDK NpsPresenter.swift
/host/spi-builder-workspace/Sources/RelevaSDK/Banner/BannerCardLayout.swift:1:8: error: no such module 'SwiftUI'
  1 | import SwiftUI
    |        `- error: no such module 'SwiftUI'
  2 |
  3 | /// Where a bar's card sits and what it pads, resolved the way sdk-react-native's
[10/70] Compiling RelevaSDK PrivacyManifest.swift
/host/spi-builder-workspace/Sources/RelevaSDK/Banner/BannerCardLayout.swift:1:8: error: no such module 'SwiftUI'
  1 | import SwiftUI
    |        `- error: no such module 'SwiftUI'
  2 |
  3 | /// Where a bar's card sits and what it pads, resolved the way sdk-react-native's
[11/70] Compiling RelevaSDK EngagementTrackingService.swift
/host/spi-builder-workspace/Sources/RelevaSDK/Banner/BannerCardLayout.swift:1:8: error: no such module 'SwiftUI'
  1 | import SwiftUI
    |        `- error: no such module 'SwiftUI'
  2 |
  3 | /// Where a bar's card sits and what it pads, resolved the way sdk-react-native's
[12/70] Compiling RelevaSDK NetworkService.swift
/host/spi-builder-workspace/Sources/RelevaSDK/Banner/BannerCardLayout.swift:1:8: error: no such module 'SwiftUI'
  1 | import SwiftUI
    |        `- error: no such module 'SwiftUI'
  2 |
  3 | /// Where a bar's card sits and what it pads, resolved the way sdk-react-native's
[13/70] Compiling RelevaSDK NotificationService.swift
/host/spi-builder-workspace/Sources/RelevaSDK/Banner/BannerCardLayout.swift:1:8: error: no such module 'SwiftUI'
  1 | import SwiftUI
    |        `- error: no such module 'SwiftUI'
  2 |
  3 | /// Where a bar's card sits and what it pads, resolved the way sdk-react-native's
[14/70] Compiling RelevaNotificationExtension RelevaExtensionLog.swift
/host/spi-builder-workspace/Sources/RelevaNotificationExtension/RelevaExtensionLog.swift:2:8: error: no such module 'os'
 1 | import Foundation
 2 | import os
   |        `- error: no such module 'os'
 3 |
 4 | /// Extension-process logging under the same subsystem as the SDK (`ai.releva.sdk`), category
error: emit-module command failed with exit code 1 (use -v to see invocation)
[15/70] Emitting module RelevaNotificationExtension
/host/spi-builder-workspace/Sources/RelevaNotificationExtension/RelevaExtensionLog.swift:2:8: error: no such module 'os'
 1 | import Foundation
 2 | import os
   |        `- error: no such module 'os'
 3 |
 4 | /// Extension-process logging under the same subsystem as the SDK (`ai.releva.sdk`), category
[16/70] Compiling RelevaSDK UIViewController+Presentation.swift
/host/spi-builder-workspace/Sources/RelevaSDK/Banner/BannerCardLayout.swift:1:8: error: no such module 'SwiftUI'
  1 | import SwiftUI
    |        `- error: no such module 'SwiftUI'
  2 |
  3 | /// Where a bar's card sits and what it pads, resolved the way sdk-react-native's
[17/70] Compiling RelevaSDK InboxMessageView.swift
/host/spi-builder-workspace/Sources/RelevaSDK/Banner/BannerCardLayout.swift:1:8: error: no such module 'SwiftUI'
  1 | import SwiftUI
    |        `- error: no such module 'SwiftUI'
  2 |
  3 | /// Where a bar's card sits and what it pads, resolved the way sdk-react-native's
[18/70] Compiling RelevaSDK InboxService.swift
/host/spi-builder-workspace/Sources/RelevaSDK/Banner/BannerCardLayout.swift:1:8: error: no such module 'SwiftUI'
  1 | import SwiftUI
    |        `- error: no such module 'SwiftUI'
  2 |
  3 | /// Where a bar's card sits and what it pads, resolved the way sdk-react-native's
[19/70] Compiling RelevaSDK Cart.swift
/host/spi-builder-workspace/Sources/RelevaSDK/Banner/BannerCardLayout.swift:1:8: error: no such module 'SwiftUI'
  1 | import SwiftUI
    |        `- error: no such module 'SwiftUI'
  2 |
  3 | /// Where a bar's card sits and what it pads, resolved the way sdk-react-native's
[20/70] Compiling RelevaSDK CartProduct.swift
/host/spi-builder-workspace/Sources/RelevaSDK/Banner/BannerCardLayout.swift:1:8: error: no such module 'SwiftUI'
  1 | import SwiftUI
    |        `- error: no such module 'SwiftUI'
  2 |
  3 | /// Where a bar's card sits and what it pads, resolved the way sdk-react-native's
[21/70] Compiling RelevaSDK CustomField.swift
/host/spi-builder-workspace/Sources/RelevaSDK/Banner/BannerCardLayout.swift:1:8: error: no such module 'SwiftUI'
  1 | import SwiftUI
    |        `- error: no such module 'SwiftUI'
  2 |
  3 | /// Where a bar's card sits and what it pads, resolved the way sdk-react-native's
[22/70] Compiling RelevaSDK DeviceType.swift
/host/spi-builder-workspace/Sources/RelevaSDK/Banner/BannerCardLayout.swift:1:8: error: no such module 'SwiftUI'
  1 | import SwiftUI
    |        `- error: no such module 'SwiftUI'
  2 |
  3 | /// Where a bar's card sits and what it pads, resolved the way sdk-react-native's
[23/70] Compiling RelevaSDK CustomEvent.swift
/host/spi-builder-workspace/Sources/RelevaSDK/Banner/BannerCardLayout.swift:1:8: error: no such module 'SwiftUI'
  1 | import SwiftUI
    |        `- error: no such module 'SwiftUI'
  2 |
  3 | /// Where a bar's card sits and what it pads, resolved the way sdk-react-native's
Running build ...
bash -c docker run --pull=always --rm -v "checkouts-53886769-0":/host -w "$PWD" -e JAVA_HOME="/root/.sdkman/candidates/java/current" -e SPI_BUILD="1" -e SPI_PROCESSING="1" registry.gitlab.com/saguaro1/spi-images:android-6.1-latest swift build --swift-sdk aarch64-unknown-linux-android24 2>&1
android-6.1-latest: Pulling from saguaro1/spi-images
Digest: sha256:1af1ef9e2b8f7a959ad4dced2035c22f050ae85f531ed2857472423d8f2ef4d3
Status: Image is up to date for registry.gitlab.com/saguaro1/spi-images:android-6.1-latest
[0/1] Planning build
Building for debugging...
[0/1] Write swift-version-24593BA9C3E375BF.txt
[2/60] Compiling RelevaSDK StoryResponse.swift
/host/spi-builder-workspace/Sources/RelevaSDK/Banner/BannerCardLayout.swift:1:8: error: no such module 'SwiftUI'
  1 | import SwiftUI
    |        `- error: no such module 'SwiftUI'
  2 |
  3 | /// Where a bar's card sits and what it pads, resolved the way sdk-react-native's
[3/60] Compiling RelevaSDK Template.swift
/host/spi-builder-workspace/Sources/RelevaSDK/Banner/BannerCardLayout.swift:1:8: error: no such module 'SwiftUI'
  1 | import SwiftUI
    |        `- error: no such module 'SwiftUI'
  2 |
  3 | /// Where a bar's card sits and what it pads, resolved the way sdk-react-native's
[4/60] Compiling RelevaSDK CheckoutSuccessRequest.swift
/host/spi-builder-workspace/Sources/RelevaSDK/Banner/BannerCardLayout.swift:1:8: error: no such module 'SwiftUI'
  1 | import SwiftUI
    |        `- error: no such module 'SwiftUI'
  2 |
  3 | /// Where a bar's card sits and what it pads, resolved the way sdk-react-native's
[5/60] Compiling RelevaSDK ScreenViewRequest.swift
/host/spi-builder-workspace/Sources/RelevaSDK/Banner/BannerCardLayout.swift:1:8: error: no such module 'SwiftUI'
  1 | import SwiftUI
    |        `- error: no such module 'SwiftUI'
  2 |
  3 | /// Where a bar's card sits and what it pads, resolved the way sdk-react-native's
[6/60] Compiling RelevaSDK SearchRequest.swift
/host/spi-builder-workspace/Sources/RelevaSDK/Banner/BannerCardLayout.swift:1:8: error: no such module 'SwiftUI'
  1 | import SwiftUI
    |        `- error: no such module 'SwiftUI'
  2 |
  3 | /// Where a bar's card sits and what it pads, resolved the way sdk-react-native's
[7/60] Compiling RelevaSDK ViewedProduct.swift
/host/spi-builder-workspace/Sources/RelevaSDK/Banner/BannerCardLayout.swift:1:8: error: no such module 'SwiftUI'
  1 | import SwiftUI
    |        `- error: no such module 'SwiftUI'
  2 |
  3 | /// Where a bar's card sits and what it pads, resolved the way sdk-react-native's
[8/60] Compiling RelevaSDK WishlistProduct.swift
/host/spi-builder-workspace/Sources/RelevaSDK/Banner/BannerCardLayout.swift:1:8: error: no such module 'SwiftUI'
  1 | import SwiftUI
    |        `- error: no such module 'SwiftUI'
  2 |
  3 | /// Where a bar's card sits and what it pads, resolved the way sdk-react-native's
[9/60] Compiling RelevaSDK NpsDisplayController.swift
/host/spi-builder-workspace/Sources/RelevaSDK/Banner/BannerCardLayout.swift:1:8: error: no such module 'SwiftUI'
  1 | import SwiftUI
    |        `- error: no such module 'SwiftUI'
  2 |
  3 | /// Where a bar's card sits and what it pads, resolved the way sdk-react-native's
[10/67] Compiling RelevaNotificationExtension RelevaNotificationServiceExtension.swift
/host/spi-builder-workspace/Sources/RelevaNotificationExtension/RelevaExtensionLog.swift:2:8: error: no such module 'os'
 1 | import Foundation
 2 | import os
   |        `- error: no such module 'os'
 3 |
 4 | /// Extension-process logging under the same subsystem as the SDK (`ai.releva.sdk`), category
[11/67] Compiling RelevaNotificationExtension RelevaExtensionLog.swift
/host/spi-builder-workspace/Sources/RelevaNotificationExtension/RelevaExtensionLog.swift:2:8: error: no such module 'os'
 1 | import Foundation
 2 | import os
   |        `- error: no such module 'os'
 3 |
 4 | /// Extension-process logging under the same subsystem as the SDK (`ai.releva.sdk`), category
error: emit-module command failed with exit code 1 (use -v to see invocation)
[12/67] Emitting module RelevaNotificationExtension
/host/spi-builder-workspace/Sources/RelevaNotificationExtension/RelevaExtensionLog.swift:2:8: error: no such module 'os'
 1 | import Foundation
 2 | import os
   |        `- error: no such module 'os'
 3 |
 4 | /// Extension-process logging under the same subsystem as the SDK (`ai.releva.sdk`), category
BUILD FAILURE 6.1 android