Build Information
Failed to build BEMCheckBox, reference master (a3292e), with Swift 6.1 for watchOS using Xcode 16.3 on 20 Sep 2026 20:30:50 UTC.
Build Command
env DEVELOPER_DIR=/Applications/Xcode-16.3.0.app xcrun xcodebuild -IDEClonedSourcePackagesDirPathOverride=$PWD/.dependencies -skipMacroValidation -skipPackagePluginValidation -derivedDataPath $PWD/.derivedData build -scheme BEMCheckBox -destination generic/platform=watchOSBuild Log
========================================
RunAll
========================================
Builder version: 5.1.0
Interrupt handler set up.
========================================
Checkout
========================================
Clone URL: https://github.com/Boris-Em/BEMCheckBox.git
Reference: master
Initialized empty Git repository in /Users/admin/builder/spi-builder-workspace/.git/
From https://github.com/Boris-Em/BEMCheckBox
* branch master -> FETCH_HEAD
* [new branch] master -> origin/master
HEAD is now at a3292eb Merge pull request #97 from agisboye/master
Cloned https://github.com/Boris-Em/BEMCheckBox.git
Revision (git rev-parse @):
a3292ebae9f0c2737b0c90281219dced2ce51ac8
SUCCESS checkout https://github.com/Boris-Em/BEMCheckBox.git at master
========================================
Build
========================================
Selected platform: watchOS
Swift version: 6.1
Building package at path: $PWD
https://github.com/Boris-Em/BEMCheckBox.git
https://github.com/Boris-Em/BEMCheckBox.git
{
"dependencies" : [
],
"manifest_display_name" : "BEMCheckBox",
"name" : "BEMCheckBox",
"path" : "/Users/admin/builder/spi-builder-workspace",
"platforms" : [
{
"name" : "ios",
"version" : "8.0"
}
],
"products" : [
{
"name" : "BEMCheckBox",
"targets" : [
"BEMCheckBox"
],
"type" : {
"library" : [
"automatic"
]
}
}
],
"targets" : [
{
"c99name" : "BEMCheckBox",
"module_type" : "SwiftTarget",
"name" : "BEMCheckBox",
"path" : "Classes",
"product_memberships" : [
"BEMCheckBox"
],
"sources" : [
"BEMAnimationManager.swift",
"BEMCheckBox.swift",
"BEMCheckBoxGroup.swift",
"BEMPathManager.swift"
],
"type" : "library"
}
],
"tools_version" : "5.1"
}
Command line invocation:
/Applications/Xcode-16.3.0.app/Contents/Developer/usr/bin/xcodebuild -IDEClonedSourcePackagesDirPathOverride=/Users/admin/builder/spi-builder-workspace/.dependencies -resolvePackageDependencies
Resolve Package Graph
Resolved source packages:
BEMCheckBox: /Users/admin/builder/spi-builder-workspace
resolved source packages: BEMCheckBox
{
"dependencies" : [
],
"manifest_display_name" : "BEMCheckBox",
"name" : "BEMCheckBox",
"path" : "/Users/admin/builder/spi-builder-workspace",
"platforms" : [
{
"name" : "ios",
"version" : "8.0"
}
],
"products" : [
{
"name" : "BEMCheckBox",
"targets" : [
"BEMCheckBox"
],
"type" : {
"library" : [
"automatic"
]
}
}
],
"targets" : [
{
"c99name" : "BEMCheckBox",
"module_type" : "SwiftTarget",
"name" : "BEMCheckBox",
"path" : "Classes",
"product_memberships" : [
"BEMCheckBox"
],
"sources" : [
"BEMAnimationManager.swift",
"BEMCheckBox.swift",
"BEMCheckBoxGroup.swift",
"BEMPathManager.swift"
],
"type" : "library"
}
],
"tools_version" : "5.1"
}
{
"workspace" : {
"name" : "spi-builder-workspace",
"schemes" : [
"BEMCheckBox"
]
}
}
Running build ...
env DEVELOPER_DIR=/Applications/Xcode-16.3.0.app xcrun xcodebuild -IDEClonedSourcePackagesDirPathOverride=$PWD/.dependencies -skipMacroValidation -skipPackagePluginValidation -derivedDataPath $PWD/.derivedData build -scheme BEMCheckBox -destination generic/platform=watchOS OTHER_SWIFT_FLAGS=-stats-output-dir .stats -strict-concurrency=complete -enable-upcoming-feature StrictConcurrency -enable-upcoming-feature DisableOutwardActorInference -enable-upcoming-feature GlobalActorIsolatedTypesUsability -enable-upcoming-feature InferSendableFromCaptures
Command line invocation:
/Applications/Xcode-16.3.0.app/Contents/Developer/usr/bin/xcodebuild -IDEClonedSourcePackagesDirPathOverride=/Users/admin/builder/spi-builder-workspace/.dependencies -skipMacroValidation -skipPackagePluginValidation -derivedDataPath /Users/admin/builder/spi-builder-workspace/.derivedData build -scheme BEMCheckBox -destination generic/platform=watchOS "OTHER_SWIFT_FLAGS=-stats-output-dir .stats -strict-concurrency=complete -enable-upcoming-feature StrictConcurrency -enable-upcoming-feature DisableOutwardActorInference -enable-upcoming-feature GlobalActorIsolatedTypesUsability -enable-upcoming-feature InferSendableFromCaptures"
Build settings from command line:
OTHER_SWIFT_FLAGS = -stats-output-dir .stats -strict-concurrency=complete -enable-upcoming-feature StrictConcurrency -enable-upcoming-feature DisableOutwardActorInference -enable-upcoming-feature GlobalActorIsolatedTypesUsability -enable-upcoming-feature InferSendableFromCaptures
Resolve Package Graph
Resolved source packages:
BEMCheckBox: /Users/admin/builder/spi-builder-workspace
ComputePackagePrebuildTargetDependencyGraph
Prepare packages
CreateBuildRequest
SendProjectDescription
CreateBuildOperation
ComputeTargetDependencyGraph
note: Building targets in dependency order
note: Target dependency graph (2 targets)
Target 'BEMCheckBox' in project 'BEMCheckBox'
➜ Explicit dependency on target 'BEMCheckBox' in project 'BEMCheckBox'
Target 'BEMCheckBox' in project 'BEMCheckBox' (no dependencies)
GatherProvisioningInputs
CreateBuildDescription
ExecuteExternalTool /Applications/Xcode-16.3.0.app/Contents/Developer/Toolchains/XcodeDefault.xctoolchain/usr/bin/clang -v -E -dM -isysroot /Applications/Xcode-16.3.0.app/Contents/Developer/Platforms/WatchOS.platform/Developer/SDKs/WatchOS11.4.sdk -x c -c /dev/null
ExecuteExternalTool /Applications/Xcode-16.3.0.app/Contents/Developer/Toolchains/XcodeDefault.xctoolchain/usr/bin/swiftc --version
ExecuteExternalTool /Applications/Xcode-16.3.0.app/Contents/Developer/Toolchains/XcodeDefault.xctoolchain/usr/bin/ld -version_details
Build description signature: 93fd2e35eec556e3336854cd9a08ad17
Build description path: /Users/admin/builder/spi-builder-workspace/.derivedData/Build/Intermediates.noindex/XCBuildData/93fd2e35eec556e3336854cd9a08ad17.xcbuilddata
CreateBuildDirectory /Users/admin/builder/spi-builder-workspace/.derivedData/Build/Products
cd /Users/admin/builder/spi-builder-workspace/.swiftpm/xcode
builtin-create-build-directory /Users/admin/builder/spi-builder-workspace/.derivedData/Build/Products
CreateBuildDirectory /Users/admin/builder/spi-builder-workspace/.derivedData/Build/Intermediates.noindex
cd /Users/admin/builder/spi-builder-workspace/.swiftpm/xcode
builtin-create-build-directory /Users/admin/builder/spi-builder-workspace/.derivedData/Build/Intermediates.noindex
ClangStatCache /Applications/Xcode-16.3.0.app/Contents/Developer/Toolchains/XcodeDefault.xctoolchain/usr/bin/clang-stat-cache /Applications/Xcode-16.3.0.app/Contents/Developer/Platforms/WatchOS.platform/Developer/SDKs/WatchOS11.4.sdk /Users/admin/builder/spi-builder-workspace/.derivedData/SDKStatCaches.noindex/watchos11.4-22T246-43efb940ff07ba2497b70ec94253f576.sdkstatcache
cd /Users/admin/builder/spi-builder-workspace/.swiftpm/xcode
/Applications/Xcode-16.3.0.app/Contents/Developer/Toolchains/XcodeDefault.xctoolchain/usr/bin/clang-stat-cache /Applications/Xcode-16.3.0.app/Contents/Developer/Platforms/WatchOS.platform/Developer/SDKs/WatchOS11.4.sdk -o /Users/admin/builder/spi-builder-workspace/.derivedData/SDKStatCaches.noindex/watchos11.4-22T246-43efb940ff07ba2497b70ec94253f576.sdkstatcache
CreateBuildDirectory /Users/admin/builder/spi-builder-workspace/.derivedData/Build/Products/Debug-watchos
cd /Users/admin/builder/spi-builder-workspace/.swiftpm/xcode
builtin-create-build-directory /Users/admin/builder/spi-builder-workspace/.derivedData/Build/Products/Debug-watchos
CreateBuildDirectory /Users/admin/builder/spi-builder-workspace/.derivedData/Build/Intermediates.noindex/EagerLinkingTBDs/Debug-watchos
cd /Users/admin/builder/spi-builder-workspace/.swiftpm/xcode
builtin-create-build-directory /Users/admin/builder/spi-builder-workspace/.derivedData/Build/Intermediates.noindex/EagerLinkingTBDs/Debug-watchos
CreateBuildDirectory /Users/admin/builder/spi-builder-workspace/.derivedData/Build/Products/Debug-watchos/PackageFrameworks
cd /Users/admin/builder/spi-builder-workspace/.swiftpm/xcode
builtin-create-build-directory /Users/admin/builder/spi-builder-workspace/.derivedData/Build/Products/Debug-watchos/PackageFrameworks
WriteAuxiliaryFile /Users/admin/builder/spi-builder-workspace/.derivedData/Build/Intermediates.noindex/BEMCheckBox.build/Debug-watchos/BEMCheckBox.build/BEMCheckBox.modulemap (in target 'BEMCheckBox' from project 'BEMCheckBox')
cd /Users/admin/builder/spi-builder-workspace
write-file /Users/admin/builder/spi-builder-workspace/.derivedData/Build/Intermediates.noindex/BEMCheckBox.build/Debug-watchos/BEMCheckBox.build/BEMCheckBox.modulemap
WriteAuxiliaryFile /Users/admin/builder/spi-builder-workspace/.derivedData/Build/Intermediates.noindex/BEMCheckBox.build/Debug-watchos/BEMCheckBox.build/Objects-normal/armv7k/BEMCheckBox_const_extract_protocols.json (in target 'BEMCheckBox' from project 'BEMCheckBox')
cd /Users/admin/builder/spi-builder-workspace
write-file /Users/admin/builder/spi-builder-workspace/.derivedData/Build/Intermediates.noindex/BEMCheckBox.build/Debug-watchos/BEMCheckBox.build/Objects-normal/armv7k/BEMCheckBox_const_extract_protocols.json
WriteAuxiliaryFile /Users/admin/builder/spi-builder-workspace/.derivedData/Build/Intermediates.noindex/BEMCheckBox.build/Debug-watchos/BEMCheckBox.build/Objects-normal/armv7k/BEMCheckBox-OutputFileMap.json (in target 'BEMCheckBox' from project 'BEMCheckBox')
cd /Users/admin/builder/spi-builder-workspace
write-file /Users/admin/builder/spi-builder-workspace/.derivedData/Build/Intermediates.noindex/BEMCheckBox.build/Debug-watchos/BEMCheckBox.build/Objects-normal/armv7k/BEMCheckBox-OutputFileMap.json
WriteAuxiliaryFile /Users/admin/builder/spi-builder-workspace/.derivedData/Build/Intermediates.noindex/BEMCheckBox.build/Debug-watchos/BEMCheckBox.build/Objects-normal/arm64_32/BEMCheckBox.SwiftFileList (in target 'BEMCheckBox' from project 'BEMCheckBox')
cd /Users/admin/builder/spi-builder-workspace
write-file /Users/admin/builder/spi-builder-workspace/.derivedData/Build/Intermediates.noindex/BEMCheckBox.build/Debug-watchos/BEMCheckBox.build/Objects-normal/arm64_32/BEMCheckBox.SwiftFileList
WriteAuxiliaryFile /Users/admin/builder/spi-builder-workspace/.derivedData/Build/Intermediates.noindex/BEMCheckBox.build/Debug-watchos/BEMCheckBox.build/Objects-normal/armv7k/BEMCheckBox.LinkFileList (in target 'BEMCheckBox' from project 'BEMCheckBox')
cd /Users/admin/builder/spi-builder-workspace
write-file /Users/admin/builder/spi-builder-workspace/.derivedData/Build/Intermediates.noindex/BEMCheckBox.build/Debug-watchos/BEMCheckBox.build/Objects-normal/armv7k/BEMCheckBox.LinkFileList
WriteAuxiliaryFile /Users/admin/builder/spi-builder-workspace/.derivedData/Build/Intermediates.noindex/BEMCheckBox.build/Debug-watchos/BEMCheckBox.build/Objects-normal/arm64_32/BEMCheckBox_const_extract_protocols.json (in target 'BEMCheckBox' from project 'BEMCheckBox')
cd /Users/admin/builder/spi-builder-workspace
write-file /Users/admin/builder/spi-builder-workspace/.derivedData/Build/Intermediates.noindex/BEMCheckBox.build/Debug-watchos/BEMCheckBox.build/Objects-normal/arm64_32/BEMCheckBox_const_extract_protocols.json
WriteAuxiliaryFile /Users/admin/builder/spi-builder-workspace/.derivedData/Build/Intermediates.noindex/BEMCheckBox.build/Debug-watchos/BEMCheckBox.build/Objects-normal/arm64_32/BEMCheckBox.SwiftConstValuesFileList (in target 'BEMCheckBox' from project 'BEMCheckBox')
cd /Users/admin/builder/spi-builder-workspace
write-file /Users/admin/builder/spi-builder-workspace/.derivedData/Build/Intermediates.noindex/BEMCheckBox.build/Debug-watchos/BEMCheckBox.build/Objects-normal/arm64_32/BEMCheckBox.SwiftConstValuesFileList
WriteAuxiliaryFile /Users/admin/builder/spi-builder-workspace/.derivedData/Build/Intermediates.noindex/BEMCheckBox.build/Debug-watchos/BEMCheckBox.build/Objects-normal/armv7k/BEMCheckBox.SwiftConstValuesFileList (in target 'BEMCheckBox' from project 'BEMCheckBox')
cd /Users/admin/builder/spi-builder-workspace
write-file /Users/admin/builder/spi-builder-workspace/.derivedData/Build/Intermediates.noindex/BEMCheckBox.build/Debug-watchos/BEMCheckBox.build/Objects-normal/armv7k/BEMCheckBox.SwiftConstValuesFileList
WriteAuxiliaryFile /Users/admin/builder/spi-builder-workspace/.derivedData/Build/Intermediates.noindex/BEMCheckBox.build/Debug-watchos/BEMCheckBox.build/Objects-normal/armv7k/BEMCheckBox.SwiftFileList (in target 'BEMCheckBox' from project 'BEMCheckBox')
cd /Users/admin/builder/spi-builder-workspace
write-file /Users/admin/builder/spi-builder-workspace/.derivedData/Build/Intermediates.noindex/BEMCheckBox.build/Debug-watchos/BEMCheckBox.build/Objects-normal/armv7k/BEMCheckBox.SwiftFileList
WriteAuxiliaryFile /Users/admin/builder/spi-builder-workspace/.derivedData/Build/Intermediates.noindex/BEMCheckBox.build/Debug-watchos/BEMCheckBox.build/Objects-normal/arm64_32/BEMCheckBox.LinkFileList (in target 'BEMCheckBox' from project 'BEMCheckBox')
cd /Users/admin/builder/spi-builder-workspace
write-file /Users/admin/builder/spi-builder-workspace/.derivedData/Build/Intermediates.noindex/BEMCheckBox.build/Debug-watchos/BEMCheckBox.build/Objects-normal/arm64_32/BEMCheckBox.LinkFileList
WriteAuxiliaryFile /Users/admin/builder/spi-builder-workspace/.derivedData/Build/Intermediates.noindex/BEMCheckBox.build/Debug-watchos/BEMCheckBox.build/Objects-normal/arm64_32/BEMCheckBox-OutputFileMap.json (in target 'BEMCheckBox' from project 'BEMCheckBox')
cd /Users/admin/builder/spi-builder-workspace
write-file /Users/admin/builder/spi-builder-workspace/.derivedData/Build/Intermediates.noindex/BEMCheckBox.build/Debug-watchos/BEMCheckBox.build/Objects-normal/arm64_32/BEMCheckBox-OutputFileMap.json
WriteAuxiliaryFile /Users/admin/builder/spi-builder-workspace/.derivedData/Build/Intermediates.noindex/BEMCheckBox.build/Debug-watchos/BEMCheckBox.build/Objects-normal/arm64/BEMCheckBox.SwiftFileList (in target 'BEMCheckBox' from project 'BEMCheckBox')
cd /Users/admin/builder/spi-builder-workspace
write-file /Users/admin/builder/spi-builder-workspace/.derivedData/Build/Intermediates.noindex/BEMCheckBox.build/Debug-watchos/BEMCheckBox.build/Objects-normal/arm64/BEMCheckBox.SwiftFileList
WriteAuxiliaryFile /Users/admin/builder/spi-builder-workspace/.derivedData/Build/Intermediates.noindex/BEMCheckBox.build/Debug-watchos/BEMCheckBox.build/Objects-normal/arm64/BEMCheckBox_const_extract_protocols.json (in target 'BEMCheckBox' from project 'BEMCheckBox')
cd /Users/admin/builder/spi-builder-workspace
write-file /Users/admin/builder/spi-builder-workspace/.derivedData/Build/Intermediates.noindex/BEMCheckBox.build/Debug-watchos/BEMCheckBox.build/Objects-normal/arm64/BEMCheckBox_const_extract_protocols.json
WriteAuxiliaryFile /Users/admin/builder/spi-builder-workspace/.derivedData/Build/Intermediates.noindex/BEMCheckBox.build/Debug-watchos/BEMCheckBox.build/Objects-normal/arm64/BEMCheckBox.SwiftConstValuesFileList (in target 'BEMCheckBox' from project 'BEMCheckBox')
cd /Users/admin/builder/spi-builder-workspace
write-file /Users/admin/builder/spi-builder-workspace/.derivedData/Build/Intermediates.noindex/BEMCheckBox.build/Debug-watchos/BEMCheckBox.build/Objects-normal/arm64/BEMCheckBox.SwiftConstValuesFileList
WriteAuxiliaryFile /Users/admin/builder/spi-builder-workspace/.derivedData/Build/Intermediates.noindex/BEMCheckBox.build/Debug-watchos/BEMCheckBox.build/Objects-normal/arm64/BEMCheckBox.LinkFileList (in target 'BEMCheckBox' from project 'BEMCheckBox')
cd /Users/admin/builder/spi-builder-workspace
write-file /Users/admin/builder/spi-builder-workspace/.derivedData/Build/Intermediates.noindex/BEMCheckBox.build/Debug-watchos/BEMCheckBox.build/Objects-normal/arm64/BEMCheckBox.LinkFileList
WriteAuxiliaryFile /Users/admin/builder/spi-builder-workspace/.derivedData/Build/Intermediates.noindex/BEMCheckBox.build/Debug-watchos/BEMCheckBox.build/Objects-normal/arm64/BEMCheckBox-OutputFileMap.json (in target 'BEMCheckBox' from project 'BEMCheckBox')
cd /Users/admin/builder/spi-builder-workspace
write-file /Users/admin/builder/spi-builder-workspace/.derivedData/Build/Intermediates.noindex/BEMCheckBox.build/Debug-watchos/BEMCheckBox.build/Objects-normal/arm64/BEMCheckBox-OutputFileMap.json
WriteAuxiliaryFile /Users/admin/builder/spi-builder-workspace/.derivedData/Build/Intermediates.noindex/BEMCheckBox.build/Debug-watchos/BEMCheckBox.build/BEMCheckBox.DependencyStaticMetadataFileList (in target 'BEMCheckBox' from project 'BEMCheckBox')
cd /Users/admin/builder/spi-builder-workspace
write-file /Users/admin/builder/spi-builder-workspace/.derivedData/Build/Intermediates.noindex/BEMCheckBox.build/Debug-watchos/BEMCheckBox.build/BEMCheckBox.DependencyStaticMetadataFileList
WriteAuxiliaryFile /Users/admin/builder/spi-builder-workspace/.derivedData/Build/Intermediates.noindex/BEMCheckBox.build/Debug-watchos/BEMCheckBox.build/BEMCheckBox.DependencyMetadataFileList (in target 'BEMCheckBox' from project 'BEMCheckBox')
cd /Users/admin/builder/spi-builder-workspace
write-file /Users/admin/builder/spi-builder-workspace/.derivedData/Build/Intermediates.noindex/BEMCheckBox.build/Debug-watchos/BEMCheckBox.build/BEMCheckBox.DependencyMetadataFileList
Copy /Users/admin/builder/spi-builder-workspace/.derivedData/Build/Intermediates.noindex/GeneratedModuleMaps-watchos/BEMCheckBox.modulemap /Users/admin/builder/spi-builder-workspace/.derivedData/Build/Intermediates.noindex/BEMCheckBox.build/Debug-watchos/BEMCheckBox.build/BEMCheckBox.modulemap (in target 'BEMCheckBox' from project 'BEMCheckBox')
cd /Users/admin/builder/spi-builder-workspace
builtin-copy -exclude .DS_Store -exclude CVS -exclude .svn -exclude .git -exclude .hg -resolve-src-symlinks /Users/admin/builder/spi-builder-workspace/.derivedData/Build/Intermediates.noindex/BEMCheckBox.build/Debug-watchos/BEMCheckBox.build/BEMCheckBox.modulemap /Users/admin/builder/spi-builder-workspace/.derivedData/Build/Intermediates.noindex/GeneratedModuleMaps-watchos
SwiftDriver BEMCheckBox normal arm64_32 com.apple.xcode.tools.swift.compiler (in target 'BEMCheckBox' from project 'BEMCheckBox')
cd /Users/admin/builder/spi-builder-workspace/.swiftpm/xcode
builtin-SwiftDriver -- /Applications/Xcode-16.3.0.app/Contents/Developer/Toolchains/XcodeDefault.xctoolchain/usr/bin/swiftc -module-name BEMCheckBox -Onone -enforce-exclusivity\=checked @/Users/admin/builder/spi-builder-workspace/.derivedData/Build/Intermediates.noindex/BEMCheckBox.build/Debug-watchos/BEMCheckBox.build/Objects-normal/arm64_32/BEMCheckBox.SwiftFileList -DSWIFT_PACKAGE -DDEBUG -stats-output-dir .stats -strict-concurrency\=complete -enable-upcoming-feature StrictConcurrency -enable-upcoming-feature DisableOutwardActorInference -enable-upcoming-feature GlobalActorIsolatedTypesUsability -enable-upcoming-feature InferSendableFromCaptures -plugin-path /Applications/Xcode-16.3.0.app/Contents/Developer/Toolchains/XcodeDefault.xctoolchain/usr/lib/swift/host/plugins/testing -enable-experimental-feature DebugDescriptionMacro -sdk /Applications/Xcode-16.3.0.app/Contents/Developer/Platforms/WatchOS.platform/Developer/SDKs/WatchOS11.4.sdk -target arm64_32-apple-watchos5.0 -g -module-cache-path /Users/admin/builder/spi-builder-workspace/.derivedData/ModuleCache.noindex -Xfrontend -serialize-debugging-options -enable-testing -index-store-path /Users/admin/builder/spi-builder-workspace/.derivedData/Index.noindex/DataStore -swift-version 5 -I /Users/admin/builder/spi-builder-workspace/.derivedData/Build/Products/Debug-watchos -I /Applications/Xcode-16.3.0.app/Contents/Developer/Platforms/WatchOS.platform/Developer/usr/lib -F /Users/admin/builder/spi-builder-workspace/.derivedData/Build/Products/Debug-watchos -F /Applications/Xcode-16.3.0.app/Contents/Developer/Platforms/WatchOS.platform/Developer/Library/Frameworks -F /Applications/Xcode-16.3.0.app/Contents/Developer/Platforms/WatchOS.platform/Developer/SDKs/WatchOS11.4.sdk/Developer/Library/Frameworks -c -j10 -enable-batch-mode -incremental -Xcc -ivfsstatcache -Xcc /Users/admin/builder/spi-builder-workspace/.derivedData/SDKStatCaches.noindex/watchos11.4-22T246-43efb940ff07ba2497b70ec94253f576.sdkstatcache -output-file-map /Users/admin/builder/spi-builder-workspace/.derivedData/Build/Intermediates.noindex/BEMCheckBox.build/Debug-watchos/BEMCheckBox.build/Objects-normal/arm64_32/BEMCheckBox-OutputFileMap.json -use-frontend-parseable-output -save-temps -no-color-diagnostics -serialize-diagnostics -emit-dependencies -emit-module -emit-module-path /Users/admin/builder/spi-builder-workspace/.derivedData/Build/Intermediates.noindex/BEMCheckBox.build/Debug-watchos/BEMCheckBox.build/Objects-normal/arm64_32/BEMCheckBox.swiftmodule -validate-clang-modules-once -clang-build-session-file /Users/admin/builder/spi-builder-workspace/.derivedData/ModuleCache.noindex/Session.modulevalidation -Xcc -I/Users/admin/builder/spi-builder-workspace/.derivedData/Build/Intermediates.noindex/BEMCheckBox.build/Debug-watchos/BEMCheckBox.build/swift-overrides.hmap -emit-const-values -Xfrontend -const-gather-protocols-file -Xfrontend /Users/admin/builder/spi-builder-workspace/.derivedData/Build/Intermediates.noindex/BEMCheckBox.build/Debug-watchos/BEMCheckBox.build/Objects-normal/arm64_32/BEMCheckBox_const_extract_protocols.json -Xcc -I/Users/admin/builder/spi-builder-workspace/.derivedData/Build/Products/Debug-watchos/include -Xcc -I/Users/admin/builder/spi-builder-workspace/.derivedData/Build/Intermediates.noindex/BEMCheckBox.build/Debug-watchos/BEMCheckBox.build/DerivedSources-normal/arm64_32 -Xcc -I/Users/admin/builder/spi-builder-workspace/.derivedData/Build/Intermediates.noindex/BEMCheckBox.build/Debug-watchos/BEMCheckBox.build/DerivedSources/arm64_32 -Xcc -I/Users/admin/builder/spi-builder-workspace/.derivedData/Build/Intermediates.noindex/BEMCheckBox.build/Debug-watchos/BEMCheckBox.build/DerivedSources -Xcc -DSWIFT_PACKAGE -Xcc -DDEBUG\=1 -emit-objc-header -emit-objc-header-path /Users/admin/builder/spi-builder-workspace/.derivedData/Build/Intermediates.noindex/BEMCheckBox.build/Debug-watchos/BEMCheckBox.build/Objects-normal/arm64_32/BEMCheckBox-Swift.h -working-directory /Users/admin/builder/spi-builder-workspace/.swiftpm/xcode -experimental-emit-module-separately -disable-cmo
SwiftDriver BEMCheckBox normal arm64 com.apple.xcode.tools.swift.compiler (in target 'BEMCheckBox' from project 'BEMCheckBox')
cd /Users/admin/builder/spi-builder-workspace/.swiftpm/xcode
builtin-SwiftDriver -- /Applications/Xcode-16.3.0.app/Contents/Developer/Toolchains/XcodeDefault.xctoolchain/usr/bin/swiftc -module-name BEMCheckBox -Onone -enforce-exclusivity\=checked @/Users/admin/builder/spi-builder-workspace/.derivedData/Build/Intermediates.noindex/BEMCheckBox.build/Debug-watchos/BEMCheckBox.build/Objects-normal/arm64/BEMCheckBox.SwiftFileList -DSWIFT_PACKAGE -DDEBUG -stats-output-dir .stats -strict-concurrency\=complete -enable-upcoming-feature StrictConcurrency -enable-upcoming-feature DisableOutwardActorInference -enable-upcoming-feature GlobalActorIsolatedTypesUsability -enable-upcoming-feature InferSendableFromCaptures -plugin-path /Applications/Xcode-16.3.0.app/Contents/Developer/Toolchains/XcodeDefault.xctoolchain/usr/lib/swift/host/plugins/testing -enable-experimental-feature DebugDescriptionMacro -sdk /Applications/Xcode-16.3.0.app/Contents/Developer/Platforms/WatchOS.platform/Developer/SDKs/WatchOS11.4.sdk -target arm64-apple-watchos5.0 -g -module-cache-path /Users/admin/builder/spi-builder-workspace/.derivedData/ModuleCache.noindex -Xfrontend -serialize-debugging-options -enable-testing -index-store-path /Users/admin/builder/spi-builder-workspace/.derivedData/Index.noindex/DataStore -swift-version 5 -I /Users/admin/builder/spi-builder-workspace/.derivedData/Build/Products/Debug-watchos -I /Applications/Xcode-16.3.0.app/Contents/Developer/Platforms/WatchOS.platform/Developer/usr/lib -F /Users/admin/builder/spi-builder-workspace/.derivedData/Build/Products/Debug-watchos -F /Applications/Xcode-16.3.0.app/Contents/Developer/Platforms/WatchOS.platform/Developer/Library/Frameworks -F /Applications/Xcode-16.3.0.app/Contents/Developer/Platforms/WatchOS.platform/Developer/SDKs/WatchOS11.4.sdk/Developer/Library/Frameworks -c -j10 -enable-batch-mode -incremental -Xcc -ivfsstatcache -Xcc /Users/admin/builder/spi-builder-workspace/.derivedData/SDKStatCaches.noindex/watchos11.4-22T246-43efb940ff07ba2497b70ec94253f576.sdkstatcache -output-file-map /Users/admin/builder/spi-builder-workspace/.derivedData/Build/Intermediates.noindex/BEMCheckBox.build/Debug-watchos/BEMCheckBox.build/Objects-normal/arm64/BEMCheckBox-OutputFileMap.json -use-frontend-parseable-output -save-temps -no-color-diagnostics -serialize-diagnostics -emit-dependencies -emit-module -emit-module-path /Users/admin/builder/spi-builder-workspace/.derivedData/Build/Intermediates.noindex/BEMCheckBox.build/Debug-watchos/BEMCheckBox.build/Objects-normal/arm64/BEMCheckBox.swiftmodule -validate-clang-modules-once -clang-build-session-file /Users/admin/builder/spi-builder-workspace/.derivedData/ModuleCache.noindex/Session.modulevalidation -Xcc -I/Users/admin/builder/spi-builder-workspace/.derivedData/Build/Intermediates.noindex/BEMCheckBox.build/Debug-watchos/BEMCheckBox.build/swift-overrides.hmap -emit-const-values -Xfrontend -const-gather-protocols-file -Xfrontend /Users/admin/builder/spi-builder-workspace/.derivedData/Build/Intermediates.noindex/BEMCheckBox.build/Debug-watchos/BEMCheckBox.build/Objects-normal/arm64/BEMCheckBox_const_extract_protocols.json -Xcc -I/Users/admin/builder/spi-builder-workspace/.derivedData/Build/Products/Debug-watchos/include -Xcc -I/Users/admin/builder/spi-builder-workspace/.derivedData/Build/Intermediates.noindex/BEMCheckBox.build/Debug-watchos/BEMCheckBox.build/DerivedSources-normal/arm64 -Xcc -I/Users/admin/builder/spi-builder-workspace/.derivedData/Build/Intermediates.noindex/BEMCheckBox.build/Debug-watchos/BEMCheckBox.build/DerivedSources/arm64 -Xcc -I/Users/admin/builder/spi-builder-workspace/.derivedData/Build/Intermediates.noindex/BEMCheckBox.build/Debug-watchos/BEMCheckBox.build/DerivedSources -Xcc -DSWIFT_PACKAGE -Xcc -DDEBUG\=1 -emit-objc-header -emit-objc-header-path /Users/admin/builder/spi-builder-workspace/.derivedData/Build/Intermediates.noindex/BEMCheckBox.build/Debug-watchos/BEMCheckBox.build/Objects-normal/arm64/BEMCheckBox-Swift.h -working-directory /Users/admin/builder/spi-builder-workspace/.swiftpm/xcode -experimental-emit-module-separately -disable-cmo
SwiftDriver BEMCheckBox normal armv7k com.apple.xcode.tools.swift.compiler (in target 'BEMCheckBox' from project 'BEMCheckBox')
cd /Users/admin/builder/spi-builder-workspace/.swiftpm/xcode
builtin-SwiftDriver -- /Applications/Xcode-16.3.0.app/Contents/Developer/Toolchains/XcodeDefault.xctoolchain/usr/bin/swiftc -module-name BEMCheckBox -Onone -enforce-exclusivity\=checked @/Users/admin/builder/spi-builder-workspace/.derivedData/Build/Intermediates.noindex/BEMCheckBox.build/Debug-watchos/BEMCheckBox.build/Objects-normal/armv7k/BEMCheckBox.SwiftFileList -DSWIFT_PACKAGE -DDEBUG -stats-output-dir .stats -strict-concurrency\=complete -enable-upcoming-feature StrictConcurrency -enable-upcoming-feature DisableOutwardActorInference -enable-upcoming-feature GlobalActorIsolatedTypesUsability -enable-upcoming-feature InferSendableFromCaptures -plugin-path /Applications/Xcode-16.3.0.app/Contents/Developer/Toolchains/XcodeDefault.xctoolchain/usr/lib/swift/host/plugins/testing -enable-experimental-feature DebugDescriptionMacro -sdk /Applications/Xcode-16.3.0.app/Contents/Developer/Platforms/WatchOS.platform/Developer/SDKs/WatchOS11.4.sdk -target armv7k-apple-watchos5.0 -g -module-cache-path /Users/admin/builder/spi-builder-workspace/.derivedData/ModuleCache.noindex -Xfrontend -serialize-debugging-options -enable-testing -index-store-path /Users/admin/builder/spi-builder-workspace/.derivedData/Index.noindex/DataStore -swift-version 5 -I /Users/admin/builder/spi-builder-workspace/.derivedData/Build/Products/Debug-watchos -I /Applications/Xcode-16.3.0.app/Contents/Developer/Platforms/WatchOS.platform/Developer/usr/lib -F /Users/admin/builder/spi-builder-workspace/.derivedData/Build/Products/Debug-watchos -F /Applications/Xcode-16.3.0.app/Contents/Developer/Platforms/WatchOS.platform/Developer/Library/Frameworks -F /Applications/Xcode-16.3.0.app/Contents/Developer/Platforms/WatchOS.platform/Developer/SDKs/WatchOS11.4.sdk/Developer/Library/Frameworks -c -j10 -enable-batch-mode -incremental -Xcc -ivfsstatcache -Xcc /Users/admin/builder/spi-builder-workspace/.derivedData/SDKStatCaches.noindex/watchos11.4-22T246-43efb940ff07ba2497b70ec94253f576.sdkstatcache -output-file-map /Users/admin/builder/spi-builder-workspace/.derivedData/Build/Intermediates.noindex/BEMCheckBox.build/Debug-watchos/BEMCheckBox.build/Objects-normal/armv7k/BEMCheckBox-OutputFileMap.json -use-frontend-parseable-output -save-temps -no-color-diagnostics -serialize-diagnostics -emit-dependencies -emit-module -emit-module-path /Users/admin/builder/spi-builder-workspace/.derivedData/Build/Intermediates.noindex/BEMCheckBox.build/Debug-watchos/BEMCheckBox.build/Objects-normal/armv7k/BEMCheckBox.swiftmodule -validate-clang-modules-once -clang-build-session-file /Users/admin/builder/spi-builder-workspace/.derivedData/ModuleCache.noindex/Session.modulevalidation -Xcc -I/Users/admin/builder/spi-builder-workspace/.derivedData/Build/Intermediates.noindex/BEMCheckBox.build/Debug-watchos/BEMCheckBox.build/swift-overrides.hmap -emit-const-values -Xfrontend -const-gather-protocols-file -Xfrontend /Users/admin/builder/spi-builder-workspace/.derivedData/Build/Intermediates.noindex/BEMCheckBox.build/Debug-watchos/BEMCheckBox.build/Objects-normal/armv7k/BEMCheckBox_const_extract_protocols.json -Xcc -I/Users/admin/builder/spi-builder-workspace/.derivedData/Build/Products/Debug-watchos/include -Xcc -I/Users/admin/builder/spi-builder-workspace/.derivedData/Build/Intermediates.noindex/BEMCheckBox.build/Debug-watchos/BEMCheckBox.build/DerivedSources-normal/armv7k -Xcc -I/Users/admin/builder/spi-builder-workspace/.derivedData/Build/Intermediates.noindex/BEMCheckBox.build/Debug-watchos/BEMCheckBox.build/DerivedSources/armv7k -Xcc -I/Users/admin/builder/spi-builder-workspace/.derivedData/Build/Intermediates.noindex/BEMCheckBox.build/Debug-watchos/BEMCheckBox.build/DerivedSources -Xcc -DSWIFT_PACKAGE -Xcc -DDEBUG\=1 -emit-objc-header -emit-objc-header-path /Users/admin/builder/spi-builder-workspace/.derivedData/Build/Intermediates.noindex/BEMCheckBox.build/Debug-watchos/BEMCheckBox.build/Objects-normal/armv7k/BEMCheckBox-Swift.h -working-directory /Users/admin/builder/spi-builder-workspace/.swiftpm/xcode -experimental-emit-module-separately -disable-cmo
SwiftEmitModule normal arm64 Emitting\ module\ for\ BEMCheckBox (in target 'BEMCheckBox' from project 'BEMCheckBox')
EmitSwiftModule normal arm64 (in target 'BEMCheckBox' from project 'BEMCheckBox')
cd /Users/admin/builder/spi-builder-workspace/.swiftpm/xcode
/Users/admin/builder/spi-builder-workspace/Classes/BEMAnimationManager.swift:28:66: error: cannot find type 'CABasicAnimation' in scope
@objc public func strokeAnimationReverse(_ reverse: Bool) -> CABasicAnimation {
^~~~~~~~~~~~~~~~
/Users/admin/builder/spi-builder-workspace/Classes/BEMAnimationManager.swift:49:67: error: cannot find type 'CABasicAnimation' in scope
@objc public func opacityAnimationReverse(_ reverse: Bool) -> CABasicAnimation {
^~~~~~~~~~~~~~~~
/Users/admin/builder/spi-builder-workspace/Classes/BEMAnimationManager.swift:71:97: error: cannot find type 'CABasicAnimation' in scope
@objc public func morphAnimation(from fromPath: UIBezierPath?, to toPath: UIBezierPath?) -> CABasicAnimation {
^~~~~~~~~~~~~~~~
/Users/admin/builder/spi-builder-workspace/Classes/BEMAnimationManager.swift:88:101: error: cannot find type 'CAKeyframeAnimation' in scope
@objc public func fillAnimation(withBounces bounces: Int, amplitude: CGFloat, reverse: Bool) -> CAKeyframeAnimation {
^~~~~~~~~~~~~~~~~~~
/Users/admin/builder/spi-builder-workspace/Classes/BEMCheckBox.swift:30:2: error: only classes that inherit from NSObject can be declared @objc
@objc
~^~~~
/Users/admin/builder/spi-builder-workspace/Classes/BEMCheckBox.swift:31:14: note: inherit from 'NSObject' to silence this error
public class BEMCheckBox: UIControl, CAAnimationDelegate {
^
NSObject,
/Users/admin/builder/spi-builder-workspace/Classes/BEMCheckBox.swift:86:13: error: cannot find 'setNeedsLayout' in scope
setNeedsLayout()
^~~~~~~~~~~~~~
/Users/admin/builder/spi-builder-workspace/Classes/BEMCheckBox.swift:94:13: error: cannot find 'setNeedsLayout' in scope
setNeedsLayout()
^~~~~~~~~~~~~~
/Users/admin/builder/spi-builder-workspace/Classes/BEMCheckBox.swift:102:13: error: cannot find 'setNeedsLayout' in scope
setNeedsLayout()
^~~~~~~~~~~~~~
/Users/admin/builder/spi-builder-workspace/Classes/BEMCheckBox.swift:122:13: error: cannot find 'setNeedsLayout' in scope
setNeedsLayout()
^~~~~~~~~~~~~~
/Users/admin/builder/spi-builder-workspace/Classes/BEMCheckBox.swift:129:13: error: cannot find 'setNeedsLayout' in scope
setNeedsLayout()
^~~~~~~~~~~~~~
/Users/admin/builder/spi-builder-workspace/Classes/BEMCheckBox.swift:136:13: error: cannot find 'setNeedsLayout' in scope
setNeedsLayout()
^~~~~~~~~~~~~~
/Users/admin/builder/spi-builder-workspace/Classes/BEMCheckBox.swift:141:29: error: cannot find type 'CAShapeLayer' in scope
private var onBoxLayer: CAShapeLayer?
^~~~~~~~~~~~
/Users/admin/builder/spi-builder-workspace/Classes/BEMCheckBox.swift:144:30: error: cannot find type 'CAShapeLayer' in scope
private var offBoxLayer: CAShapeLayer?
^~~~~~~~~~~~
/Users/admin/builder/spi-builder-workspace/Classes/BEMCheckBox.swift:147:33: error: cannot find type 'CAShapeLayer' in scope
private var checkMarkLayer: CAShapeLayer?
^~~~~~~~~~~~
/Users/admin/builder/spi-builder-workspace/Classes/BEMCheckBox.swift:186:27: error: initializer does not override a designated initializer from its superclass
@objc public override init(frame: CGRect) {
~~~~~~~~ ^
/Users/admin/builder/spi-builder-workspace/Classes/BEMCheckBox.swift:204:25: error: property does not override any property from its superclass
public override var frame: CGRect {
~~~~~~~~ ^
/Users/admin/builder/spi-builder-workspace/Classes/BEMCheckBox.swift:210:26: error: method does not override any method from its superclass
override public func layoutSubviews() {
~~~~~~~~ ^
/Users/admin/builder/spi-builder-workspace/Classes/BEMCheckBox.swift:214:25: error: property does not override any property from its superclass
override public var intrinsicContentSize: CGSize {
~~~~~~~~ ^
/Users/admin/builder/spi-builder-workspace/Classes/BEMCheckBox.swift:258:48: error: cannot find type 'UITapGestureRecognizer' in scope
@objc func handleTapCheckBox(_ recognizer: UITapGestureRecognizer?) {
^~~~~~~~~~~~~~~~~~~~~~
/Users/admin/builder/spi-builder-workspace/Classes/BEMCheckBox.swift:275:67: error: cannot find type 'UIEvent' in scope
override public func point(inside point: CGPoint, with event: UIEvent?) -> Bool {
^~~~~~~
/Users/admin/builder/spi-builder-workspace/Classes/BEMCheckBox.swift:564:42: error: cannot find type 'CAAnimation' in scope
public func animationDidStop(_ anim: CAAnimation, finished flag: Bool) {
^~~~~~~~~~~
/Users/admin/builder/spi-builder-workspace/Classes/BEMCheckBox.swift:31:27: error: cannot find type 'UIControl' in scope
public class BEMCheckBox: UIControl, CAAnimationDelegate {
^~~~~~~~~
/Users/admin/builder/spi-builder-workspace/Classes/BEMCheckBox.swift:31:38: error: cannot find type 'CAAnimationDelegate' in scope
public class BEMCheckBox: UIControl, CAAnimationDelegate {
^~~~~~~~~~~~~~~~~~~
Failed frontend command:
/Applications/Xcode-16.3.0.app/Contents/Developer/Toolchains/XcodeDefault.xctoolchain/usr/bin/swift-frontend -frontend -emit-module -experimental-skip-non-inlinable-function-bodies-without-types /Users/admin/builder/spi-builder-workspace/Classes/BEMAnimationManager.swift /Users/admin/builder/spi-builder-workspace/Classes/BEMCheckBox.swift /Users/admin/builder/spi-builder-workspace/Classes/BEMCheckBoxGroup.swift /Users/admin/builder/spi-builder-workspace/Classes/BEMPathManager.swift -target arm64-apple-watchos5.0 -Xllvm -aarch64-use-tbi -enable-objc-interop -sdk /Applications/Xcode-16.3.0.app/Contents/Developer/Platforms/WatchOS.platform/Developer/SDKs/WatchOS11.4.sdk -I /Users/admin/builder/spi-builder-workspace/.derivedData/Build/Products/Debug-watchos -I /Applications/Xcode-16.3.0.app/Contents/Developer/Platforms/WatchOS.platform/Developer/usr/lib -F /Users/admin/builder/spi-builder-workspace/.derivedData/Build/Products/Debug-watchos -F /Applications/Xcode-16.3.0.app/Contents/Developer/Platforms/WatchOS.platform/Developer/Library/Frameworks -F /Applications/Xcode-16.3.0.app/Contents/Developer/Platforms/WatchOS.platform/Developer/SDKs/WatchOS11.4.sdk/Developer/Library/Frameworks -no-color-diagnostics -enable-testing -g -debug-info-format\=dwarf -dwarf-version\=4 -module-cache-path /Users/admin/builder/spi-builder-workspace/.derivedData/ModuleCache.noindex -swift-version 5 -enforce-exclusivity\=checked -stats-output-dir /Users/admin/builder/spi-builder-workspace/.swiftpm/xcode/.stats -Onone -D SWIFT_PACKAGE -D DEBUG -serialize-debugging-options -const-gather-protocols-file /Users/admin/builder/spi-builder-workspace/.derivedData/Build/Intermediates.noindex/BEMCheckBox.build/Debug-watchos/BEMCheckBox.build/Objects-normal/arm64/BEMCheckBox_const_extract_protocols.json -enable-upcoming-feature StrictConcurrency -enable-upcoming-feature DisableOutwardActorInference -enable-upcoming-feature GlobalActorIsolatedTypesUsability -enable-upcoming-feature InferSendableFromCaptures -enable-experimental-feature DebugDescriptionMacro -strict-concurrency\=complete -empty-abi-descriptor -plugin-path /Applications/Xcode-16.3.0.app/Contents/Developer/Toolchains/XcodeDefault.xctoolchain/usr/lib/swift/host/plugins/testing -validate-clang-modules-once -clang-build-session-file /Users/admin/builder/spi-builder-workspace/.derivedData/ModuleCache.noindex/Session.modulevalidation -Xcc -working-directory -Xcc /Users/admin/builder/spi-builder-workspace/.swiftpm/xcode -resource-dir /Applications/Xcode-16.3.0.app/Contents/Developer/Toolchains/XcodeDefault.xctoolchain/usr/lib/swift -enable-anonymous-context-mangled-names -file-compilation-dir /Users/admin/builder/spi-builder-workspace/.swiftpm/xcode -Xcc -ivfsstatcache -Xcc /Users/admin/builder/spi-builder-workspace/.derivedData/SDKStatCaches.noindex/watchos11.4-22T246-43efb940ff07ba2497b70ec94253f576.sdkstatcache -Xcc -I/Users/admin/builder/spi-builder-workspace/.derivedData/Build/Intermediates.noindex/BEMCheckBox.build/Debug-watchos/BEMCheckBox.build/swift-overrides.hmap -Xcc -I/Users/admin/builder/spi-builder-workspace/.derivedData/Build/Products/Debug-watchos/include -Xcc -I/Users/admin/builder/spi-builder-workspace/.derivedData/Build/Intermediates.noindex/BEMCheckBox.build/Debug-watchos/BEMCheckBox.build/DerivedSources-normal/arm64 -Xcc -I/Users/admin/builder/spi-builder-workspace/.derivedData/Build/Intermediates.noindex/BEMCheckBox.build/Debug-watchos/BEMCheckBox.build/DerivedSources/arm64 -Xcc -I/Users/admin/builder/spi-builder-workspace/.derivedData/Build/Intermediates.noindex/BEMCheckBox.build/Debug-watchos/BEMCheckBox.build/DerivedSources -Xcc -DSWIFT_PACKAGE -Xcc -DDEBUG\=1 -module-name BEMCheckBox -frontend-parseable-output -disable-clang-spi -target-sdk-version 11.4 -target-sdk-name watchos11.4 -external-plugin-path /Applications/Xcode-16.3.0.app/Contents/Developer/Platforms/WatchOS.platform/Developer/usr/lib/swift/host/plugins\#/Applications/Xcode-16.3.0.app/Contents/Developer/Platforms/WatchOS.platform/Developer/usr/bin/swift-plugin-server -external-plugin-path /Applications/Xcode-16.3.0.app/Contents/Developer/Platforms/WatchOS.platform/Developer/usr/local/lib/swift/host/plugins\#/Applications/Xcode-16.3.0.app/Contents/Developer/Platforms/WatchOS.platform/Developer/usr/bin/swift-plugin-server -in-process-plugin-server-path /Applications/Xcode-16.3.0.app/Contents/Developer/Toolchains/XcodeDefault.xctoolchain/usr/lib/swift/host/libSwiftInProcPluginServer.dylib -plugin-path /Applications/Xcode-16.3.0.app/Contents/Developer/Toolchains/XcodeDefault.xctoolchain/usr/lib/swift/host/plugins -plugin-path /Applications/Xcode-16.3.0.app/Contents/Developer/Toolchains/XcodeDefault.xctoolchain/usr/local/lib/swift/host/plugins -emit-module-doc-path /Users/admin/builder/spi-builder-workspace/.derivedData/Build/Intermediates.noindex/BEMCheckBox.build/Debug-watchos/BEMCheckBox.build/Objects-normal/arm64/BEMCheckBox.swiftdoc -emit-module-source-info-path /Users/admin/builder/spi-builder-workspace/.derivedData/Build/Intermediates.noindex/BEMCheckBox.build/Debug-watchos/BEMCheckBox.build/Objects-normal/arm64/BEMCheckBox.swiftsourceinfo -emit-objc-header-path /Users/admin/builder/spi-builder-workspace/.derivedData/Build/Intermediates.noindex/BEMCheckBox.build/Debug-watchos/BEMCheckBox.build/Objects-normal/arm64/BEMCheckBox-Swift.h -serialize-diagnostics-path /Users/admin/builder/spi-builder-workspace/.derivedData/Build/Intermediates.noindex/BEMCheckBox.build/Debug-watchos/BEMCheckBox.build/Objects-normal/arm64/BEMCheckBox-master-emit-module.dia -emit-dependencies-path /Users/admin/builder/spi-builder-workspace/.derivedData/Build/Intermediates.noindex/BEMCheckBox.build/Debug-watchos/BEMCheckBox.build/Objects-normal/arm64/BEMCheckBox-master-emit-module.d -o /Users/admin/builder/spi-builder-workspace/.derivedData/Build/Intermediates.noindex/BEMCheckBox.build/Debug-watchos/BEMCheckBox.build/Objects-normal/arm64/BEMCheckBox.swiftmodule -emit-abi-descriptor-path /Users/admin/builder/spi-builder-workspace/.derivedData/Build/Intermediates.noindex/BEMCheckBox.build/Debug-watchos/BEMCheckBox.build/Objects-normal/arm64/BEMCheckBox.abi.json
SwiftEmitModule normal armv7k Emitting\ module\ for\ BEMCheckBox (in target 'BEMCheckBox' from project 'BEMCheckBox')
Failed frontend command:
/Applications/Xcode-16.3.0.app/Contents/Developer/Toolchains/XcodeDefault.xctoolchain/usr/bin/swift-frontend -frontend -emit-module -experimental-skip-non-inlinable-function-bodies-without-types /Users/admin/builder/spi-builder-workspace/Classes/BEMAnimationManager.swift /Users/admin/builder/spi-builder-workspace/Classes/BEMCheckBox.swift /Users/admin/builder/spi-builder-workspace/Classes/BEMCheckBoxGroup.swift /Users/admin/builder/spi-builder-workspace/Classes/BEMPathManager.swift -target armv7k-apple-watchos5.0 -enable-objc-interop -sdk /Applications/Xcode-16.3.0.app/Contents/Developer/Platforms/WatchOS.platform/Developer/SDKs/WatchOS11.4.sdk -I /Users/admin/builder/spi-builder-workspace/.derivedData/Build/Products/Debug-watchos -I /Applications/Xcode-16.3.0.app/Contents/Developer/Platforms/WatchOS.platform/Developer/usr/lib -F /Users/admin/builder/spi-builder-workspace/.derivedData/Build/Products/Debug-watchos -F /Applications/Xcode-16.3.0.app/Contents/Developer/Platforms/WatchOS.platform/Developer/Library/Frameworks -F /Applications/Xcode-16.3.0.app/Contents/Developer/Platforms/WatchOS.platform/Developer/SDKs/WatchOS11.4.sdk/Developer/Library/Frameworks -no-color-diagnostics -enable-testing -g -debug-info-format\=dwarf -dwarf-version\=4 -module-cache-path /Users/admin/builder/spi-builder-workspace/.derivedData/ModuleCache.noindex -swift-version 5 -enforce-exclusivity\=checked -stats-output-dir /Users/admin/builder/spi-builder-workspace/.swiftpm/xcode/.stats -Onone -D SWIFT_PACKAGE -D DEBUG -serialize-debugging-options -const-gather-protocols-file /Users/admin/builder/spi-builder-workspace/.derivedData/Build/Intermediates.noindex/BEMCheckBox.build/Debug-watchos/BEMCheckBox.build/Objects-normal/armv7k/BEMCheckBox_const_extract_protocols.json -enable-upcoming-feature StrictConcurrency -enable-upcoming-feature DisableOutwardActorInference -enable-upcoming-feature GlobalActorIsolatedTypesUsability -enable-upcoming-feature InferSendableFromCaptures -enable-experimental-feature DebugDescriptionMacro -strict-concurrency\=complete -empty-abi-descriptor -plugin-path /Applications/Xcode-16.3.0.app/Contents/Developer/Toolchains/XcodeDefault.xctoolchain/usr/lib/swift/host/plugins/testing -validate-clang-modules-once -clang-build-session-file /Users/admin/builder/spi-builder-workspace/.derivedData/ModuleCache.noindex/Session.modulevalidation -Xcc -working-directory -Xcc /Users/admin/builder/spi-builder-workspace/.swiftpm/xcode -resource-dir /Applications/Xcode-16.3.0.app/Contents/Developer/Toolchains/XcodeDefault.xctoolchain/usr/lib/swift -enable-anonymous-context-mangled-names -file-compilation-dir /Users/admin/builder/spi-builder-workspace/.swiftpm/xcode -Xcc -ivfsstatcache -Xcc /Users/admin/builder/spi-builder-workspace/.derivedData/SDKStatCaches.noindex/watchos11.4-22T246-43efb940ff07ba2497b70ec94253f576.sdkstatcache -Xcc -I/Users/admin/builder/spi-builder-workspace/.derivedData/Build/Intermediates.noindex/BEMCheckBox.build/Debug-watchos/BEMCheckBox.build/swift-overrides.hmap -Xcc -I/Users/admin/builder/spi-builder-workspace/.derivedData/Build/Products/Debug-watchos/include -Xcc -I/Users/admin/builder/spi-builder-workspace/.derivedData/Build/Intermediates.noindex/BEMCheckBox.build/Debug-watchos/BEMCheckBox.build/DerivedSources-normal/armv7k -Xcc -I/Users/admin/builder/spi-builder-workspace/.derivedData/Build/Intermediates.noindex/BEMCheckBox.build/Debug-watchos/BEMCheckBox.build/DerivedSources/armv7k -Xcc -I/Users/admin/builder/spi-builder-workspace/.derivedData/Build/Intermediates.noindex/BEMCheckBox.build/Debug-watchos/BEMCheckBox.build/DerivedSources -Xcc -DSWIFT_PACKAGE -Xcc -DDEBUG\=1 -module-name BEMCheckBox -frontend-parseable-output -disable-clang-spi -target-sdk-version 11.4 -target-sdk-name watchos11.4 -external-plugin-path /Applications/Xcode-16.3.0.app/Contents/Developer/Platforms/WatchOS.platform/Developer/usr/lib/swift/host/plugins\#/Applications/Xcode-16.3.0.app/Contents/Developer/Platforms/WatchOS.platform/Developer/usr/bin/swift-plugin-server -external-plugin-path /Applications/Xcode-16.3.0.app/Contents/Developer/Platforms/WatchOS.platform/Developer/usr/local/lib/swift/host/plugins\#/Applications/Xcode-16.3.0.app/Contents/Developer/Platforms/WatchOS.platform/Developer/usr/bin/swift-plugin-server -in-process-plugin-server-path /Applications/Xcode-16.3.0.app/Contents/Developer/Toolchains/XcodeDefault.xctoolchain/usr/lib/swift/host/libSwiftInProcPluginServer.dylib -plugin-path /Applications/Xcode-16.3.0.app/Contents/Developer/Toolchains/XcodeDefault.xctoolchain/usr/lib/swift/host/plugins -plugin-path /Applications/Xcode-16.3.0.app/Contents/Developer/Toolchains/XcodeDefault.xctoolchain/usr/local/lib/swift/host/plugins -emit-module-doc-path /Users/admin/builder/spi-builder-workspace/.derivedData/Build/Intermediates.noindex/BEMCheckBox.build/Debug-watchos/BEMCheckBox.build/Objects-normal/armv7k/BEMCheckBox.swiftdoc -emit-module-source-info-path /Users/admin/builder/spi-builder-workspace/.derivedData/Build/Intermediates.noindex/BEMCheckBox.build/Debug-watchos/BEMCheckBox.build/Objects-normal/armv7k/BEMCheckBox.swiftsourceinfo -emit-objc-header-path /Users/admin/builder/spi-builder-workspace/.derivedData/Build/Intermediates.noindex/BEMCheckBox.build/Debug-watchos/BEMCheckBox.build/Objects-normal/armv7k/BEMCheckBox-Swift.h -serialize-diagnostics-path /Users/admin/builder/spi-builder-workspace/.derivedData/Build/Intermediates.noindex/BEMCheckBox.build/Debug-watchos/BEMCheckBox.build/Objects-normal/armv7k/BEMCheckBox-master-emit-module.dia -emit-dependencies-path /Users/admin/builder/spi-builder-workspace/.derivedData/Build/Intermediates.noindex/BEMCheckBox.build/Debug-watchos/BEMCheckBox.build/Objects-normal/armv7k/BEMCheckBox-master-emit-module.d -o /Users/admin/builder/spi-builder-workspace/.derivedData/Build/Intermediates.noindex/BEMCheckBox.build/Debug-watchos/BEMCheckBox.build/Objects-normal/armv7k/BEMCheckBox.swiftmodule -emit-abi-descriptor-path /Users/admin/builder/spi-builder-workspace/.derivedData/Build/Intermediates.noindex/BEMCheckBox.build/Debug-watchos/BEMCheckBox.build/Objects-normal/armv7k/BEMCheckBox.abi.json
EmitSwiftModule normal armv7k (in target 'BEMCheckBox' from project 'BEMCheckBox')
cd /Users/admin/builder/spi-builder-workspace/.swiftpm/xcode
/Users/admin/builder/spi-builder-workspace/Classes/BEMAnimationManager.swift:28:66: error: cannot find type 'CABasicAnimation' in scope
@objc public func strokeAnimationReverse(_ reverse: Bool) -> CABasicAnimation {
^~~~~~~~~~~~~~~~
/Users/admin/builder/spi-builder-workspace/Classes/BEMAnimationManager.swift:49:67: error: cannot find type 'CABasicAnimation' in scope
@objc public func opacityAnimationReverse(_ reverse: Bool) -> CABasicAnimation {
^~~~~~~~~~~~~~~~
/Users/admin/builder/spi-builder-workspace/Classes/BEMAnimationManager.swift:71:97: error: cannot find type 'CABasicAnimation' in scope
@objc public func morphAnimation(from fromPath: UIBezierPath?, to toPath: UIBezierPath?) -> CABasicAnimation {
^~~~~~~~~~~~~~~~
/Users/admin/builder/spi-builder-workspace/Classes/BEMAnimationManager.swift:88:101: error: cannot find type 'CAKeyframeAnimation' in scope
@objc public func fillAnimation(withBounces bounces: Int, amplitude: CGFloat, reverse: Bool) -> CAKeyframeAnimation {
^~~~~~~~~~~~~~~~~~~
/Users/admin/builder/spi-builder-workspace/Classes/BEMCheckBox.swift:30:2: error: only classes that inherit from NSObject can be declared @objc
@objc
~^~~~
/Users/admin/builder/spi-builder-workspace/Classes/BEMCheckBox.swift:31:14: note: inherit from 'NSObject' to silence this error
public class BEMCheckBox: UIControl, CAAnimationDelegate {
^
NSObject,
/Users/admin/builder/spi-builder-workspace/Classes/BEMCheckBox.swift:86:13: error: cannot find 'setNeedsLayout' in scope
setNeedsLayout()
^~~~~~~~~~~~~~
/Users/admin/builder/spi-builder-workspace/Classes/BEMCheckBox.swift:94:13: error: cannot find 'setNeedsLayout' in scope
setNeedsLayout()
^~~~~~~~~~~~~~
/Users/admin/builder/spi-builder-workspace/Classes/BEMCheckBox.swift:102:13: error: cannot find 'setNeedsLayout' in scope
setNeedsLayout()
^~~~~~~~~~~~~~
/Users/admin/builder/spi-builder-workspace/Classes/BEMCheckBox.swift:122:13: error: cannot find 'setNeedsLayout' in scope
setNeedsLayout()
^~~~~~~~~~~~~~
/Users/admin/builder/spi-builder-workspace/Classes/BEMCheckBox.swift:129:13: error: cannot find 'setNeedsLayout' in scope
setNeedsLayout()
^~~~~~~~~~~~~~
/Users/admin/builder/spi-builder-workspace/Classes/BEMCheckBox.swift:136:13: error: cannot find 'setNeedsLayout' in scope
setNeedsLayout()
^~~~~~~~~~~~~~
/Users/admin/builder/spi-builder-workspace/Classes/BEMCheckBox.swift:141:29: error: cannot find type 'CAShapeLayer' in scope
private var onBoxLayer: CAShapeLayer?
^~~~~~~~~~~~
/Users/admin/builder/spi-builder-workspace/Classes/BEMCheckBox.swift:144:30: error: cannot find type 'CAShapeLayer' in scope
private var offBoxLayer: CAShapeLayer?
^~~~~~~~~~~~
/Users/admin/builder/spi-builder-workspace/Classes/BEMCheckBox.swift:147:33: error: cannot find type 'CAShapeLayer' in scope
private var checkMarkLayer: CAShapeLayer?
^~~~~~~~~~~~
/Users/admin/builder/spi-builder-workspace/Classes/BEMCheckBox.swift:186:27: error: initializer does not override a designated initializer from its superclass
@objc public override init(frame: CGRect) {
~~~~~~~~ ^
/Users/admin/builder/spi-builder-workspace/Classes/BEMCheckBox.swift:204:25: error: property does not override any property from its superclass
public override var frame: CGRect {
~~~~~~~~ ^
/Users/admin/builder/spi-builder-workspace/Classes/BEMCheckBox.swift:210:26: error: method does not override any method from its superclass
override public func layoutSubviews() {
~~~~~~~~ ^
/Users/admin/builder/spi-builder-workspace/Classes/BEMCheckBox.swift:214:25: error: property does not override any property from its superclass
override public var intrinsicContentSize: CGSize {
~~~~~~~~ ^
/Users/admin/builder/spi-builder-workspace/Classes/BEMCheckBox.swift:258:48: error: cannot find type 'UITapGestureRecognizer' in scope
@objc func handleTapCheckBox(_ recognizer: UITapGestureRecognizer?) {
^~~~~~~~~~~~~~~~~~~~~~
/Users/admin/builder/spi-builder-workspace/Classes/BEMCheckBox.swift:275:67: error: cannot find type 'UIEvent' in scope
override public func point(inside point: CGPoint, with event: UIEvent?) -> Bool {
^~~~~~~
/Users/admin/builder/spi-builder-workspace/Classes/BEMCheckBox.swift:564:42: error: cannot find type 'CAAnimation' in scope
public func animationDidStop(_ anim: CAAnimation, finished flag: Bool) {
^~~~~~~~~~~
/Users/admin/builder/spi-builder-workspace/Classes/BEMCheckBox.swift:31:27: error: cannot find type 'UIControl' in scope
public class BEMCheckBox: UIControl, CAAnimationDelegate {
^~~~~~~~~
/Users/admin/builder/spi-builder-workspace/Classes/BEMCheckBox.swift:31:38: error: cannot find type 'CAAnimationDelegate' in scope
public class BEMCheckBox: UIControl, CAAnimationDelegate {
^~~~~~~~~~~~~~~~~~~
SwiftCompile normal arm64 Compiling\ BEMCheckBoxGroup.swift /Users/admin/builder/spi-builder-workspace/Classes/BEMCheckBoxGroup.swift (in target 'BEMCheckBox' from project 'BEMCheckBox')
SwiftCompile normal arm64 /Users/admin/builder/spi-builder-workspace/Classes/BEMCheckBoxGroup.swift (in target 'BEMCheckBox' from project 'BEMCheckBox')
cd /Users/admin/builder/spi-builder-workspace/.swiftpm/xcode
SwiftCompile normal armv7k Compiling\ BEMCheckBoxGroup.swift /Users/admin/builder/spi-builder-workspace/Classes/BEMCheckBoxGroup.swift (in target 'BEMCheckBox' from project 'BEMCheckBox')
SwiftCompile normal armv7k /Users/admin/builder/spi-builder-workspace/Classes/BEMCheckBoxGroup.swift (in target 'BEMCheckBox' from project 'BEMCheckBox')
cd /Users/admin/builder/spi-builder-workspace/.swiftpm/xcode
SwiftEmitModule normal arm64_32 Emitting\ module\ for\ BEMCheckBox (in target 'BEMCheckBox' from project 'BEMCheckBox')
Failed frontend command:
/Applications/Xcode-16.3.0.app/Contents/Developer/Toolchains/XcodeDefault.xctoolchain/usr/bin/swift-frontend -frontend -emit-module -experimental-skip-non-inlinable-function-bodies-without-types /Users/admin/builder/spi-builder-workspace/Classes/BEMAnimationManager.swift /Users/admin/builder/spi-builder-workspace/Classes/BEMCheckBox.swift /Users/admin/builder/spi-builder-workspace/Classes/BEMCheckBoxGroup.swift /Users/admin/builder/spi-builder-workspace/Classes/BEMPathManager.swift -target arm64_32-apple-watchos5.0 -enable-objc-interop -sdk /Applications/Xcode-16.3.0.app/Contents/Developer/Platforms/WatchOS.platform/Developer/SDKs/WatchOS11.4.sdk -I /Users/admin/builder/spi-builder-workspace/.derivedData/Build/Products/Debug-watchos -I /Applications/Xcode-16.3.0.app/Contents/Developer/Platforms/WatchOS.platform/Developer/usr/lib -F /Users/admin/builder/spi-builder-workspace/.derivedData/Build/Products/Debug-watchos -F /Applications/Xcode-16.3.0.app/Contents/Developer/Platforms/WatchOS.platform/Developer/Library/Frameworks -F /Applications/Xcode-16.3.0.app/Contents/Developer/Platforms/WatchOS.platform/Developer/SDKs/WatchOS11.4.sdk/Developer/Library/Frameworks -no-color-diagnostics -enable-testing -g -debug-info-format\=dwarf -dwarf-version\=4 -module-cache-path /Users/admin/builder/spi-builder-workspace/.derivedData/ModuleCache.noindex -swift-version 5 -enforce-exclusivity\=checked -stats-output-dir /Users/admin/builder/spi-builder-workspace/.swiftpm/xcode/.stats -Onone -D SWIFT_PACKAGE -D DEBUG -serialize-debugging-options -const-gather-protocols-file /Users/admin/builder/spi-builder-workspace/.derivedData/Build/Intermediates.noindex/BEMCheckBox.build/Debug-watchos/BEMCheckBox.build/Objects-normal/arm64_32/BEMCheckBox_const_extract_protocols.json -enable-upcoming-feature StrictConcurrency -enable-upcoming-feature DisableOutwardActorInference -enable-upcoming-feature GlobalActorIsolatedTypesUsability -enable-upcoming-feature InferSendableFromCaptures -enable-experimental-feature DebugDescriptionMacro -strict-concurrency\=complete -empty-abi-descriptor -plugin-path /Applications/Xcode-16.3.0.app/Contents/Developer/Toolchains/XcodeDefault.xctoolchain/usr/lib/swift/host/plugins/testing -validate-clang-modules-once -clang-build-session-file /Users/admin/builder/spi-builder-workspace/.derivedData/ModuleCache.noindex/Session.modulevalidation -Xcc -working-directory -Xcc /Users/admin/builder/spi-builder-workspace/.swiftpm/xcode -resource-dir /Applications/Xcode-16.3.0.app/Contents/Developer/Toolchains/XcodeDefault.xctoolchain/usr/lib/swift -enable-anonymous-context-mangled-names -file-compilation-dir /Users/admin/builder/spi-builder-workspace/.swiftpm/xcode -Xcc -ivfsstatcache -Xcc /Users/admin/builder/spi-builder-workspace/.derivedData/SDKStatCaches.noindex/watchos11.4-22T246-43efb940ff07ba2497b70ec94253f576.sdkstatcache -Xcc -I/Users/admin/builder/spi-builder-workspace/.derivedData/Build/Intermediates.noindex/BEMCheckBox.build/Debug-watchos/BEMCheckBox.build/swift-overrides.hmap -Xcc -I/Users/admin/builder/spi-builder-workspace/.derivedData/Build/Products/Debug-watchos/include -Xcc -I/Users/admin/builder/spi-builder-workspace/.derivedData/Build/Intermediates.noindex/BEMCheckBox.build/Debug-watchos/BEMCheckBox.build/DerivedSources-normal/arm64_32 -Xcc -I/Users/admin/builder/spi-builder-workspace/.derivedData/Build/Intermediates.noindex/BEMCheckBox.build/Debug-watchos/BEMCheckBox.build/DerivedSources/arm64_32 -Xcc -I/Users/admin/builder/spi-builder-workspace/.derivedData/Build/Intermediates.noindex/BEMCheckBox.build/Debug-watchos/BEMCheckBox.build/DerivedSources -Xcc -DSWIFT_PACKAGE -Xcc -DDEBUG\=1 -module-name BEMCheckBox -frontend-parseable-output -disable-clang-spi -target-sdk-version 11.4 -target-sdk-name watchos11.4 -external-plugin-path /Applications/Xcode-16.3.0.app/Contents/Developer/Platforms/WatchOS.platform/Developer/usr/lib/swift/host/plugins\#/Applications/Xcode-16.3.0.app/Contents/Developer/Platforms/WatchOS.platform/Developer/usr/bin/swift-plugin-server -external-plugin-path /Applications/Xcode-16.3.0.app/Contents/Developer/Platforms/WatchOS.platform/Developer/usr/local/lib/swift/host/plugins\#/Applications/Xcode-16.3.0.app/Contents/Developer/Platforms/WatchOS.platform/Developer/usr/bin/swift-plugin-server -in-process-plugin-server-path /Applications/Xcode-16.3.0.app/Contents/Developer/Toolchains/XcodeDefault.xctoolchain/usr/lib/swift/host/libSwiftInProcPluginServer.dylib -plugin-path /Applications/Xcode-16.3.0.app/Contents/Developer/Toolchains/XcodeDefault.xctoolchain/usr/lib/swift/host/plugins -plugin-path /Applications/Xcode-16.3.0.app/Contents/Developer/Toolchains/XcodeDefault.xctoolchain/usr/local/lib/swift/host/plugins -emit-module-doc-path /Users/admin/builder/spi-builder-workspace/.derivedData/Build/Intermediates.noindex/BEMCheckBox.build/Debug-watchos/BEMCheckBox.build/Objects-normal/arm64_32/BEMCheckBox.swiftdoc -emit-module-source-info-path /Users/admin/builder/spi-builder-workspace/.derivedData/Build/Intermediates.noindex/BEMCheckBox.build/Debug-watchos/BEMCheckBox.build/Objects-normal/arm64_32/BEMCheckBox.swiftsourceinfo -emit-objc-header-path /Users/admin/builder/spi-builder-workspace/.derivedData/Build/Intermediates.noindex/BEMCheckBox.build/Debug-watchos/BEMCheckBox.build/Objects-normal/arm64_32/BEMCheckBox-Swift.h -serialize-diagnostics-path /Users/admin/builder/spi-builder-workspace/.derivedData/Build/Intermediates.noindex/BEMCheckBox.build/Debug-watchos/BEMCheckBox.build/Objects-normal/arm64_32/BEMCheckBox-master-emit-module.dia -emit-dependencies-path /Users/admin/builder/spi-builder-workspace/.derivedData/Build/Intermediates.noindex/BEMCheckBox.build/Debug-watchos/BEMCheckBox.build/Objects-normal/arm64_32/BEMCheckBox-master-emit-module.d -o /Users/admin/builder/spi-builder-workspace/.derivedData/Build/Intermediates.noindex/BEMCheckBox.build/Debug-watchos/BEMCheckBox.build/Objects-normal/arm64_32/BEMCheckBox.swiftmodule -emit-abi-descriptor-path /Users/admin/builder/spi-builder-workspace/.derivedData/Build/Intermediates.noindex/BEMCheckBox.build/Debug-watchos/BEMCheckBox.build/Objects-normal/arm64_32/BEMCheckBox.abi.json
EmitSwiftModule normal arm64_32 (in target 'BEMCheckBox' from project 'BEMCheckBox')
cd /Users/admin/builder/spi-builder-workspace/.swiftpm/xcode
/Users/admin/builder/spi-builder-workspace/Classes/BEMAnimationManager.swift:28:66: error: cannot find type 'CABasicAnimation' in scope
@objc public func strokeAnimationReverse(_ reverse: Bool) -> CABasicAnimation {
^~~~~~~~~~~~~~~~
/Users/admin/builder/spi-builder-workspace/Classes/BEMAnimationManager.swift:49:67: error: cannot find type 'CABasicAnimation' in scope
@objc public func opacityAnimationReverse(_ reverse: Bool) -> CABasicAnimation {
^~~~~~~~~~~~~~~~
/Users/admin/builder/spi-builder-workspace/Classes/BEMAnimationManager.swift:71:97: error: cannot find type 'CABasicAnimation' in scope
@objc public func morphAnimation(from fromPath: UIBezierPath?, to toPath: UIBezierPath?) -> CABasicAnimation {
^~~~~~~~~~~~~~~~
/Users/admin/builder/spi-builder-workspace/Classes/BEMAnimationManager.swift:88:101: error: cannot find type 'CAKeyframeAnimation' in scope
@objc public func fillAnimation(withBounces bounces: Int, amplitude: CGFloat, reverse: Bool) -> CAKeyframeAnimation {
^~~~~~~~~~~~~~~~~~~
/Users/admin/builder/spi-builder-workspace/Classes/BEMCheckBox.swift:30:2: error: only classes that inherit from NSObject can be declared @objc
@objc
~^~~~
/Users/admin/builder/spi-builder-workspace/Classes/BEMCheckBox.swift:31:14: note: inherit from 'NSObject' to silence this error
public class BEMCheckBox: UIControl, CAAnimationDelegate {
^
NSObject,
/Users/admin/builder/spi-builder-workspace/Classes/BEMCheckBox.swift:86:13: error: cannot find 'setNeedsLayout' in scope
setNeedsLayout()
^~~~~~~~~~~~~~
/Users/admin/builder/spi-builder-workspace/Classes/BEMCheckBox.swift:94:13: error: cannot find 'setNeedsLayout' in scope
setNeedsLayout()
^~~~~~~~~~~~~~
/Users/admin/builder/spi-builder-workspace/Classes/BEMCheckBox.swift:102:13: error: cannot find 'setNeedsLayout' in scope
setNeedsLayout()
^~~~~~~~~~~~~~
/Users/admin/builder/spi-builder-workspace/Classes/BEMCheckBox.swift:122:13: error: cannot find 'setNeedsLayout' in scope
setNeedsLayout()
^~~~~~~~~~~~~~
/Users/admin/builder/spi-builder-workspace/Classes/BEMCheckBox.swift:129:13: error: cannot find 'setNeedsLayout' in scope
setNeedsLayout()
^~~~~~~~~~~~~~
/Users/admin/builder/spi-builder-workspace/Classes/BEMCheckBox.swift:136:13: error: cannot find 'setNeedsLayout' in scope
setNeedsLayout()
^~~~~~~~~~~~~~
/Users/admin/builder/spi-builder-workspace/Classes/BEMCheckBox.swift:141:29: error: cannot find type 'CAShapeLayer' in scope
private var onBoxLayer: CAShapeLayer?
^~~~~~~~~~~~
/Users/admin/builder/spi-builder-workspace/Classes/BEMCheckBox.swift:144:30: error: cannot find type 'CAShapeLayer' in scope
private var offBoxLayer: CAShapeLayer?
^~~~~~~~~~~~
/Users/admin/builder/spi-builder-workspace/Classes/BEMCheckBox.swift:147:33: error: cannot find type 'CAShapeLayer' in scope
private var checkMarkLayer: CAShapeLayer?
^~~~~~~~~~~~
/Users/admin/builder/spi-builder-workspace/Classes/BEMCheckBox.swift:186:27: error: initializer does not override a designated initializer from its superclass
@objc public override init(frame: CGRect) {
~~~~~~~~ ^
/Users/admin/builder/spi-builder-workspace/Classes/BEMCheckBox.swift:204:25: error: property does not override any property from its superclass
public override var frame: CGRect {
~~~~~~~~ ^
/Users/admin/builder/spi-builder-workspace/Classes/BEMCheckBox.swift:210:26: error: method does not override any method from its superclass
override public func layoutSubviews() {
~~~~~~~~ ^
/Users/admin/builder/spi-builder-workspace/Classes/BEMCheckBox.swift:214:25: error: property does not override any property from its superclass
override public var intrinsicContentSize: CGSize {
~~~~~~~~ ^
/Users/admin/builder/spi-builder-workspace/Classes/BEMCheckBox.swift:258:48: error: cannot find type 'UITapGestureRecognizer' in scope
@objc func handleTapCheckBox(_ recognizer: UITapGestureRecognizer?) {
^~~~~~~~~~~~~~~~~~~~~~
/Users/admin/builder/spi-builder-workspace/Classes/BEMCheckBox.swift:275:67: error: cannot find type 'UIEvent' in scope
override public func point(inside point: CGPoint, with event: UIEvent?) -> Bool {
^~~~~~~
/Users/admin/builder/spi-builder-workspace/Classes/BEMCheckBox.swift:564:42: error: cannot find type 'CAAnimation' in scope
public func animationDidStop(_ anim: CAAnimation, finished flag: Bool) {
^~~~~~~~~~~
/Users/admin/builder/spi-builder-workspace/Classes/BEMCheckBox.swift:31:27: error: cannot find type 'UIControl' in scope
public class BEMCheckBox: UIControl, CAAnimationDelegate {
^~~~~~~~~
/Users/admin/builder/spi-builder-workspace/Classes/BEMCheckBox.swift:31:38: error: cannot find type 'CAAnimationDelegate' in scope
public class BEMCheckBox: UIControl, CAAnimationDelegate {
^~~~~~~~~~~~~~~~~~~
SwiftCompile normal arm64_32 Compiling\ BEMPathManager.swift /Users/admin/builder/spi-builder-workspace/Classes/BEMPathManager.swift (in target 'BEMCheckBox' from project 'BEMCheckBox')
SwiftCompile normal arm64_32 /Users/admin/builder/spi-builder-workspace/Classes/BEMPathManager.swift (in target 'BEMCheckBox' from project 'BEMCheckBox')
cd /Users/admin/builder/spi-builder-workspace/.swiftpm/xcode
SwiftCompile normal armv7k Compiling\ BEMCheckBox.swift /Users/admin/builder/spi-builder-workspace/Classes/BEMCheckBox.swift (in target 'BEMCheckBox' from project 'BEMCheckBox')
SwiftCompile normal armv7k /Users/admin/builder/spi-builder-workspace/Classes/BEMCheckBox.swift (in target 'BEMCheckBox' from project 'BEMCheckBox')
cd /Users/admin/builder/spi-builder-workspace/.swiftpm/xcode
SwiftCompile normal arm64_32 Compiling\ BEMAnimationManager.swift /Users/admin/builder/spi-builder-workspace/Classes/BEMAnimationManager.swift (in target 'BEMCheckBox' from project 'BEMCheckBox')
SwiftCompile normal arm64_32 /Users/admin/builder/spi-builder-workspace/Classes/BEMAnimationManager.swift (in target 'BEMCheckBox' from project 'BEMCheckBox')
cd /Users/admin/builder/spi-builder-workspace/.swiftpm/xcode
SwiftCompile normal arm64_32 Compiling\ BEMCheckBox.swift /Users/admin/builder/spi-builder-workspace/Classes/BEMCheckBox.swift (in target 'BEMCheckBox' from project 'BEMCheckBox')
SwiftCompile normal arm64_32 /Users/admin/builder/spi-builder-workspace/Classes/BEMCheckBox.swift (in target 'BEMCheckBox' from project 'BEMCheckBox')
cd /Users/admin/builder/spi-builder-workspace/.swiftpm/xcode
SwiftCompile normal arm64_32 Compiling\ BEMCheckBoxGroup.swift /Users/admin/builder/spi-builder-workspace/Classes/BEMCheckBoxGroup.swift (in target 'BEMCheckBox' from project 'BEMCheckBox')
SwiftCompile normal arm64_32 /Users/admin/builder/spi-builder-workspace/Classes/BEMCheckBoxGroup.swift (in target 'BEMCheckBox' from project 'BEMCheckBox')
cd /Users/admin/builder/spi-builder-workspace/.swiftpm/xcode
SwiftCompile normal arm64 Compiling\ BEMCheckBox.swift /Users/admin/builder/spi-builder-workspace/Classes/BEMCheckBox.swift (in target 'BEMCheckBox' from project 'BEMCheckBox')
Command SwiftCompile failed with a nonzero exit code
** BUILD FAILED **
The following build commands failed:
EmitSwiftModule normal arm64 (in target 'BEMCheckBox' from project 'BEMCheckBox')
SwiftEmitModule normal arm64 Emitting\ module\ for\ BEMCheckBox (in target 'BEMCheckBox' from project 'BEMCheckBox')
SwiftEmitModule normal armv7k Emitting\ module\ for\ BEMCheckBox (in target 'BEMCheckBox' from project 'BEMCheckBox')
EmitSwiftModule normal armv7k (in target 'BEMCheckBox' from project 'BEMCheckBox')
SwiftEmitModule normal arm64_32 Emitting\ module\ for\ BEMCheckBox (in target 'BEMCheckBox' from project 'BEMCheckBox')
EmitSwiftModule normal arm64_32 (in target 'BEMCheckBox' from project 'BEMCheckBox')
SwiftCompile normal arm64 Compiling\ BEMCheckBox.swift /Users/admin/builder/spi-builder-workspace/Classes/BEMCheckBox.swift (in target 'BEMCheckBox' from project 'BEMCheckBox')
Building workspace spi-builder-workspace with scheme BEMCheckBox
(8 failures)
Command line invocation:
/Applications/Xcode-16.3.0.app/Contents/Developer/usr/bin/xcodebuild -IDEClonedSourcePackagesDirPathOverride=/Users/admin/builder/spi-builder-workspace/.dependencies -resolvePackageDependencies
Resolve Package Graph
Resolved source packages:
BEMCheckBox: /Users/admin/builder/spi-builder-workspace
resolved source packages: BEMCheckBox
{
"dependencies" : [
],
"manifest_display_name" : "BEMCheckBox",
"name" : "BEMCheckBox",
"path" : "/Users/admin/builder/spi-builder-workspace",
"platforms" : [
{
"name" : "ios",
"version" : "8.0"
}
],
"products" : [
{
"name" : "BEMCheckBox",
"targets" : [
"BEMCheckBox"
],
"type" : {
"library" : [
"automatic"
]
}
}
],
"targets" : [
{
"c99name" : "BEMCheckBox",
"module_type" : "SwiftTarget",
"name" : "BEMCheckBox",
"path" : "Classes",
"product_memberships" : [
"BEMCheckBox"
],
"sources" : [
"BEMAnimationManager.swift",
"BEMCheckBox.swift",
"BEMCheckBoxGroup.swift",
"BEMPathManager.swift"
],
"type" : "library"
}
],
"tools_version" : "5.1"
}
{
"workspace" : {
"name" : "spi-builder-workspace",
"schemes" : [
"BEMCheckBox"
]
}
}
Running build ...
env DEVELOPER_DIR=/Applications/Xcode-16.3.0.app xcrun xcodebuild -IDEClonedSourcePackagesDirPathOverride=$PWD/.dependencies -skipMacroValidation -skipPackagePluginValidation -derivedDataPath $PWD/.derivedData build -scheme BEMCheckBox -destination generic/platform=watchOS
Command line invocation:
/Applications/Xcode-16.3.0.app/Contents/Developer/usr/bin/xcodebuild -IDEClonedSourcePackagesDirPathOverride=/Users/admin/builder/spi-builder-workspace/.dependencies -skipMacroValidation -skipPackagePluginValidation -derivedDataPath /Users/admin/builder/spi-builder-workspace/.derivedData build -scheme BEMCheckBox -destination generic/platform=watchOS
Resolve Package Graph
Resolved source packages:
BEMCheckBox: /Users/admin/builder/spi-builder-workspace
ComputePackagePrebuildTargetDependencyGraph
Prepare packages
CreateBuildRequest
SendProjectDescription
CreateBuildOperation
ComputeTargetDependencyGraph
note: Building targets in dependency order
note: Target dependency graph (2 targets)
Target 'BEMCheckBox' in project 'BEMCheckBox'
➜ Explicit dependency on target 'BEMCheckBox' in project 'BEMCheckBox'
Target 'BEMCheckBox' in project 'BEMCheckBox' (no dependencies)
GatherProvisioningInputs
CreateBuildDescription
ExecuteExternalTool /Applications/Xcode-16.3.0.app/Contents/Developer/Toolchains/XcodeDefault.xctoolchain/usr/bin/clang -v -E -dM -isysroot /Applications/Xcode-16.3.0.app/Contents/Developer/Platforms/WatchOS.platform/Developer/SDKs/WatchOS11.4.sdk -x c -c /dev/null
ExecuteExternalTool /Applications/Xcode-16.3.0.app/Contents/Developer/Toolchains/XcodeDefault.xctoolchain/usr/bin/swiftc --version
ExecuteExternalTool /Applications/Xcode-16.3.0.app/Contents/Developer/Toolchains/XcodeDefault.xctoolchain/usr/bin/ld -version_details
Build description signature: a763e84cb529ad324e09fdd6efcdda97
Build description path: /Users/admin/builder/spi-builder-workspace/.derivedData/Build/Intermediates.noindex/XCBuildData/a763e84cb529ad324e09fdd6efcdda97.xcbuilddata
ClangStatCache /Applications/Xcode-16.3.0.app/Contents/Developer/Toolchains/XcodeDefault.xctoolchain/usr/bin/clang-stat-cache /Applications/Xcode-16.3.0.app/Contents/Developer/Platforms/WatchOS.platform/Developer/SDKs/WatchOS11.4.sdk /Users/admin/builder/spi-builder-workspace/.derivedData/SDKStatCaches.noindex/watchos11.4-22T246-43efb940ff07ba2497b70ec94253f576.sdkstatcache
cd /Users/admin/builder/spi-builder-workspace/.swiftpm/xcode
/Applications/Xcode-16.3.0.app/Contents/Developer/Toolchains/XcodeDefault.xctoolchain/usr/bin/clang-stat-cache /Applications/Xcode-16.3.0.app/Contents/Developer/Platforms/WatchOS.platform/Developer/SDKs/WatchOS11.4.sdk -o /Users/admin/builder/spi-builder-workspace/.derivedData/SDKStatCaches.noindex/watchos11.4-22T246-43efb940ff07ba2497b70ec94253f576.sdkstatcache
SwiftDriver BEMCheckBox normal arm64 com.apple.xcode.tools.swift.compiler (in target 'BEMCheckBox' from project 'BEMCheckBox')
cd /Users/admin/builder/spi-builder-workspace/.swiftpm/xcode
builtin-SwiftDriver -- /Applications/Xcode-16.3.0.app/Contents/Developer/Toolchains/XcodeDefault.xctoolchain/usr/bin/swiftc -module-name BEMCheckBox -Onone -enforce-exclusivity\=checked @/Users/admin/builder/spi-builder-workspace/.derivedData/Build/Intermediates.noindex/BEMCheckBox.build/Debug-watchos/BEMCheckBox.build/Objects-normal/arm64/BEMCheckBox.SwiftFileList -DSWIFT_PACKAGE -DDEBUG -DXcode -plugin-path /Applications/Xcode-16.3.0.app/Contents/Developer/Toolchains/XcodeDefault.xctoolchain/usr/lib/swift/host/plugins/testing -enable-experimental-feature DebugDescriptionMacro -sdk /Applications/Xcode-16.3.0.app/Contents/Developer/Platforms/WatchOS.platform/Developer/SDKs/WatchOS11.4.sdk -target arm64-apple-watchos5.0 -g -module-cache-path /Users/admin/builder/spi-builder-workspace/.derivedData/ModuleCache.noindex -Xfrontend -serialize-debugging-options -enable-testing -index-store-path /Users/admin/builder/spi-builder-workspace/.derivedData/Index.noindex/DataStore -swift-version 5 -I /Users/admin/builder/spi-builder-workspace/.derivedData/Build/Products/Debug-watchos -I /Applications/Xcode-16.3.0.app/Contents/Developer/Platforms/WatchOS.platform/Developer/usr/lib -F /Users/admin/builder/spi-builder-workspace/.derivedData/Build/Products/Debug-watchos -F /Applications/Xcode-16.3.0.app/Contents/Developer/Platforms/WatchOS.platform/Developer/Library/Frameworks -F /Applications/Xcode-16.3.0.app/Contents/Developer/Platforms/WatchOS.platform/Developer/SDKs/WatchOS11.4.sdk/Developer/Library/Frameworks -c -j10 -enable-batch-mode -incremental -Xcc -ivfsstatcache -Xcc /Users/admin/builder/spi-builder-workspace/.derivedData/SDKStatCaches.noindex/watchos11.4-22T246-43efb940ff07ba2497b70ec94253f576.sdkstatcache -output-file-map /Users/admin/builder/spi-builder-workspace/.derivedData/Build/Intermediates.noindex/BEMCheckBox.build/Debug-watchos/BEMCheckBox.build/Objects-normal/arm64/BEMCheckBox-OutputFileMap.json -use-frontend-parseable-output -save-temps -no-color-diagnostics -serialize-diagnostics -emit-dependencies -emit-module -emit-module-path /Users/admin/builder/spi-builder-workspace/.derivedData/Build/Intermediates.noindex/BEMCheckBox.build/Debug-watchos/BEMCheckBox.build/Objects-normal/arm64/BEMCheckBox.swiftmodule -validate-clang-modules-once -clang-build-session-file /Users/admin/builder/spi-builder-workspace/.derivedData/ModuleCache.noindex/Session.modulevalidation -Xcc -I/Users/admin/builder/spi-builder-workspace/.derivedData/Build/Intermediates.noindex/BEMCheckBox.build/Debug-watchos/BEMCheckBox.build/swift-overrides.hmap -emit-const-values -Xfrontend -const-gather-protocols-file -Xfrontend /Users/admin/builder/spi-builder-workspace/.derivedData/Build/Intermediates.noindex/BEMCheckBox.build/Debug-watchos/BEMCheckBox.build/Objects-normal/arm64/BEMCheckBox_const_extract_protocols.json -Xcc -I/Users/admin/builder/spi-builder-workspace/.derivedData/Build/Products/Debug-watchos/include -Xcc -I/Users/admin/builder/spi-builder-workspace/.derivedData/Build/Intermediates.noindex/BEMCheckBox.build/Debug-watchos/BEMCheckBox.build/DerivedSources-normal/arm64 -Xcc -I/Users/admin/builder/spi-builder-workspace/.derivedData/Build/Intermediates.noindex/BEMCheckBox.build/Debug-watchos/BEMCheckBox.build/DerivedSources/arm64 -Xcc -I/Users/admin/builder/spi-builder-workspace/.derivedData/Build/Intermediates.noindex/BEMCheckBox.build/Debug-watchos/BEMCheckBox.build/DerivedSources -Xcc -DSWIFT_PACKAGE -Xcc -DDEBUG\=1 -emit-objc-header -emit-objc-header-path /Users/admin/builder/spi-builder-workspace/.derivedData/Build/Intermediates.noindex/BEMCheckBox.build/Debug-watchos/BEMCheckBox.build/Objects-normal/arm64/BEMCheckBox-Swift.h -working-directory /Users/admin/builder/spi-builder-workspace/.swiftpm/xcode -experimental-emit-module-separately -disable-cmo
SwiftDriver BEMCheckBox normal arm64_32 com.apple.xcode.tools.swift.compiler (in target 'BEMCheckBox' from project 'BEMCheckBox')
cd /Users/admin/builder/spi-builder-workspace/.swiftpm/xcode
builtin-SwiftDriver -- /Applications/Xcode-16.3.0.app/Contents/Developer/Toolchains/XcodeDefault.xctoolchain/usr/bin/swiftc -module-name BEMCheckBox -Onone -enforce-exclusivity\=checked @/Users/admin/builder/spi-builder-workspace/.derivedData/Build/Intermediates.noindex/BEMCheckBox.build/Debug-watchos/BEMCheckBox.build/Objects-normal/arm64_32/BEMCheckBox.SwiftFileList -DSWIFT_PACKAGE -DDEBUG -DXcode -plugin-path /Applications/Xcode-16.3.0.app/Contents/Developer/Toolchains/XcodeDefault.xctoolchain/usr/lib/swift/host/plugins/testing -enable-experimental-feature DebugDescriptionMacro -sdk /Applications/Xcode-16.3.0.app/Contents/Developer/Platforms/WatchOS.platform/Developer/SDKs/WatchOS11.4.sdk -target arm64_32-apple-watchos5.0 -g -module-cache-path /Users/admin/builder/spi-builder-workspace/.derivedData/ModuleCache.noindex -Xfrontend -serialize-debugging-options -enable-testing -index-store-path /Users/admin/builder/spi-builder-workspace/.derivedData/Index.noindex/DataStore -swift-version 5 -I /Users/admin/builder/spi-builder-workspace/.derivedData/Build/Products/Debug-watchos -I /Applications/Xcode-16.3.0.app/Contents/Developer/Platforms/WatchOS.platform/Developer/usr/lib -F /Users/admin/builder/spi-builder-workspace/.derivedData/Build/Products/Debug-watchos -F /Applications/Xcode-16.3.0.app/Contents/Developer/Platforms/WatchOS.platform/Developer/Library/Frameworks -F /Applications/Xcode-16.3.0.app/Contents/Developer/Platforms/WatchOS.platform/Developer/SDKs/WatchOS11.4.sdk/Developer/Library/Frameworks -c -j10 -enable-batch-mode -incremental -Xcc -ivfsstatcache -Xcc /Users/admin/builder/spi-builder-workspace/.derivedData/SDKStatCaches.noindex/watchos11.4-22T246-43efb940ff07ba2497b70ec94253f576.sdkstatcache -output-file-map /Users/admin/builder/spi-builder-workspace/.derivedData/Build/Intermediates.noindex/BEMCheckBox.build/Debug-watchos/BEMCheckBox.build/Objects-normal/arm64_32/BEMCheckBox-OutputFileMap.json -use-frontend-parseable-output -save-temps -no-color-diagnostics -serialize-diagnostics -emit-dependencies -emit-module -emit-module-path /Users/admin/builder/spi-builder-workspace/.derivedData/Build/Intermediates.noindex/BEMCheckBox.build/Debug-watchos/BEMCheckBox.build/Objects-normal/arm64_32/BEMCheckBox.swiftmodule -validate-clang-modules-once -clang-build-session-file /Users/admin/builder/spi-builder-workspace/.derivedData/ModuleCache.noindex/Session.modulevalidation -Xcc -I/Users/admin/builder/spi-builder-workspace/.derivedData/Build/Intermediates.noindex/BEMCheckBox.build/Debug-watchos/BEMCheckBox.build/swift-overrides.hmap -emit-const-values -Xfrontend -const-gather-protocols-file -Xfrontend /Users/admin/builder/spi-builder-workspace/.derivedData/Build/Intermediates.noindex/BEMCheckBox.build/Debug-watchos/BEMCheckBox.build/Objects-normal/arm64_32/BEMCheckBox_const_extract_protocols.json -Xcc -I/Users/admin/builder/spi-builder-workspace/.derivedData/Build/Products/Debug-watchos/include -Xcc -I/Users/admin/builder/spi-builder-workspace/.derivedData/Build/Intermediates.noindex/BEMCheckBox.build/Debug-watchos/BEMCheckBox.build/DerivedSources-normal/arm64_32 -Xcc -I/Users/admin/builder/spi-builder-workspace/.derivedData/Build/Intermediates.noindex/BEMCheckBox.build/Debug-watchos/BEMCheckBox.build/DerivedSources/arm64_32 -Xcc -I/Users/admin/builder/spi-builder-workspace/.derivedData/Build/Intermediates.noindex/BEMCheckBox.build/Debug-watchos/BEMCheckBox.build/DerivedSources -Xcc -DSWIFT_PACKAGE -Xcc -DDEBUG\=1 -emit-objc-header -emit-objc-header-path /Users/admin/builder/spi-builder-workspace/.derivedData/Build/Intermediates.noindex/BEMCheckBox.build/Debug-watchos/BEMCheckBox.build/Objects-normal/arm64_32/BEMCheckBox-Swift.h -working-directory /Users/admin/builder/spi-builder-workspace/.swiftpm/xcode -experimental-emit-module-separately -disable-cmo
SwiftDriver BEMCheckBox normal armv7k com.apple.xcode.tools.swift.compiler (in target 'BEMCheckBox' from project 'BEMCheckBox')
cd /Users/admin/builder/spi-builder-workspace/.swiftpm/xcode
builtin-SwiftDriver -- /Applications/Xcode-16.3.0.app/Contents/Developer/Toolchains/XcodeDefault.xctoolchain/usr/bin/swiftc -module-name BEMCheckBox -Onone -enforce-exclusivity\=checked @/Users/admin/builder/spi-builder-workspace/.derivedData/Build/Intermediates.noindex/BEMCheckBox.build/Debug-watchos/BEMCheckBox.build/Objects-normal/armv7k/BEMCheckBox.SwiftFileList -DSWIFT_PACKAGE -DDEBUG -DXcode -plugin-path /Applications/Xcode-16.3.0.app/Contents/Developer/Toolchains/XcodeDefault.xctoolchain/usr/lib/swift/host/plugins/testing -enable-experimental-feature DebugDescriptionMacro -sdk /Applications/Xcode-16.3.0.app/Contents/Developer/Platforms/WatchOS.platform/Developer/SDKs/WatchOS11.4.sdk -target armv7k-apple-watchos5.0 -g -module-cache-path /Users/admin/builder/spi-builder-workspace/.derivedData/ModuleCache.noindex -Xfrontend -serialize-debugging-options -enable-testing -index-store-path /Users/admin/builder/spi-builder-workspace/.derivedData/Index.noindex/DataStore -swift-version 5 -I /Users/admin/builder/spi-builder-workspace/.derivedData/Build/Products/Debug-watchos -I /Applications/Xcode-16.3.0.app/Contents/Developer/Platforms/WatchOS.platform/Developer/usr/lib -F /Users/admin/builder/spi-builder-workspace/.derivedData/Build/Products/Debug-watchos -F /Applications/Xcode-16.3.0.app/Contents/Developer/Platforms/WatchOS.platform/Developer/Library/Frameworks -F /Applications/Xcode-16.3.0.app/Contents/Developer/Platforms/WatchOS.platform/Developer/SDKs/WatchOS11.4.sdk/Developer/Library/Frameworks -c -j10 -enable-batch-mode -incremental -Xcc -ivfsstatcache -Xcc /Users/admin/builder/spi-builder-workspace/.derivedData/SDKStatCaches.noindex/watchos11.4-22T246-43efb940ff07ba2497b70ec94253f576.sdkstatcache -output-file-map /Users/admin/builder/spi-builder-workspace/.derivedData/Build/Intermediates.noindex/BEMCheckBox.build/Debug-watchos/BEMCheckBox.build/Objects-normal/armv7k/BEMCheckBox-OutputFileMap.json -use-frontend-parseable-output -save-temps -no-color-diagnostics -serialize-diagnostics -emit-dependencies -emit-module -emit-module-path /Users/admin/builder/spi-builder-workspace/.derivedData/Build/Intermediates.noindex/BEMCheckBox.build/Debug-watchos/BEMCheckBox.build/Objects-normal/armv7k/BEMCheckBox.swiftmodule -validate-clang-modules-once -clang-build-session-file /Users/admin/builder/spi-builder-workspace/.derivedData/ModuleCache.noindex/Session.modulevalidation -Xcc -I/Users/admin/builder/spi-builder-workspace/.derivedData/Build/Intermediates.noindex/BEMCheckBox.build/Debug-watchos/BEMCheckBox.build/swift-overrides.hmap -emit-const-values -Xfrontend -const-gather-protocols-file -Xfrontend /Users/admin/builder/spi-builder-workspace/.derivedData/Build/Intermediates.noindex/BEMCheckBox.build/Debug-watchos/BEMCheckBox.build/Objects-normal/armv7k/BEMCheckBox_const_extract_protocols.json -Xcc -I/Users/admin/builder/spi-builder-workspace/.derivedData/Build/Products/Debug-watchos/include -Xcc -I/Users/admin/builder/spi-builder-workspace/.derivedData/Build/Intermediates.noindex/BEMCheckBox.build/Debug-watchos/BEMCheckBox.build/DerivedSources-normal/armv7k -Xcc -I/Users/admin/builder/spi-builder-workspace/.derivedData/Build/Intermediates.noindex/BEMCheckBox.build/Debug-watchos/BEMCheckBox.build/DerivedSources/armv7k -Xcc -I/Users/admin/builder/spi-builder-workspace/.derivedData/Build/Intermediates.noindex/BEMCheckBox.build/Debug-watchos/BEMCheckBox.build/DerivedSources -Xcc -DSWIFT_PACKAGE -Xcc -DDEBUG\=1 -emit-objc-header -emit-objc-header-path /Users/admin/builder/spi-builder-workspace/.derivedData/Build/Intermediates.noindex/BEMCheckBox.build/Debug-watchos/BEMCheckBox.build/Objects-normal/armv7k/BEMCheckBox-Swift.h -working-directory /Users/admin/builder/spi-builder-workspace/.swiftpm/xcode -experimental-emit-module-separately -disable-cmo
SwiftEmitModule normal armv7k Emitting\ module\ for\ BEMCheckBox (in target 'BEMCheckBox' from project 'BEMCheckBox')
EmitSwiftModule normal armv7k (in target 'BEMCheckBox' from project 'BEMCheckBox')
cd /Users/admin/builder/spi-builder-workspace/.swiftpm/xcode
/Users/admin/builder/spi-builder-workspace/Classes/BEMAnimationManager.swift:28:66: error: cannot find type 'CABasicAnimation' in scope
@objc public func strokeAnimationReverse(_ reverse: Bool) -> CABasicAnimation {
^~~~~~~~~~~~~~~~
/Users/admin/builder/spi-builder-workspace/Classes/BEMAnimationManager.swift:49:67: error: cannot find type 'CABasicAnimation' in scope
@objc public func opacityAnimationReverse(_ reverse: Bool) -> CABasicAnimation {
^~~~~~~~~~~~~~~~
/Users/admin/builder/spi-builder-workspace/Classes/BEMAnimationManager.swift:71:97: error: cannot find type 'CABasicAnimation' in scope
@objc public func morphAnimation(from fromPath: UIBezierPath?, to toPath: UIBezierPath?) -> CABasicAnimation {
^~~~~~~~~~~~~~~~
/Users/admin/builder/spi-builder-workspace/Classes/BEMAnimationManager.swift:88:101: error: cannot find type 'CAKeyframeAnimation' in scope
@objc public func fillAnimation(withBounces bounces: Int, amplitude: CGFloat, reverse: Bool) -> CAKeyframeAnimation {
^~~~~~~~~~~~~~~~~~~
/Users/admin/builder/spi-builder-workspace/Classes/BEMCheckBox.swift:30:2: error: only classes that inherit from NSObject can be declared @objc
@objc
~^~~~
/Users/admin/builder/spi-builder-workspace/Classes/BEMCheckBox.swift:31:14: note: inherit from 'NSObject' to silence this error
public class BEMCheckBox: UIControl, CAAnimationDelegate {
^
NSObject,
/Users/admin/builder/spi-builder-workspace/Classes/BEMCheckBox.swift:86:13: error: cannot find 'setNeedsLayout' in scope
setNeedsLayout()
^~~~~~~~~~~~~~
/Users/admin/builder/spi-builder-workspace/Classes/BEMCheckBox.swift:94:13: error: cannot find 'setNeedsLayout' in scope
setNeedsLayout()
^~~~~~~~~~~~~~
/Users/admin/builder/spi-builder-workspace/Classes/BEMCheckBox.swift:102:13: error: cannot find 'setNeedsLayout' in scope
setNeedsLayout()
^~~~~~~~~~~~~~
/Users/admin/builder/spi-builder-workspace/Classes/BEMCheckBox.swift:122:13: error: cannot find 'setNeedsLayout' in scope
setNeedsLayout()
^~~~~~~~~~~~~~
/Users/admin/builder/spi-builder-workspace/Classes/BEMCheckBox.swift:129:13: error: cannot find 'setNeedsLayout' in scope
setNeedsLayout()
^~~~~~~~~~~~~~
/Users/admin/builder/spi-builder-workspace/Classes/BEMCheckBox.swift:136:13: error: cannot find 'setNeedsLayout' in scope
setNeedsLayout()
^~~~~~~~~~~~~~
/Users/admin/builder/spi-builder-workspace/Classes/BEMCheckBox.swift:141:29: error: cannot find type 'CAShapeLayer' in scope
private var onBoxLayer: CAShapeLayer?
^~~~~~~~~~~~
/Users/admin/builder/spi-builder-workspace/Classes/BEMCheckBox.swift:144:30: error: cannot find type 'CAShapeLayer' in scope
private var offBoxLayer: CAShapeLayer?
^~~~~~~~~~~~
/Users/admin/builder/spi-builder-workspace/Classes/BEMCheckBox.swift:147:33: error: cannot find type 'CAShapeLayer' in scope
private var checkMarkLayer: CAShapeLayer?
^~~~~~~~~~~~
/Users/admin/builder/spi-builder-workspace/Classes/BEMCheckBox.swift:186:27: error: initializer does not override a designated initializer from its superclass
@objc public override init(frame: CGRect) {
~~~~~~~~ ^
/Users/admin/builder/spi-builder-workspace/Classes/BEMCheckBox.swift:204:25: error: property does not override any property from its superclass
public override var frame: CGRect {
~~~~~~~~ ^
/Users/admin/builder/spi-builder-workspace/Classes/BEMCheckBox.swift:210:26: error: method does not override any method from its superclass
override public func layoutSubviews() {
~~~~~~~~ ^
/Users/admin/builder/spi-builder-workspace/Classes/BEMCheckBox.swift:214:25: error: property does not override any property from its superclass
override public var intrinsicContentSize: CGSize {
~~~~~~~~ ^
/Users/admin/builder/spi-builder-workspace/Classes/BEMCheckBox.swift:258:48: error: cannot find type 'UITapGestureRecognizer' in scope
@objc func handleTapCheckBox(_ recognizer: UITapGestureRecognizer?) {
^~~~~~~~~~~~~~~~~~~~~~
/Users/admin/builder/spi-builder-workspace/Classes/BEMCheckBox.swift:275:67: error: cannot find type 'UIEvent' in scope
override public func point(inside point: CGPoint, with event: UIEvent?) -> Bool {
^~~~~~~
/Users/admin/builder/spi-builder-workspace/Classes/BEMCheckBox.swift:564:42: error: cannot find type 'CAAnimation' in scope
public func animationDidStop(_ anim: CAAnimation, finished flag: Bool) {
^~~~~~~~~~~
/Users/admin/builder/spi-builder-workspace/Classes/BEMCheckBox.swift:31:27: error: cannot find type 'UIControl' in scope
public class BEMCheckBox: UIControl, CAAnimationDelegate {
^~~~~~~~~
/Users/admin/builder/spi-builder-workspace/Classes/BEMCheckBox.swift:31:38: error: cannot find type 'CAAnimationDelegate' in scope
public class BEMCheckBox: UIControl, CAAnimationDelegate {
^~~~~~~~~~~~~~~~~~~
Failed frontend command:
/Applications/Xcode-16.3.0.app/Contents/Developer/Toolchains/XcodeDefault.xctoolchain/usr/bin/swift-frontend -frontend -emit-module -experimental-skip-non-inlinable-function-bodies-without-types /Users/admin/builder/spi-builder-workspace/Classes/BEMAnimationManager.swift /Users/admin/builder/spi-builder-workspace/Classes/BEMCheckBox.swift /Users/admin/builder/spi-builder-workspace/Classes/BEMCheckBoxGroup.swift /Users/admin/builder/spi-builder-workspace/Classes/BEMPathManager.swift -target armv7k-apple-watchos5.0 -enable-objc-interop -sdk /Applications/Xcode-16.3.0.app/Contents/Developer/Platforms/WatchOS.platform/Developer/SDKs/WatchOS11.4.sdk -I /Users/admin/builder/spi-builder-workspace/.derivedData/Build/Products/Debug-watchos -I /Applications/Xcode-16.3.0.app/Contents/Developer/Platforms/WatchOS.platform/Developer/usr/lib -F /Users/admin/builder/spi-builder-workspace/.derivedData/Build/Products/Debug-watchos -F /Applications/Xcode-16.3.0.app/Contents/Developer/Platforms/WatchOS.platform/Developer/Library/Frameworks -F /Applications/Xcode-16.3.0.app/Contents/Developer/Platforms/WatchOS.platform/Developer/SDKs/WatchOS11.4.sdk/Developer/Library/Frameworks -no-color-diagnostics -enable-testing -g -debug-info-format\=dwarf -dwarf-version\=4 -module-cache-path /Users/admin/builder/spi-builder-workspace/.derivedData/ModuleCache.noindex -swift-version 5 -enforce-exclusivity\=checked -Onone -D SWIFT_PACKAGE -D DEBUG -D Xcode -serialize-debugging-options -const-gather-protocols-file /Users/admin/builder/spi-builder-workspace/.derivedData/Build/Intermediates.noindex/BEMCheckBox.build/Debug-watchos/BEMCheckBox.build/Objects-normal/armv7k/BEMCheckBox_const_extract_protocols.json -enable-experimental-feature DebugDescriptionMacro -empty-abi-descriptor -plugin-path /Applications/Xcode-16.3.0.app/Contents/Developer/Toolchains/XcodeDefault.xctoolchain/usr/lib/swift/host/plugins/testing -validate-clang-modules-once -clang-build-session-file /Users/admin/builder/spi-builder-workspace/.derivedData/ModuleCache.noindex/Session.modulevalidation -Xcc -working-directory -Xcc /Users/admin/builder/spi-builder-workspace/.swiftpm/xcode -resource-dir /Applications/Xcode-16.3.0.app/Contents/Developer/Toolchains/XcodeDefault.xctoolchain/usr/lib/swift -enable-anonymous-context-mangled-names -file-compilation-dir /Users/admin/builder/spi-builder-workspace/.swiftpm/xcode -Xcc -ivfsstatcache -Xcc /Users/admin/builder/spi-builder-workspace/.derivedData/SDKStatCaches.noindex/watchos11.4-22T246-43efb940ff07ba2497b70ec94253f576.sdkstatcache -Xcc -I/Users/admin/builder/spi-builder-workspace/.derivedData/Build/Intermediates.noindex/BEMCheckBox.build/Debug-watchos/BEMCheckBox.build/swift-overrides.hmap -Xcc -I/Users/admin/builder/spi-builder-workspace/.derivedData/Build/Products/Debug-watchos/include -Xcc -I/Users/admin/builder/spi-builder-workspace/.derivedData/Build/Intermediates.noindex/BEMCheckBox.build/Debug-watchos/BEMCheckBox.build/DerivedSources-normal/armv7k -Xcc -I/Users/admin/builder/spi-builder-workspace/.derivedData/Build/Intermediates.noindex/BEMCheckBox.build/Debug-watchos/BEMCheckBox.build/DerivedSources/armv7k -Xcc -I/Users/admin/builder/spi-builder-workspace/.derivedData/Build/Intermediates.noindex/BEMCheckBox.build/Debug-watchos/BEMCheckBox.build/DerivedSources -Xcc -DSWIFT_PACKAGE -Xcc -DDEBUG\=1 -module-name BEMCheckBox -frontend-parseable-output -disable-clang-spi -target-sdk-version 11.4 -target-sdk-name watchos11.4 -external-plugin-path /Applications/Xcode-16.3.0.app/Contents/Developer/Platforms/WatchOS.platform/Developer/usr/lib/swift/host/plugins\#/Applications/Xcode-16.3.0.app/Contents/Developer/Platforms/WatchOS.platform/Developer/usr/bin/swift-plugin-server -external-plugin-path /Applications/Xcode-16.3.0.app/Contents/Developer/Platforms/WatchOS.platform/Developer/usr/local/lib/swift/host/plugins\#/Applications/Xcode-16.3.0.app/Contents/Developer/Platforms/WatchOS.platform/Developer/usr/bin/swift-plugin-server -in-process-plugin-server-path /Applications/Xcode-16.3.0.app/Contents/Developer/Toolchains/XcodeDefault.xctoolchain/usr/lib/swift/host/libSwiftInProcPluginServer.dylib -plugin-path /Applications/Xcode-16.3.0.app/Contents/Developer/Toolchains/XcodeDefault.xctoolchain/usr/lib/swift/host/plugins -plugin-path /Applications/Xcode-16.3.0.app/Contents/Developer/Toolchains/XcodeDefault.xctoolchain/usr/local/lib/swift/host/plugins -emit-module-doc-path /Users/admin/builder/spi-builder-workspace/.derivedData/Build/Intermediates.noindex/BEMCheckBox.build/Debug-watchos/BEMCheckBox.build/Objects-normal/armv7k/BEMCheckBox.swiftdoc -emit-module-source-info-path /Users/admin/builder/spi-builder-workspace/.derivedData/Build/Intermediates.noindex/BEMCheckBox.build/Debug-watchos/BEMCheckBox.build/Objects-normal/armv7k/BEMCheckBox.swiftsourceinfo -emit-objc-header-path /Users/admin/builder/spi-builder-workspace/.derivedData/Build/Intermediates.noindex/BEMCheckBox.build/Debug-watchos/BEMCheckBox.build/Objects-normal/armv7k/BEMCheckBox-Swift.h -serialize-diagnostics-path /Users/admin/builder/spi-builder-workspace/.derivedData/Build/Intermediates.noindex/BEMCheckBox.build/Debug-watchos/BEMCheckBox.build/Objects-normal/armv7k/BEMCheckBox-master-emit-module.dia -emit-dependencies-path /Users/admin/builder/spi-builder-workspace/.derivedData/Build/Intermediates.noindex/BEMCheckBox.build/Debug-watchos/BEMCheckBox.build/Objects-normal/armv7k/BEMCheckBox-master-emit-module.d -o /Users/admin/builder/spi-builder-workspace/.derivedData/Build/Intermediates.noindex/BEMCheckBox.build/Debug-watchos/BEMCheckBox.build/Objects-normal/armv7k/BEMCheckBox.swiftmodule -emit-abi-descriptor-path /Users/admin/builder/spi-builder-workspace/.derivedData/Build/Intermediates.noindex/BEMCheckBox.build/Debug-watchos/BEMCheckBox.build/Objects-normal/armv7k/BEMCheckBox.abi.json
SwiftEmitModule normal arm64 Emitting\ module\ for\ BEMCheckBox (in target 'BEMCheckBox' from project 'BEMCheckBox')
EmitSwiftModule normal arm64 (in target 'BEMCheckBox' from project 'BEMCheckBox')
cd /Users/admin/builder/spi-builder-workspace/.swiftpm/xcode
SwiftCompile normal armv7k Compiling\ BEMCheckBox.swift /Users/admin/builder/spi-builder-workspace/Classes/BEMCheckBox.swift (in target 'BEMCheckBox' from project 'BEMCheckBox')
SwiftCompile normal armv7k /Users/admin/builder/spi-builder-workspace/Classes/BEMCheckBox.swift (in target 'BEMCheckBox' from project 'BEMCheckBox')
cd /Users/admin/builder/spi-builder-workspace/.swiftpm/xcode
SwiftEmitModule normal arm64_32 Emitting\ module\ for\ BEMCheckBox (in target 'BEMCheckBox' from project 'BEMCheckBox')
EmitSwiftModule normal arm64_32 (in target 'BEMCheckBox' from project 'BEMCheckBox')
cd /Users/admin/builder/spi-builder-workspace/.swiftpm/xcode
SwiftCompile normal arm64_32 Compiling\ BEMCheckBox.swift /Users/admin/builder/spi-builder-workspace/Classes/BEMCheckBox.swift (in target 'BEMCheckBox' from project 'BEMCheckBox')
SwiftCompile normal arm64_32 /Users/admin/builder/spi-builder-workspace/Classes/BEMCheckBox.swift (in target 'BEMCheckBox' from project 'BEMCheckBox')
cd /Users/admin/builder/spi-builder-workspace/.swiftpm/xcode
SwiftCompile normal arm64 Compiling\ BEMAnimationManager.swift /Users/admin/builder/spi-builder-workspace/Classes/BEMAnimationManager.swift (in target 'BEMCheckBox' from project 'BEMCheckBox')
SwiftCompile normal arm64 /Users/admin/builder/spi-builder-workspace/Classes/BEMAnimationManager.swift (in target 'BEMCheckBox' from project 'BEMCheckBox')
cd /Users/admin/builder/spi-builder-workspace/.swiftpm/xcode
SwiftCompile normal arm64 Compiling\ BEMCheckBoxGroup.swift /Users/admin/builder/spi-builder-workspace/Classes/BEMCheckBoxGroup.swift (in target 'BEMCheckBox' from project 'BEMCheckBox')
SwiftCompile normal arm64 /Users/admin/builder/spi-builder-workspace/Classes/BEMCheckBoxGroup.swift (in target 'BEMCheckBox' from project 'BEMCheckBox')
cd /Users/admin/builder/spi-builder-workspace/.swiftpm/xcode
SwiftCompile normal armv7k Compiling\ BEMCheckBoxGroup.swift /Users/admin/builder/spi-builder-workspace/Classes/BEMCheckBoxGroup.swift (in target 'BEMCheckBox' from project 'BEMCheckBox')
SwiftCompile normal armv7k /Users/admin/builder/spi-builder-workspace/Classes/BEMCheckBoxGroup.swift (in target 'BEMCheckBox' from project 'BEMCheckBox')
cd /Users/admin/builder/spi-builder-workspace/.swiftpm/xcode
SwiftCompile normal arm64_32 Compiling\ BEMCheckBoxGroup.swift /Users/admin/builder/spi-builder-workspace/Classes/BEMCheckBoxGroup.swift (in target 'BEMCheckBox' from project 'BEMCheckBox')
SwiftCompile normal arm64_32 /Users/admin/builder/spi-builder-workspace/Classes/BEMCheckBoxGroup.swift (in target 'BEMCheckBox' from project 'BEMCheckBox')
cd /Users/admin/builder/spi-builder-workspace/.swiftpm/xcode
SwiftCompile normal arm64 Compiling\ BEMCheckBox.swift /Users/admin/builder/spi-builder-workspace/Classes/BEMCheckBox.swift (in target 'BEMCheckBox' from project 'BEMCheckBox')
SwiftCompile normal arm64 /Users/admin/builder/spi-builder-workspace/Classes/BEMCheckBox.swift (in target 'BEMCheckBox' from project 'BEMCheckBox')
cd /Users/admin/builder/spi-builder-workspace/.swiftpm/xcode
SwiftCompile normal arm64_32 Compiling\ BEMAnimationManager.swift /Users/admin/builder/spi-builder-workspace/Classes/BEMAnimationManager.swift (in target 'BEMCheckBox' from project 'BEMCheckBox')
Command SwiftCompile failed with a nonzero exit code
** BUILD FAILED **
The following build commands failed:
EmitSwiftModule normal armv7k (in target 'BEMCheckBox' from project 'BEMCheckBox')
SwiftEmitModule normal armv7k Emitting\ module\ for\ BEMCheckBox (in target 'BEMCheckBox' from project 'BEMCheckBox')
SwiftCompile normal arm64_32 Compiling\ BEMAnimationManager.swift /Users/admin/builder/spi-builder-workspace/Classes/BEMAnimationManager.swift (in target 'BEMCheckBox' from project 'BEMCheckBox')
Building workspace spi-builder-workspace with scheme BEMCheckBox
(4 failures)
BUILD FAILURE 6.1 watchOS