Build Information
Failed to build OgurySdk, reference master (772e7d), with Swift 6.1 for tvOS using Xcode 16.3 on 26 Sep 2026 17:12:43 UTC.
Build Command
No build command. This typically means the build failed at an early stage where we determine the build command.Build Log
========================================
RunAll
========================================
Builder version: 5.1.0
Interrupt handler set up.
========================================
Checkout
========================================
Clone URL: https://github.com/Ogury/ogury-sdk-spm.git
Reference: master
Initialized empty Git repository in /Users/admin/builder/spi-builder-workspace/.git/
From https://github.com/Ogury/ogury-sdk-spm
* branch master -> FETCH_HEAD
* [new branch] master -> origin/master
HEAD is now at 772e7dd Merge pull request #8 from Ogury/feature/update-to-5.3.1
Cloned https://github.com/Ogury/ogury-sdk-spm.git
Revision (git rev-parse @):
772e7dd63b23d4b0aa12569515940cbb8dc0659f
SUCCESS checkout https://github.com/Ogury/ogury-sdk-spm.git at master
========================================
Build
========================================
Selected platform: tvOS
Swift version: 6.1
Building package at path: $PWD
https://github.com/Ogury/ogury-sdk-spm.git
https://github.com/Ogury/ogury-sdk-spm.git
{
"dependencies" : [
],
"manifest_display_name" : "OgurySdk",
"name" : "OgurySdk",
"path" : "/Users/admin/builder/spi-builder-workspace",
"platforms" : [
{
"name" : "ios",
"version" : "15.0"
}
],
"products" : [
{
"name" : "OgurySdk",
"targets" : [
"OguryWrapper",
"OguryAds",
"OguryCore",
"OMSDK"
],
"type" : {
"library" : [
"automatic"
]
}
}
],
"targets" : [
{
"c99name" : "OguryWrapper",
"module_type" : "BinaryTarget",
"name" : "OguryWrapper",
"path" : "remote/archive/OgurySdk-5.3.1.zip",
"product_memberships" : [
"OgurySdk"
],
"sources" : [
],
"type" : "binary"
},
{
"c99name" : "OguryCore",
"module_type" : "BinaryTarget",
"name" : "OguryCore",
"path" : "remote/archive/OguryCore-2.3.1.zip",
"product_memberships" : [
"OgurySdk"
],
"sources" : [
],
"type" : "binary"
},
{
"c99name" : "OguryAds",
"module_type" : "BinaryTarget",
"name" : "OguryAds",
"path" : "remote/archive/OguryAds-4.3.1.zip",
"product_memberships" : [
"OgurySdk"
],
"sources" : [
],
"type" : "binary"
},
{
"c99name" : "OMSDK",
"module_type" : "BinaryTarget",
"name" : "OMSDK",
"path" : "remote/archive/OMSDK_Ogury-1.6.10.zip",
"product_memberships" : [
"OgurySdk"
],
"sources" : [
],
"type" : "binary"
}
],
"tools_version" : "6.1"
}
Command line invocation:
/Applications/Xcode-16.3.0.app/Contents/Developer/usr/bin/xcodebuild -IDEClonedSourcePackagesDirPathOverride=/Users/admin/builder/spi-builder-workspace/.dependencies -resolvePackageDependencies
Resolve Package Graph
the package at '/Users/admin/builder/ogury-sdk-spm' cannot be accessed (Error Domain=NSCocoaErrorDomain Code=260 "The folder “ogury-sdk-spm” doesn’t exist." UserInfo={NSUserStringVariant=(
Folder
), NSFilePath=/Users/admin/builder/ogury-sdk-spm, NSURL=file:///Users/admin/builder/ogury-sdk-spm, NSUnderlyingError=0x6000011efba0 {Error Domain=NSOSStatusErrorDomain Code=-43 "fnfErr: File not found"}})
2026-09-26 10:12:42.880 xcodebuild[523:2939] Writing error result bundle to /var/folders/5k/5yc19ymj0jqd5v0zvgfqz0xw0000gn/T/ResultBundle_2026-26-09_10-12-0042.xcresult
xcodebuild: error: Could not resolve package dependencies:
the package at '/Users/admin/builder/ogury-sdk-spm' cannot be accessed (Error Domain=NSCocoaErrorDomain Code=260 "The folder “ogury-sdk-spm” doesn’t exist." UserInfo={NSUserStringVariant=(
Command line invocation:
/Applications/Xcode-16.3.0.app/Contents/Developer/usr/bin/xcodebuild -IDEClonedSourcePackagesDirPathOverride=/Users/admin/builder/spi-builder-workspace/.dependencies -resolvePackageDependencies
Resolve Package Graph
the package at '/Users/admin/builder/ogury-sdk-spm' cannot be accessed (Error Domain=NSCocoaErrorDomain Code=260 "The folder “ogury-sdk-spm” doesn’t exist." UserInfo={NSUserStringVariant=(
Folder
), NSFilePath=/Users/admin/builder/ogury-sdk-spm, NSURL=file:///Users/admin/builder/ogury-sdk-spm, NSUnderlyingError=0x6000005784b0 {Error Domain=NSOSStatusErrorDomain Code=-43 "fnfErr: File not found"}})
2026-09-26 10:12:43.702 xcodebuild[535:3068] Writing error result bundle to /var/folders/5k/5yc19ymj0jqd5v0zvgfqz0xw0000gn/T/ResultBundle_2026-26-09_10-12-0043.xcresult
xcodebuild: error: Could not resolve package dependencies:
the package at '/Users/admin/builder/ogury-sdk-spm' cannot be accessed (Error Domain=NSCocoaErrorDomain Code=260 "The folder “ogury-sdk-spm” doesn’t exist." UserInfo={NSUserStringVariant=(
BUILD FAILURE 6.1 tvOS