The Swift Package Index logo.Swift Package Index

Build Information

Failed to build files, reference 3.0.0 (ceb5c4), with Swift 6.4 for Android on 24 Sep 2026 00:53:26 UTC.

Build Command

bash -c docker run --pull=always --rm -v "checkouts-53886769-0":/host -w "$PWD" -e JAVA_HOME="/root/.sdkman/candidates/java/current" -e SPI_BUILD="1" -e SPI_PROCESSING="1" registry.gitlab.com/saguaro1/spi-images:android-6.4-latest swift build --swift-sdk aarch64-unknown-linux-android28 2>&1

Build Log

========================================
RunAll
========================================
Builder version: 5.1.0
Interrupt handler set up.
========================================
Checkout
========================================
Clone URL: https://github.com/nashysolutions/files.git
Reference: 3.0.0
Initialized empty Git repository in /host/spi-builder-workspace/.git/
hint: Using 'master' as the name for the initial branch. This default branch name
hint: is subject to change. To configure the initial branch name to use in all
hint: of your new repositories, which will suppress this warning, call:
hint:
hint: 	git config --global init.defaultBranch <name>
hint:
hint: Names commonly chosen instead of 'master' are 'main', 'trunk' and
hint: 'development'. The just-created branch can be renamed via this command:
hint:
hint: 	git branch -m <name>
From https://github.com/nashysolutions/files
 * tag               3.0.0      -> FETCH_HEAD
HEAD is now at ceb5c4e Merge pull request #2 from nashysolutions/contents-of-directory-1
Cloned https://github.com/nashysolutions/files.git
Revision (git rev-parse @):
ceb5c4ed8354e52e6ec0c0d1a71842de49fd2787
SUCCESS checkout https://github.com/nashysolutions/files.git at 3.0.0
========================================
Build
========================================
Selected platform:         android
Swift version:             6.4
Building package at path:  $PWD
https://github.com/nashysolutions/files.git
Running build ...
bash -c docker run --pull=always --rm -v "checkouts-53886769-0":/host -w "$PWD" -e JAVA_HOME="/root/.sdkman/candidates/java/current" -e SPI_BUILD="1" -e SPI_PROCESSING="1" registry.gitlab.com/saguaro1/spi-images:android-6.4-latest swift build --swift-sdk aarch64-unknown-linux-android28 2>&1
android-6.4-latest: Pulling from saguaro1/spi-images
Digest: sha256:abadcff584c273feba50641b454858d377ba30b35ea7287a94f45ebd8afd0ea0
Status: Image is up to date for registry.gitlab.com/saguaro1/spi-images:android-6.4-latest
Building for debugging...
[Planning deferred tasks]
warning: no rule to process file '/host/spi-builder-workspace/Sources/Files/Resources/Localizable.xcstrings' of type 'text.json.xcstrings' for architecture 'aarch64'
[34 / 42] Files
error: SwiftCompile normal aarch64 /host/spi-builder-workspace/Sources/Files/Operations/SaveResource.swift failed with a nonzero exit code. Command line:     cd /host
    builtin-SwiftPerFileCompile SaveResource.swift
[35 / 42] Files
/host/spi-builder-workspace/Sources/Files/Operations/SaveResource.swift:122:26: error: extra arguments at positions #3, #4 in call
120 |         switch self {
121 |         case .encodingFailed:
122 |             return String(
    |                          `- error: extra arguments at positions #3, #4 in call
123 |                 localized: "save.file.error.encoding",
124 |                 defaultValue: "We couldn’t save your data. Please try again.",
Foundation.String.init:2:8: note: 'init(format:locale:_:)' declared here
1 | struct String {
2 | public init(format: __shared String, locale: __shared Locale?, _ args: any CVarArg...)}
  |        `- note: 'init(format:locale:_:)' declared here
3 |
/host/spi-builder-workspace/Sources/Files/Operations/SaveResource.swift:123:17: error: missing argument for parameter 'format' in call
121 |         case .encodingFailed:
122 |             return String(
123 |                 localized: "save.file.error.encoding",
    |                 `- error: missing argument for parameter 'format' in call
124 |                 defaultValue: "We couldn’t save your data. Please try again.",
125 |                 bundle: .module,
Foundation.String.init:2:8: note: 'init(format:locale:_:)' declared here
1 | struct String {
2 | public init(format: __shared String, locale: __shared Locale?, _ args: any CVarArg...)}
  |        `- note: 'init(format:locale:_:)' declared here
3 |
/host/spi-builder-workspace/Sources/Files/Operations/SaveResource.swift:123:28: error: cannot convert value of type 'String' to expected argument type 'Locale'
121 |         case .encodingFailed:
122 |             return String(
123 |                 localized: "save.file.error.encoding",
    |                            `- error: cannot convert value of type 'String' to expected argument type 'Locale'
124 |                 defaultValue: "We couldn’t save your data. Please try again.",
125 |                 bundle: .module,
/host/spi-builder-workspace/Sources/Files/Operations/SaveResource.swift:125:26: error: cannot infer contextual base in reference to member 'module'
123 |                 localized: "save.file.error.encoding",
124 |                 defaultValue: "We couldn’t save your data. Please try again.",
125 |                 bundle: .module,
    |                          `- error: cannot infer contextual base in reference to member 'module'
126 |                 comment: "Shown when encoding a resource fails. Avoids exposing internal keys or file names."
127 |             )
/host/spi-builder-workspace/Sources/Files/Operations/SaveResource.swift:130:26: error: extra arguments at positions #3, #4 in call
128 |
129 |         case .fileSaveFailed:
130 |             return String(
    |                          `- error: extra arguments at positions #3, #4 in call
131 |                 localized: "save.file.error.saving",
132 |                 defaultValue: "Saving the file didn’t work. Please try again.",
Foundation.String.init:2:8: note: 'init(format:locale:_:)' declared here
1 | struct String {
2 | public init(format: __shared String, locale: __shared Locale?, _ args: any CVarArg...)}
  |        `- note: 'init(format:locale:_:)' declared here
3 |
/host/spi-builder-workspace/Sources/Files/Operations/SaveResource.swift:131:17: error: missing argument for parameter 'format' in call
129 |         case .fileSaveFailed:
130 |             return String(
131 |                 localized: "save.file.error.saving",
    |                 `- error: missing argument for parameter 'format' in call
132 |                 defaultValue: "Saving the file didn’t work. Please try again.",
133 |                 bundle: .module,
Foundation.String.init:2:8: note: 'init(format:locale:_:)' declared here
1 | struct String {
2 | public init(format: __shared String, locale: __shared Locale?, _ args: any CVarArg...)}
  |        `- note: 'init(format:locale:_:)' declared here
3 |
/host/spi-builder-workspace/Sources/Files/Operations/SaveResource.swift:131:28: error: cannot convert value of type 'String' to expected argument type 'Locale'
129 |         case .fileSaveFailed:
130 |             return String(
131 |                 localized: "save.file.error.saving",
    |                            `- error: cannot convert value of type 'String' to expected argument type 'Locale'
132 |                 defaultValue: "Saving the file didn’t work. Please try again.",
133 |                 bundle: .module,
/host/spi-builder-workspace/Sources/Files/Operations/SaveResource.swift:133:26: error: cannot infer contextual base in reference to member 'module'
131 |                 localized: "save.file.error.saving",
132 |                 defaultValue: "Saving the file didn’t work. Please try again.",
133 |                 bundle: .module,
    |                          `- error: cannot infer contextual base in reference to member 'module'
134 |                 comment: "Shown when saving a file fails. General message, hides technical detail."
135 |             )
Failed frontend command:
/root/.local/share/swiftly/toolchains/6.4.x-snapshot-2026-09-04/usr/bin/swift-frontend -frontend -c /host/spi-builder-workspace/.build/out/Intermediates.noindex/files.build/Debug-android-aarch64/Files-t.build/DerivedSources/resource_bundle_accessor.swift /host/spi-builder-workspace/Sources/Files/Directory.swift /host/spi-builder-workspace/Sources/Files/DirectoryEntry.swift /host/spi-builder-workspace/Sources/Files/FileSystemContext.swift /host/spi-builder-workspace/Sources/Files/FileSystemDirectory.swift /host/spi-builder-workspace/Sources/Files/FileSystemFolderStore.swift /host/spi-builder-workspace/Sources/Files/FileSystemOperations.swift /host/spi-builder-workspace/Sources/Files/Folder.swift /host/spi-builder-workspace/Sources/Files/Operations/CopyAllResourcesOperation.swift /host/spi-builder-workspace/Sources/Files/Operations/DeleteFilesOperation.swift /host/spi-builder-workspace/Sources/Files/Operations/DeleteResource.swift /host/spi-builder-workspace/Sources/Files/Operations/LoadResource.swift -primary-file /host/spi-builder-workspace/Sources/Files/Operations/MoveFilesOperation.swift -primary-file /host/spi-builder-workspace/Sources/Files/Operations/SaveResource.swift /host/spi-builder-workspace/Sources/Files/Operations/UpdateResource.swift /host/spi-builder-workspace/Sources/Files/StoredItem.swift -emit-dependencies-path /host/spi-builder-workspace/.build/out/Intermediates.noindex/files.build/Debug-android-aarch64/Files-t.build/Objects-normal/aarch64/MoveFilesOperation.d -emit-const-values-path /host/spi-builder-workspace/.build/out/Intermediates.noindex/files.build/Debug-android-aarch64/Files-t.build/Objects-normal/aarch64/MoveFilesOperation.swiftconstvalues -emit-reference-dependencies-path /host/spi-builder-workspace/.build/out/Intermediates.noindex/files.build/Debug-android-aarch64/Files-t.build/Objects-normal/aarch64/MoveFilesOperation.swiftdeps -serialize-diagnostics-path /host/spi-builder-workspace/.build/out/Intermediates.noindex/files.build/Debug-android-aarch64/Files-t.build/Objects-normal/aarch64/MoveFilesOperation.dia -emit-dependencies-path /host/spi-builder-workspace/.build/out/Intermediates.noindex/files.build/Debug-android-aarch64/Files-t.build/Objects-normal/aarch64/SaveResource.d -emit-const-values-path /host/spi-builder-workspace/.build/out/Intermediates.noindex/files.build/Debug-android-aarch64/Files-t.build/Objects-normal/aarch64/SaveResource.swiftconstvalues -emit-reference-dependencies-path /host/spi-builder-workspace/.build/out/Intermediates.noindex/files.build/Debug-android-aarch64/Files-t.build/Objects-normal/aarch64/SaveResource.swiftdeps -serialize-diagnostics-path /host/spi-builder-workspace/.build/out/Intermediates.noindex/files.build/Debug-android-aarch64/Files-t.build/Objects-normal/aarch64/SaveResource.dia -target aarch64-unknown-linux-android28 -Xllvm -aarch64-use-tbi -disable-objc-interop -sdk /android-ndk/android-ndk-r27d/toolchains/llvm/prebuilt/linux-x86_64/sysroot -sysroot /android-ndk/android-ndk-r27d/toolchains/llvm/prebuilt/linux-x86_64/sysroot -I /host/spi-builder-workspace/.build/out/Products/Debug-android-aarch64 -module-cache-path /host/spi-builder-workspace/.build/out/ModuleCache.noindex -color-diagnostics -Xcc -fcolor-diagnostics -enable-testing -g -debug-info-format\=dwarf -dwarf-version\=4 -swift-version 5 -Onone -D SWIFT_PACKAGE -D DEBUG -D SWIFT_MODULE_RESOURCE_BUNDLE_AVAILABLE -D Xcode -serialize-debugging-options -enable-experimental-feature DebugDescriptionMacro -empty-abi-descriptor -external-plugin-path /root/.local/share/swiftly/toolchains/6.4.x-snapshot-2026-09-04/usr/lib/swift/host/plugins/testing\#/root/.local/share/swiftly/toolchains/6.4.x-snapshot-2026-09-04/usr/bin/swift-plugin-server -validate-clang-modules-once -clang-build-session-file /host/spi-builder-workspace/.build/out/ModuleCache.noindex/Session.modulevalidation -Xcc -working-directory -Xcc /host -resource-dir /root/.swiftpm/swift-sdks/swift-6.4.x-DEVELOPMENT-SNAPSHOT-2026-09-04-a_android.artifactbundle/swift-android/swift-resources/usr/lib/swift-aarch64 -enable-anonymous-context-mangled-names -file-compilation-dir /host -Xcc -resource-dir -Xcc /android-ndk/android-ndk-r27d/toolchains/llvm/prebuilt/linux-x86_64/lib/clang/18 -Xcc -fno-omit-frame-pointer -Xcc -D_LIBCPP_HARDENING_MODE\=_LIBCPP_HARDENING_MODE_DEBUG -Xcc -fmodules-prune-interval\=86400 -Xcc -fmodules-prune-after\=345600 -Xcc -I/host/spi-builder-workspace/.build/out/Products/Debug-android-aarch64/include -Xcc -I/host/spi-builder-workspace/.build/out/Intermediates.noindex/files.build/Debug-android-aarch64/Files-t.build/DerivedSources-normal/aarch64 -Xcc -I/host/spi-builder-workspace/.build/out/Intermediates.noindex/files.build/Debug-android-aarch64/Files-t.build/DerivedSources/aarch64 -Xcc -I/host/spi-builder-workspace/.build/out/Intermediates.noindex/files.build/Debug-android-aarch64/Files-t.build/DerivedSources -Xcc -DSWIFT_PACKAGE -Xcc -DDEBUG\=1 -no-auto-bridging-header-chaining -module-name Files -const-gather-protocols-file /host/spi-builder-workspace/.build/out/Intermediates.noindex/files.build/Debug-android-aarch64/Files-t.build/Objects-normal/aarch64/Files_const_extract_protocols.json -in-process-plugin-server-path /root/.local/share/swiftly/toolchains/6.4.x-snapshot-2026-09-04/usr/lib/swift/host/libSwiftInProcPluginServer.so -plugin-path /root/.local/share/swiftly/toolchains/6.4.x-snapshot-2026-09-04/usr/lib/swift/host/plugins -plugin-path /root/.local/share/swiftly/toolchains/6.4.x-snapshot-2026-09-04/usr/local/lib/swift/host/plugins -parse-as-library -o /host/spi-builder-workspace/.build/out/Intermediates.noindex/files.build/Debug-android-aarch64/Files-t.build/Objects-normal/aarch64/MoveFilesOperation.o -o /host/spi-builder-workspace/.build/out/Intermediates.noindex/files.build/Debug-android-aarch64/Files-t.build/Objects-normal/aarch64/SaveResource.o -index-unit-output-path /files.build/Debug-android-aarch64/Files-t.build/Objects-normal/aarch64/MoveFilesOperation.o -index-unit-output-path /files.build/Debug-android-aarch64/Files-t.build/Objects-normal/aarch64/SaveResource.o -index-store-path /host/spi-builder-workspace/.build/out -index-system-modules
error: SwiftCompile normal aarch64 /host/spi-builder-workspace/Sources/Files/Operations/UpdateResource.swift failed with a nonzero exit code. Command line:     cd /host
    builtin-SwiftPerFileCompile UpdateResource.swift
/host/spi-builder-workspace/Sources/Files/Operations/UpdateResource.swift:106:26: error: extra arguments at positions #3, #4 in call
104 |
105 |         case .unexpected:
106 |             return String(
    |                          `- error: extra arguments at positions #3, #4 in call
107 |                 localized: "update.resource.error.generic",
108 |                 defaultValue: "Something went wrong while updating your data. Please try again.",
Foundation.String.init:2:8: note: 'init(format:locale:_:)' declared here
1 | struct String {
2 | public init(format: __shared String, locale: __shared Locale?, _ args: any CVarArg...)}
  |        `- note: 'init(format:locale:_:)' declared here
3 |
/host/spi-builder-workspace/Sources/Files/Operations/UpdateResource.swift:107:17: error: missing argument for parameter 'format' in call
105 |         case .unexpected:
106 |             return String(
107 |                 localized: "update.resource.error.generic",
    |                 `- error: missing argument for parameter 'format' in call
108 |                 defaultValue: "Something went wrong while updating your data. Please try again.",
109 |                 bundle: .module,
Foundation.String.init:2:8: note: 'init(format:locale:_:)' declared here
1 | struct String {
2 | public init(format: __shared String, locale: __shared Locale?, _ args: any CVarArg...)}
  |        `- note: 'init(format:locale:_:)' declared here
3 |
/host/spi-builder-workspace/Sources/Files/Operations/UpdateResource.swift:107:28: error: cannot convert value of type 'String' to expected argument type 'Locale'
105 |         case .unexpected:
106 |             return String(
107 |                 localized: "update.resource.error.generic",
    |                            `- error: cannot convert value of type 'String' to expected argument type 'Locale'
108 |                 defaultValue: "Something went wrong while updating your data. Please try again.",
109 |                 bundle: .module,
/host/spi-builder-workspace/Sources/Files/Operations/UpdateResource.swift:109:26: error: cannot infer contextual base in reference to member 'module'
107 |                 localized: "update.resource.error.generic",
108 |                 defaultValue: "Something went wrong while updating your data. Please try again.",
109 |                 bundle: .module,
    |                          `- error: cannot infer contextual base in reference to member 'module'
110 |                 comment: "Shown when an unexpected error occurs during a resource update."
111 |             )
Failed frontend command:
/root/.local/share/swiftly/toolchains/6.4.x-snapshot-2026-09-04/usr/bin/swift-frontend -frontend -c /host/spi-builder-workspace/.build/out/Intermediates.noindex/files.build/Debug-android-aarch64/Files-t.build/DerivedSources/resource_bundle_accessor.swift /host/spi-builder-workspace/Sources/Files/Directory.swift /host/spi-builder-workspace/Sources/Files/DirectoryEntry.swift /host/spi-builder-workspace/Sources/Files/FileSystemContext.swift /host/spi-builder-workspace/Sources/Files/FileSystemDirectory.swift /host/spi-builder-workspace/Sources/Files/FileSystemFolderStore.swift /host/spi-builder-workspace/Sources/Files/FileSystemOperations.swift /host/spi-builder-workspace/Sources/Files/Folder.swift /host/spi-builder-workspace/Sources/Files/Operations/CopyAllResourcesOperation.swift /host/spi-builder-workspace/Sources/Files/Operations/DeleteFilesOperation.swift /host/spi-builder-workspace/Sources/Files/Operations/DeleteResource.swift /host/spi-builder-workspace/Sources/Files/Operations/LoadResource.swift /host/spi-builder-workspace/Sources/Files/Operations/MoveFilesOperation.swift /host/spi-builder-workspace/Sources/Files/Operations/SaveResource.swift -primary-file /host/spi-builder-workspace/Sources/Files/Operations/UpdateResource.swift -primary-file /host/spi-builder-workspace/Sources/Files/StoredItem.swift -emit-dependencies-path /host/spi-builder-workspace/.build/out/Intermediates.noindex/files.build/Debug-android-aarch64/Files-t.build/Objects-normal/aarch64/UpdateResource.d -emit-const-values-path /host/spi-builder-workspace/.build/out/Intermediates.noindex/files.build/Debug-android-aarch64/Files-t.build/Objects-normal/aarch64/UpdateResource.swiftconstvalues -emit-reference-dependencies-path /host/spi-builder-workspace/.build/out/Intermediates.noindex/files.build/Debug-android-aarch64/Files-t.build/Objects-normal/aarch64/UpdateResource.swiftdeps -serialize-diagnostics-path /host/spi-builder-workspace/.build/out/Intermediates.noindex/files.build/Debug-android-aarch64/Files-t.build/Objects-normal/aarch64/UpdateResource.dia -emit-dependencies-path /host/spi-builder-workspace/.build/out/Intermediates.noindex/files.build/Debug-android-aarch64/Files-t.build/Objects-normal/aarch64/StoredItem.d -emit-const-values-path /host/spi-builder-workspace/.build/out/Intermediates.noindex/files.build/Debug-android-aarch64/Files-t.build/Objects-normal/aarch64/StoredItem.swiftconstvalues -emit-reference-dependencies-path /host/spi-builder-workspace/.build/out/Intermediates.noindex/files.build/Debug-android-aarch64/Files-t.build/Objects-normal/aarch64/StoredItem.swiftdeps -serialize-diagnostics-path /host/spi-builder-workspace/.build/out/Intermediates.noindex/files.build/Debug-android-aarch64/Files-t.build/Objects-normal/aarch64/StoredItem.dia -target aarch64-unknown-linux-android28 -Xllvm -aarch64-use-tbi -disable-objc-interop -sdk /android-ndk/android-ndk-r27d/toolchains/llvm/prebuilt/linux-x86_64/sysroot -sysroot /android-ndk/android-ndk-r27d/toolchains/llvm/prebuilt/linux-x86_64/sysroot -I /host/spi-builder-workspace/.build/out/Products/Debug-android-aarch64 -module-cache-path /host/spi-builder-workspace/.build/out/ModuleCache.noindex -color-diagnostics -Xcc -fcolor-diagnostics -enable-testing -g -debug-info-format\=dwarf -dwarf-version\=4 -swift-version 5 -Onone -D SWIFT_PACKAGE -D DEBUG -D SWIFT_MODULE_RESOURCE_BUNDLE_AVAILABLE -D Xcode -serialize-debugging-options -enable-experimental-feature DebugDescriptionMacro -empty-abi-descriptor -external-plugin-path /root/.local/share/swiftly/toolchains/6.4.x-snapshot-2026-09-04/usr/lib/swift/host/plugins/testing\#/root/.local/share/swiftly/toolchains/6.4.x-snapshot-2026-09-04/usr/bin/swift-plugin-server -validate-clang-modules-once -clang-build-session-file /host/spi-builder-workspace/.build/out/ModuleCache.noindex/Session.modulevalidation -Xcc -working-directory -Xcc /host -resource-dir /root/.swiftpm/swift-sdks/swift-6.4.x-DEVELOPMENT-SNAPSHOT-2026-09-04-a_android.artifactbundle/swift-android/swift-resources/usr/lib/swift-aarch64 -enable-anonymous-context-mangled-names -file-compilation-dir /host -Xcc -resource-dir -Xcc /android-ndk/android-ndk-r27d/toolchains/llvm/prebuilt/linux-x86_64/lib/clang/18 -Xcc -fno-omit-frame-pointer -Xcc -D_LIBCPP_HARDENING_MODE\=_LIBCPP_HARDENING_MODE_DEBUG -Xcc -fmodules-prune-interval\=86400 -Xcc -fmodules-prune-after\=345600 -Xcc -I/host/spi-builder-workspace/.build/out/Products/Debug-android-aarch64/include -Xcc -I/host/spi-builder-workspace/.build/out/Intermediates.noindex/files.build/Debug-android-aarch64/Files-t.build/DerivedSources-normal/aarch64 -Xcc -I/host/spi-builder-workspace/.build/out/Intermediates.noindex/files.build/Debug-android-aarch64/Files-t.build/DerivedSources/aarch64 -Xcc -I/host/spi-builder-workspace/.build/out/Intermediates.noindex/files.build/Debug-android-aarch64/Files-t.build/DerivedSources -Xcc -DSWIFT_PACKAGE -Xcc -DDEBUG\=1 -no-auto-bridging-header-chaining -module-name Files -const-gather-protocols-file /host/spi-builder-workspace/.build/out/Intermediates.noindex/files.build/Debug-android-aarch64/Files-t.build/Objects-normal/aarch64/Files_const_extract_protocols.json -in-process-plugin-server-path /root/.local/share/swiftly/toolchains/6.4.x-snapshot-2026-09-04/usr/lib/swift/host/libSwiftInProcPluginServer.so -plugin-path /root/.local/share/swiftly/toolchains/6.4.x-snapshot-2026-09-04/usr/lib/swift/host/plugins -plugin-path /root/.local/share/swiftly/toolchains/6.4.x-snapshot-2026-09-04/usr/local/lib/swift/host/plugins -parse-as-library -o /host/spi-builder-workspace/.build/out/Intermediates.noindex/files.build/Debug-android-aarch64/Files-t.build/Objects-normal/aarch64/UpdateResource.o -o /host/spi-builder-workspace/.build/out/Intermediates.noindex/files.build/Debug-android-aarch64/Files-t.build/Objects-normal/aarch64/StoredItem.o -index-unit-output-path /files.build/Debug-android-aarch64/Files-t.build/Objects-normal/aarch64/UpdateResource.o -index-unit-output-path /files.build/Debug-android-aarch64/Files-t.build/Objects-normal/aarch64/StoredItem.o -index-store-path /host/spi-builder-workspace/.build/out -index-system-modules
error: Build failed
BUILD FAILURE 6.4 android