Build Information
Failed to build AnimationSpeedBooster, reference 1.0.1 (26e912), with Swift 6.2 for macOS (SPM) on 28 Jun 2026 10:21:46 UTC.
Build Command
env DEVELOPER_DIR=/Applications/Xcode-26.3.0.app xcrun swift build --arch arm64Build Log
========================================
RunAll
========================================
Builder version: undefined version: run 'make version' to update
Interrupt handler set up.
========================================
Checkout
========================================
Clone URL: https://github.com/Janneman84/AnimationSpeedBooster.git
Reference: 1.0.1
Initialized empty Git repository in /Users/admin/builder/spi-builder-workspace/.git/
From https://github.com/Janneman84/AnimationSpeedBooster
* tag 1.0.1 -> FETCH_HEAD
HEAD is now at 26e912b Package.swift cleanup
Cloned https://github.com/Janneman84/AnimationSpeedBooster.git
Revision (git rev-parse @):
26e912b8a5451dd086c6e6334f6648a49c1a67de
SUCCESS checkout https://github.com/Janneman84/AnimationSpeedBooster.git at 1.0.1
========================================
Build
========================================
Selected platform: macosSpm
Swift version: 6.2
Building package at path: $PWD
https://github.com/Janneman84/AnimationSpeedBooster.git
Running build ...
env DEVELOPER_DIR=/Applications/Xcode-26.3.0.app xcrun swift build --arch arm64
Building for debugging...
[0/3] Write sources
[1/3] Write swift-version--3CB7CFEC50E0D141.txt
error: emit-module command failed with exit code 1 (use -v to see invocation)
[3/5] Emitting module AnimationSpeedBooster
/Users/admin/builder/spi-builder-workspace/Sources/AnimationSpeedBooster/AnimationSpeedBooster.swift:7:8: error: no such module 'UIKit'
5 | //
6 |
7 | import UIKit
| `- error: no such module 'UIKit'
8 |
9 | /// Convenience class for changing speed of animations throughout your app, like page transitions and keyboard slide animation.
[4/5] Compiling AnimationSpeedBooster AnimationSpeedBooster.swift
/Users/admin/builder/spi-builder-workspace/Sources/AnimationSpeedBooster/AnimationSpeedBooster.swift:7:8: error: no such module 'UIKit'
5 | //
6 |
7 | import UIKit
| `- error: no such module 'UIKit'
8 |
9 | /// Convenience class for changing speed of animations throughout your app, like page transitions and keyboard slide animation.
BUILD FAILURE 6.2 macosSpm