Build Information
Failed to build ScreenRadarKit, reference main (930133), with Swift 6.1 for watchOS using Xcode 16.3 on 16 Jul 2026 14:14:04 UTC.
Build Command
env DEVELOPER_DIR=/Applications/Xcode-16.3.0.app xcrun xcodebuild -IDEClonedSourcePackagesDirPathOverride=$PWD/.dependencies -skipMacroValidation -skipPackagePluginValidation -derivedDataPath $PWD/.derivedData build -scheme ScreenRadarKit -destination generic/platform=watchOSBuild Log
========================================
RunAll
========================================
Builder version: undefined version: run 'make version' to update
Interrupt handler set up.
========================================
Checkout
========================================
Clone URL: https://github.com/sanketk2020/ScreenRadarKit.git
Reference: main
Initialized empty Git repository in /Users/admin/builder/spi-builder-workspace/.git/
From https://github.com/sanketk2020/ScreenRadarKit
* branch main -> FETCH_HEAD
* [new branch] main -> origin/main
HEAD is now at 930133a Add project CHANGELOG for v1.0.0
Cloned https://github.com/sanketk2020/ScreenRadarKit.git
Revision (git rev-parse @):
930133ade3d63a7d102ff2e1a3bcdbb861638cf0
SUCCESS checkout https://github.com/sanketk2020/ScreenRadarKit.git at main
========================================
Build
========================================
Selected platform: watchOS
Swift version: 6.1
Building package at path: $PWD
https://github.com/sanketk2020/ScreenRadarKit.git
https://github.com/sanketk2020/ScreenRadarKit.git
{
"dependencies" : [
],
"manifest_display_name" : "ScreenRadarKit",
"name" : "ScreenRadarKit",
"path" : "/Users/admin/builder/spi-builder-workspace",
"platforms" : [
{
"name" : "ios",
"version" : "13.0"
}
],
"products" : [
{
"name" : "ScreenRadarKit",
"targets" : [
"ScreenRadarKit"
],
"type" : {
"library" : [
"automatic"
]
}
}
],
"targets" : [
{
"c99name" : "ScreenRadarKitTests",
"module_type" : "SwiftTarget",
"name" : "ScreenRadarKitTests",
"path" : "Tests/ScreenRadarKitTests",
"sources" : [
"ScreenRadarKitTests.swift"
],
"target_dependencies" : [
"ScreenRadarKit"
],
"type" : "test"
},
{
"c99name" : "ScreenRadarKit",
"module_type" : "SwiftTarget",
"name" : "ScreenRadarKit",
"path" : "Sources/ScreenRadarKit",
"product_memberships" : [
"ScreenRadarKit"
],
"sources" : [
"OverlayWindow.swift",
"PassthroughWindow.swift",
"ScreenRadar.swift",
"TrailBottomSheet.swift",
"TrailEntry.swift",
"TrailLogger.swift",
"UIViewController+Swizzling.swift",
"ViewControllerTracker.swift"
],
"type" : "library"
}
],
"tools_version" : "5.7"
}
Command line invocation:
/Applications/Xcode-16.3.0.app/Contents/Developer/usr/bin/xcodebuild -IDEClonedSourcePackagesDirPathOverride=/Users/admin/builder/spi-builder-workspace/.dependencies -resolvePackageDependencies
Resolve Package Graph
Resolved source packages:
ScreenRadarKit: /Users/admin/builder/spi-builder-workspace
resolved source packages: ScreenRadarKit
{
"dependencies" : [
],
"manifest_display_name" : "ScreenRadarKit",
"name" : "ScreenRadarKit",
"path" : "/Users/admin/builder/spi-builder-workspace",
"platforms" : [
{
"name" : "ios",
"version" : "13.0"
}
],
"products" : [
{
"name" : "ScreenRadarKit",
"targets" : [
"ScreenRadarKit"
],
"type" : {
"library" : [
"automatic"
]
}
}
],
"targets" : [
{
"c99name" : "ScreenRadarKitTests",
"module_type" : "SwiftTarget",
"name" : "ScreenRadarKitTests",
"path" : "Tests/ScreenRadarKitTests",
"sources" : [
"ScreenRadarKitTests.swift"
],
"target_dependencies" : [
"ScreenRadarKit"
],
"type" : "test"
},
{
"c99name" : "ScreenRadarKit",
"module_type" : "SwiftTarget",
"name" : "ScreenRadarKit",
"path" : "Sources/ScreenRadarKit",
"product_memberships" : [
"ScreenRadarKit"
],
"sources" : [
"OverlayWindow.swift",
"PassthroughWindow.swift",
"ScreenRadar.swift",
"TrailBottomSheet.swift",
"TrailEntry.swift",
"TrailLogger.swift",
"UIViewController+Swizzling.swift",
"ViewControllerTracker.swift"
],
"type" : "library"
}
],
"tools_version" : "5.7"
}
{
"workspace" : {
"name" : "spi-builder-workspace",
"schemes" : [
"ScreenRadarKit"
]
}
}
Running build ...
env DEVELOPER_DIR=/Applications/Xcode-16.3.0.app xcrun xcodebuild -IDEClonedSourcePackagesDirPathOverride=$PWD/.dependencies -skipMacroValidation -skipPackagePluginValidation -derivedDataPath $PWD/.derivedData build -scheme ScreenRadarKit -destination generic/platform=watchOS OTHER_SWIFT_FLAGS=-stats-output-dir .stats -strict-concurrency=complete -enable-upcoming-feature StrictConcurrency -enable-upcoming-feature DisableOutwardActorInference -enable-upcoming-feature GlobalActorIsolatedTypesUsability -enable-upcoming-feature InferSendableFromCaptures
Command line invocation:
/Applications/Xcode-16.3.0.app/Contents/Developer/usr/bin/xcodebuild -IDEClonedSourcePackagesDirPathOverride=/Users/admin/builder/spi-builder-workspace/.dependencies -skipMacroValidation -skipPackagePluginValidation -derivedDataPath /Users/admin/builder/spi-builder-workspace/.derivedData build -scheme ScreenRadarKit -destination generic/platform=watchOS "OTHER_SWIFT_FLAGS=-stats-output-dir .stats -strict-concurrency=complete -enable-upcoming-feature StrictConcurrency -enable-upcoming-feature DisableOutwardActorInference -enable-upcoming-feature GlobalActorIsolatedTypesUsability -enable-upcoming-feature InferSendableFromCaptures"
Build settings from command line:
OTHER_SWIFT_FLAGS = -stats-output-dir .stats -strict-concurrency=complete -enable-upcoming-feature StrictConcurrency -enable-upcoming-feature DisableOutwardActorInference -enable-upcoming-feature GlobalActorIsolatedTypesUsability -enable-upcoming-feature InferSendableFromCaptures
Resolve Package Graph
Resolved source packages:
ScreenRadarKit: /Users/admin/builder/spi-builder-workspace
ComputePackagePrebuildTargetDependencyGraph
Prepare packages
CreateBuildRequest
SendProjectDescription
CreateBuildOperation
ComputeTargetDependencyGraph
note: Building targets in dependency order
note: Target dependency graph (2 targets)
Target 'ScreenRadarKit' in project 'ScreenRadarKit'
➜ Explicit dependency on target 'ScreenRadarKit' in project 'ScreenRadarKit'
Target 'ScreenRadarKit' in project 'ScreenRadarKit' (no dependencies)
GatherProvisioningInputs
CreateBuildDescription
ExecuteExternalTool /Applications/Xcode-16.3.0.app/Contents/Developer/Toolchains/XcodeDefault.xctoolchain/usr/bin/clang -v -E -dM -isysroot /Applications/Xcode-16.3.0.app/Contents/Developer/Platforms/WatchOS.platform/Developer/SDKs/WatchOS11.4.sdk -x c -c /dev/null
ExecuteExternalTool /Applications/Xcode-16.3.0.app/Contents/Developer/Toolchains/XcodeDefault.xctoolchain/usr/bin/swiftc --version
ExecuteExternalTool /Applications/Xcode-16.3.0.app/Contents/Developer/Toolchains/XcodeDefault.xctoolchain/usr/bin/ld -version_details
Build description signature: 7564e8621fad05ae684b829794169615
Build description path: /Users/admin/builder/spi-builder-workspace/.derivedData/Build/Intermediates.noindex/XCBuildData/7564e8621fad05ae684b829794169615.xcbuilddata
ClangStatCache /Applications/Xcode-16.3.0.app/Contents/Developer/Toolchains/XcodeDefault.xctoolchain/usr/bin/clang-stat-cache /Applications/Xcode-16.3.0.app/Contents/Developer/Platforms/WatchOS.platform/Developer/SDKs/WatchOS11.4.sdk /Users/admin/builder/spi-builder-workspace/.derivedData/SDKStatCaches.noindex/watchos11.4-22T246-43efb940ff07ba2497b70ec94253f576.sdkstatcache
cd /Users/admin/builder/spi-builder-workspace/.swiftpm/xcode
/Applications/Xcode-16.3.0.app/Contents/Developer/Toolchains/XcodeDefault.xctoolchain/usr/bin/clang-stat-cache /Applications/Xcode-16.3.0.app/Contents/Developer/Platforms/WatchOS.platform/Developer/SDKs/WatchOS11.4.sdk -o /Users/admin/builder/spi-builder-workspace/.derivedData/SDKStatCaches.noindex/watchos11.4-22T246-43efb940ff07ba2497b70ec94253f576.sdkstatcache
CreateBuildDirectory /Users/admin/builder/spi-builder-workspace/.derivedData/Build/Intermediates.noindex
cd /Users/admin/builder/spi-builder-workspace/.swiftpm/xcode
builtin-create-build-directory /Users/admin/builder/spi-builder-workspace/.derivedData/Build/Intermediates.noindex
CreateBuildDirectory /Users/admin/builder/spi-builder-workspace/.derivedData/Build/Products
cd /Users/admin/builder/spi-builder-workspace/.swiftpm/xcode
builtin-create-build-directory /Users/admin/builder/spi-builder-workspace/.derivedData/Build/Products
CreateBuildDirectory /Users/admin/builder/spi-builder-workspace/.derivedData/Build/Intermediates.noindex/EagerLinkingTBDs/Debug-watchos
cd /Users/admin/builder/spi-builder-workspace/.swiftpm/xcode
builtin-create-build-directory /Users/admin/builder/spi-builder-workspace/.derivedData/Build/Intermediates.noindex/EagerLinkingTBDs/Debug-watchos
CreateBuildDirectory /Users/admin/builder/spi-builder-workspace/.derivedData/Build/Products/Debug-watchos
cd /Users/admin/builder/spi-builder-workspace/.swiftpm/xcode
builtin-create-build-directory /Users/admin/builder/spi-builder-workspace/.derivedData/Build/Products/Debug-watchos
CreateBuildDirectory /Users/admin/builder/spi-builder-workspace/.derivedData/Build/Products/Debug-watchos/PackageFrameworks
cd /Users/admin/builder/spi-builder-workspace/.swiftpm/xcode
builtin-create-build-directory /Users/admin/builder/spi-builder-workspace/.derivedData/Build/Products/Debug-watchos/PackageFrameworks
WriteAuxiliaryFile /Users/admin/builder/spi-builder-workspace/.derivedData/Build/Intermediates.noindex/ScreenRadarKit.build/Debug-watchos/ScreenRadarKit.build/ScreenRadarKit.DependencyMetadataFileList (in target 'ScreenRadarKit' from project 'ScreenRadarKit')
cd /Users/admin/builder/spi-builder-workspace
write-file /Users/admin/builder/spi-builder-workspace/.derivedData/Build/Intermediates.noindex/ScreenRadarKit.build/Debug-watchos/ScreenRadarKit.build/ScreenRadarKit.DependencyMetadataFileList
WriteAuxiliaryFile /Users/admin/builder/spi-builder-workspace/.derivedData/Build/Intermediates.noindex/ScreenRadarKit.build/Debug-watchos/ScreenRadarKit.build/ScreenRadarKit.DependencyStaticMetadataFileList (in target 'ScreenRadarKit' from project 'ScreenRadarKit')
cd /Users/admin/builder/spi-builder-workspace
write-file /Users/admin/builder/spi-builder-workspace/.derivedData/Build/Intermediates.noindex/ScreenRadarKit.build/Debug-watchos/ScreenRadarKit.build/ScreenRadarKit.DependencyStaticMetadataFileList
WriteAuxiliaryFile /Users/admin/builder/spi-builder-workspace/.derivedData/Build/Intermediates.noindex/ScreenRadarKit.build/Debug-watchos/ScreenRadarKit.build/Objects-normal/armv7k/ScreenRadarKit.LinkFileList (in target 'ScreenRadarKit' from project 'ScreenRadarKit')
cd /Users/admin/builder/spi-builder-workspace
write-file /Users/admin/builder/spi-builder-workspace/.derivedData/Build/Intermediates.noindex/ScreenRadarKit.build/Debug-watchos/ScreenRadarKit.build/Objects-normal/armv7k/ScreenRadarKit.LinkFileList
WriteAuxiliaryFile /Users/admin/builder/spi-builder-workspace/.derivedData/Build/Intermediates.noindex/ScreenRadarKit.build/Debug-watchos/ScreenRadarKit.build/Objects-normal/armv7k/ScreenRadarKit-OutputFileMap.json (in target 'ScreenRadarKit' from project 'ScreenRadarKit')
cd /Users/admin/builder/spi-builder-workspace
write-file /Users/admin/builder/spi-builder-workspace/.derivedData/Build/Intermediates.noindex/ScreenRadarKit.build/Debug-watchos/ScreenRadarKit.build/Objects-normal/armv7k/ScreenRadarKit-OutputFileMap.json
WriteAuxiliaryFile /Users/admin/builder/spi-builder-workspace/.derivedData/Build/Intermediates.noindex/ScreenRadarKit.build/Debug-watchos/ScreenRadarKit.build/Objects-normal/armv7k/ScreenRadarKit.SwiftConstValuesFileList (in target 'ScreenRadarKit' from project 'ScreenRadarKit')
cd /Users/admin/builder/spi-builder-workspace
write-file /Users/admin/builder/spi-builder-workspace/.derivedData/Build/Intermediates.noindex/ScreenRadarKit.build/Debug-watchos/ScreenRadarKit.build/Objects-normal/armv7k/ScreenRadarKit.SwiftConstValuesFileList
WriteAuxiliaryFile /Users/admin/builder/spi-builder-workspace/.derivedData/Build/Intermediates.noindex/ScreenRadarKit.build/Debug-watchos/ScreenRadarKit.build/Objects-normal/armv7k/ScreenRadarKit_const_extract_protocols.json (in target 'ScreenRadarKit' from project 'ScreenRadarKit')
cd /Users/admin/builder/spi-builder-workspace
write-file /Users/admin/builder/spi-builder-workspace/.derivedData/Build/Intermediates.noindex/ScreenRadarKit.build/Debug-watchos/ScreenRadarKit.build/Objects-normal/armv7k/ScreenRadarKit_const_extract_protocols.json
WriteAuxiliaryFile /Users/admin/builder/spi-builder-workspace/.derivedData/Build/Intermediates.noindex/ScreenRadarKit.build/Debug-watchos/ScreenRadarKit.build/Objects-normal/armv7k/ScreenRadarKit.SwiftFileList (in target 'ScreenRadarKit' from project 'ScreenRadarKit')
cd /Users/admin/builder/spi-builder-workspace
write-file /Users/admin/builder/spi-builder-workspace/.derivedData/Build/Intermediates.noindex/ScreenRadarKit.build/Debug-watchos/ScreenRadarKit.build/Objects-normal/armv7k/ScreenRadarKit.SwiftFileList
WriteAuxiliaryFile /Users/admin/builder/spi-builder-workspace/.derivedData/Build/Intermediates.noindex/ScreenRadarKit.build/Debug-watchos/ScreenRadarKit.build/ScreenRadarKit.modulemap (in target 'ScreenRadarKit' from project 'ScreenRadarKit')
cd /Users/admin/builder/spi-builder-workspace
write-file /Users/admin/builder/spi-builder-workspace/.derivedData/Build/Intermediates.noindex/ScreenRadarKit.build/Debug-watchos/ScreenRadarKit.build/ScreenRadarKit.modulemap
WriteAuxiliaryFile /Users/admin/builder/spi-builder-workspace/.derivedData/Build/Intermediates.noindex/ScreenRadarKit.build/Debug-watchos/ScreenRadarKit.build/Objects-normal/arm64_32/ScreenRadarKit_const_extract_protocols.json (in target 'ScreenRadarKit' from project 'ScreenRadarKit')
cd /Users/admin/builder/spi-builder-workspace
write-file /Users/admin/builder/spi-builder-workspace/.derivedData/Build/Intermediates.noindex/ScreenRadarKit.build/Debug-watchos/ScreenRadarKit.build/Objects-normal/arm64_32/ScreenRadarKit_const_extract_protocols.json
WriteAuxiliaryFile /Users/admin/builder/spi-builder-workspace/.derivedData/Build/Intermediates.noindex/ScreenRadarKit.build/Debug-watchos/ScreenRadarKit.build/Objects-normal/arm64_32/ScreenRadarKit.SwiftFileList (in target 'ScreenRadarKit' from project 'ScreenRadarKit')
cd /Users/admin/builder/spi-builder-workspace
write-file /Users/admin/builder/spi-builder-workspace/.derivedData/Build/Intermediates.noindex/ScreenRadarKit.build/Debug-watchos/ScreenRadarKit.build/Objects-normal/arm64_32/ScreenRadarKit.SwiftFileList
WriteAuxiliaryFile /Users/admin/builder/spi-builder-workspace/.derivedData/Build/Intermediates.noindex/ScreenRadarKit.build/Debug-watchos/ScreenRadarKit.build/Objects-normal/arm64_32/ScreenRadarKit.SwiftConstValuesFileList (in target 'ScreenRadarKit' from project 'ScreenRadarKit')
cd /Users/admin/builder/spi-builder-workspace
write-file /Users/admin/builder/spi-builder-workspace/.derivedData/Build/Intermediates.noindex/ScreenRadarKit.build/Debug-watchos/ScreenRadarKit.build/Objects-normal/arm64_32/ScreenRadarKit.SwiftConstValuesFileList
WriteAuxiliaryFile /Users/admin/builder/spi-builder-workspace/.derivedData/Build/Intermediates.noindex/ScreenRadarKit.build/Debug-watchos/ScreenRadarKit.build/Objects-normal/arm64_32/ScreenRadarKit.LinkFileList (in target 'ScreenRadarKit' from project 'ScreenRadarKit')
cd /Users/admin/builder/spi-builder-workspace
write-file /Users/admin/builder/spi-builder-workspace/.derivedData/Build/Intermediates.noindex/ScreenRadarKit.build/Debug-watchos/ScreenRadarKit.build/Objects-normal/arm64_32/ScreenRadarKit.LinkFileList
WriteAuxiliaryFile /Users/admin/builder/spi-builder-workspace/.derivedData/Build/Intermediates.noindex/ScreenRadarKit.build/Debug-watchos/ScreenRadarKit.build/Objects-normal/arm64_32/ScreenRadarKit-OutputFileMap.json (in target 'ScreenRadarKit' from project 'ScreenRadarKit')
cd /Users/admin/builder/spi-builder-workspace
write-file /Users/admin/builder/spi-builder-workspace/.derivedData/Build/Intermediates.noindex/ScreenRadarKit.build/Debug-watchos/ScreenRadarKit.build/Objects-normal/arm64_32/ScreenRadarKit-OutputFileMap.json
WriteAuxiliaryFile /Users/admin/builder/spi-builder-workspace/.derivedData/Build/Intermediates.noindex/ScreenRadarKit.build/Debug-watchos/ScreenRadarKit.build/Objects-normal/arm64/ScreenRadarKit-OutputFileMap.json (in target 'ScreenRadarKit' from project 'ScreenRadarKit')
cd /Users/admin/builder/spi-builder-workspace
write-file /Users/admin/builder/spi-builder-workspace/.derivedData/Build/Intermediates.noindex/ScreenRadarKit.build/Debug-watchos/ScreenRadarKit.build/Objects-normal/arm64/ScreenRadarKit-OutputFileMap.json
WriteAuxiliaryFile /Users/admin/builder/spi-builder-workspace/.derivedData/Build/Intermediates.noindex/ScreenRadarKit.build/Debug-watchos/ScreenRadarKit.build/Objects-normal/arm64/ScreenRadarKit.SwiftFileList (in target 'ScreenRadarKit' from project 'ScreenRadarKit')
cd /Users/admin/builder/spi-builder-workspace
write-file /Users/admin/builder/spi-builder-workspace/.derivedData/Build/Intermediates.noindex/ScreenRadarKit.build/Debug-watchos/ScreenRadarKit.build/Objects-normal/arm64/ScreenRadarKit.SwiftFileList
WriteAuxiliaryFile /Users/admin/builder/spi-builder-workspace/.derivedData/Build/Intermediates.noindex/ScreenRadarKit.build/Debug-watchos/ScreenRadarKit.build/Objects-normal/arm64/ScreenRadarKit.SwiftConstValuesFileList (in target 'ScreenRadarKit' from project 'ScreenRadarKit')
cd /Users/admin/builder/spi-builder-workspace
write-file /Users/admin/builder/spi-builder-workspace/.derivedData/Build/Intermediates.noindex/ScreenRadarKit.build/Debug-watchos/ScreenRadarKit.build/Objects-normal/arm64/ScreenRadarKit.SwiftConstValuesFileList
WriteAuxiliaryFile /Users/admin/builder/spi-builder-workspace/.derivedData/Build/Intermediates.noindex/ScreenRadarKit.build/Debug-watchos/ScreenRadarKit.build/Objects-normal/arm64/ScreenRadarKit_const_extract_protocols.json (in target 'ScreenRadarKit' from project 'ScreenRadarKit')
cd /Users/admin/builder/spi-builder-workspace
write-file /Users/admin/builder/spi-builder-workspace/.derivedData/Build/Intermediates.noindex/ScreenRadarKit.build/Debug-watchos/ScreenRadarKit.build/Objects-normal/arm64/ScreenRadarKit_const_extract_protocols.json
WriteAuxiliaryFile /Users/admin/builder/spi-builder-workspace/.derivedData/Build/Intermediates.noindex/ScreenRadarKit.build/Debug-watchos/ScreenRadarKit.build/Objects-normal/arm64/ScreenRadarKit.LinkFileList (in target 'ScreenRadarKit' from project 'ScreenRadarKit')
cd /Users/admin/builder/spi-builder-workspace
write-file /Users/admin/builder/spi-builder-workspace/.derivedData/Build/Intermediates.noindex/ScreenRadarKit.build/Debug-watchos/ScreenRadarKit.build/Objects-normal/arm64/ScreenRadarKit.LinkFileList
Copy /Users/admin/builder/spi-builder-workspace/.derivedData/Build/Intermediates.noindex/GeneratedModuleMaps-watchos/ScreenRadarKit.modulemap /Users/admin/builder/spi-builder-workspace/.derivedData/Build/Intermediates.noindex/ScreenRadarKit.build/Debug-watchos/ScreenRadarKit.build/ScreenRadarKit.modulemap (in target 'ScreenRadarKit' from project 'ScreenRadarKit')
cd /Users/admin/builder/spi-builder-workspace
builtin-copy -exclude .DS_Store -exclude CVS -exclude .svn -exclude .git -exclude .hg -resolve-src-symlinks /Users/admin/builder/spi-builder-workspace/.derivedData/Build/Intermediates.noindex/ScreenRadarKit.build/Debug-watchos/ScreenRadarKit.build/ScreenRadarKit.modulemap /Users/admin/builder/spi-builder-workspace/.derivedData/Build/Intermediates.noindex/GeneratedModuleMaps-watchos
SwiftDriver ScreenRadarKit normal arm64_32 com.apple.xcode.tools.swift.compiler (in target 'ScreenRadarKit' from project 'ScreenRadarKit')
cd /Users/admin/builder/spi-builder-workspace/.swiftpm/xcode
builtin-SwiftDriver -- /Applications/Xcode-16.3.0.app/Contents/Developer/Toolchains/XcodeDefault.xctoolchain/usr/bin/swiftc -module-name ScreenRadarKit -Onone -enforce-exclusivity\=checked @/Users/admin/builder/spi-builder-workspace/.derivedData/Build/Intermediates.noindex/ScreenRadarKit.build/Debug-watchos/ScreenRadarKit.build/Objects-normal/arm64_32/ScreenRadarKit.SwiftFileList -DSWIFT_PACKAGE -DDEBUG -stats-output-dir .stats -strict-concurrency\=complete -enable-upcoming-feature StrictConcurrency -enable-upcoming-feature DisableOutwardActorInference -enable-upcoming-feature GlobalActorIsolatedTypesUsability -enable-upcoming-feature InferSendableFromCaptures -plugin-path /Applications/Xcode-16.3.0.app/Contents/Developer/Toolchains/XcodeDefault.xctoolchain/usr/lib/swift/host/plugins/testing -enable-experimental-feature DebugDescriptionMacro -sdk /Applications/Xcode-16.3.0.app/Contents/Developer/Platforms/WatchOS.platform/Developer/SDKs/WatchOS11.4.sdk -target arm64_32-apple-watchos6.0 -g -module-cache-path /Users/admin/builder/spi-builder-workspace/.derivedData/ModuleCache.noindex -Xfrontend -serialize-debugging-options -profile-coverage-mapping -profile-generate -enable-testing -index-store-path /Users/admin/builder/spi-builder-workspace/.derivedData/Index.noindex/DataStore -swift-version 5 -I /Users/admin/builder/spi-builder-workspace/.derivedData/Build/Products/Debug-watchos -I /Applications/Xcode-16.3.0.app/Contents/Developer/Platforms/WatchOS.platform/Developer/usr/lib -F /Users/admin/builder/spi-builder-workspace/.derivedData/Build/Products/Debug-watchos -F /Applications/Xcode-16.3.0.app/Contents/Developer/Platforms/WatchOS.platform/Developer/Library/Frameworks -F /Applications/Xcode-16.3.0.app/Contents/Developer/Platforms/WatchOS.platform/Developer/SDKs/WatchOS11.4.sdk/Developer/Library/Frameworks -c -j10 -enable-batch-mode -incremental -Xcc -ivfsstatcache -Xcc /Users/admin/builder/spi-builder-workspace/.derivedData/SDKStatCaches.noindex/watchos11.4-22T246-43efb940ff07ba2497b70ec94253f576.sdkstatcache -output-file-map /Users/admin/builder/spi-builder-workspace/.derivedData/Build/Intermediates.noindex/ScreenRadarKit.build/Debug-watchos/ScreenRadarKit.build/Objects-normal/arm64_32/ScreenRadarKit-OutputFileMap.json -use-frontend-parseable-output -save-temps -no-color-diagnostics -serialize-diagnostics -emit-dependencies -emit-module -emit-module-path /Users/admin/builder/spi-builder-workspace/.derivedData/Build/Intermediates.noindex/ScreenRadarKit.build/Debug-watchos/ScreenRadarKit.build/Objects-normal/arm64_32/ScreenRadarKit.swiftmodule -validate-clang-modules-once -clang-build-session-file /Users/admin/builder/spi-builder-workspace/.derivedData/ModuleCache.noindex/Session.modulevalidation -Xcc -I/Users/admin/builder/spi-builder-workspace/.derivedData/Build/Intermediates.noindex/ScreenRadarKit.build/Debug-watchos/ScreenRadarKit.build/swift-overrides.hmap -emit-const-values -Xfrontend -const-gather-protocols-file -Xfrontend /Users/admin/builder/spi-builder-workspace/.derivedData/Build/Intermediates.noindex/ScreenRadarKit.build/Debug-watchos/ScreenRadarKit.build/Objects-normal/arm64_32/ScreenRadarKit_const_extract_protocols.json -Xcc -I/Users/admin/builder/spi-builder-workspace/.derivedData/Build/Products/Debug-watchos/include -Xcc -I/Users/admin/builder/spi-builder-workspace/.derivedData/Build/Intermediates.noindex/ScreenRadarKit.build/Debug-watchos/ScreenRadarKit.build/DerivedSources-normal/arm64_32 -Xcc -I/Users/admin/builder/spi-builder-workspace/.derivedData/Build/Intermediates.noindex/ScreenRadarKit.build/Debug-watchos/ScreenRadarKit.build/DerivedSources/arm64_32 -Xcc -I/Users/admin/builder/spi-builder-workspace/.derivedData/Build/Intermediates.noindex/ScreenRadarKit.build/Debug-watchos/ScreenRadarKit.build/DerivedSources -Xcc -DSWIFT_PACKAGE -Xcc -DDEBUG\=1 -emit-objc-header -emit-objc-header-path /Users/admin/builder/spi-builder-workspace/.derivedData/Build/Intermediates.noindex/ScreenRadarKit.build/Debug-watchos/ScreenRadarKit.build/Objects-normal/arm64_32/ScreenRadarKit-Swift.h -working-directory /Users/admin/builder/spi-builder-workspace/.swiftpm/xcode -experimental-emit-module-separately -disable-cmo
SwiftDriver ScreenRadarKit normal arm64 com.apple.xcode.tools.swift.compiler (in target 'ScreenRadarKit' from project 'ScreenRadarKit')
cd /Users/admin/builder/spi-builder-workspace/.swiftpm/xcode
builtin-SwiftDriver -- /Applications/Xcode-16.3.0.app/Contents/Developer/Toolchains/XcodeDefault.xctoolchain/usr/bin/swiftc -module-name ScreenRadarKit -Onone -enforce-exclusivity\=checked @/Users/admin/builder/spi-builder-workspace/.derivedData/Build/Intermediates.noindex/ScreenRadarKit.build/Debug-watchos/ScreenRadarKit.build/Objects-normal/arm64/ScreenRadarKit.SwiftFileList -DSWIFT_PACKAGE -DDEBUG -stats-output-dir .stats -strict-concurrency\=complete -enable-upcoming-feature StrictConcurrency -enable-upcoming-feature DisableOutwardActorInference -enable-upcoming-feature GlobalActorIsolatedTypesUsability -enable-upcoming-feature InferSendableFromCaptures -plugin-path /Applications/Xcode-16.3.0.app/Contents/Developer/Toolchains/XcodeDefault.xctoolchain/usr/lib/swift/host/plugins/testing -enable-experimental-feature DebugDescriptionMacro -sdk /Applications/Xcode-16.3.0.app/Contents/Developer/Platforms/WatchOS.platform/Developer/SDKs/WatchOS11.4.sdk -target arm64-apple-watchos6.0 -g -module-cache-path /Users/admin/builder/spi-builder-workspace/.derivedData/ModuleCache.noindex -Xfrontend -serialize-debugging-options -profile-coverage-mapping -profile-generate -enable-testing -index-store-path /Users/admin/builder/spi-builder-workspace/.derivedData/Index.noindex/DataStore -swift-version 5 -I /Users/admin/builder/spi-builder-workspace/.derivedData/Build/Products/Debug-watchos -I /Applications/Xcode-16.3.0.app/Contents/Developer/Platforms/WatchOS.platform/Developer/usr/lib -F /Users/admin/builder/spi-builder-workspace/.derivedData/Build/Products/Debug-watchos -F /Applications/Xcode-16.3.0.app/Contents/Developer/Platforms/WatchOS.platform/Developer/Library/Frameworks -F /Applications/Xcode-16.3.0.app/Contents/Developer/Platforms/WatchOS.platform/Developer/SDKs/WatchOS11.4.sdk/Developer/Library/Frameworks -c -j10 -enable-batch-mode -incremental -Xcc -ivfsstatcache -Xcc /Users/admin/builder/spi-builder-workspace/.derivedData/SDKStatCaches.noindex/watchos11.4-22T246-43efb940ff07ba2497b70ec94253f576.sdkstatcache -output-file-map /Users/admin/builder/spi-builder-workspace/.derivedData/Build/Intermediates.noindex/ScreenRadarKit.build/Debug-watchos/ScreenRadarKit.build/Objects-normal/arm64/ScreenRadarKit-OutputFileMap.json -use-frontend-parseable-output -save-temps -no-color-diagnostics -serialize-diagnostics -emit-dependencies -emit-module -emit-module-path /Users/admin/builder/spi-builder-workspace/.derivedData/Build/Intermediates.noindex/ScreenRadarKit.build/Debug-watchos/ScreenRadarKit.build/Objects-normal/arm64/ScreenRadarKit.swiftmodule -validate-clang-modules-once -clang-build-session-file /Users/admin/builder/spi-builder-workspace/.derivedData/ModuleCache.noindex/Session.modulevalidation -Xcc -I/Users/admin/builder/spi-builder-workspace/.derivedData/Build/Intermediates.noindex/ScreenRadarKit.build/Debug-watchos/ScreenRadarKit.build/swift-overrides.hmap -emit-const-values -Xfrontend -const-gather-protocols-file -Xfrontend /Users/admin/builder/spi-builder-workspace/.derivedData/Build/Intermediates.noindex/ScreenRadarKit.build/Debug-watchos/ScreenRadarKit.build/Objects-normal/arm64/ScreenRadarKit_const_extract_protocols.json -Xcc -I/Users/admin/builder/spi-builder-workspace/.derivedData/Build/Products/Debug-watchos/include -Xcc -I/Users/admin/builder/spi-builder-workspace/.derivedData/Build/Intermediates.noindex/ScreenRadarKit.build/Debug-watchos/ScreenRadarKit.build/DerivedSources-normal/arm64 -Xcc -I/Users/admin/builder/spi-builder-workspace/.derivedData/Build/Intermediates.noindex/ScreenRadarKit.build/Debug-watchos/ScreenRadarKit.build/DerivedSources/arm64 -Xcc -I/Users/admin/builder/spi-builder-workspace/.derivedData/Build/Intermediates.noindex/ScreenRadarKit.build/Debug-watchos/ScreenRadarKit.build/DerivedSources -Xcc -DSWIFT_PACKAGE -Xcc -DDEBUG\=1 -emit-objc-header -emit-objc-header-path /Users/admin/builder/spi-builder-workspace/.derivedData/Build/Intermediates.noindex/ScreenRadarKit.build/Debug-watchos/ScreenRadarKit.build/Objects-normal/arm64/ScreenRadarKit-Swift.h -working-directory /Users/admin/builder/spi-builder-workspace/.swiftpm/xcode -experimental-emit-module-separately -disable-cmo
SwiftDriver ScreenRadarKit normal armv7k com.apple.xcode.tools.swift.compiler (in target 'ScreenRadarKit' from project 'ScreenRadarKit')
cd /Users/admin/builder/spi-builder-workspace/.swiftpm/xcode
builtin-SwiftDriver -- /Applications/Xcode-16.3.0.app/Contents/Developer/Toolchains/XcodeDefault.xctoolchain/usr/bin/swiftc -module-name ScreenRadarKit -Onone -enforce-exclusivity\=checked @/Users/admin/builder/spi-builder-workspace/.derivedData/Build/Intermediates.noindex/ScreenRadarKit.build/Debug-watchos/ScreenRadarKit.build/Objects-normal/armv7k/ScreenRadarKit.SwiftFileList -DSWIFT_PACKAGE -DDEBUG -stats-output-dir .stats -strict-concurrency\=complete -enable-upcoming-feature StrictConcurrency -enable-upcoming-feature DisableOutwardActorInference -enable-upcoming-feature GlobalActorIsolatedTypesUsability -enable-upcoming-feature InferSendableFromCaptures -plugin-path /Applications/Xcode-16.3.0.app/Contents/Developer/Toolchains/XcodeDefault.xctoolchain/usr/lib/swift/host/plugins/testing -enable-experimental-feature DebugDescriptionMacro -sdk /Applications/Xcode-16.3.0.app/Contents/Developer/Platforms/WatchOS.platform/Developer/SDKs/WatchOS11.4.sdk -target armv7k-apple-watchos6.0 -g -module-cache-path /Users/admin/builder/spi-builder-workspace/.derivedData/ModuleCache.noindex -Xfrontend -serialize-debugging-options -profile-coverage-mapping -profile-generate -enable-testing -index-store-path /Users/admin/builder/spi-builder-workspace/.derivedData/Index.noindex/DataStore -swift-version 5 -I /Users/admin/builder/spi-builder-workspace/.derivedData/Build/Products/Debug-watchos -I /Applications/Xcode-16.3.0.app/Contents/Developer/Platforms/WatchOS.platform/Developer/usr/lib -F /Users/admin/builder/spi-builder-workspace/.derivedData/Build/Products/Debug-watchos -F /Applications/Xcode-16.3.0.app/Contents/Developer/Platforms/WatchOS.platform/Developer/Library/Frameworks -F /Applications/Xcode-16.3.0.app/Contents/Developer/Platforms/WatchOS.platform/Developer/SDKs/WatchOS11.4.sdk/Developer/Library/Frameworks -c -j10 -enable-batch-mode -incremental -Xcc -ivfsstatcache -Xcc /Users/admin/builder/spi-builder-workspace/.derivedData/SDKStatCaches.noindex/watchos11.4-22T246-43efb940ff07ba2497b70ec94253f576.sdkstatcache -output-file-map /Users/admin/builder/spi-builder-workspace/.derivedData/Build/Intermediates.noindex/ScreenRadarKit.build/Debug-watchos/ScreenRadarKit.build/Objects-normal/armv7k/ScreenRadarKit-OutputFileMap.json -use-frontend-parseable-output -save-temps -no-color-diagnostics -serialize-diagnostics -emit-dependencies -emit-module -emit-module-path /Users/admin/builder/spi-builder-workspace/.derivedData/Build/Intermediates.noindex/ScreenRadarKit.build/Debug-watchos/ScreenRadarKit.build/Objects-normal/armv7k/ScreenRadarKit.swiftmodule -validate-clang-modules-once -clang-build-session-file /Users/admin/builder/spi-builder-workspace/.derivedData/ModuleCache.noindex/Session.modulevalidation -Xcc -I/Users/admin/builder/spi-builder-workspace/.derivedData/Build/Intermediates.noindex/ScreenRadarKit.build/Debug-watchos/ScreenRadarKit.build/swift-overrides.hmap -emit-const-values -Xfrontend -const-gather-protocols-file -Xfrontend /Users/admin/builder/spi-builder-workspace/.derivedData/Build/Intermediates.noindex/ScreenRadarKit.build/Debug-watchos/ScreenRadarKit.build/Objects-normal/armv7k/ScreenRadarKit_const_extract_protocols.json -Xcc -I/Users/admin/builder/spi-builder-workspace/.derivedData/Build/Products/Debug-watchos/include -Xcc -I/Users/admin/builder/spi-builder-workspace/.derivedData/Build/Intermediates.noindex/ScreenRadarKit.build/Debug-watchos/ScreenRadarKit.build/DerivedSources-normal/armv7k -Xcc -I/Users/admin/builder/spi-builder-workspace/.derivedData/Build/Intermediates.noindex/ScreenRadarKit.build/Debug-watchos/ScreenRadarKit.build/DerivedSources/armv7k -Xcc -I/Users/admin/builder/spi-builder-workspace/.derivedData/Build/Intermediates.noindex/ScreenRadarKit.build/Debug-watchos/ScreenRadarKit.build/DerivedSources -Xcc -DSWIFT_PACKAGE -Xcc -DDEBUG\=1 -emit-objc-header -emit-objc-header-path /Users/admin/builder/spi-builder-workspace/.derivedData/Build/Intermediates.noindex/ScreenRadarKit.build/Debug-watchos/ScreenRadarKit.build/Objects-normal/armv7k/ScreenRadarKit-Swift.h -working-directory /Users/admin/builder/spi-builder-workspace/.swiftpm/xcode -experimental-emit-module-separately -disable-cmo
SwiftEmitModule normal armv7k Emitting\ module\ for\ ScreenRadarKit (in target 'ScreenRadarKit' from project 'ScreenRadarKit')
EmitSwiftModule normal armv7k (in target 'ScreenRadarKit' from project 'ScreenRadarKit')
cd /Users/admin/builder/spi-builder-workspace/.swiftpm/xcode
/Users/admin/builder/spi-builder-workspace/Sources/ScreenRadarKit/OverlayWindow.swift:139:39: error: cannot find type 'UIView' in scope
private func placeLabel(in view: UIView) {
^~~~~~
/Applications/Xcode-16.3.0.app/Contents/Developer/Platforms/WatchOS.platform/Developer/SDKs/WatchOS11.4.sdk/System/Library/Frameworks/UIKit.framework/Headers/NSTextAttachment.h:23:1: note: interface 'UIView' forward declared here
@class UIView;
^
/Users/admin/builder/spi-builder-workspace/Sources/ScreenRadarKit/OverlayWindow.swift:160:40: error: cannot find type 'UIView' in scope
private func resizeLabel(in view: UIView?) {
^~~~~~
/Applications/Xcode-16.3.0.app/Contents/Developer/Platforms/WatchOS.platform/Developer/SDKs/WatchOS11.4.sdk/System/Library/Frameworks/UIKit.framework/Headers/NSTextAttachment.h:23:1: note: interface 'UIView' forward declared here
@class UIView;
^
/Users/admin/builder/spi-builder-workspace/Sources/ScreenRadarKit/OverlayWindow.swift:196:48: error: cannot find type 'UIPanGestureRecognizer' in scope
@objc private func labelPanned(_ gesture: UIPanGestureRecognizer) {
^~~~~~~~~~~~~~~~~~~~~~
/Users/admin/builder/spi-builder-workspace/Sources/ScreenRadarKit/OverlayWindow.swift:261:19: error: cannot find type 'UIView' in scope
in view: UIView
^~~~~~
/Applications/Xcode-16.3.0.app/Contents/Developer/Platforms/WatchOS.platform/Developer/SDKs/WatchOS11.4.sdk/System/Library/Frameworks/UIKit.framework/Headers/NSTextAttachment.h:23:1: note: interface 'UIView' forward declared here
@class UIView;
^
/Users/admin/builder/spi-builder-workspace/Sources/ScreenRadarKit/OverlayWindow.swift:284:19: error: cannot find type 'UIView' in scope
in view: UIView
^~~~~~
/Applications/Xcode-16.3.0.app/Contents/Developer/Platforms/WatchOS.platform/Developer/SDKs/WatchOS11.4.sdk/System/Library/Frameworks/UIKit.framework/Headers/NSTextAttachment.h:23:1: note: interface 'UIView' forward declared here
@class UIView;
^
/Users/admin/builder/spi-builder-workspace/Sources/ScreenRadarKit/OverlayWindow.swift:338:36: error: cannot find type 'UILabel' in scope
private final class PaddingLabel: UILabel {
^~~~~~~
/Users/admin/builder/spi-builder-workspace/Sources/ScreenRadarKit/OverlayWindow.swift:351:20: error: method does not override any method from its superclass
override func drawText(in rect: CGRect) {
~~~~~~~~ ^
/Users/admin/builder/spi-builder-workspace/Sources/ScreenRadarKit/OverlayWindow.swift:355:20: error: method does not override any method from its superclass
override func textRect(
~~~~~~~~ ^
/Users/admin/builder/spi-builder-workspace/Sources/ScreenRadarKit/OverlayWindow.swift:375:20: error: method does not override any method from its superclass
override func sizeThatFits(_ size: CGSize) -> CGSize {
~~~~~~~~ ^
/Users/admin/builder/spi-builder-workspace/Sources/ScreenRadarKit/PassthroughWindow.swift:13:32: error: cannot find type 'UIWindow' in scope
final class PassthroughWindow: UIWindow {
^~~~~~~~
/Users/admin/builder/spi-builder-workspace/Sources/ScreenRadarKit/PassthroughWindow.swift:18:10: error: cannot find type 'UIView' in scope
) -> UIView? {
^~~~~~
/Applications/Xcode-16.3.0.app/Contents/Developer/Platforms/WatchOS.platform/Developer/SDKs/WatchOS11.4.sdk/System/Library/Frameworks/UIKit.framework/Headers/NSTextAttachment.h:23:1: note: interface 'UIView' forward declared here
@class UIView;
^
/Users/admin/builder/spi-builder-workspace/Sources/ScreenRadarKit/PassthroughWindow.swift:17:21: error: cannot find type 'UIEvent' in scope
with event: UIEvent?
^~~~~~~
/Users/admin/builder/spi-builder-workspace/Sources/ScreenRadarKit/TrailBottomSheet.swift:15:31: error: cannot find 'UIView' in scope
private let dimmingView = UIView()
^~~~~~
/Applications/Xcode-16.3.0.app/Contents/Developer/Platforms/WatchOS.platform/Developer/SDKs/WatchOS11.4.sdk/System/Library/Frameworks/UIKit.framework/Headers/NSTextAttachment.h:23:1: note: interface 'UIView' forward declared here
@class UIView;
^
/Users/admin/builder/spi-builder-workspace/Sources/ScreenRadarKit/TrailBottomSheet.swift:16:29: error: cannot find 'UIView' in scope
private let sheetView = UIView()
^~~~~~
/Applications/Xcode-16.3.0.app/Contents/Developer/Platforms/WatchOS.platform/Developer/SDKs/WatchOS11.4.sdk/System/Library/Frameworks/UIKit.framework/Headers/NSTextAttachment.h:23:1: note: interface 'UIView' forward declared here
@class UIView;
^
/Users/admin/builder/spi-builder-workspace/Sources/ScreenRadarKit/TrailBottomSheet.swift:17:29: error: cannot find 'UIStackView' in scope
private let stackView = UIStackView()
^~~~~~~~~~~
/Users/admin/builder/spi-builder-workspace/Sources/ScreenRadarKit/TrailBottomSheet.swift:18:30: error: cannot find 'UIScrollView' in scope
private let scrollView = UIScrollView()
^~~~~~~~~~~~
/Users/admin/builder/spi-builder-workspace/Sources/ScreenRadarKit/TrailBottomSheet.swift:19:36: error: cannot find type 'UIButton' in scope
private weak var exportButton: UIButton?
^~~~~~~~
/Users/admin/builder/spi-builder-workspace/Sources/ScreenRadarKit/TrailBottomSheet.swift:20:42: error: cannot find type 'UIButton' in scope
private weak var clearCurrentButton: UIButton?
^~~~~~~~
/Users/admin/builder/spi-builder-workspace/Sources/ScreenRadarKit/TrailBottomSheet.swift:21:43: error: cannot find type 'UIButton' in scope
private weak var clearPreviousButton: UIButton?
^~~~~~~~
/Users/admin/builder/spi-builder-workspace/Sources/ScreenRadarKit/TrailBottomSheet.swift:11:31: error: cannot find type 'UIViewController' in scope
final class TrailBottomSheet: UIViewController {
^~~~~~~~~~~~~~~~
/Users/admin/builder/spi-builder-workspace/Sources/ScreenRadarKit/TrailBottomSheet.swift:25:19: error: method does not override any method from its superclass
override func viewDidLoad() {
~~~~~~~~ ^
/Users/admin/builder/spi-builder-workspace/Sources/ScreenRadarKit/TrailBottomSheet.swift:242:73: error: cannot find type 'UIView' in scope
private func row(index: Int, entry: TrailEntry, isCurrent: Bool) -> UIView {
^~~~~~
/Applications/Xcode-16.3.0.app/Contents/Developer/Platforms/WatchOS.platform/Developer/SDKs/WatchOS11.4.sdk/System/Library/Frameworks/UIKit.framework/Headers/NSTextAttachment.h:23:1: note: interface 'UIView' forward declared here
@class UIView;
^
/Users/admin/builder/spi-builder-workspace/Sources/ScreenRadarKit/TrailLogger.swift:24:40: error: cannot find type 'UIViewController' in scope
private var currentViewController: UIViewController?
^~~~~~~~~~~~~~~~
/Users/admin/builder/spi-builder-workspace/Sources/ScreenRadarKit/TrailLogger.swift:60:43: error: cannot find type 'UIViewController' in scope
func recordAppear(for viewController: UIViewController) {
^~~~~~~~~~~~~~~~
/Users/admin/builder/spi-builder-workspace/Sources/ScreenRadarKit/TrailLogger.swift:69:50: error: cannot find type 'UIViewController' in scope
func seedInitialTrail(with viewControllers: [UIViewController]) {
^~~~~~~~~~~~~~~~
/Users/admin/builder/spi-builder-workspace/Sources/ScreenRadarKit/TrailLogger.swift:79:46: error: cannot find type 'UIViewController' in scope
func recordDisappear(for viewController: UIViewController) {
^~~~~~~~~~~~~~~~
/Users/admin/builder/spi-builder-workspace/Sources/ScreenRadarKit/TrailLogger.swift:228:43: error: cannot find type 'UIViewController' in scope
private func append(_ viewController: UIViewController) -> Bool {
^~~~~~~~~~~~~~~~
/Users/admin/builder/spi-builder-workspace/Sources/ScreenRadarKit/TrailLogger.swift:254:60: error: cannot find type 'UIViewController' in scope
private func isScreenRadarController(_ viewController: UIViewController) -> Bool {
^~~~~~~~~~~~~~~~
/Users/admin/builder/spi-builder-workspace/Sources/ScreenRadarKit/UIViewController+Swizzling.swift:11:11: error: cannot find type 'UIViewController' in scope
extension UIViewController {
^~~~~~~~~~~~~~~~
/Users/admin/builder/spi-builder-workspace/Sources/ScreenRadarKit/ViewControllerTracker.swift:61:43: error: cannot find type 'UIViewController' in scope
func recordAppear(for viewController: UIViewController) {
^~~~~~~~~~~~~~~~
/Users/admin/builder/spi-builder-workspace/Sources/ScreenRadarKit/ViewControllerTracker.swift:65:46: error: cannot find type 'UIViewController' in scope
func recordDisappear(for viewController: UIViewController) {
^~~~~~~~~~~~~~~~
/Users/admin/builder/spi-builder-workspace/Sources/ScreenRadarKit/ViewControllerTracker.swift:69:48: error: cannot find type 'UIViewController' in scope
func isTopViewController(_ viewController: UIViewController) -> Bool {
^~~~~~~~~~~~~~~~
/Users/admin/builder/spi-builder-workspace/Sources/ScreenRadarKit/ViewControllerTracker.swift:77:39: error: cannot find type 'UIViewController' in scope
func topScreenViewController() -> UIViewController? {
^~~~~~~~~~~~~~~~
/Users/admin/builder/spi-builder-workspace/Sources/ScreenRadarKit/ViewControllerTracker.swift:84:27: error: cannot find type 'UIViewController' in scope
_ viewController: UIViewController,
^~~~~~~~~~~~~~~~
/Users/admin/builder/spi-builder-workspace/Sources/ScreenRadarKit/ViewControllerTracker.swift:115:42: error: cannot find type 'UIViewController' in scope
private func rootViewController() -> UIViewController? {
^~~~~~~~~~~~~~~~
/Users/admin/builder/spi-builder-workspace/Sources/ScreenRadarKit/ViewControllerTracker.swift:141:10: error: cannot find type 'UIViewController' in scope
) -> UIViewController? {
^~~~~~~~~~~~~~~~
/Users/admin/builder/spi-builder-workspace/Sources/ScreenRadarKit/ViewControllerTracker.swift:140:30: error: cannot find type 'UIViewController' in scope
from viewController: UIViewController? = nil
^~~~~~~~~~~~~~~~
/Users/admin/builder/spi-builder-workspace/Sources/ScreenRadarKit/ViewControllerTracker.swift:161:11: error: cannot find type 'UIViewController' in scope
) -> [UIViewController] {
^~~~~~~~~~~~~~~~
/Users/admin/builder/spi-builder-workspace/Sources/ScreenRadarKit/ViewControllerTracker.swift:160:30: error: cannot find type 'UIViewController' in scope
from viewController: UIViewController? = nil
^~~~~~~~~~~~~~~~
Failed frontend command:
/Applications/Xcode-16.3.0.app/Contents/Developer/Toolchains/XcodeDefault.xctoolchain/usr/bin/swift-frontend -frontend -emit-module -experimental-skip-non-inlinable-function-bodies-without-types /Users/admin/builder/spi-builder-workspace/Sources/ScreenRadarKit/OverlayWindow.swift /Users/admin/builder/spi-builder-workspace/Sources/ScreenRadarKit/PassthroughWindow.swift /Users/admin/builder/spi-builder-workspace/Sources/ScreenRadarKit/ScreenRadar.swift /Users/admin/builder/spi-builder-workspace/Sources/ScreenRadarKit/TrailBottomSheet.swift /Users/admin/builder/spi-builder-workspace/Sources/ScreenRadarKit/TrailEntry.swift /Users/admin/builder/spi-builder-workspace/Sources/ScreenRadarKit/TrailLogger.swift /Users/admin/builder/spi-builder-workspace/Sources/ScreenRadarKit/UIViewController+Swizzling.swift /Users/admin/builder/spi-builder-workspace/Sources/ScreenRadarKit/ViewControllerTracker.swift -target armv7k-apple-watchos6.0 -enable-objc-interop -stack-check -sdk /Applications/Xcode-16.3.0.app/Contents/Developer/Platforms/WatchOS.platform/Developer/SDKs/WatchOS11.4.sdk -I /Users/admin/builder/spi-builder-workspace/.derivedData/Build/Products/Debug-watchos -I /Applications/Xcode-16.3.0.app/Contents/Developer/Platforms/WatchOS.platform/Developer/usr/lib -F /Users/admin/builder/spi-builder-workspace/.derivedData/Build/Products/Debug-watchos -F /Applications/Xcode-16.3.0.app/Contents/Developer/Platforms/WatchOS.platform/Developer/Library/Frameworks -F /Applications/Xcode-16.3.0.app/Contents/Developer/Platforms/WatchOS.platform/Developer/SDKs/WatchOS11.4.sdk/Developer/Library/Frameworks -no-color-diagnostics -enable-testing -g -debug-info-format\=dwarf -dwarf-version\=4 -module-cache-path /Users/admin/builder/spi-builder-workspace/.derivedData/ModuleCache.noindex -profile-generate -profile-coverage-mapping -swift-version 5 -enforce-exclusivity\=checked -stats-output-dir /Users/admin/builder/spi-builder-workspace/.swiftpm/xcode/.stats -Onone -D SWIFT_PACKAGE -D DEBUG -serialize-debugging-options -const-gather-protocols-file /Users/admin/builder/spi-builder-workspace/.derivedData/Build/Intermediates.noindex/ScreenRadarKit.build/Debug-watchos/ScreenRadarKit.build/Objects-normal/armv7k/ScreenRadarKit_const_extract_protocols.json -enable-upcoming-feature StrictConcurrency -enable-upcoming-feature DisableOutwardActorInference -enable-upcoming-feature GlobalActorIsolatedTypesUsability -enable-upcoming-feature InferSendableFromCaptures -enable-experimental-feature DebugDescriptionMacro -strict-concurrency\=complete -empty-abi-descriptor -plugin-path /Applications/Xcode-16.3.0.app/Contents/Developer/Toolchains/XcodeDefault.xctoolchain/usr/lib/swift/host/plugins/testing -validate-clang-modules-once -clang-build-session-file /Users/admin/builder/spi-builder-workspace/.derivedData/ModuleCache.noindex/Session.modulevalidation -Xcc -working-directory -Xcc /Users/admin/builder/spi-builder-workspace/.swiftpm/xcode -resource-dir /Applications/Xcode-16.3.0.app/Contents/Developer/Toolchains/XcodeDefault.xctoolchain/usr/lib/swift -enable-anonymous-context-mangled-names -file-compilation-dir /Users/admin/builder/spi-builder-workspace/.swiftpm/xcode -Xcc -ivfsstatcache -Xcc /Users/admin/builder/spi-builder-workspace/.derivedData/SDKStatCaches.noindex/watchos11.4-22T246-43efb940ff07ba2497b70ec94253f576.sdkstatcache -Xcc -I/Users/admin/builder/spi-builder-workspace/.derivedData/Build/Intermediates.noindex/ScreenRadarKit.build/Debug-watchos/ScreenRadarKit.build/swift-overrides.hmap -Xcc -I/Users/admin/builder/spi-builder-workspace/.derivedData/Build/Products/Debug-watchos/include -Xcc -I/Users/admin/builder/spi-builder-workspace/.derivedData/Build/Intermediates.noindex/ScreenRadarKit.build/Debug-watchos/ScreenRadarKit.build/DerivedSources-normal/armv7k -Xcc -I/Users/admin/builder/spi-builder-workspace/.derivedData/Build/Intermediates.noindex/ScreenRadarKit.build/Debug-watchos/ScreenRadarKit.build/DerivedSources/armv7k -Xcc -I/Users/admin/builder/spi-builder-workspace/.derivedData/Build/Intermediates.noindex/ScreenRadarKit.build/Debug-watchos/ScreenRadarKit.build/DerivedSources -Xcc -DSWIFT_PACKAGE -Xcc -DDEBUG\=1 -module-name ScreenRadarKit -frontend-parseable-output -disable-clang-spi -target-sdk-version 11.4 -target-sdk-name watchos11.4 -external-plugin-path /Applications/Xcode-16.3.0.app/Contents/Developer/Platforms/WatchOS.platform/Developer/usr/lib/swift/host/plugins\#/Applications/Xcode-16.3.0.app/Contents/Developer/Platforms/WatchOS.platform/Developer/usr/bin/swift-plugin-server -external-plugin-path /Applications/Xcode-16.3.0.app/Contents/Developer/Platforms/WatchOS.platform/Developer/usr/local/lib/swift/host/plugins\#/Applications/Xcode-16.3.0.app/Contents/Developer/Platforms/WatchOS.platform/Developer/usr/bin/swift-plugin-server -in-process-plugin-server-path /Applications/Xcode-16.3.0.app/Contents/Developer/Toolchains/XcodeDefault.xctoolchain/usr/lib/swift/host/libSwiftInProcPluginServer.dylib -plugin-path /Applications/Xcode-16.3.0.app/Contents/Developer/Toolchains/XcodeDefault.xctoolchain/usr/lib/swift/host/plugins -plugin-path /Applications/Xcode-16.3.0.app/Contents/Developer/Toolchains/XcodeDefault.xctoolchain/usr/local/lib/swift/host/plugins -emit-module-doc-path /Users/admin/builder/spi-builder-workspace/.derivedData/Build/Intermediates.noindex/ScreenRadarKit.build/Debug-watchos/ScreenRadarKit.build/Objects-normal/armv7k/ScreenRadarKit.swiftdoc -emit-module-source-info-path /Users/admin/builder/spi-builder-workspace/.derivedData/Build/Intermediates.noindex/ScreenRadarKit.build/Debug-watchos/ScreenRadarKit.build/Objects-normal/armv7k/ScreenRadarKit.swiftsourceinfo -emit-objc-header-path /Users/admin/builder/spi-builder-workspace/.derivedData/Build/Intermediates.noindex/ScreenRadarKit.build/Debug-watchos/ScreenRadarKit.build/Objects-normal/armv7k/ScreenRadarKit-Swift.h -serialize-diagnostics-path /Users/admin/builder/spi-builder-workspace/.derivedData/Build/Intermediates.noindex/ScreenRadarKit.build/Debug-watchos/ScreenRadarKit.build/Objects-normal/armv7k/ScreenRadarKit-master-emit-module.dia -emit-dependencies-path /Users/admin/builder/spi-builder-workspace/.derivedData/Build/Intermediates.noindex/ScreenRadarKit.build/Debug-watchos/ScreenRadarKit.build/Objects-normal/armv7k/ScreenRadarKit-master-emit-module.d -o /Users/admin/builder/spi-builder-workspace/.derivedData/Build/Intermediates.noindex/ScreenRadarKit.build/Debug-watchos/ScreenRadarKit.build/Objects-normal/armv7k/ScreenRadarKit.swiftmodule -emit-abi-descriptor-path /Users/admin/builder/spi-builder-workspace/.derivedData/Build/Intermediates.noindex/ScreenRadarKit.build/Debug-watchos/ScreenRadarKit.build/Objects-normal/armv7k/ScreenRadarKit.abi.json
SwiftCompile normal armv7k Compiling\ PassthroughWindow.swift /Users/admin/builder/spi-builder-workspace/Sources/ScreenRadarKit/PassthroughWindow.swift (in target 'ScreenRadarKit' from project 'ScreenRadarKit')
SwiftCompile normal armv7k /Users/admin/builder/spi-builder-workspace/Sources/ScreenRadarKit/PassthroughWindow.swift (in target 'ScreenRadarKit' from project 'ScreenRadarKit')
cd /Users/admin/builder/spi-builder-workspace/.swiftpm/xcode
SwiftCompile normal armv7k Compiling\ ScreenRadar.swift /Users/admin/builder/spi-builder-workspace/Sources/ScreenRadarKit/ScreenRadar.swift (in target 'ScreenRadarKit' from project 'ScreenRadarKit')
SwiftCompile normal armv7k /Users/admin/builder/spi-builder-workspace/Sources/ScreenRadarKit/ScreenRadar.swift (in target 'ScreenRadarKit' from project 'ScreenRadarKit')
cd /Users/admin/builder/spi-builder-workspace/.swiftpm/xcode
SwiftCompile normal armv7k Compiling\ OverlayWindow.swift /Users/admin/builder/spi-builder-workspace/Sources/ScreenRadarKit/OverlayWindow.swift (in target 'ScreenRadarKit' from project 'ScreenRadarKit')
SwiftCompile normal armv7k /Users/admin/builder/spi-builder-workspace/Sources/ScreenRadarKit/OverlayWindow.swift (in target 'ScreenRadarKit' from project 'ScreenRadarKit')
cd /Users/admin/builder/spi-builder-workspace/.swiftpm/xcode
SwiftCompile normal armv7k Compiling\ TrailBottomSheet.swift /Users/admin/builder/spi-builder-workspace/Sources/ScreenRadarKit/TrailBottomSheet.swift (in target 'ScreenRadarKit' from project 'ScreenRadarKit')
SwiftCompile normal armv7k /Users/admin/builder/spi-builder-workspace/Sources/ScreenRadarKit/TrailBottomSheet.swift (in target 'ScreenRadarKit' from project 'ScreenRadarKit')
cd /Users/admin/builder/spi-builder-workspace/.swiftpm/xcode
SwiftCompile normal armv7k Compiling\ TrailEntry.swift /Users/admin/builder/spi-builder-workspace/Sources/ScreenRadarKit/TrailEntry.swift (in target 'ScreenRadarKit' from project 'ScreenRadarKit')
SwiftCompile normal armv7k /Users/admin/builder/spi-builder-workspace/Sources/ScreenRadarKit/TrailEntry.swift (in target 'ScreenRadarKit' from project 'ScreenRadarKit')
cd /Users/admin/builder/spi-builder-workspace/.swiftpm/xcode
SwiftCompile normal armv7k Compiling\ TrailLogger.swift /Users/admin/builder/spi-builder-workspace/Sources/ScreenRadarKit/TrailLogger.swift (in target 'ScreenRadarKit' from project 'ScreenRadarKit')
SwiftCompile normal armv7k /Users/admin/builder/spi-builder-workspace/Sources/ScreenRadarKit/TrailLogger.swift (in target 'ScreenRadarKit' from project 'ScreenRadarKit')
cd /Users/admin/builder/spi-builder-workspace/.swiftpm/xcode
SwiftCompile normal armv7k Compiling\ ViewControllerTracker.swift /Users/admin/builder/spi-builder-workspace/Sources/ScreenRadarKit/ViewControllerTracker.swift (in target 'ScreenRadarKit' from project 'ScreenRadarKit')
SwiftCompile normal armv7k /Users/admin/builder/spi-builder-workspace/Sources/ScreenRadarKit/ViewControllerTracker.swift (in target 'ScreenRadarKit' from project 'ScreenRadarKit')
cd /Users/admin/builder/spi-builder-workspace/.swiftpm/xcode
SwiftEmitModule normal arm64_32 Emitting\ module\ for\ ScreenRadarKit (in target 'ScreenRadarKit' from project 'ScreenRadarKit')
Failed frontend command:
/Applications/Xcode-16.3.0.app/Contents/Developer/Toolchains/XcodeDefault.xctoolchain/usr/bin/swift-frontend -frontend -emit-module -experimental-skip-non-inlinable-function-bodies-without-types /Users/admin/builder/spi-builder-workspace/Sources/ScreenRadarKit/OverlayWindow.swift /Users/admin/builder/spi-builder-workspace/Sources/ScreenRadarKit/PassthroughWindow.swift /Users/admin/builder/spi-builder-workspace/Sources/ScreenRadarKit/ScreenRadar.swift /Users/admin/builder/spi-builder-workspace/Sources/ScreenRadarKit/TrailBottomSheet.swift /Users/admin/builder/spi-builder-workspace/Sources/ScreenRadarKit/TrailEntry.swift /Users/admin/builder/spi-builder-workspace/Sources/ScreenRadarKit/TrailLogger.swift /Users/admin/builder/spi-builder-workspace/Sources/ScreenRadarKit/UIViewController+Swizzling.swift /Users/admin/builder/spi-builder-workspace/Sources/ScreenRadarKit/ViewControllerTracker.swift -target arm64_32-apple-watchos6.0 -enable-objc-interop -sdk /Applications/Xcode-16.3.0.app/Contents/Developer/Platforms/WatchOS.platform/Developer/SDKs/WatchOS11.4.sdk -I /Users/admin/builder/spi-builder-workspace/.derivedData/Build/Products/Debug-watchos -I /Applications/Xcode-16.3.0.app/Contents/Developer/Platforms/WatchOS.platform/Developer/usr/lib -F /Users/admin/builder/spi-builder-workspace/.derivedData/Build/Products/Debug-watchos -F /Applications/Xcode-16.3.0.app/Contents/Developer/Platforms/WatchOS.platform/Developer/Library/Frameworks -F /Applications/Xcode-16.3.0.app/Contents/Developer/Platforms/WatchOS.platform/Developer/SDKs/WatchOS11.4.sdk/Developer/Library/Frameworks -no-color-diagnostics -enable-testing -g -debug-info-format\=dwarf -dwarf-version\=4 -module-cache-path /Users/admin/builder/spi-builder-workspace/.derivedData/ModuleCache.noindex -profile-generate -profile-coverage-mapping -swift-version 5 -enforce-exclusivity\=checked -stats-output-dir /Users/admin/builder/spi-builder-workspace/.swiftpm/xcode/.stats -Onone -D SWIFT_PACKAGE -D DEBUG -serialize-debugging-options -const-gather-protocols-file /Users/admin/builder/spi-builder-workspace/.derivedData/Build/Intermediates.noindex/ScreenRadarKit.build/Debug-watchos/ScreenRadarKit.build/Objects-normal/arm64_32/ScreenRadarKit_const_extract_protocols.json -enable-upcoming-feature StrictConcurrency -enable-upcoming-feature DisableOutwardActorInference -enable-upcoming-feature GlobalActorIsolatedTypesUsability -enable-upcoming-feature InferSendableFromCaptures -enable-experimental-feature DebugDescriptionMacro -strict-concurrency\=complete -empty-abi-descriptor -plugin-path /Applications/Xcode-16.3.0.app/Contents/Developer/Toolchains/XcodeDefault.xctoolchain/usr/lib/swift/host/plugins/testing -validate-clang-modules-once -clang-build-session-file /Users/admin/builder/spi-builder-workspace/.derivedData/ModuleCache.noindex/Session.modulevalidation -Xcc -working-directory -Xcc /Users/admin/builder/spi-builder-workspace/.swiftpm/xcode -resource-dir /Applications/Xcode-16.3.0.app/Contents/Developer/Toolchains/XcodeDefault.xctoolchain/usr/lib/swift -enable-anonymous-context-mangled-names -file-compilation-dir /Users/admin/builder/spi-builder-workspace/.swiftpm/xcode -Xcc -ivfsstatcache -Xcc /Users/admin/builder/spi-builder-workspace/.derivedData/SDKStatCaches.noindex/watchos11.4-22T246-43efb940ff07ba2497b70ec94253f576.sdkstatcache -Xcc -I/Users/admin/builder/spi-builder-workspace/.derivedData/Build/Intermediates.noindex/ScreenRadarKit.build/Debug-watchos/ScreenRadarKit.build/swift-overrides.hmap -Xcc -I/Users/admin/builder/spi-builder-workspace/.derivedData/Build/Products/Debug-watchos/include -Xcc -I/Users/admin/builder/spi-builder-workspace/.derivedData/Build/Intermediates.noindex/ScreenRadarKit.build/Debug-watchos/ScreenRadarKit.build/DerivedSources-normal/arm64_32 -Xcc -I/Users/admin/builder/spi-builder-workspace/.derivedData/Build/Intermediates.noindex/ScreenRadarKit.build/Debug-watchos/ScreenRadarKit.build/DerivedSources/arm64_32 -Xcc -I/Users/admin/builder/spi-builder-workspace/.derivedData/Build/Intermediates.noindex/ScreenRadarKit.build/Debug-watchos/ScreenRadarKit.build/DerivedSources -Xcc -DSWIFT_PACKAGE -Xcc -DDEBUG\=1 -module-name ScreenRadarKit -frontend-parseable-output -disable-clang-spi -target-sdk-version 11.4 -target-sdk-name watchos11.4 -external-plugin-path /Applications/Xcode-16.3.0.app/Contents/Developer/Platforms/WatchOS.platform/Developer/usr/lib/swift/host/plugins\#/Applications/Xcode-16.3.0.app/Contents/Developer/Platforms/WatchOS.platform/Developer/usr/bin/swift-plugin-server -external-plugin-path /Applications/Xcode-16.3.0.app/Contents/Developer/Platforms/WatchOS.platform/Developer/usr/local/lib/swift/host/plugins\#/Applications/Xcode-16.3.0.app/Contents/Developer/Platforms/WatchOS.platform/Developer/usr/bin/swift-plugin-server -in-process-plugin-server-path /Applications/Xcode-16.3.0.app/Contents/Developer/Toolchains/XcodeDefault.xctoolchain/usr/lib/swift/host/libSwiftInProcPluginServer.dylib -plugin-path /Applications/Xcode-16.3.0.app/Contents/Developer/Toolchains/XcodeDefault.xctoolchain/usr/lib/swift/host/plugins -plugin-path /Applications/Xcode-16.3.0.app/Contents/Developer/Toolchains/XcodeDefault.xctoolchain/usr/local/lib/swift/host/plugins -emit-module-doc-path /Users/admin/builder/spi-builder-workspace/.derivedData/Build/Intermediates.noindex/ScreenRadarKit.build/Debug-watchos/ScreenRadarKit.build/Objects-normal/arm64_32/ScreenRadarKit.swiftdoc -emit-module-source-info-path /Users/admin/builder/spi-builder-workspace/.derivedData/Build/Intermediates.noindex/ScreenRadarKit.build/Debug-watchos/ScreenRadarKit.build/Objects-normal/arm64_32/ScreenRadarKit.swiftsourceinfo -emit-objc-header-path /Users/admin/builder/spi-builder-workspace/.derivedData/Build/Intermediates.noindex/ScreenRadarKit.build/Debug-watchos/ScreenRadarKit.build/Objects-normal/arm64_32/ScreenRadarKit-Swift.h -serialize-diagnostics-path /Users/admin/builder/spi-builder-workspace/.derivedData/Build/Intermediates.noindex/ScreenRadarKit.build/Debug-watchos/ScreenRadarKit.build/Objects-normal/arm64_32/ScreenRadarKit-master-emit-module.dia -emit-dependencies-path /Users/admin/builder/spi-builder-workspace/.derivedData/Build/Intermediates.noindex/ScreenRadarKit.build/Debug-watchos/ScreenRadarKit.build/Objects-normal/arm64_32/ScreenRadarKit-master-emit-module.d -o /Users/admin/builder/spi-builder-workspace/.derivedData/Build/Intermediates.noindex/ScreenRadarKit.build/Debug-watchos/ScreenRadarKit.build/Objects-normal/arm64_32/ScreenRadarKit.swiftmodule -emit-abi-descriptor-path /Users/admin/builder/spi-builder-workspace/.derivedData/Build/Intermediates.noindex/ScreenRadarKit.build/Debug-watchos/ScreenRadarKit.build/Objects-normal/arm64_32/ScreenRadarKit.abi.json
EmitSwiftModule normal arm64_32 (in target 'ScreenRadarKit' from project 'ScreenRadarKit')
cd /Users/admin/builder/spi-builder-workspace/.swiftpm/xcode
/Users/admin/builder/spi-builder-workspace/Sources/ScreenRadarKit/OverlayWindow.swift:139:39: error: cannot find type 'UIView' in scope
private func placeLabel(in view: UIView) {
^~~~~~
/Applications/Xcode-16.3.0.app/Contents/Developer/Platforms/WatchOS.platform/Developer/SDKs/WatchOS11.4.sdk/System/Library/Frameworks/UIKit.framework/Headers/NSTextAttachment.h:23:1: note: interface 'UIView' forward declared here
@class UIView;
^
/Users/admin/builder/spi-builder-workspace/Sources/ScreenRadarKit/OverlayWindow.swift:160:40: error: cannot find type 'UIView' in scope
private func resizeLabel(in view: UIView?) {
^~~~~~
/Applications/Xcode-16.3.0.app/Contents/Developer/Platforms/WatchOS.platform/Developer/SDKs/WatchOS11.4.sdk/System/Library/Frameworks/UIKit.framework/Headers/NSTextAttachment.h:23:1: note: interface 'UIView' forward declared here
@class UIView;
^
/Users/admin/builder/spi-builder-workspace/Sources/ScreenRadarKit/OverlayWindow.swift:196:48: error: cannot find type 'UIPanGestureRecognizer' in scope
@objc private func labelPanned(_ gesture: UIPanGestureRecognizer) {
^~~~~~~~~~~~~~~~~~~~~~
/Users/admin/builder/spi-builder-workspace/Sources/ScreenRadarKit/OverlayWindow.swift:261:19: error: cannot find type 'UIView' in scope
in view: UIView
^~~~~~
/Applications/Xcode-16.3.0.app/Contents/Developer/Platforms/WatchOS.platform/Developer/SDKs/WatchOS11.4.sdk/System/Library/Frameworks/UIKit.framework/Headers/NSTextAttachment.h:23:1: note: interface 'UIView' forward declared here
@class UIView;
^
/Users/admin/builder/spi-builder-workspace/Sources/ScreenRadarKit/OverlayWindow.swift:284:19: error: cannot find type 'UIView' in scope
in view: UIView
^~~~~~
/Applications/Xcode-16.3.0.app/Contents/Developer/Platforms/WatchOS.platform/Developer/SDKs/WatchOS11.4.sdk/System/Library/Frameworks/UIKit.framework/Headers/NSTextAttachment.h:23:1: note: interface 'UIView' forward declared here
@class UIView;
^
/Users/admin/builder/spi-builder-workspace/Sources/ScreenRadarKit/OverlayWindow.swift:338:36: error: cannot find type 'UILabel' in scope
private final class PaddingLabel: UILabel {
^~~~~~~
/Users/admin/builder/spi-builder-workspace/Sources/ScreenRadarKit/OverlayWindow.swift:351:20: error: method does not override any method from its superclass
override func drawText(in rect: CGRect) {
~~~~~~~~ ^
/Users/admin/builder/spi-builder-workspace/Sources/ScreenRadarKit/OverlayWindow.swift:355:20: error: method does not override any method from its superclass
override func textRect(
~~~~~~~~ ^
/Users/admin/builder/spi-builder-workspace/Sources/ScreenRadarKit/OverlayWindow.swift:375:20: error: method does not override any method from its superclass
override func sizeThatFits(_ size: CGSize) -> CGSize {
~~~~~~~~ ^
/Users/admin/builder/spi-builder-workspace/Sources/ScreenRadarKit/PassthroughWindow.swift:13:32: error: cannot find type 'UIWindow' in scope
final class PassthroughWindow: UIWindow {
^~~~~~~~
/Users/admin/builder/spi-builder-workspace/Sources/ScreenRadarKit/PassthroughWindow.swift:18:10: error: cannot find type 'UIView' in scope
) -> UIView? {
^~~~~~
/Applications/Xcode-16.3.0.app/Contents/Developer/Platforms/WatchOS.platform/Developer/SDKs/WatchOS11.4.sdk/System/Library/Frameworks/UIKit.framework/Headers/NSTextAttachment.h:23:1: note: interface 'UIView' forward declared here
@class UIView;
^
/Users/admin/builder/spi-builder-workspace/Sources/ScreenRadarKit/PassthroughWindow.swift:17:21: error: cannot find type 'UIEvent' in scope
with event: UIEvent?
^~~~~~~
/Users/admin/builder/spi-builder-workspace/Sources/ScreenRadarKit/TrailBottomSheet.swift:15:31: error: cannot find 'UIView' in scope
private let dimmingView = UIView()
^~~~~~
/Applications/Xcode-16.3.0.app/Contents/Developer/Platforms/WatchOS.platform/Developer/SDKs/WatchOS11.4.sdk/System/Library/Frameworks/UIKit.framework/Headers/NSTextAttachment.h:23:1: note: interface 'UIView' forward declared here
@class UIView;
^
/Users/admin/builder/spi-builder-workspace/Sources/ScreenRadarKit/TrailBottomSheet.swift:16:29: error: cannot find 'UIView' in scope
private let sheetView = UIView()
^~~~~~
/Applications/Xcode-16.3.0.app/Contents/Developer/Platforms/WatchOS.platform/Developer/SDKs/WatchOS11.4.sdk/System/Library/Frameworks/UIKit.framework/Headers/NSTextAttachment.h:23:1: note: interface 'UIView' forward declared here
@class UIView;
^
/Users/admin/builder/spi-builder-workspace/Sources/ScreenRadarKit/TrailBottomSheet.swift:17:29: error: cannot find 'UIStackView' in scope
private let stackView = UIStackView()
^~~~~~~~~~~
/Users/admin/builder/spi-builder-workspace/Sources/ScreenRadarKit/TrailBottomSheet.swift:18:30: error: cannot find 'UIScrollView' in scope
private let scrollView = UIScrollView()
^~~~~~~~~~~~
/Users/admin/builder/spi-builder-workspace/Sources/ScreenRadarKit/TrailBottomSheet.swift:19:36: error: cannot find type 'UIButton' in scope
private weak var exportButton: UIButton?
^~~~~~~~
/Users/admin/builder/spi-builder-workspace/Sources/ScreenRadarKit/TrailBottomSheet.swift:20:42: error: cannot find type 'UIButton' in scope
private weak var clearCurrentButton: UIButton?
^~~~~~~~
/Users/admin/builder/spi-builder-workspace/Sources/ScreenRadarKit/TrailBottomSheet.swift:21:43: error: cannot find type 'UIButton' in scope
private weak var clearPreviousButton: UIButton?
^~~~~~~~
/Users/admin/builder/spi-builder-workspace/Sources/ScreenRadarKit/TrailBottomSheet.swift:11:31: error: cannot find type 'UIViewController' in scope
final class TrailBottomSheet: UIViewController {
^~~~~~~~~~~~~~~~
/Users/admin/builder/spi-builder-workspace/Sources/ScreenRadarKit/TrailBottomSheet.swift:25:19: error: method does not override any method from its superclass
override func viewDidLoad() {
~~~~~~~~ ^
/Users/admin/builder/spi-builder-workspace/Sources/ScreenRadarKit/TrailBottomSheet.swift:242:73: error: cannot find type 'UIView' in scope
private func row(index: Int, entry: TrailEntry, isCurrent: Bool) -> UIView {
^~~~~~
/Applications/Xcode-16.3.0.app/Contents/Developer/Platforms/WatchOS.platform/Developer/SDKs/WatchOS11.4.sdk/System/Library/Frameworks/UIKit.framework/Headers/NSTextAttachment.h:23:1: note: interface 'UIView' forward declared here
@class UIView;
^
/Users/admin/builder/spi-builder-workspace/Sources/ScreenRadarKit/TrailLogger.swift:24:40: error: cannot find type 'UIViewController' in scope
private var currentViewController: UIViewController?
^~~~~~~~~~~~~~~~
/Users/admin/builder/spi-builder-workspace/Sources/ScreenRadarKit/TrailLogger.swift:60:43: error: cannot find type 'UIViewController' in scope
func recordAppear(for viewController: UIViewController) {
^~~~~~~~~~~~~~~~
/Users/admin/builder/spi-builder-workspace/Sources/ScreenRadarKit/TrailLogger.swift:69:50: error: cannot find type 'UIViewController' in scope
func seedInitialTrail(with viewControllers: [UIViewController]) {
^~~~~~~~~~~~~~~~
/Users/admin/builder/spi-builder-workspace/Sources/ScreenRadarKit/TrailLogger.swift:79:46: error: cannot find type 'UIViewController' in scope
func recordDisappear(for viewController: UIViewController) {
^~~~~~~~~~~~~~~~
/Users/admin/builder/spi-builder-workspace/Sources/ScreenRadarKit/TrailLogger.swift:228:43: error: cannot find type 'UIViewController' in scope
private func append(_ viewController: UIViewController) -> Bool {
^~~~~~~~~~~~~~~~
/Users/admin/builder/spi-builder-workspace/Sources/ScreenRadarKit/TrailLogger.swift:254:60: error: cannot find type 'UIViewController' in scope
private func isScreenRadarController(_ viewController: UIViewController) -> Bool {
^~~~~~~~~~~~~~~~
/Users/admin/builder/spi-builder-workspace/Sources/ScreenRadarKit/UIViewController+Swizzling.swift:11:11: error: cannot find type 'UIViewController' in scope
extension UIViewController {
^~~~~~~~~~~~~~~~
/Users/admin/builder/spi-builder-workspace/Sources/ScreenRadarKit/ViewControllerTracker.swift:61:43: error: cannot find type 'UIViewController' in scope
func recordAppear(for viewController: UIViewController) {
^~~~~~~~~~~~~~~~
/Users/admin/builder/spi-builder-workspace/Sources/ScreenRadarKit/ViewControllerTracker.swift:65:46: error: cannot find type 'UIViewController' in scope
func recordDisappear(for viewController: UIViewController) {
^~~~~~~~~~~~~~~~
/Users/admin/builder/spi-builder-workspace/Sources/ScreenRadarKit/ViewControllerTracker.swift:69:48: error: cannot find type 'UIViewController' in scope
func isTopViewController(_ viewController: UIViewController) -> Bool {
^~~~~~~~~~~~~~~~
/Users/admin/builder/spi-builder-workspace/Sources/ScreenRadarKit/ViewControllerTracker.swift:77:39: error: cannot find type 'UIViewController' in scope
func topScreenViewController() -> UIViewController? {
^~~~~~~~~~~~~~~~
/Users/admin/builder/spi-builder-workspace/Sources/ScreenRadarKit/ViewControllerTracker.swift:84:27: error: cannot find type 'UIViewController' in scope
_ viewController: UIViewController,
^~~~~~~~~~~~~~~~
/Users/admin/builder/spi-builder-workspace/Sources/ScreenRadarKit/ViewControllerTracker.swift:115:42: error: cannot find type 'UIViewController' in scope
private func rootViewController() -> UIViewController? {
^~~~~~~~~~~~~~~~
/Users/admin/builder/spi-builder-workspace/Sources/ScreenRadarKit/ViewControllerTracker.swift:141:10: error: cannot find type 'UIViewController' in scope
) -> UIViewController? {
^~~~~~~~~~~~~~~~
/Users/admin/builder/spi-builder-workspace/Sources/ScreenRadarKit/ViewControllerTracker.swift:140:30: error: cannot find type 'UIViewController' in scope
from viewController: UIViewController? = nil
^~~~~~~~~~~~~~~~
/Users/admin/builder/spi-builder-workspace/Sources/ScreenRadarKit/ViewControllerTracker.swift:161:11: error: cannot find type 'UIViewController' in scope
) -> [UIViewController] {
^~~~~~~~~~~~~~~~
/Users/admin/builder/spi-builder-workspace/Sources/ScreenRadarKit/ViewControllerTracker.swift:160:30: error: cannot find type 'UIViewController' in scope
from viewController: UIViewController? = nil
^~~~~~~~~~~~~~~~
SwiftEmitModule normal arm64 Emitting\ module\ for\ ScreenRadarKit (in target 'ScreenRadarKit' from project 'ScreenRadarKit')
Failed frontend command:
/Applications/Xcode-16.3.0.app/Contents/Developer/Toolchains/XcodeDefault.xctoolchain/usr/bin/swift-frontend -frontend -emit-module -experimental-skip-non-inlinable-function-bodies-without-types /Users/admin/builder/spi-builder-workspace/Sources/ScreenRadarKit/OverlayWindow.swift /Users/admin/builder/spi-builder-workspace/Sources/ScreenRadarKit/PassthroughWindow.swift /Users/admin/builder/spi-builder-workspace/Sources/ScreenRadarKit/ScreenRadar.swift /Users/admin/builder/spi-builder-workspace/Sources/ScreenRadarKit/TrailBottomSheet.swift /Users/admin/builder/spi-builder-workspace/Sources/ScreenRadarKit/TrailEntry.swift /Users/admin/builder/spi-builder-workspace/Sources/ScreenRadarKit/TrailLogger.swift /Users/admin/builder/spi-builder-workspace/Sources/ScreenRadarKit/UIViewController+Swizzling.swift /Users/admin/builder/spi-builder-workspace/Sources/ScreenRadarKit/ViewControllerTracker.swift -target arm64-apple-watchos6.0 -Xllvm -aarch64-use-tbi -enable-objc-interop -stack-check -sdk /Applications/Xcode-16.3.0.app/Contents/Developer/Platforms/WatchOS.platform/Developer/SDKs/WatchOS11.4.sdk -I /Users/admin/builder/spi-builder-workspace/.derivedData/Build/Products/Debug-watchos -I /Applications/Xcode-16.3.0.app/Contents/Developer/Platforms/WatchOS.platform/Developer/usr/lib -F /Users/admin/builder/spi-builder-workspace/.derivedData/Build/Products/Debug-watchos -F /Applications/Xcode-16.3.0.app/Contents/Developer/Platforms/WatchOS.platform/Developer/Library/Frameworks -F /Applications/Xcode-16.3.0.app/Contents/Developer/Platforms/WatchOS.platform/Developer/SDKs/WatchOS11.4.sdk/Developer/Library/Frameworks -no-color-diagnostics -enable-testing -g -debug-info-format\=dwarf -dwarf-version\=4 -module-cache-path /Users/admin/builder/spi-builder-workspace/.derivedData/ModuleCache.noindex -profile-generate -profile-coverage-mapping -swift-version 5 -enforce-exclusivity\=checked -stats-output-dir /Users/admin/builder/spi-builder-workspace/.swiftpm/xcode/.stats -Onone -D SWIFT_PACKAGE -D DEBUG -serialize-debugging-options -const-gather-protocols-file /Users/admin/builder/spi-builder-workspace/.derivedData/Build/Intermediates.noindex/ScreenRadarKit.build/Debug-watchos/ScreenRadarKit.build/Objects-normal/arm64/ScreenRadarKit_const_extract_protocols.json -enable-upcoming-feature StrictConcurrency -enable-upcoming-feature DisableOutwardActorInference -enable-upcoming-feature GlobalActorIsolatedTypesUsability -enable-upcoming-feature InferSendableFromCaptures -enable-experimental-feature DebugDescriptionMacro -strict-concurrency\=complete -empty-abi-descriptor -plugin-path /Applications/Xcode-16.3.0.app/Contents/Developer/Toolchains/XcodeDefault.xctoolchain/usr/lib/swift/host/plugins/testing -validate-clang-modules-once -clang-build-session-file /Users/admin/builder/spi-builder-workspace/.derivedData/ModuleCache.noindex/Session.modulevalidation -Xcc -working-directory -Xcc /Users/admin/builder/spi-builder-workspace/.swiftpm/xcode -resource-dir /Applications/Xcode-16.3.0.app/Contents/Developer/Toolchains/XcodeDefault.xctoolchain/usr/lib/swift -enable-anonymous-context-mangled-names -file-compilation-dir /Users/admin/builder/spi-builder-workspace/.swiftpm/xcode -Xcc -ivfsstatcache -Xcc /Users/admin/builder/spi-builder-workspace/.derivedData/SDKStatCaches.noindex/watchos11.4-22T246-43efb940ff07ba2497b70ec94253f576.sdkstatcache -Xcc -I/Users/admin/builder/spi-builder-workspace/.derivedData/Build/Intermediates.noindex/ScreenRadarKit.build/Debug-watchos/ScreenRadarKit.build/swift-overrides.hmap -Xcc -I/Users/admin/builder/spi-builder-workspace/.derivedData/Build/Products/Debug-watchos/include -Xcc -I/Users/admin/builder/spi-builder-workspace/.derivedData/Build/Intermediates.noindex/ScreenRadarKit.build/Debug-watchos/ScreenRadarKit.build/DerivedSources-normal/arm64 -Xcc -I/Users/admin/builder/spi-builder-workspace/.derivedData/Build/Intermediates.noindex/ScreenRadarKit.build/Debug-watchos/ScreenRadarKit.build/DerivedSources/arm64 -Xcc -I/Users/admin/builder/spi-builder-workspace/.derivedData/Build/Intermediates.noindex/ScreenRadarKit.build/Debug-watchos/ScreenRadarKit.build/DerivedSources -Xcc -DSWIFT_PACKAGE -Xcc -DDEBUG\=1 -module-name ScreenRadarKit -frontend-parseable-output -disable-clang-spi -target-sdk-version 11.4 -target-sdk-name watchos11.4 -external-plugin-path /Applications/Xcode-16.3.0.app/Contents/Developer/Platforms/WatchOS.platform/Developer/usr/lib/swift/host/plugins\#/Applications/Xcode-16.3.0.app/Contents/Developer/Platforms/WatchOS.platform/Developer/usr/bin/swift-plugin-server -external-plugin-path /Applications/Xcode-16.3.0.app/Contents/Developer/Platforms/WatchOS.platform/Developer/usr/local/lib/swift/host/plugins\#/Applications/Xcode-16.3.0.app/Contents/Developer/Platforms/WatchOS.platform/Developer/usr/bin/swift-plugin-server -in-process-plugin-server-path /Applications/Xcode-16.3.0.app/Contents/Developer/Toolchains/XcodeDefault.xctoolchain/usr/lib/swift/host/libSwiftInProcPluginServer.dylib -plugin-path /Applications/Xcode-16.3.0.app/Contents/Developer/Toolchains/XcodeDefault.xctoolchain/usr/lib/swift/host/plugins -plugin-path /Applications/Xcode-16.3.0.app/Contents/Developer/Toolchains/XcodeDefault.xctoolchain/usr/local/lib/swift/host/plugins -emit-module-doc-path /Users/admin/builder/spi-builder-workspace/.derivedData/Build/Intermediates.noindex/ScreenRadarKit.build/Debug-watchos/ScreenRadarKit.build/Objects-normal/arm64/ScreenRadarKit.swiftdoc -emit-module-source-info-path /Users/admin/builder/spi-builder-workspace/.derivedData/Build/Intermediates.noindex/ScreenRadarKit.build/Debug-watchos/ScreenRadarKit.build/Objects-normal/arm64/ScreenRadarKit.swiftsourceinfo -emit-objc-header-path /Users/admin/builder/spi-builder-workspace/.derivedData/Build/Intermediates.noindex/ScreenRadarKit.build/Debug-watchos/ScreenRadarKit.build/Objects-normal/arm64/ScreenRadarKit-Swift.h -serialize-diagnostics-path /Users/admin/builder/spi-builder-workspace/.derivedData/Build/Intermediates.noindex/ScreenRadarKit.build/Debug-watchos/ScreenRadarKit.build/Objects-normal/arm64/ScreenRadarKit-master-emit-module.dia -emit-dependencies-path /Users/admin/builder/spi-builder-workspace/.derivedData/Build/Intermediates.noindex/ScreenRadarKit.build/Debug-watchos/ScreenRadarKit.build/Objects-normal/arm64/ScreenRadarKit-master-emit-module.d -o /Users/admin/builder/spi-builder-workspace/.derivedData/Build/Intermediates.noindex/ScreenRadarKit.build/Debug-watchos/ScreenRadarKit.build/Objects-normal/arm64/ScreenRadarKit.swiftmodule -emit-abi-descriptor-path /Users/admin/builder/spi-builder-workspace/.derivedData/Build/Intermediates.noindex/ScreenRadarKit.build/Debug-watchos/ScreenRadarKit.build/Objects-normal/arm64/ScreenRadarKit.abi.json
EmitSwiftModule normal arm64 (in target 'ScreenRadarKit' from project 'ScreenRadarKit')
cd /Users/admin/builder/spi-builder-workspace/.swiftpm/xcode
/Users/admin/builder/spi-builder-workspace/Sources/ScreenRadarKit/OverlayWindow.swift:139:39: error: cannot find type 'UIView' in scope
private func placeLabel(in view: UIView) {
^~~~~~
/Applications/Xcode-16.3.0.app/Contents/Developer/Platforms/WatchOS.platform/Developer/SDKs/WatchOS11.4.sdk/System/Library/Frameworks/UIKit.framework/Headers/NSTextAttachment.h:23:1: note: interface 'UIView' forward declared here
@class UIView;
^
/Users/admin/builder/spi-builder-workspace/Sources/ScreenRadarKit/OverlayWindow.swift:160:40: error: cannot find type 'UIView' in scope
private func resizeLabel(in view: UIView?) {
^~~~~~
/Applications/Xcode-16.3.0.app/Contents/Developer/Platforms/WatchOS.platform/Developer/SDKs/WatchOS11.4.sdk/System/Library/Frameworks/UIKit.framework/Headers/NSTextAttachment.h:23:1: note: interface 'UIView' forward declared here
@class UIView;
^
/Users/admin/builder/spi-builder-workspace/Sources/ScreenRadarKit/OverlayWindow.swift:196:48: error: cannot find type 'UIPanGestureRecognizer' in scope
@objc private func labelPanned(_ gesture: UIPanGestureRecognizer) {
^~~~~~~~~~~~~~~~~~~~~~
/Users/admin/builder/spi-builder-workspace/Sources/ScreenRadarKit/OverlayWindow.swift:261:19: error: cannot find type 'UIView' in scope
in view: UIView
^~~~~~
/Applications/Xcode-16.3.0.app/Contents/Developer/Platforms/WatchOS.platform/Developer/SDKs/WatchOS11.4.sdk/System/Library/Frameworks/UIKit.framework/Headers/NSTextAttachment.h:23:1: note: interface 'UIView' forward declared here
@class UIView;
^
/Users/admin/builder/spi-builder-workspace/Sources/ScreenRadarKit/OverlayWindow.swift:284:19: error: cannot find type 'UIView' in scope
in view: UIView
^~~~~~
/Applications/Xcode-16.3.0.app/Contents/Developer/Platforms/WatchOS.platform/Developer/SDKs/WatchOS11.4.sdk/System/Library/Frameworks/UIKit.framework/Headers/NSTextAttachment.h:23:1: note: interface 'UIView' forward declared here
@class UIView;
^
/Users/admin/builder/spi-builder-workspace/Sources/ScreenRadarKit/OverlayWindow.swift:338:36: error: cannot find type 'UILabel' in scope
private final class PaddingLabel: UILabel {
^~~~~~~
/Users/admin/builder/spi-builder-workspace/Sources/ScreenRadarKit/OverlayWindow.swift:351:20: error: method does not override any method from its superclass
override func drawText(in rect: CGRect) {
~~~~~~~~ ^
/Users/admin/builder/spi-builder-workspace/Sources/ScreenRadarKit/OverlayWindow.swift:355:20: error: method does not override any method from its superclass
override func textRect(
~~~~~~~~ ^
/Users/admin/builder/spi-builder-workspace/Sources/ScreenRadarKit/OverlayWindow.swift:375:20: error: method does not override any method from its superclass
override func sizeThatFits(_ size: CGSize) -> CGSize {
~~~~~~~~ ^
/Users/admin/builder/spi-builder-workspace/Sources/ScreenRadarKit/PassthroughWindow.swift:13:32: error: cannot find type 'UIWindow' in scope
final class PassthroughWindow: UIWindow {
^~~~~~~~
/Users/admin/builder/spi-builder-workspace/Sources/ScreenRadarKit/PassthroughWindow.swift:18:10: error: cannot find type 'UIView' in scope
) -> UIView? {
^~~~~~
/Applications/Xcode-16.3.0.app/Contents/Developer/Platforms/WatchOS.platform/Developer/SDKs/WatchOS11.4.sdk/System/Library/Frameworks/UIKit.framework/Headers/NSTextAttachment.h:23:1: note: interface 'UIView' forward declared here
@class UIView;
^
/Users/admin/builder/spi-builder-workspace/Sources/ScreenRadarKit/PassthroughWindow.swift:17:21: error: cannot find type 'UIEvent' in scope
with event: UIEvent?
^~~~~~~
/Users/admin/builder/spi-builder-workspace/Sources/ScreenRadarKit/TrailBottomSheet.swift:15:31: error: cannot find 'UIView' in scope
private let dimmingView = UIView()
^~~~~~
/Applications/Xcode-16.3.0.app/Contents/Developer/Platforms/WatchOS.platform/Developer/SDKs/WatchOS11.4.sdk/System/Library/Frameworks/UIKit.framework/Headers/NSTextAttachment.h:23:1: note: interface 'UIView' forward declared here
@class UIView;
^
/Users/admin/builder/spi-builder-workspace/Sources/ScreenRadarKit/TrailBottomSheet.swift:16:29: error: cannot find 'UIView' in scope
private let sheetView = UIView()
^~~~~~
/Applications/Xcode-16.3.0.app/Contents/Developer/Platforms/WatchOS.platform/Developer/SDKs/WatchOS11.4.sdk/System/Library/Frameworks/UIKit.framework/Headers/NSTextAttachment.h:23:1: note: interface 'UIView' forward declared here
@class UIView;
^
/Users/admin/builder/spi-builder-workspace/Sources/ScreenRadarKit/TrailBottomSheet.swift:17:29: error: cannot find 'UIStackView' in scope
private let stackView = UIStackView()
^~~~~~~~~~~
/Users/admin/builder/spi-builder-workspace/Sources/ScreenRadarKit/TrailBottomSheet.swift:18:30: error: cannot find 'UIScrollView' in scope
private let scrollView = UIScrollView()
^~~~~~~~~~~~
/Users/admin/builder/spi-builder-workspace/Sources/ScreenRadarKit/TrailBottomSheet.swift:19:36: error: cannot find type 'UIButton' in scope
private weak var exportButton: UIButton?
^~~~~~~~
/Users/admin/builder/spi-builder-workspace/Sources/ScreenRadarKit/TrailBottomSheet.swift:20:42: error: cannot find type 'UIButton' in scope
private weak var clearCurrentButton: UIButton?
^~~~~~~~
/Users/admin/builder/spi-builder-workspace/Sources/ScreenRadarKit/TrailBottomSheet.swift:21:43: error: cannot find type 'UIButton' in scope
private weak var clearPreviousButton: UIButton?
^~~~~~~~
/Users/admin/builder/spi-builder-workspace/Sources/ScreenRadarKit/TrailBottomSheet.swift:11:31: error: cannot find type 'UIViewController' in scope
final class TrailBottomSheet: UIViewController {
^~~~~~~~~~~~~~~~
/Users/admin/builder/spi-builder-workspace/Sources/ScreenRadarKit/TrailBottomSheet.swift:25:19: error: method does not override any method from its superclass
override func viewDidLoad() {
~~~~~~~~ ^
/Users/admin/builder/spi-builder-workspace/Sources/ScreenRadarKit/TrailBottomSheet.swift:242:73: error: cannot find type 'UIView' in scope
private func row(index: Int, entry: TrailEntry, isCurrent: Bool) -> UIView {
^~~~~~
/Applications/Xcode-16.3.0.app/Contents/Developer/Platforms/WatchOS.platform/Developer/SDKs/WatchOS11.4.sdk/System/Library/Frameworks/UIKit.framework/Headers/NSTextAttachment.h:23:1: note: interface 'UIView' forward declared here
@class UIView;
^
/Users/admin/builder/spi-builder-workspace/Sources/ScreenRadarKit/TrailLogger.swift:24:40: error: cannot find type 'UIViewController' in scope
private var currentViewController: UIViewController?
^~~~~~~~~~~~~~~~
/Users/admin/builder/spi-builder-workspace/Sources/ScreenRadarKit/TrailLogger.swift:60:43: error: cannot find type 'UIViewController' in scope
func recordAppear(for viewController: UIViewController) {
^~~~~~~~~~~~~~~~
/Users/admin/builder/spi-builder-workspace/Sources/ScreenRadarKit/TrailLogger.swift:69:50: error: cannot find type 'UIViewController' in scope
func seedInitialTrail(with viewControllers: [UIViewController]) {
^~~~~~~~~~~~~~~~
/Users/admin/builder/spi-builder-workspace/Sources/ScreenRadarKit/TrailLogger.swift:79:46: error: cannot find type 'UIViewController' in scope
func recordDisappear(for viewController: UIViewController) {
^~~~~~~~~~~~~~~~
/Users/admin/builder/spi-builder-workspace/Sources/ScreenRadarKit/TrailLogger.swift:228:43: error: cannot find type 'UIViewController' in scope
private func append(_ viewController: UIViewController) -> Bool {
^~~~~~~~~~~~~~~~
/Users/admin/builder/spi-builder-workspace/Sources/ScreenRadarKit/TrailLogger.swift:254:60: error: cannot find type 'UIViewController' in scope
private func isScreenRadarController(_ viewController: UIViewController) -> Bool {
^~~~~~~~~~~~~~~~
/Users/admin/builder/spi-builder-workspace/Sources/ScreenRadarKit/UIViewController+Swizzling.swift:11:11: error: cannot find type 'UIViewController' in scope
extension UIViewController {
^~~~~~~~~~~~~~~~
/Users/admin/builder/spi-builder-workspace/Sources/ScreenRadarKit/ViewControllerTracker.swift:61:43: error: cannot find type 'UIViewController' in scope
func recordAppear(for viewController: UIViewController) {
^~~~~~~~~~~~~~~~
/Users/admin/builder/spi-builder-workspace/Sources/ScreenRadarKit/ViewControllerTracker.swift:65:46: error: cannot find type 'UIViewController' in scope
func recordDisappear(for viewController: UIViewController) {
^~~~~~~~~~~~~~~~
/Users/admin/builder/spi-builder-workspace/Sources/ScreenRadarKit/ViewControllerTracker.swift:69:48: error: cannot find type 'UIViewController' in scope
func isTopViewController(_ viewController: UIViewController) -> Bool {
^~~~~~~~~~~~~~~~
/Users/admin/builder/spi-builder-workspace/Sources/ScreenRadarKit/ViewControllerTracker.swift:77:39: error: cannot find type 'UIViewController' in scope
func topScreenViewController() -> UIViewController? {
^~~~~~~~~~~~~~~~
/Users/admin/builder/spi-builder-workspace/Sources/ScreenRadarKit/ViewControllerTracker.swift:84:27: error: cannot find type 'UIViewController' in scope
_ viewController: UIViewController,
^~~~~~~~~~~~~~~~
/Users/admin/builder/spi-builder-workspace/Sources/ScreenRadarKit/ViewControllerTracker.swift:115:42: error: cannot find type 'UIViewController' in scope
private func rootViewController() -> UIViewController? {
^~~~~~~~~~~~~~~~
/Users/admin/builder/spi-builder-workspace/Sources/ScreenRadarKit/ViewControllerTracker.swift:141:10: error: cannot find type 'UIViewController' in scope
) -> UIViewController? {
^~~~~~~~~~~~~~~~
/Users/admin/builder/spi-builder-workspace/Sources/ScreenRadarKit/ViewControllerTracker.swift:140:30: error: cannot find type 'UIViewController' in scope
from viewController: UIViewController? = nil
^~~~~~~~~~~~~~~~
/Users/admin/builder/spi-builder-workspace/Sources/ScreenRadarKit/ViewControllerTracker.swift:161:11: error: cannot find type 'UIViewController' in scope
) -> [UIViewController] {
^~~~~~~~~~~~~~~~
/Users/admin/builder/spi-builder-workspace/Sources/ScreenRadarKit/ViewControllerTracker.swift:160:30: error: cannot find type 'UIViewController' in scope
from viewController: UIViewController? = nil
^~~~~~~~~~~~~~~~
** BUILD FAILED **
The following build commands failed:
EmitSwiftModule normal armv7k (in target 'ScreenRadarKit' from project 'ScreenRadarKit')
SwiftEmitModule normal armv7k Emitting\ module\ for\ ScreenRadarKit (in target 'ScreenRadarKit' from project 'ScreenRadarKit')
SwiftEmitModule normal arm64_32 Emitting\ module\ for\ ScreenRadarKit (in target 'ScreenRadarKit' from project 'ScreenRadarKit')
EmitSwiftModule normal arm64_32 (in target 'ScreenRadarKit' from project 'ScreenRadarKit')
SwiftEmitModule normal arm64 Emitting\ module\ for\ ScreenRadarKit (in target 'ScreenRadarKit' from project 'ScreenRadarKit')
EmitSwiftModule normal arm64 (in target 'ScreenRadarKit' from project 'ScreenRadarKit')
Building workspace spi-builder-workspace with scheme ScreenRadarKit
(7 failures)
Command line invocation:
/Applications/Xcode-16.3.0.app/Contents/Developer/usr/bin/xcodebuild -IDEClonedSourcePackagesDirPathOverride=/Users/admin/builder/spi-builder-workspace/.dependencies -resolvePackageDependencies
Resolve Package Graph
Resolved source packages:
ScreenRadarKit: /Users/admin/builder/spi-builder-workspace
resolved source packages: ScreenRadarKit
{
"dependencies" : [
],
"manifest_display_name" : "ScreenRadarKit",
"name" : "ScreenRadarKit",
"path" : "/Users/admin/builder/spi-builder-workspace",
"platforms" : [
{
"name" : "ios",
"version" : "13.0"
}
],
"products" : [
{
"name" : "ScreenRadarKit",
"targets" : [
"ScreenRadarKit"
],
"type" : {
"library" : [
"automatic"
]
}
}
],
"targets" : [
{
"c99name" : "ScreenRadarKitTests",
"module_type" : "SwiftTarget",
"name" : "ScreenRadarKitTests",
"path" : "Tests/ScreenRadarKitTests",
"sources" : [
"ScreenRadarKitTests.swift"
],
"target_dependencies" : [
"ScreenRadarKit"
],
"type" : "test"
},
{
"c99name" : "ScreenRadarKit",
"module_type" : "SwiftTarget",
"name" : "ScreenRadarKit",
"path" : "Sources/ScreenRadarKit",
"product_memberships" : [
"ScreenRadarKit"
],
"sources" : [
"OverlayWindow.swift",
"PassthroughWindow.swift",
"ScreenRadar.swift",
"TrailBottomSheet.swift",
"TrailEntry.swift",
"TrailLogger.swift",
"UIViewController+Swizzling.swift",
"ViewControllerTracker.swift"
],
"type" : "library"
}
],
"tools_version" : "5.7"
}
{
"workspace" : {
"name" : "spi-builder-workspace",
"schemes" : [
"ScreenRadarKit"
]
}
}
Running build ...
env DEVELOPER_DIR=/Applications/Xcode-16.3.0.app xcrun xcodebuild -IDEClonedSourcePackagesDirPathOverride=$PWD/.dependencies -skipMacroValidation -skipPackagePluginValidation -derivedDataPath $PWD/.derivedData build -scheme ScreenRadarKit -destination generic/platform=watchOS
Command line invocation:
/Applications/Xcode-16.3.0.app/Contents/Developer/usr/bin/xcodebuild -IDEClonedSourcePackagesDirPathOverride=/Users/admin/builder/spi-builder-workspace/.dependencies -skipMacroValidation -skipPackagePluginValidation -derivedDataPath /Users/admin/builder/spi-builder-workspace/.derivedData build -scheme ScreenRadarKit -destination generic/platform=watchOS
Resolve Package Graph
Resolved source packages:
ScreenRadarKit: /Users/admin/builder/spi-builder-workspace
ComputePackagePrebuildTargetDependencyGraph
Prepare packages
CreateBuildRequest
SendProjectDescription
CreateBuildOperation
ComputeTargetDependencyGraph
note: Building targets in dependency order
note: Target dependency graph (2 targets)
Target 'ScreenRadarKit' in project 'ScreenRadarKit'
➜ Explicit dependency on target 'ScreenRadarKit' in project 'ScreenRadarKit'
Target 'ScreenRadarKit' in project 'ScreenRadarKit' (no dependencies)
GatherProvisioningInputs
CreateBuildDescription
ExecuteExternalTool /Applications/Xcode-16.3.0.app/Contents/Developer/Toolchains/XcodeDefault.xctoolchain/usr/bin/clang -v -E -dM -isysroot /Applications/Xcode-16.3.0.app/Contents/Developer/Platforms/WatchOS.platform/Developer/SDKs/WatchOS11.4.sdk -x c -c /dev/null
ExecuteExternalTool /Applications/Xcode-16.3.0.app/Contents/Developer/Toolchains/XcodeDefault.xctoolchain/usr/bin/swiftc --version
ExecuteExternalTool /Applications/Xcode-16.3.0.app/Contents/Developer/Toolchains/XcodeDefault.xctoolchain/usr/bin/ld -version_details
Build description signature: 0738890302a26314904dde05d2fd832c
Build description path: /Users/admin/builder/spi-builder-workspace/.derivedData/Build/Intermediates.noindex/XCBuildData/0738890302a26314904dde05d2fd832c.xcbuilddata
ClangStatCache /Applications/Xcode-16.3.0.app/Contents/Developer/Toolchains/XcodeDefault.xctoolchain/usr/bin/clang-stat-cache /Applications/Xcode-16.3.0.app/Contents/Developer/Platforms/WatchOS.platform/Developer/SDKs/WatchOS11.4.sdk /Users/admin/builder/spi-builder-workspace/.derivedData/SDKStatCaches.noindex/watchos11.4-22T246-43efb940ff07ba2497b70ec94253f576.sdkstatcache
cd /Users/admin/builder/spi-builder-workspace/.swiftpm/xcode
/Applications/Xcode-16.3.0.app/Contents/Developer/Toolchains/XcodeDefault.xctoolchain/usr/bin/clang-stat-cache /Applications/Xcode-16.3.0.app/Contents/Developer/Platforms/WatchOS.platform/Developer/SDKs/WatchOS11.4.sdk -o /Users/admin/builder/spi-builder-workspace/.derivedData/SDKStatCaches.noindex/watchos11.4-22T246-43efb940ff07ba2497b70ec94253f576.sdkstatcache
SwiftDriver ScreenRadarKit normal arm64_32 com.apple.xcode.tools.swift.compiler (in target 'ScreenRadarKit' from project 'ScreenRadarKit')
cd /Users/admin/builder/spi-builder-workspace/.swiftpm/xcode
builtin-SwiftDriver -- /Applications/Xcode-16.3.0.app/Contents/Developer/Toolchains/XcodeDefault.xctoolchain/usr/bin/swiftc -module-name ScreenRadarKit -Onone -enforce-exclusivity\=checked @/Users/admin/builder/spi-builder-workspace/.derivedData/Build/Intermediates.noindex/ScreenRadarKit.build/Debug-watchos/ScreenRadarKit.build/Objects-normal/arm64_32/ScreenRadarKit.SwiftFileList -DSWIFT_PACKAGE -DDEBUG -DXcode -plugin-path /Applications/Xcode-16.3.0.app/Contents/Developer/Toolchains/XcodeDefault.xctoolchain/usr/lib/swift/host/plugins/testing -enable-experimental-feature DebugDescriptionMacro -sdk /Applications/Xcode-16.3.0.app/Contents/Developer/Platforms/WatchOS.platform/Developer/SDKs/WatchOS11.4.sdk -target arm64_32-apple-watchos6.0 -g -module-cache-path /Users/admin/builder/spi-builder-workspace/.derivedData/ModuleCache.noindex -Xfrontend -serialize-debugging-options -profile-coverage-mapping -profile-generate -enable-testing -index-store-path /Users/admin/builder/spi-builder-workspace/.derivedData/Index.noindex/DataStore -swift-version 5 -I /Users/admin/builder/spi-builder-workspace/.derivedData/Build/Products/Debug-watchos -I /Applications/Xcode-16.3.0.app/Contents/Developer/Platforms/WatchOS.platform/Developer/usr/lib -F /Users/admin/builder/spi-builder-workspace/.derivedData/Build/Products/Debug-watchos -F /Applications/Xcode-16.3.0.app/Contents/Developer/Platforms/WatchOS.platform/Developer/Library/Frameworks -F /Applications/Xcode-16.3.0.app/Contents/Developer/Platforms/WatchOS.platform/Developer/SDKs/WatchOS11.4.sdk/Developer/Library/Frameworks -c -j10 -enable-batch-mode -incremental -Xcc -ivfsstatcache -Xcc /Users/admin/builder/spi-builder-workspace/.derivedData/SDKStatCaches.noindex/watchos11.4-22T246-43efb940ff07ba2497b70ec94253f576.sdkstatcache -output-file-map /Users/admin/builder/spi-builder-workspace/.derivedData/Build/Intermediates.noindex/ScreenRadarKit.build/Debug-watchos/ScreenRadarKit.build/Objects-normal/arm64_32/ScreenRadarKit-OutputFileMap.json -use-frontend-parseable-output -save-temps -no-color-diagnostics -serialize-diagnostics -emit-dependencies -emit-module -emit-module-path /Users/admin/builder/spi-builder-workspace/.derivedData/Build/Intermediates.noindex/ScreenRadarKit.build/Debug-watchos/ScreenRadarKit.build/Objects-normal/arm64_32/ScreenRadarKit.swiftmodule -validate-clang-modules-once -clang-build-session-file /Users/admin/builder/spi-builder-workspace/.derivedData/ModuleCache.noindex/Session.modulevalidation -Xcc -I/Users/admin/builder/spi-builder-workspace/.derivedData/Build/Intermediates.noindex/ScreenRadarKit.build/Debug-watchos/ScreenRadarKit.build/swift-overrides.hmap -emit-const-values -Xfrontend -const-gather-protocols-file -Xfrontend /Users/admin/builder/spi-builder-workspace/.derivedData/Build/Intermediates.noindex/ScreenRadarKit.build/Debug-watchos/ScreenRadarKit.build/Objects-normal/arm64_32/ScreenRadarKit_const_extract_protocols.json -Xcc -I/Users/admin/builder/spi-builder-workspace/.derivedData/Build/Products/Debug-watchos/include -Xcc -I/Users/admin/builder/spi-builder-workspace/.derivedData/Build/Intermediates.noindex/ScreenRadarKit.build/Debug-watchos/ScreenRadarKit.build/DerivedSources-normal/arm64_32 -Xcc -I/Users/admin/builder/spi-builder-workspace/.derivedData/Build/Intermediates.noindex/ScreenRadarKit.build/Debug-watchos/ScreenRadarKit.build/DerivedSources/arm64_32 -Xcc -I/Users/admin/builder/spi-builder-workspace/.derivedData/Build/Intermediates.noindex/ScreenRadarKit.build/Debug-watchos/ScreenRadarKit.build/DerivedSources -Xcc -DSWIFT_PACKAGE -Xcc -DDEBUG\=1 -emit-objc-header -emit-objc-header-path /Users/admin/builder/spi-builder-workspace/.derivedData/Build/Intermediates.noindex/ScreenRadarKit.build/Debug-watchos/ScreenRadarKit.build/Objects-normal/arm64_32/ScreenRadarKit-Swift.h -working-directory /Users/admin/builder/spi-builder-workspace/.swiftpm/xcode -experimental-emit-module-separately -disable-cmo
SwiftDriver ScreenRadarKit normal armv7k com.apple.xcode.tools.swift.compiler (in target 'ScreenRadarKit' from project 'ScreenRadarKit')
cd /Users/admin/builder/spi-builder-workspace/.swiftpm/xcode
builtin-SwiftDriver -- /Applications/Xcode-16.3.0.app/Contents/Developer/Toolchains/XcodeDefault.xctoolchain/usr/bin/swiftc -module-name ScreenRadarKit -Onone -enforce-exclusivity\=checked @/Users/admin/builder/spi-builder-workspace/.derivedData/Build/Intermediates.noindex/ScreenRadarKit.build/Debug-watchos/ScreenRadarKit.build/Objects-normal/armv7k/ScreenRadarKit.SwiftFileList -DSWIFT_PACKAGE -DDEBUG -DXcode -plugin-path /Applications/Xcode-16.3.0.app/Contents/Developer/Toolchains/XcodeDefault.xctoolchain/usr/lib/swift/host/plugins/testing -enable-experimental-feature DebugDescriptionMacro -sdk /Applications/Xcode-16.3.0.app/Contents/Developer/Platforms/WatchOS.platform/Developer/SDKs/WatchOS11.4.sdk -target armv7k-apple-watchos6.0 -g -module-cache-path /Users/admin/builder/spi-builder-workspace/.derivedData/ModuleCache.noindex -Xfrontend -serialize-debugging-options -profile-coverage-mapping -profile-generate -enable-testing -index-store-path /Users/admin/builder/spi-builder-workspace/.derivedData/Index.noindex/DataStore -swift-version 5 -I /Users/admin/builder/spi-builder-workspace/.derivedData/Build/Products/Debug-watchos -I /Applications/Xcode-16.3.0.app/Contents/Developer/Platforms/WatchOS.platform/Developer/usr/lib -F /Users/admin/builder/spi-builder-workspace/.derivedData/Build/Products/Debug-watchos -F /Applications/Xcode-16.3.0.app/Contents/Developer/Platforms/WatchOS.platform/Developer/Library/Frameworks -F /Applications/Xcode-16.3.0.app/Contents/Developer/Platforms/WatchOS.platform/Developer/SDKs/WatchOS11.4.sdk/Developer/Library/Frameworks -c -j10 -enable-batch-mode -incremental -Xcc -ivfsstatcache -Xcc /Users/admin/builder/spi-builder-workspace/.derivedData/SDKStatCaches.noindex/watchos11.4-22T246-43efb940ff07ba2497b70ec94253f576.sdkstatcache -output-file-map /Users/admin/builder/spi-builder-workspace/.derivedData/Build/Intermediates.noindex/ScreenRadarKit.build/Debug-watchos/ScreenRadarKit.build/Objects-normal/armv7k/ScreenRadarKit-OutputFileMap.json -use-frontend-parseable-output -save-temps -no-color-diagnostics -serialize-diagnostics -emit-dependencies -emit-module -emit-module-path /Users/admin/builder/spi-builder-workspace/.derivedData/Build/Intermediates.noindex/ScreenRadarKit.build/Debug-watchos/ScreenRadarKit.build/Objects-normal/armv7k/ScreenRadarKit.swiftmodule -validate-clang-modules-once -clang-build-session-file /Users/admin/builder/spi-builder-workspace/.derivedData/ModuleCache.noindex/Session.modulevalidation -Xcc -I/Users/admin/builder/spi-builder-workspace/.derivedData/Build/Intermediates.noindex/ScreenRadarKit.build/Debug-watchos/ScreenRadarKit.build/swift-overrides.hmap -emit-const-values -Xfrontend -const-gather-protocols-file -Xfrontend /Users/admin/builder/spi-builder-workspace/.derivedData/Build/Intermediates.noindex/ScreenRadarKit.build/Debug-watchos/ScreenRadarKit.build/Objects-normal/armv7k/ScreenRadarKit_const_extract_protocols.json -Xcc -I/Users/admin/builder/spi-builder-workspace/.derivedData/Build/Products/Debug-watchos/include -Xcc -I/Users/admin/builder/spi-builder-workspace/.derivedData/Build/Intermediates.noindex/ScreenRadarKit.build/Debug-watchos/ScreenRadarKit.build/DerivedSources-normal/armv7k -Xcc -I/Users/admin/builder/spi-builder-workspace/.derivedData/Build/Intermediates.noindex/ScreenRadarKit.build/Debug-watchos/ScreenRadarKit.build/DerivedSources/armv7k -Xcc -I/Users/admin/builder/spi-builder-workspace/.derivedData/Build/Intermediates.noindex/ScreenRadarKit.build/Debug-watchos/ScreenRadarKit.build/DerivedSources -Xcc -DSWIFT_PACKAGE -Xcc -DDEBUG\=1 -emit-objc-header -emit-objc-header-path /Users/admin/builder/spi-builder-workspace/.derivedData/Build/Intermediates.noindex/ScreenRadarKit.build/Debug-watchos/ScreenRadarKit.build/Objects-normal/armv7k/ScreenRadarKit-Swift.h -working-directory /Users/admin/builder/spi-builder-workspace/.swiftpm/xcode -experimental-emit-module-separately -disable-cmo
SwiftDriver ScreenRadarKit normal arm64 com.apple.xcode.tools.swift.compiler (in target 'ScreenRadarKit' from project 'ScreenRadarKit')
cd /Users/admin/builder/spi-builder-workspace/.swiftpm/xcode
builtin-SwiftDriver -- /Applications/Xcode-16.3.0.app/Contents/Developer/Toolchains/XcodeDefault.xctoolchain/usr/bin/swiftc -module-name ScreenRadarKit -Onone -enforce-exclusivity\=checked @/Users/admin/builder/spi-builder-workspace/.derivedData/Build/Intermediates.noindex/ScreenRadarKit.build/Debug-watchos/ScreenRadarKit.build/Objects-normal/arm64/ScreenRadarKit.SwiftFileList -DSWIFT_PACKAGE -DDEBUG -DXcode -plugin-path /Applications/Xcode-16.3.0.app/Contents/Developer/Toolchains/XcodeDefault.xctoolchain/usr/lib/swift/host/plugins/testing -enable-experimental-feature DebugDescriptionMacro -sdk /Applications/Xcode-16.3.0.app/Contents/Developer/Platforms/WatchOS.platform/Developer/SDKs/WatchOS11.4.sdk -target arm64-apple-watchos6.0 -g -module-cache-path /Users/admin/builder/spi-builder-workspace/.derivedData/ModuleCache.noindex -Xfrontend -serialize-debugging-options -profile-coverage-mapping -profile-generate -enable-testing -index-store-path /Users/admin/builder/spi-builder-workspace/.derivedData/Index.noindex/DataStore -swift-version 5 -I /Users/admin/builder/spi-builder-workspace/.derivedData/Build/Products/Debug-watchos -I /Applications/Xcode-16.3.0.app/Contents/Developer/Platforms/WatchOS.platform/Developer/usr/lib -F /Users/admin/builder/spi-builder-workspace/.derivedData/Build/Products/Debug-watchos -F /Applications/Xcode-16.3.0.app/Contents/Developer/Platforms/WatchOS.platform/Developer/Library/Frameworks -F /Applications/Xcode-16.3.0.app/Contents/Developer/Platforms/WatchOS.platform/Developer/SDKs/WatchOS11.4.sdk/Developer/Library/Frameworks -c -j10 -enable-batch-mode -incremental -Xcc -ivfsstatcache -Xcc /Users/admin/builder/spi-builder-workspace/.derivedData/SDKStatCaches.noindex/watchos11.4-22T246-43efb940ff07ba2497b70ec94253f576.sdkstatcache -output-file-map /Users/admin/builder/spi-builder-workspace/.derivedData/Build/Intermediates.noindex/ScreenRadarKit.build/Debug-watchos/ScreenRadarKit.build/Objects-normal/arm64/ScreenRadarKit-OutputFileMap.json -use-frontend-parseable-output -save-temps -no-color-diagnostics -serialize-diagnostics -emit-dependencies -emit-module -emit-module-path /Users/admin/builder/spi-builder-workspace/.derivedData/Build/Intermediates.noindex/ScreenRadarKit.build/Debug-watchos/ScreenRadarKit.build/Objects-normal/arm64/ScreenRadarKit.swiftmodule -validate-clang-modules-once -clang-build-session-file /Users/admin/builder/spi-builder-workspace/.derivedData/ModuleCache.noindex/Session.modulevalidation -Xcc -I/Users/admin/builder/spi-builder-workspace/.derivedData/Build/Intermediates.noindex/ScreenRadarKit.build/Debug-watchos/ScreenRadarKit.build/swift-overrides.hmap -emit-const-values -Xfrontend -const-gather-protocols-file -Xfrontend /Users/admin/builder/spi-builder-workspace/.derivedData/Build/Intermediates.noindex/ScreenRadarKit.build/Debug-watchos/ScreenRadarKit.build/Objects-normal/arm64/ScreenRadarKit_const_extract_protocols.json -Xcc -I/Users/admin/builder/spi-builder-workspace/.derivedData/Build/Products/Debug-watchos/include -Xcc -I/Users/admin/builder/spi-builder-workspace/.derivedData/Build/Intermediates.noindex/ScreenRadarKit.build/Debug-watchos/ScreenRadarKit.build/DerivedSources-normal/arm64 -Xcc -I/Users/admin/builder/spi-builder-workspace/.derivedData/Build/Intermediates.noindex/ScreenRadarKit.build/Debug-watchos/ScreenRadarKit.build/DerivedSources/arm64 -Xcc -I/Users/admin/builder/spi-builder-workspace/.derivedData/Build/Intermediates.noindex/ScreenRadarKit.build/Debug-watchos/ScreenRadarKit.build/DerivedSources -Xcc -DSWIFT_PACKAGE -Xcc -DDEBUG\=1 -emit-objc-header -emit-objc-header-path /Users/admin/builder/spi-builder-workspace/.derivedData/Build/Intermediates.noindex/ScreenRadarKit.build/Debug-watchos/ScreenRadarKit.build/Objects-normal/arm64/ScreenRadarKit-Swift.h -working-directory /Users/admin/builder/spi-builder-workspace/.swiftpm/xcode -experimental-emit-module-separately -disable-cmo
SwiftEmitModule normal armv7k Emitting\ module\ for\ ScreenRadarKit (in target 'ScreenRadarKit' from project 'ScreenRadarKit')
EmitSwiftModule normal armv7k (in target 'ScreenRadarKit' from project 'ScreenRadarKit')
cd /Users/admin/builder/spi-builder-workspace/.swiftpm/xcode
/Users/admin/builder/spi-builder-workspace/Sources/ScreenRadarKit/OverlayWindow.swift:139:39: error: cannot find type 'UIView' in scope
private func placeLabel(in view: UIView) {
^~~~~~
/Applications/Xcode-16.3.0.app/Contents/Developer/Platforms/WatchOS.platform/Developer/SDKs/WatchOS11.4.sdk/System/Library/Frameworks/UIKit.framework/Headers/NSTextAttachment.h:23:1: note: interface 'UIView' forward declared here
@class UIView;
^
/Users/admin/builder/spi-builder-workspace/Sources/ScreenRadarKit/OverlayWindow.swift:160:40: error: cannot find type 'UIView' in scope
private func resizeLabel(in view: UIView?) {
^~~~~~
/Applications/Xcode-16.3.0.app/Contents/Developer/Platforms/WatchOS.platform/Developer/SDKs/WatchOS11.4.sdk/System/Library/Frameworks/UIKit.framework/Headers/NSTextAttachment.h:23:1: note: interface 'UIView' forward declared here
@class UIView;
^
/Users/admin/builder/spi-builder-workspace/Sources/ScreenRadarKit/OverlayWindow.swift:196:48: error: cannot find type 'UIPanGestureRecognizer' in scope
@objc private func labelPanned(_ gesture: UIPanGestureRecognizer) {
^~~~~~~~~~~~~~~~~~~~~~
/Users/admin/builder/spi-builder-workspace/Sources/ScreenRadarKit/OverlayWindow.swift:261:19: error: cannot find type 'UIView' in scope
in view: UIView
^~~~~~
/Applications/Xcode-16.3.0.app/Contents/Developer/Platforms/WatchOS.platform/Developer/SDKs/WatchOS11.4.sdk/System/Library/Frameworks/UIKit.framework/Headers/NSTextAttachment.h:23:1: note: interface 'UIView' forward declared here
@class UIView;
^
/Users/admin/builder/spi-builder-workspace/Sources/ScreenRadarKit/OverlayWindow.swift:284:19: error: cannot find type 'UIView' in scope
in view: UIView
^~~~~~
/Applications/Xcode-16.3.0.app/Contents/Developer/Platforms/WatchOS.platform/Developer/SDKs/WatchOS11.4.sdk/System/Library/Frameworks/UIKit.framework/Headers/NSTextAttachment.h:23:1: note: interface 'UIView' forward declared here
@class UIView;
^
/Users/admin/builder/spi-builder-workspace/Sources/ScreenRadarKit/OverlayWindow.swift:338:36: error: cannot find type 'UILabel' in scope
private final class PaddingLabel: UILabel {
^~~~~~~
/Users/admin/builder/spi-builder-workspace/Sources/ScreenRadarKit/OverlayWindow.swift:351:20: error: method does not override any method from its superclass
override func drawText(in rect: CGRect) {
~~~~~~~~ ^
/Users/admin/builder/spi-builder-workspace/Sources/ScreenRadarKit/OverlayWindow.swift:355:20: error: method does not override any method from its superclass
override func textRect(
~~~~~~~~ ^
/Users/admin/builder/spi-builder-workspace/Sources/ScreenRadarKit/OverlayWindow.swift:375:20: error: method does not override any method from its superclass
override func sizeThatFits(_ size: CGSize) -> CGSize {
~~~~~~~~ ^
/Users/admin/builder/spi-builder-workspace/Sources/ScreenRadarKit/PassthroughWindow.swift:13:32: error: cannot find type 'UIWindow' in scope
final class PassthroughWindow: UIWindow {
^~~~~~~~
/Users/admin/builder/spi-builder-workspace/Sources/ScreenRadarKit/PassthroughWindow.swift:18:10: error: cannot find type 'UIView' in scope
) -> UIView? {
^~~~~~
/Applications/Xcode-16.3.0.app/Contents/Developer/Platforms/WatchOS.platform/Developer/SDKs/WatchOS11.4.sdk/System/Library/Frameworks/UIKit.framework/Headers/NSTextAttachment.h:23:1: note: interface 'UIView' forward declared here
@class UIView;
^
/Users/admin/builder/spi-builder-workspace/Sources/ScreenRadarKit/PassthroughWindow.swift:17:21: error: cannot find type 'UIEvent' in scope
with event: UIEvent?
^~~~~~~
/Users/admin/builder/spi-builder-workspace/Sources/ScreenRadarKit/TrailBottomSheet.swift:11:31: error: cannot find type 'UIViewController' in scope
final class TrailBottomSheet: UIViewController {
^~~~~~~~~~~~~~~~
/Users/admin/builder/spi-builder-workspace/Sources/ScreenRadarKit/TrailBottomSheet.swift:15:31: error: cannot find 'UIView' in scope
private let dimmingView = UIView()
^~~~~~
/Applications/Xcode-16.3.0.app/Contents/Developer/Platforms/WatchOS.platform/Developer/SDKs/WatchOS11.4.sdk/System/Library/Frameworks/UIKit.framework/Headers/NSTextAttachment.h:23:1: note: interface 'UIView' forward declared here
@class UIView;
^
/Users/admin/builder/spi-builder-workspace/Sources/ScreenRadarKit/TrailBottomSheet.swift:16:29: error: cannot find 'UIView' in scope
private let sheetView = UIView()
^~~~~~
/Applications/Xcode-16.3.0.app/Contents/Developer/Platforms/WatchOS.platform/Developer/SDKs/WatchOS11.4.sdk/System/Library/Frameworks/UIKit.framework/Headers/NSTextAttachment.h:23:1: note: interface 'UIView' forward declared here
@class UIView;
^
/Users/admin/builder/spi-builder-workspace/Sources/ScreenRadarKit/TrailBottomSheet.swift:17:29: error: cannot find 'UIStackView' in scope
private let stackView = UIStackView()
^~~~~~~~~~~
/Users/admin/builder/spi-builder-workspace/Sources/ScreenRadarKit/TrailBottomSheet.swift:18:30: error: cannot find 'UIScrollView' in scope
private let scrollView = UIScrollView()
^~~~~~~~~~~~
/Users/admin/builder/spi-builder-workspace/Sources/ScreenRadarKit/TrailBottomSheet.swift:19:36: error: cannot find type 'UIButton' in scope
private weak var exportButton: UIButton?
^~~~~~~~
/Users/admin/builder/spi-builder-workspace/Sources/ScreenRadarKit/TrailBottomSheet.swift:20:42: error: cannot find type 'UIButton' in scope
private weak var clearCurrentButton: UIButton?
^~~~~~~~
/Users/admin/builder/spi-builder-workspace/Sources/ScreenRadarKit/TrailBottomSheet.swift:21:43: error: cannot find type 'UIButton' in scope
private weak var clearPreviousButton: UIButton?
^~~~~~~~
/Users/admin/builder/spi-builder-workspace/Sources/ScreenRadarKit/TrailBottomSheet.swift:25:19: error: method does not override any method from its superclass
override func viewDidLoad() {
~~~~~~~~ ^
/Users/admin/builder/spi-builder-workspace/Sources/ScreenRadarKit/TrailBottomSheet.swift:242:73: error: cannot find type 'UIView' in scope
private func row(index: Int, entry: TrailEntry, isCurrent: Bool) -> UIView {
^~~~~~
/Applications/Xcode-16.3.0.app/Contents/Developer/Platforms/WatchOS.platform/Developer/SDKs/WatchOS11.4.sdk/System/Library/Frameworks/UIKit.framework/Headers/NSTextAttachment.h:23:1: note: interface 'UIView' forward declared here
@class UIView;
^
/Users/admin/builder/spi-builder-workspace/Sources/ScreenRadarKit/TrailLogger.swift:24:40: error: cannot find type 'UIViewController' in scope
private var currentViewController: UIViewController?
^~~~~~~~~~~~~~~~
/Users/admin/builder/spi-builder-workspace/Sources/ScreenRadarKit/TrailLogger.swift:60:43: error: cannot find type 'UIViewController' in scope
func recordAppear(for viewController: UIViewController) {
^~~~~~~~~~~~~~~~
/Users/admin/builder/spi-builder-workspace/Sources/ScreenRadarKit/TrailLogger.swift:69:50: error: cannot find type 'UIViewController' in scope
func seedInitialTrail(with viewControllers: [UIViewController]) {
^~~~~~~~~~~~~~~~
/Users/admin/builder/spi-builder-workspace/Sources/ScreenRadarKit/TrailLogger.swift:79:46: error: cannot find type 'UIViewController' in scope
func recordDisappear(for viewController: UIViewController) {
^~~~~~~~~~~~~~~~
/Users/admin/builder/spi-builder-workspace/Sources/ScreenRadarKit/TrailLogger.swift:228:43: error: cannot find type 'UIViewController' in scope
private func append(_ viewController: UIViewController) -> Bool {
^~~~~~~~~~~~~~~~
/Users/admin/builder/spi-builder-workspace/Sources/ScreenRadarKit/TrailLogger.swift:254:60: error: cannot find type 'UIViewController' in scope
private func isScreenRadarController(_ viewController: UIViewController) -> Bool {
^~~~~~~~~~~~~~~~
/Users/admin/builder/spi-builder-workspace/Sources/ScreenRadarKit/UIViewController+Swizzling.swift:11:11: error: cannot find type 'UIViewController' in scope
extension UIViewController {
^~~~~~~~~~~~~~~~
/Users/admin/builder/spi-builder-workspace/Sources/ScreenRadarKit/ViewControllerTracker.swift:61:43: error: cannot find type 'UIViewController' in scope
func recordAppear(for viewController: UIViewController) {
^~~~~~~~~~~~~~~~
/Users/admin/builder/spi-builder-workspace/Sources/ScreenRadarKit/ViewControllerTracker.swift:65:46: error: cannot find type 'UIViewController' in scope
func recordDisappear(for viewController: UIViewController) {
^~~~~~~~~~~~~~~~
/Users/admin/builder/spi-builder-workspace/Sources/ScreenRadarKit/ViewControllerTracker.swift:69:48: error: cannot find type 'UIViewController' in scope
func isTopViewController(_ viewController: UIViewController) -> Bool {
^~~~~~~~~~~~~~~~
/Users/admin/builder/spi-builder-workspace/Sources/ScreenRadarKit/ViewControllerTracker.swift:77:39: error: cannot find type 'UIViewController' in scope
func topScreenViewController() -> UIViewController? {
^~~~~~~~~~~~~~~~
/Users/admin/builder/spi-builder-workspace/Sources/ScreenRadarKit/ViewControllerTracker.swift:84:27: error: cannot find type 'UIViewController' in scope
_ viewController: UIViewController,
^~~~~~~~~~~~~~~~
/Users/admin/builder/spi-builder-workspace/Sources/ScreenRadarKit/ViewControllerTracker.swift:115:42: error: cannot find type 'UIViewController' in scope
private func rootViewController() -> UIViewController? {
^~~~~~~~~~~~~~~~
/Users/admin/builder/spi-builder-workspace/Sources/ScreenRadarKit/ViewControllerTracker.swift:141:10: error: cannot find type 'UIViewController' in scope
) -> UIViewController? {
^~~~~~~~~~~~~~~~
/Users/admin/builder/spi-builder-workspace/Sources/ScreenRadarKit/ViewControllerTracker.swift:140:30: error: cannot find type 'UIViewController' in scope
from viewController: UIViewController? = nil
^~~~~~~~~~~~~~~~
/Users/admin/builder/spi-builder-workspace/Sources/ScreenRadarKit/ViewControllerTracker.swift:161:11: error: cannot find type 'UIViewController' in scope
) -> [UIViewController] {
^~~~~~~~~~~~~~~~
/Users/admin/builder/spi-builder-workspace/Sources/ScreenRadarKit/ViewControllerTracker.swift:160:30: error: cannot find type 'UIViewController' in scope
from viewController: UIViewController? = nil
^~~~~~~~~~~~~~~~
Failed frontend command:
/Applications/Xcode-16.3.0.app/Contents/Developer/Toolchains/XcodeDefault.xctoolchain/usr/bin/swift-frontend -frontend -emit-module -experimental-skip-non-inlinable-function-bodies-without-types /Users/admin/builder/spi-builder-workspace/Sources/ScreenRadarKit/OverlayWindow.swift /Users/admin/builder/spi-builder-workspace/Sources/ScreenRadarKit/PassthroughWindow.swift /Users/admin/builder/spi-builder-workspace/Sources/ScreenRadarKit/ScreenRadar.swift /Users/admin/builder/spi-builder-workspace/Sources/ScreenRadarKit/TrailBottomSheet.swift /Users/admin/builder/spi-builder-workspace/Sources/ScreenRadarKit/TrailEntry.swift /Users/admin/builder/spi-builder-workspace/Sources/ScreenRadarKit/TrailLogger.swift /Users/admin/builder/spi-builder-workspace/Sources/ScreenRadarKit/UIViewController+Swizzling.swift /Users/admin/builder/spi-builder-workspace/Sources/ScreenRadarKit/ViewControllerTracker.swift -target armv7k-apple-watchos6.0 -enable-objc-interop -stack-check -sdk /Applications/Xcode-16.3.0.app/Contents/Developer/Platforms/WatchOS.platform/Developer/SDKs/WatchOS11.4.sdk -I /Users/admin/builder/spi-builder-workspace/.derivedData/Build/Products/Debug-watchos -I /Applications/Xcode-16.3.0.app/Contents/Developer/Platforms/WatchOS.platform/Developer/usr/lib -F /Users/admin/builder/spi-builder-workspace/.derivedData/Build/Products/Debug-watchos -F /Applications/Xcode-16.3.0.app/Contents/Developer/Platforms/WatchOS.platform/Developer/Library/Frameworks -F /Applications/Xcode-16.3.0.app/Contents/Developer/Platforms/WatchOS.platform/Developer/SDKs/WatchOS11.4.sdk/Developer/Library/Frameworks -no-color-diagnostics -enable-testing -g -debug-info-format\=dwarf -dwarf-version\=4 -module-cache-path /Users/admin/builder/spi-builder-workspace/.derivedData/ModuleCache.noindex -profile-generate -profile-coverage-mapping -swift-version 5 -enforce-exclusivity\=checked -Onone -D SWIFT_PACKAGE -D DEBUG -D Xcode -serialize-debugging-options -const-gather-protocols-file /Users/admin/builder/spi-builder-workspace/.derivedData/Build/Intermediates.noindex/ScreenRadarKit.build/Debug-watchos/ScreenRadarKit.build/Objects-normal/armv7k/ScreenRadarKit_const_extract_protocols.json -enable-experimental-feature DebugDescriptionMacro -empty-abi-descriptor -plugin-path /Applications/Xcode-16.3.0.app/Contents/Developer/Toolchains/XcodeDefault.xctoolchain/usr/lib/swift/host/plugins/testing -validate-clang-modules-once -clang-build-session-file /Users/admin/builder/spi-builder-workspace/.derivedData/ModuleCache.noindex/Session.modulevalidation -Xcc -working-directory -Xcc /Users/admin/builder/spi-builder-workspace/.swiftpm/xcode -resource-dir /Applications/Xcode-16.3.0.app/Contents/Developer/Toolchains/XcodeDefault.xctoolchain/usr/lib/swift -enable-anonymous-context-mangled-names -file-compilation-dir /Users/admin/builder/spi-builder-workspace/.swiftpm/xcode -Xcc -ivfsstatcache -Xcc /Users/admin/builder/spi-builder-workspace/.derivedData/SDKStatCaches.noindex/watchos11.4-22T246-43efb940ff07ba2497b70ec94253f576.sdkstatcache -Xcc -I/Users/admin/builder/spi-builder-workspace/.derivedData/Build/Intermediates.noindex/ScreenRadarKit.build/Debug-watchos/ScreenRadarKit.build/swift-overrides.hmap -Xcc -I/Users/admin/builder/spi-builder-workspace/.derivedData/Build/Products/Debug-watchos/include -Xcc -I/Users/admin/builder/spi-builder-workspace/.derivedData/Build/Intermediates.noindex/ScreenRadarKit.build/Debug-watchos/ScreenRadarKit.build/DerivedSources-normal/armv7k -Xcc -I/Users/admin/builder/spi-builder-workspace/.derivedData/Build/Intermediates.noindex/ScreenRadarKit.build/Debug-watchos/ScreenRadarKit.build/DerivedSources/armv7k -Xcc -I/Users/admin/builder/spi-builder-workspace/.derivedData/Build/Intermediates.noindex/ScreenRadarKit.build/Debug-watchos/ScreenRadarKit.build/DerivedSources -Xcc -DSWIFT_PACKAGE -Xcc -DDEBUG\=1 -module-name ScreenRadarKit -frontend-parseable-output -disable-clang-spi -target-sdk-version 11.4 -target-sdk-name watchos11.4 -external-plugin-path /Applications/Xcode-16.3.0.app/Contents/Developer/Platforms/WatchOS.platform/Developer/usr/lib/swift/host/plugins\#/Applications/Xcode-16.3.0.app/Contents/Developer/Platforms/WatchOS.platform/Developer/usr/bin/swift-plugin-server -external-plugin-path /Applications/Xcode-16.3.0.app/Contents/Developer/Platforms/WatchOS.platform/Developer/usr/local/lib/swift/host/plugins\#/Applications/Xcode-16.3.0.app/Contents/Developer/Platforms/WatchOS.platform/Developer/usr/bin/swift-plugin-server -in-process-plugin-server-path /Applications/Xcode-16.3.0.app/Contents/Developer/Toolchains/XcodeDefault.xctoolchain/usr/lib/swift/host/libSwiftInProcPluginServer.dylib -plugin-path /Applications/Xcode-16.3.0.app/Contents/Developer/Toolchains/XcodeDefault.xctoolchain/usr/lib/swift/host/plugins -plugin-path /Applications/Xcode-16.3.0.app/Contents/Developer/Toolchains/XcodeDefault.xctoolchain/usr/local/lib/swift/host/plugins -emit-module-doc-path /Users/admin/builder/spi-builder-workspace/.derivedData/Build/Intermediates.noindex/ScreenRadarKit.build/Debug-watchos/ScreenRadarKit.build/Objects-normal/armv7k/ScreenRadarKit.swiftdoc -emit-module-source-info-path /Users/admin/builder/spi-builder-workspace/.derivedData/Build/Intermediates.noindex/ScreenRadarKit.build/Debug-watchos/ScreenRadarKit.build/Objects-normal/armv7k/ScreenRadarKit.swiftsourceinfo -emit-objc-header-path /Users/admin/builder/spi-builder-workspace/.derivedData/Build/Intermediates.noindex/ScreenRadarKit.build/Debug-watchos/ScreenRadarKit.build/Objects-normal/armv7k/ScreenRadarKit-Swift.h -serialize-diagnostics-path /Users/admin/builder/spi-builder-workspace/.derivedData/Build/Intermediates.noindex/ScreenRadarKit.build/Debug-watchos/ScreenRadarKit.build/Objects-normal/armv7k/ScreenRadarKit-master-emit-module.dia -emit-dependencies-path /Users/admin/builder/spi-builder-workspace/.derivedData/Build/Intermediates.noindex/ScreenRadarKit.build/Debug-watchos/ScreenRadarKit.build/Objects-normal/armv7k/ScreenRadarKit-master-emit-module.d -o /Users/admin/builder/spi-builder-workspace/.derivedData/Build/Intermediates.noindex/ScreenRadarKit.build/Debug-watchos/ScreenRadarKit.build/Objects-normal/armv7k/ScreenRadarKit.swiftmodule -emit-abi-descriptor-path /Users/admin/builder/spi-builder-workspace/.derivedData/Build/Intermediates.noindex/ScreenRadarKit.build/Debug-watchos/ScreenRadarKit.build/Objects-normal/armv7k/ScreenRadarKit.abi.json
SwiftCompile normal armv7k Compiling\ ScreenRadar.swift /Users/admin/builder/spi-builder-workspace/Sources/ScreenRadarKit/ScreenRadar.swift (in target 'ScreenRadarKit' from project 'ScreenRadarKit')
SwiftCompile normal armv7k /Users/admin/builder/spi-builder-workspace/Sources/ScreenRadarKit/ScreenRadar.swift (in target 'ScreenRadarKit' from project 'ScreenRadarKit')
cd /Users/admin/builder/spi-builder-workspace/.swiftpm/xcode
SwiftCompile normal armv7k Compiling\ TrailBottomSheet.swift /Users/admin/builder/spi-builder-workspace/Sources/ScreenRadarKit/TrailBottomSheet.swift (in target 'ScreenRadarKit' from project 'ScreenRadarKit')
SwiftCompile normal armv7k /Users/admin/builder/spi-builder-workspace/Sources/ScreenRadarKit/TrailBottomSheet.swift (in target 'ScreenRadarKit' from project 'ScreenRadarKit')
cd /Users/admin/builder/spi-builder-workspace/.swiftpm/xcode
SwiftCompile normal armv7k Compiling\ TrailLogger.swift /Users/admin/builder/spi-builder-workspace/Sources/ScreenRadarKit/TrailLogger.swift (in target 'ScreenRadarKit' from project 'ScreenRadarKit')
SwiftCompile normal armv7k /Users/admin/builder/spi-builder-workspace/Sources/ScreenRadarKit/TrailLogger.swift (in target 'ScreenRadarKit' from project 'ScreenRadarKit')
cd /Users/admin/builder/spi-builder-workspace/.swiftpm/xcode
SwiftEmitModule normal arm64_32 Emitting\ module\ for\ ScreenRadarKit (in target 'ScreenRadarKit' from project 'ScreenRadarKit')
EmitSwiftModule normal arm64_32 (in target 'ScreenRadarKit' from project 'ScreenRadarKit')
cd /Users/admin/builder/spi-builder-workspace/.swiftpm/xcode
SwiftCompile normal armv7k Compiling\ ViewControllerTracker.swift /Users/admin/builder/spi-builder-workspace/Sources/ScreenRadarKit/ViewControllerTracker.swift (in target 'ScreenRadarKit' from project 'ScreenRadarKit')
SwiftCompile normal armv7k /Users/admin/builder/spi-builder-workspace/Sources/ScreenRadarKit/ViewControllerTracker.swift (in target 'ScreenRadarKit' from project 'ScreenRadarKit')
cd /Users/admin/builder/spi-builder-workspace/.swiftpm/xcode
SwiftCompile normal arm64 Compiling\ TrailBottomSheet.swift /Users/admin/builder/spi-builder-workspace/Sources/ScreenRadarKit/TrailBottomSheet.swift (in target 'ScreenRadarKit' from project 'ScreenRadarKit')
SwiftCompile normal arm64 /Users/admin/builder/spi-builder-workspace/Sources/ScreenRadarKit/TrailBottomSheet.swift (in target 'ScreenRadarKit' from project 'ScreenRadarKit')
cd /Users/admin/builder/spi-builder-workspace/.swiftpm/xcode
SwiftCompile normal arm64 Compiling\ PassthroughWindow.swift /Users/admin/builder/spi-builder-workspace/Sources/ScreenRadarKit/PassthroughWindow.swift (in target 'ScreenRadarKit' from project 'ScreenRadarKit')
SwiftCompile normal arm64 /Users/admin/builder/spi-builder-workspace/Sources/ScreenRadarKit/PassthroughWindow.swift (in target 'ScreenRadarKit' from project 'ScreenRadarKit')
cd /Users/admin/builder/spi-builder-workspace/.swiftpm/xcode
SwiftEmitModule normal arm64 Emitting\ module\ for\ ScreenRadarKit (in target 'ScreenRadarKit' from project 'ScreenRadarKit')
EmitSwiftModule normal arm64 (in target 'ScreenRadarKit' from project 'ScreenRadarKit')
cd /Users/admin/builder/spi-builder-workspace/.swiftpm/xcode
SwiftCompile normal arm64_32 Compiling\ TrailEntry.swift /Users/admin/builder/spi-builder-workspace/Sources/ScreenRadarKit/TrailEntry.swift (in target 'ScreenRadarKit' from project 'ScreenRadarKit')
SwiftCompile normal arm64_32 /Users/admin/builder/spi-builder-workspace/Sources/ScreenRadarKit/TrailEntry.swift (in target 'ScreenRadarKit' from project 'ScreenRadarKit')
cd /Users/admin/builder/spi-builder-workspace/.swiftpm/xcode
SwiftCompile normal arm64_32 Compiling\ TrailBottomSheet.swift /Users/admin/builder/spi-builder-workspace/Sources/ScreenRadarKit/TrailBottomSheet.swift (in target 'ScreenRadarKit' from project 'ScreenRadarKit')
Command SwiftCompile failed with a nonzero exit code
** BUILD FAILED **
The following build commands failed:
EmitSwiftModule normal armv7k (in target 'ScreenRadarKit' from project 'ScreenRadarKit')
SwiftEmitModule normal armv7k Emitting\ module\ for\ ScreenRadarKit (in target 'ScreenRadarKit' from project 'ScreenRadarKit')
SwiftCompile normal arm64_32 Compiling\ TrailBottomSheet.swift /Users/admin/builder/spi-builder-workspace/Sources/ScreenRadarKit/TrailBottomSheet.swift (in target 'ScreenRadarKit' from project 'ScreenRadarKit')
Building workspace spi-builder-workspace with scheme ScreenRadarKit
(4 failures)
BUILD FAILURE 6.1 watchOS