The Swift Package Index logo.Swift Package Index

Build Information

Failed to build FlowplayerSDK, reference 4.8.2 (7ee25b), with Swift 6.4 for iOS using Xcode 27.0 on 24 Sep 2026 07:55:52 UTC.

Build Command

No build command. This typically means the build failed at an early stage where we determine the build command.

Build Log

========================================
RunAll
========================================
Builder version: 5.1.0
Interrupt handler set up.
========================================
Checkout
========================================
Clone URL: https://github.com/flowplayer/apple-sdk-releases.git
Reference: 4.8.2
Initialized empty Git repository in /Users/admin/builder/spi-builder-workspace/.git/
From https://github.com/flowplayer/apple-sdk-releases
 * tag               4.8.2      -> FETCH_HEAD
HEAD is now at 7ee25b9 release: v4.8.2
Cloned https://github.com/flowplayer/apple-sdk-releases.git
Revision (git rev-parse @):
7ee25b9dee7f9868cda94fb8dfc449ffd9fbbafd
SUCCESS checkout https://github.com/flowplayer/apple-sdk-releases.git at 4.8.2
========================================
Build
========================================
Selected platform:         iOS
Swift version:             6.4
Building package at path:  $PWD
https://github.com/flowplayer/apple-sdk-releases.git
Command line invocation:
    /Applications/Xcode-27.0.0-Release.Candidate.app/Contents/Developer/usr/bin/xcodebuild -IDEClonedSourcePackagesDirPathOverride=/Users/admin/builder/spi-builder-workspace/.dependencies -resolvePackageDependencies
Resolve Package Graph
Fetching from https://github.com/rashadatjou/swift-google-ima-spm
Fetching from https://github.com/flowplayer/apple-sdk-releases
Creating working copy of package ‘swift-google-ima-spm’
Creating working copy of package ‘apple-sdk-releases’
Checking out main (fd8ae90) of package ‘apple-sdk-releases’
Checking out 1.4.0 of package ‘swift-google-ima-spm’
checksum of downloaded artifact of binary target 'FlowplayerSDK' (436ca1a16662fb38db9d956ff232d6701b49d4b3e15e28cb770586444792f49a) does not match checksum specified by the manifest (1890cb024eed392a56df244b90ff45789543ffb7d4678e318d06e20960f6a0cb)fatalError
2026-09-24 03:55:51.487 xcodebuild[531:3062] Writing error result bundle to /var/folders/xq/y_g06wb113726d38xsyx71_h0000gn/T/ResultBundle_2026-24-09_03-55-0051.xcresult
xcodebuild: error: Could not resolve package dependencies:
  checksum of downloaded artifact of binary target 'FlowplayerSDK' (436ca1a16662fb38db9d956ff232d6701b49d4b3e15e28cb770586444792f49a) does not match checksum specified by the manifest (1890cb024eed392a56df244b90ff45789543ffb7d4678e318d06e20960f6a0cb)
  fatalError
Command line invocation:
    /Applications/Xcode-27.0.0-Release.Candidate.app/Contents/Developer/usr/bin/xcodebuild -IDEClonedSourcePackagesDirPathOverride=/Users/admin/builder/spi-builder-workspace/.dependencies -resolvePackageDependencies
Resolve Package Graph
checksum of downloaded artifact of binary target 'FlowplayerSDK' (436ca1a16662fb38db9d956ff232d6701b49d4b3e15e28cb770586444792f49a) does not match checksum specified by the manifest (1890cb024eed392a56df244b90ff45789543ffb7d4678e318d06e20960f6a0cb)fatalError
2026-09-24 03:55:52.822 xcodebuild[647:3914] Writing error result bundle to /var/folders/xq/y_g06wb113726d38xsyx71_h0000gn/T/ResultBundle_2026-24-09_03-55-0052.xcresult
xcodebuild: error: Could not resolve package dependencies:
  checksum of downloaded artifact of binary target 'FlowplayerSDK' (436ca1a16662fb38db9d956ff232d6701b49d4b3e15e28cb770586444792f49a) does not match checksum specified by the manifest (1890cb024eed392a56df244b90ff45789543ffb7d4678e318d06e20960f6a0cb)
  fatalError
BUILD FAILURE 6.4 iOS