Build Information
Failed to build Danger, reference 143.0.20250722050353 (b0f635), with Swift 6.4 for tvOS using Xcode 27.0 on 23 Sep 2026 00:25:04 UTC.
Build Command
env DEVELOPER_DIR=/Applications/Xcode-27.0.0-Release.Candidate.app xcrun xcodebuild -IDEClonedSourcePackagesDirPathOverride=$PWD/.dependencies -skipMacroValidation -skipPackagePluginValidation -derivedDataPath $PWD/.derivedData build -scheme Danger -destination generic/platform=tvOSBuild Log
========================================
RunAll
========================================
Builder version: 5.1.0
Interrupt handler set up.
========================================
Checkout
========================================
Clone URL: https://github.com/mozilla-mobile/firefox-ios.git
Reference: 143.0.20250722050353
Initialized empty Git repository in /Users/admin/builder/spi-builder-workspace/.git/
From https://github.com/mozilla-mobile/firefox-ios
* tag 143.0.20250722050353 -> FETCH_HEAD
HEAD is now at b0f635f Nightly auto-update (143.0.20250722050353)
Updating files: 77% (9032/11661)
Updating files: 78% (9096/11661)
Updating files: 79% (9213/11661)
Updating files: 80% (9329/11661)
Updating files: 81% (9446/11661)
Updating files: 82% (9563/11661)
Updating files: 83% (9679/11661)
Updating files: 84% (9796/11661)
Updating files: 85% (9912/11661)
Updating files: 86% (10029/11661)
Updating files: 87% (10146/11661)
Updating files: 88% (10262/11661)
Updating files: 89% (10379/11661)
Updating files: 90% (10495/11661)
Updating files: 91% (10612/11661)
Updating files: 92% (10729/11661)
Updating files: 93% (10845/11661)
Updating files: 94% (10962/11661)
Updating files: 95% (11078/11661)
Updating files: 96% (11195/11661)
Updating files: 97% (11312/11661)
Updating files: 98% (11428/11661)
Updating files: 99% (11545/11661)
Updating files: 100% (11661/11661)
Updating files: 100% (11661/11661), done.
Cloned https://github.com/mozilla-mobile/firefox-ios.git
Revision (git rev-parse @):
b0f635fea1c2cef8e0a56ea7c07684df2fac981f
SUCCESS checkout https://github.com/mozilla-mobile/firefox-ios.git at 143.0.20250722050353
========================================
Build
========================================
Selected platform: tvOS
Swift version: 6.4
Building package at path: $PWD
https://github.com/mozilla-mobile/firefox-ios.git
Command line invocation:
/Applications/Xcode-27.0.0-Release.Candidate.app/Contents/Developer/usr/bin/xcodebuild -IDEClonedSourcePackagesDirPathOverride=/Users/admin/builder/spi-builder-workspace/.dependencies -resolvePackageDependencies
Resolve Package Graph
Fetching from https://github.com/f-meloni/danger-swift-coverage
Fetching from https://github.com/danger/swift.git
Fetching from https://github.com/nerdishbynature/octokit.swift
Fetching from https://github.com/shibapm/Logger
Fetching from https://github.com/mxcl/Version
Fetching from https://github.com/nerdishbynature/RequestKit.git
Creating working copy of package ‘Logger’
Checking out 0.2.3 of package ‘Logger’
Creating working copy of package ‘Version’
Checking out 2.2.1 of package ‘Version’
Creating working copy of package ‘octokit.swift’
Checking out 0.14.0 of package ‘octokit.swift’
Creating working copy of package ‘danger-swift-coverage’
Checking out 1.2.1 of package ‘danger-swift-coverage’
Creating working copy of package ‘RequestKit’
Checking out 3.4.0 of package ‘RequestKit’
Creating working copy of package ‘swift’
Checking out 3.20.2 of package ‘swift’
Resolve Package Graph
Resolved source packages:
danger-swift: https://github.com/danger/swift.git @ 3.20.2
Version: https://github.com/mxcl/Version @ 2.2.1
OctoKit: https://github.com/nerdishbynature/octokit.swift @ 0.14.0
DangerSwiftCoverage: https://github.com/f-meloni/danger-swift-coverage @ 1.2.1
Logger: https://github.com/shibapm/Logger @ 0.2.3
Danger: /Users/admin/builder/spi-builder-workspace
RequestKit: https://github.com/nerdishbynature/RequestKit.git @ 3.4.0
resolved source packages: danger-swift, Version, OctoKit, DangerSwiftCoverage, Logger, Danger, RequestKit
2026-09-22 20:24:00.848 xcodebuild[531:3091] [MT] IDERunDestination: Supported platforms for the buildables in the current scheme is empty.
{
"dependencies" : [
{
"identity" : "swift",
"requirement" : {
"exact" : [
"3.20.2"
]
},
"type" : "sourceControl",
"url" : "https://github.com/danger/swift.git"
},
{
"identity" : "danger-swift-coverage",
"requirement" : {
"exact" : [
"1.2.1"
]
},
"type" : "sourceControl",
"url" : "https://github.com/f-meloni/danger-swift-coverage"
}
],
"manifest_display_name" : "Danger",
"name" : "Danger",
"path" : "/Users/admin/builder/spi-builder-workspace",
"platforms" : [
{
"name" : "ios",
"version" : "15"
},
{
"name" : "macos",
"version" : "11"
}
],
"products" : [
{
"name" : "DangerDeps",
"targets" : [
"DangerDependencies"
],
"type" : {
"library" : [
"dynamic"
]
}
}
],
"targets" : [
{
"c99name" : "DangerDependencies",
"module_type" : "SwiftTarget",
"name" : "DangerDependencies",
"path" : "Sources/DangerDependencies",
"product_dependencies" : [
"Danger",
"DangerSwiftCoverage"
],
"product_memberships" : [
"DangerDeps"
],
"sources" : [
"Fake.swift"
],
"type" : "library"
}
],
"tools_version" : "5.7"
}
{
"workspace" : {
"name" : "Danger",
"schemes" : [
"Danger"
]
}
}
2026-09-22 20:24:47.169 xcodebuild[1499:8852] [MT] IDERunDestination: Supported platforms for the buildables in the current scheme is empty.
Running build ...
env DEVELOPER_DIR=/Applications/Xcode-27.0.0-Release.Candidate.app xcrun xcodebuild -IDEClonedSourcePackagesDirPathOverride=$PWD/.dependencies -skipMacroValidation -skipPackagePluginValidation -derivedDataPath $PWD/.derivedData build -scheme Danger -destination generic/platform=tvOS
Command line invocation:
/Applications/Xcode-27.0.0-Release.Candidate.app/Contents/Developer/usr/bin/xcodebuild -IDEClonedSourcePackagesDirPathOverride=/Users/admin/builder/spi-builder-workspace/.dependencies -skipMacroValidation -skipPackagePluginValidation -derivedDataPath /Users/admin/builder/spi-builder-workspace/.derivedData build -scheme Danger -destination generic/platform=tvOS
Resolve Package Graph
Resolve Package Graph
Resolved source packages:
danger-swift: https://github.com/danger/swift.git @ 3.20.2
Version: https://github.com/mxcl/Version @ 2.2.1
Danger: /Users/admin/builder/spi-builder-workspace
DangerSwiftCoverage: https://github.com/f-meloni/danger-swift-coverage @ 1.2.1
OctoKit: https://github.com/nerdishbynature/octokit.swift @ 0.14.0
Logger: https://github.com/shibapm/Logger @ 0.2.3
RequestKit: https://github.com/nerdishbynature/RequestKit.git @ 3.4.0
ComputePackagePrebuildTargetDependencyGraph
Prepare packages
CreateBuildRequest
SendProjectDescription
CreateBuildOperation
ComputeTargetDependencyGraph
note: Building targets in dependency order
note: Target dependency graph (13 targets)
Target 'DangerDeps-product' in project 'Danger'
➜ Explicit dependency on target 'DangerDependencies' in project 'Danger'
➜ Explicit dependency on target 'Danger-product' in project 'danger-swift'
➜ Explicit dependency on target 'DangerSwiftCoverage-product' in project 'DangerSwiftCoverage'
Target 'DangerDependencies' in project 'Danger'
➜ Explicit dependency on target 'Danger-product' in project 'danger-swift'
➜ Explicit dependency on target 'DangerSwiftCoverage-product' in project 'DangerSwiftCoverage'
Target 'DangerSwiftCoverage-product' in project 'DangerSwiftCoverage'
➜ Explicit dependency on target 'DangerSwiftCoverage' in project 'DangerSwiftCoverage'
➜ Explicit dependency on target 'Danger-product' in project 'danger-swift'
Target 'DangerSwiftCoverage' in project 'DangerSwiftCoverage'
➜ Explicit dependency on target 'Danger-product' in project 'danger-swift'
Target 'Danger-product' in project 'danger-swift'
➜ Explicit dependency on target 'Danger' in project 'danger-swift'
➜ Explicit dependency on target 'DangerShellExecutor' in project 'danger-swift'
➜ Explicit dependency on target 'OctoKit-product' in project 'OctoKit'
➜ Explicit dependency on target 'Logger-product' in project 'Logger'
Target 'Danger' in project 'danger-swift'
➜ Explicit dependency on target 'DangerShellExecutor' in project 'danger-swift'
➜ Explicit dependency on target 'OctoKit-product' in project 'OctoKit'
➜ Explicit dependency on target 'Logger-product' in project 'Logger'
Target 'Logger-product' in project 'Logger'
➜ Explicit dependency on target 'Logger' in project 'Logger'
Target 'Logger' in project 'Logger' (no dependencies)
Target 'OctoKit-product' in project 'OctoKit'
➜ Explicit dependency on target 'OctoKit' in project 'OctoKit'
➜ Explicit dependency on target 'RequestKit-product' in project 'RequestKit'
Target 'OctoKit' in project 'OctoKit'
➜ Explicit dependency on target 'RequestKit-product' in project 'RequestKit'
Target 'RequestKit-product' in project 'RequestKit'
➜ Explicit dependency on target 'RequestKit' in project 'RequestKit'
Target 'RequestKit' in project 'RequestKit' (no dependencies)
Target 'DangerShellExecutor' in project 'danger-swift' (no dependencies)
GatherProvisioningInputs
CreateBuildDescription
ExecuteExternalTool /Applications/Xcode-27.0.0-Release.Candidate.app/Contents/Developer/Toolchains/XcodeDefault.xctoolchain/usr/bin/swiftc --version
ExecuteExternalTool /Applications/Xcode-27.0.0-Release.Candidate.app/Contents/Developer/Toolchains/XcodeDefault.xctoolchain/usr/bin/clang -v -E -dM -isysroot /Applications/Xcode-27.0.0-Release.Candidate.app/Contents/Developer/Platforms/AppleTVOS.platform/Developer/SDKs/AppleTVOS27.0.sdk -x c -c /dev/null
ExecuteExternalTool /Applications/Xcode-27.0.0-Release.Candidate.app/Contents/Developer/Toolchains/XcodeDefault.xctoolchain/usr/bin/ld -version_details
Build description signature: 5b86b1766cc960f11403894fa0277061
Build description path: /Users/admin/builder/spi-builder-workspace/.derivedData/Build/Intermediates.noindex/XCBuildData/5b86b1766cc960f11403894fa0277061.xcbuilddata
CreateBuildDirectory /Users/admin/builder/spi-builder-workspace/.derivedData/SDKExplicitPrecompiledModules
cd /Users/admin/builder/spi-builder-workspace/.swiftpm/xcode
builtin-create-build-directory /Users/admin/builder/spi-builder-workspace/.derivedData/SDKExplicitPrecompiledModules
CreateBuildDirectory /Users/admin/builder/spi-builder-workspace/.derivedData/ModuleCache.noindex
cd /Users/admin/builder/spi-builder-workspace/.swiftpm/xcode
builtin-create-build-directory /Users/admin/builder/spi-builder-workspace/.derivedData/ModuleCache.noindex
CreateBuildDirectory /Users/admin/builder/spi-builder-workspace/.derivedData/CompilationCache.noindex
cd /Users/admin/builder/spi-builder-workspace/.swiftpm/xcode
builtin-create-build-directory /Users/admin/builder/spi-builder-workspace/.derivedData/CompilationCache.noindex
CreateBuildDirectory /Users/admin/builder/spi-builder-workspace/.derivedData/Build/Products
cd /Users/admin/builder/spi-builder-workspace/.swiftpm/xcode
builtin-create-build-directory /Users/admin/builder/spi-builder-workspace/.derivedData/Build/Products
CreateBuildDirectory /Users/admin/builder/spi-builder-workspace/.derivedData/Build/Intermediates.noindex
cd /Users/admin/builder/spi-builder-workspace/.swiftpm/xcode
builtin-create-build-directory /Users/admin/builder/spi-builder-workspace/.derivedData/Build/Intermediates.noindex
ClangStatCache /Applications/Xcode-27.0.0-Release.Candidate.app/Contents/Developer/Toolchains/XcodeDefault.xctoolchain/usr/bin/clang-stat-cache /Applications/Xcode-27.0.0-Release.Candidate.app/Contents/Developer/Platforms/AppleTVOS.platform/Developer/SDKs/AppleTVOS27.0.sdk /Users/admin/builder/spi-builder-workspace/.derivedData/SDKStatCaches.noindex/appletvos27.0-24J360-e829b21a6f8c9b70876ba0858053c044b32bfd8d43560033f8d89884cdb90028.sdkstatcache
cd /Users/admin/builder/spi-builder-workspace/.swiftpm/xcode
/Applications/Xcode-27.0.0-Release.Candidate.app/Contents/Developer/Toolchains/XcodeDefault.xctoolchain/usr/bin/clang-stat-cache /Applications/Xcode-27.0.0-Release.Candidate.app/Contents/Developer/Platforms/AppleTVOS.platform/Developer/SDKs/AppleTVOS27.0.sdk -o /Users/admin/builder/spi-builder-workspace/.derivedData/SDKStatCaches.noindex/appletvos27.0-24J360-e829b21a6f8c9b70876ba0858053c044b32bfd8d43560033f8d89884cdb90028.sdkstatcache
CreateBuildDirectory /Users/admin/builder/spi-builder-workspace/.derivedData/Build/Intermediates.noindex/SwiftExplicitPrecompiledModules
cd /Users/admin/builder/spi-builder-workspace/.swiftpm/xcode
builtin-create-build-directory /Users/admin/builder/spi-builder-workspace/.derivedData/Build/Intermediates.noindex/SwiftExplicitPrecompiledModules
CreateBuildDirectory /Users/admin/builder/spi-builder-workspace/.derivedData/Build/Intermediates.noindex/PrecompiledHeaders
cd /Users/admin/builder/spi-builder-workspace/.swiftpm/xcode
builtin-create-build-directory /Users/admin/builder/spi-builder-workspace/.derivedData/Build/Intermediates.noindex/PrecompiledHeaders
CreateBuildDirectory /Users/admin/builder/spi-builder-workspace/.derivedData/Build/Intermediates.noindex/ExplicitPrecompiledModules
cd /Users/admin/builder/spi-builder-workspace/.swiftpm/xcode
builtin-create-build-directory /Users/admin/builder/spi-builder-workspace/.derivedData/Build/Intermediates.noindex/ExplicitPrecompiledModules
CreateBuildDirectory /Users/admin/builder/spi-builder-workspace/.derivedData/Build/Products/Debug-appletvos
cd /Users/admin/builder/spi-builder-workspace/.swiftpm/xcode
builtin-create-build-directory /Users/admin/builder/spi-builder-workspace/.derivedData/Build/Products/Debug-appletvos
CreateBuildDirectory /Users/admin/builder/spi-builder-workspace/.derivedData/Build/Intermediates.noindex/EagerLinkingTBDs/Debug-appletvos
cd /Users/admin/builder/spi-builder-workspace/.swiftpm/xcode
builtin-create-build-directory /Users/admin/builder/spi-builder-workspace/.derivedData/Build/Intermediates.noindex/EagerLinkingTBDs/Debug-appletvos
CreateBuildDirectory /Users/admin/builder/spi-builder-workspace/.derivedData/Build/Products/Debug-appletvos/PackageFrameworks
cd /Users/admin/builder/spi-builder-workspace/.swiftpm/xcode
builtin-create-build-directory /Users/admin/builder/spi-builder-workspace/.derivedData/Build/Products/Debug-appletvos/PackageFrameworks
WriteAuxiliaryFile /Users/admin/builder/spi-builder-workspace/.derivedData/Build/Intermediates.noindex/RequestKit.build/Debug-appletvos/RequestKit-t.build/RequestKit.modulemap (in target 'RequestKit' from project 'RequestKit')
cd /Users/admin/builder/spi-builder-workspace/.dependencies/checkouts/RequestKit
write-file /Users/admin/builder/spi-builder-workspace/.derivedData/Build/Intermediates.noindex/RequestKit.build/Debug-appletvos/RequestKit-t.build/RequestKit.modulemap
WriteAuxiliaryFile /Users/admin/builder/spi-builder-workspace/.derivedData/Build/Intermediates.noindex/RequestKit.build/Debug-appletvos/RequestKit-t.build/RequestKit.DependencyStaticMetadataFileList (in target 'RequestKit' from project 'RequestKit')
cd /Users/admin/builder/spi-builder-workspace/.dependencies/checkouts/RequestKit
write-file /Users/admin/builder/spi-builder-workspace/.derivedData/Build/Intermediates.noindex/RequestKit.build/Debug-appletvos/RequestKit-t.build/RequestKit.DependencyStaticMetadataFileList
WriteAuxiliaryFile /Users/admin/builder/spi-builder-workspace/.derivedData/Build/Intermediates.noindex/RequestKit.build/Debug-appletvos/RequestKit-t.build/RequestKit.DependencyMetadataFileList (in target 'RequestKit' from project 'RequestKit')
cd /Users/admin/builder/spi-builder-workspace/.dependencies/checkouts/RequestKit
write-file /Users/admin/builder/spi-builder-workspace/.derivedData/Build/Intermediates.noindex/RequestKit.build/Debug-appletvos/RequestKit-t.build/RequestKit.DependencyMetadataFileList
WriteAuxiliaryFile /Users/admin/builder/spi-builder-workspace/.derivedData/Build/Intermediates.noindex/danger-swift.build/Debug-appletvos/DangerShellExecutor-t.build/Objects-normal/arm64/DangerShellExecutor_const_extract_protocols.json (in target 'DangerShellExecutor' from project 'danger-swift')
cd /Users/admin/builder/spi-builder-workspace/.dependencies/checkouts/swift
write-file /Users/admin/builder/spi-builder-workspace/.derivedData/Build/Intermediates.noindex/danger-swift.build/Debug-appletvos/DangerShellExecutor-t.build/Objects-normal/arm64/DangerShellExecutor_const_extract_protocols.json
WriteAuxiliaryFile /Users/admin/builder/spi-builder-workspace/.derivedData/Build/Intermediates.noindex/RequestKit.build/Debug-appletvos/RequestKit-t.build/Objects-normal/arm64/RequestKit.LinkFileList (in target 'RequestKit' from project 'RequestKit')
cd /Users/admin/builder/spi-builder-workspace/.dependencies/checkouts/RequestKit
write-file /Users/admin/builder/spi-builder-workspace/.derivedData/Build/Intermediates.noindex/RequestKit.build/Debug-appletvos/RequestKit-t.build/Objects-normal/arm64/RequestKit.LinkFileList
WriteAuxiliaryFile /Users/admin/builder/spi-builder-workspace/.derivedData/Build/Intermediates.noindex/RequestKit.build/Debug-appletvos/RequestKit-t.build/Objects-normal/arm64/RequestKit_const_extract_protocols.json (in target 'RequestKit' from project 'RequestKit')
cd /Users/admin/builder/spi-builder-workspace/.dependencies/checkouts/RequestKit
write-file /Users/admin/builder/spi-builder-workspace/.derivedData/Build/Intermediates.noindex/RequestKit.build/Debug-appletvos/RequestKit-t.build/Objects-normal/arm64/RequestKit_const_extract_protocols.json
WriteAuxiliaryFile /Users/admin/builder/spi-builder-workspace/.derivedData/Build/Intermediates.noindex/RequestKit.build/Debug-appletvos/RequestKit-t.build/Objects-normal/arm64/RequestKit.SwiftFileList (in target 'RequestKit' from project 'RequestKit')
cd /Users/admin/builder/spi-builder-workspace/.dependencies/checkouts/RequestKit
write-file /Users/admin/builder/spi-builder-workspace/.derivedData/Build/Intermediates.noindex/RequestKit.build/Debug-appletvos/RequestKit-t.build/Objects-normal/arm64/RequestKit.SwiftFileList
WriteAuxiliaryFile /Users/admin/builder/spi-builder-workspace/.derivedData/Build/Intermediates.noindex/RequestKit.build/Debug-appletvos/RequestKit-t.build/Objects-normal/arm64/RequestKit-OutputFileMap.json (in target 'RequestKit' from project 'RequestKit')
cd /Users/admin/builder/spi-builder-workspace/.dependencies/checkouts/RequestKit
write-file /Users/admin/builder/spi-builder-workspace/.derivedData/Build/Intermediates.noindex/RequestKit.build/Debug-appletvos/RequestKit-t.build/Objects-normal/arm64/RequestKit-OutputFileMap.json
WriteAuxiliaryFile /Users/admin/builder/spi-builder-workspace/.derivedData/Build/Intermediates.noindex/RequestKit.build/Debug-appletvos/RequestKit-t.build/Objects-normal/arm64/RequestKit.SwiftConstValuesFileList (in target 'RequestKit' from project 'RequestKit')
cd /Users/admin/builder/spi-builder-workspace/.dependencies/checkouts/RequestKit
write-file /Users/admin/builder/spi-builder-workspace/.derivedData/Build/Intermediates.noindex/RequestKit.build/Debug-appletvos/RequestKit-t.build/Objects-normal/arm64/RequestKit.SwiftConstValuesFileList
WriteAuxiliaryFile /Users/admin/builder/spi-builder-workspace/.derivedData/Build/Intermediates.noindex/OctoKit.build/Debug-appletvos/OctoKit-t.build/OctoKit.modulemap (in target 'OctoKit' from project 'OctoKit')
cd /Users/admin/builder/spi-builder-workspace/.dependencies/checkouts/octokit.swift
write-file /Users/admin/builder/spi-builder-workspace/.derivedData/Build/Intermediates.noindex/OctoKit.build/Debug-appletvos/OctoKit-t.build/OctoKit.modulemap
WriteAuxiliaryFile /Users/admin/builder/spi-builder-workspace/.derivedData/Build/Intermediates.noindex/OctoKit.build/Debug-appletvos/OctoKit-t.build/OctoKit.DependencyMetadataFileList (in target 'OctoKit' from project 'OctoKit')
cd /Users/admin/builder/spi-builder-workspace/.dependencies/checkouts/octokit.swift
write-file /Users/admin/builder/spi-builder-workspace/.derivedData/Build/Intermediates.noindex/OctoKit.build/Debug-appletvos/OctoKit-t.build/OctoKit.DependencyMetadataFileList
WriteAuxiliaryFile /Users/admin/builder/spi-builder-workspace/.derivedData/Build/Intermediates.noindex/OctoKit.build/Debug-appletvos/OctoKit-t.build/OctoKit.DependencyStaticMetadataFileList (in target 'OctoKit' from project 'OctoKit')
cd /Users/admin/builder/spi-builder-workspace/.dependencies/checkouts/octokit.swift
write-file /Users/admin/builder/spi-builder-workspace/.derivedData/Build/Intermediates.noindex/OctoKit.build/Debug-appletvos/OctoKit-t.build/OctoKit.DependencyStaticMetadataFileList
WriteAuxiliaryFile /Users/admin/builder/spi-builder-workspace/.derivedData/Build/Intermediates.noindex/OctoKit.build/Debug-appletvos/OctoKit-t.build/Objects-normal/arm64/OctoKit_const_extract_protocols.json (in target 'OctoKit' from project 'OctoKit')
cd /Users/admin/builder/spi-builder-workspace/.dependencies/checkouts/octokit.swift
write-file /Users/admin/builder/spi-builder-workspace/.derivedData/Build/Intermediates.noindex/OctoKit.build/Debug-appletvos/OctoKit-t.build/Objects-normal/arm64/OctoKit_const_extract_protocols.json
WriteAuxiliaryFile /Users/admin/builder/spi-builder-workspace/.derivedData/Build/Intermediates.noindex/OctoKit.build/Debug-appletvos/OctoKit-t.build/Objects-normal/arm64/OctoKit.SwiftFileList (in target 'OctoKit' from project 'OctoKit')
cd /Users/admin/builder/spi-builder-workspace/.dependencies/checkouts/octokit.swift
write-file /Users/admin/builder/spi-builder-workspace/.derivedData/Build/Intermediates.noindex/OctoKit.build/Debug-appletvos/OctoKit-t.build/Objects-normal/arm64/OctoKit.SwiftFileList
Copy /Users/admin/builder/spi-builder-workspace/.derivedData/Build/Intermediates.noindex/GeneratedModuleMaps-appletvos/RequestKit.modulemap /Users/admin/builder/spi-builder-workspace/.derivedData/Build/Intermediates.noindex/RequestKit.build/Debug-appletvos/RequestKit-t.build/RequestKit.modulemap (in target 'RequestKit' from project 'RequestKit')
cd /Users/admin/builder/spi-builder-workspace/.dependencies/checkouts/RequestKit
builtin-copy -exclude .DS_Store -exclude CVS -exclude .svn -exclude .git -exclude .hg -resolve-src-symlinks /Users/admin/builder/spi-builder-workspace/.derivedData/Build/Intermediates.noindex/RequestKit.build/Debug-appletvos/RequestKit-t.build/RequestKit.modulemap /Users/admin/builder/spi-builder-workspace/.derivedData/Build/Intermediates.noindex/GeneratedModuleMaps-appletvos
WriteAuxiliaryFile /Users/admin/builder/spi-builder-workspace/.derivedData/Build/Intermediates.noindex/OctoKit.build/Debug-appletvos/OctoKit-t.build/Objects-normal/arm64/OctoKit.SwiftConstValuesFileList (in target 'OctoKit' from project 'OctoKit')
cd /Users/admin/builder/spi-builder-workspace/.dependencies/checkouts/octokit.swift
write-file /Users/admin/builder/spi-builder-workspace/.derivedData/Build/Intermediates.noindex/OctoKit.build/Debug-appletvos/OctoKit-t.build/Objects-normal/arm64/OctoKit.SwiftConstValuesFileList
WriteAuxiliaryFile /Users/admin/builder/spi-builder-workspace/.derivedData/Build/Intermediates.noindex/OctoKit.build/Debug-appletvos/OctoKit-t.build/Objects-normal/arm64/OctoKit.LinkFileList (in target 'OctoKit' from project 'OctoKit')
cd /Users/admin/builder/spi-builder-workspace/.dependencies/checkouts/octokit.swift
write-file /Users/admin/builder/spi-builder-workspace/.derivedData/Build/Intermediates.noindex/OctoKit.build/Debug-appletvos/OctoKit-t.build/Objects-normal/arm64/OctoKit.LinkFileList
WriteAuxiliaryFile /Users/admin/builder/spi-builder-workspace/.derivedData/Build/Intermediates.noindex/OctoKit.build/Debug-appletvos/OctoKit-t.build/Objects-normal/arm64/OctoKit-OutputFileMap.json (in target 'OctoKit' from project 'OctoKit')
cd /Users/admin/builder/spi-builder-workspace/.dependencies/checkouts/octokit.swift
write-file /Users/admin/builder/spi-builder-workspace/.derivedData/Build/Intermediates.noindex/OctoKit.build/Debug-appletvos/OctoKit-t.build/Objects-normal/arm64/OctoKit-OutputFileMap.json
Copy /Users/admin/builder/spi-builder-workspace/.derivedData/Build/Intermediates.noindex/GeneratedModuleMaps-appletvos/OctoKit.modulemap /Users/admin/builder/spi-builder-workspace/.derivedData/Build/Intermediates.noindex/OctoKit.build/Debug-appletvos/OctoKit-t.build/OctoKit.modulemap (in target 'OctoKit' from project 'OctoKit')
cd /Users/admin/builder/spi-builder-workspace/.dependencies/checkouts/octokit.swift
builtin-copy -exclude .DS_Store -exclude CVS -exclude .svn -exclude .git -exclude .hg -resolve-src-symlinks /Users/admin/builder/spi-builder-workspace/.derivedData/Build/Intermediates.noindex/OctoKit.build/Debug-appletvos/OctoKit-t.build/OctoKit.modulemap /Users/admin/builder/spi-builder-workspace/.derivedData/Build/Intermediates.noindex/GeneratedModuleMaps-appletvos
WriteAuxiliaryFile /Users/admin/builder/spi-builder-workspace/.derivedData/Build/Intermediates.noindex/Logger.build/Debug-appletvos/Logger-t.build/Logger.modulemap (in target 'Logger' from project 'Logger')
cd /Users/admin/builder/spi-builder-workspace/.dependencies/checkouts/Logger
write-file /Users/admin/builder/spi-builder-workspace/.derivedData/Build/Intermediates.noindex/Logger.build/Debug-appletvos/Logger-t.build/Logger.modulemap
WriteAuxiliaryFile /Users/admin/builder/spi-builder-workspace/.derivedData/Build/Intermediates.noindex/Logger.build/Debug-appletvos/Logger-t.build/Objects-normal/arm64/Logger-OutputFileMap.json (in target 'Logger' from project 'Logger')
cd /Users/admin/builder/spi-builder-workspace/.dependencies/checkouts/Logger
write-file /Users/admin/builder/spi-builder-workspace/.derivedData/Build/Intermediates.noindex/Logger.build/Debug-appletvos/Logger-t.build/Objects-normal/arm64/Logger-OutputFileMap.json
WriteAuxiliaryFile /Users/admin/builder/spi-builder-workspace/.derivedData/Build/Intermediates.noindex/Logger.build/Debug-appletvos/Logger-t.build/Objects-normal/arm64/Logger.LinkFileList (in target 'Logger' from project 'Logger')
cd /Users/admin/builder/spi-builder-workspace/.dependencies/checkouts/Logger
write-file /Users/admin/builder/spi-builder-workspace/.derivedData/Build/Intermediates.noindex/Logger.build/Debug-appletvos/Logger-t.build/Objects-normal/arm64/Logger.LinkFileList
WriteAuxiliaryFile /Users/admin/builder/spi-builder-workspace/.derivedData/Build/Intermediates.noindex/Logger.build/Debug-appletvos/Logger-t.build/Objects-normal/arm64/Logger.SwiftFileList (in target 'Logger' from project 'Logger')
cd /Users/admin/builder/spi-builder-workspace/.dependencies/checkouts/Logger
write-file /Users/admin/builder/spi-builder-workspace/.derivedData/Build/Intermediates.noindex/Logger.build/Debug-appletvos/Logger-t.build/Objects-normal/arm64/Logger.SwiftFileList
WriteAuxiliaryFile /Users/admin/builder/spi-builder-workspace/.derivedData/Build/Intermediates.noindex/Logger.build/Debug-appletvos/Logger-t.build/Objects-normal/arm64/Logger.SwiftConstValuesFileList (in target 'Logger' from project 'Logger')
cd /Users/admin/builder/spi-builder-workspace/.dependencies/checkouts/Logger
write-file /Users/admin/builder/spi-builder-workspace/.derivedData/Build/Intermediates.noindex/Logger.build/Debug-appletvos/Logger-t.build/Objects-normal/arm64/Logger.SwiftConstValuesFileList
WriteAuxiliaryFile /Users/admin/builder/spi-builder-workspace/.derivedData/Build/Intermediates.noindex/Logger.build/Debug-appletvos/Logger-t.build/Objects-normal/arm64/Logger_const_extract_protocols.json (in target 'Logger' from project 'Logger')
cd /Users/admin/builder/spi-builder-workspace/.dependencies/checkouts/Logger
write-file /Users/admin/builder/spi-builder-workspace/.derivedData/Build/Intermediates.noindex/Logger.build/Debug-appletvos/Logger-t.build/Objects-normal/arm64/Logger_const_extract_protocols.json
WriteAuxiliaryFile /Users/admin/builder/spi-builder-workspace/.derivedData/Build/Intermediates.noindex/Logger.build/Debug-appletvos/Logger-t.build/Logger.DependencyStaticMetadataFileList (in target 'Logger' from project 'Logger')
cd /Users/admin/builder/spi-builder-workspace/.dependencies/checkouts/Logger
write-file /Users/admin/builder/spi-builder-workspace/.derivedData/Build/Intermediates.noindex/Logger.build/Debug-appletvos/Logger-t.build/Logger.DependencyStaticMetadataFileList
WriteAuxiliaryFile /Users/admin/builder/spi-builder-workspace/.derivedData/Build/Intermediates.noindex/Logger.build/Debug-appletvos/Logger-t.build/Logger.DependencyMetadataFileList (in target 'Logger' from project 'Logger')
cd /Users/admin/builder/spi-builder-workspace/.dependencies/checkouts/Logger
write-file /Users/admin/builder/spi-builder-workspace/.derivedData/Build/Intermediates.noindex/Logger.build/Debug-appletvos/Logger-t.build/Logger.DependencyMetadataFileList
Copy /Users/admin/builder/spi-builder-workspace/.derivedData/Build/Intermediates.noindex/GeneratedModuleMaps-appletvos/Logger.modulemap /Users/admin/builder/spi-builder-workspace/.derivedData/Build/Intermediates.noindex/Logger.build/Debug-appletvos/Logger-t.build/Logger.modulemap (in target 'Logger' from project 'Logger')
cd /Users/admin/builder/spi-builder-workspace/.dependencies/checkouts/Logger
builtin-copy -exclude .DS_Store -exclude CVS -exclude .svn -exclude .git -exclude .hg -resolve-src-symlinks /Users/admin/builder/spi-builder-workspace/.derivedData/Build/Intermediates.noindex/Logger.build/Debug-appletvos/Logger-t.build/Logger.modulemap /Users/admin/builder/spi-builder-workspace/.derivedData/Build/Intermediates.noindex/GeneratedModuleMaps-appletvos
WriteAuxiliaryFile /Users/admin/builder/spi-builder-workspace/.derivedData/Build/Intermediates.noindex/DangerSwiftCoverage.build/Debug-appletvos/DangerSwiftCoverage-t.build/DangerSwiftCoverage.modulemap (in target 'DangerSwiftCoverage' from project 'DangerSwiftCoverage')
cd /Users/admin/builder/spi-builder-workspace/.dependencies/checkouts/danger-swift-coverage
write-file /Users/admin/builder/spi-builder-workspace/.derivedData/Build/Intermediates.noindex/DangerSwiftCoverage.build/Debug-appletvos/DangerSwiftCoverage-t.build/DangerSwiftCoverage.modulemap
WriteAuxiliaryFile /Users/admin/builder/spi-builder-workspace/.derivedData/Build/Intermediates.noindex/DangerSwiftCoverage.build/Debug-appletvos/DangerSwiftCoverage-t.build/Objects-normal/arm64/DangerSwiftCoverage.LinkFileList (in target 'DangerSwiftCoverage' from project 'DangerSwiftCoverage')
cd /Users/admin/builder/spi-builder-workspace/.dependencies/checkouts/danger-swift-coverage
write-file /Users/admin/builder/spi-builder-workspace/.derivedData/Build/Intermediates.noindex/DangerSwiftCoverage.build/Debug-appletvos/DangerSwiftCoverage-t.build/Objects-normal/arm64/DangerSwiftCoverage.LinkFileList
WriteAuxiliaryFile /Users/admin/builder/spi-builder-workspace/.derivedData/Build/Intermediates.noindex/DangerSwiftCoverage.build/Debug-appletvos/DangerSwiftCoverage-t.build/Objects-normal/arm64/DangerSwiftCoverage_const_extract_protocols.json (in target 'DangerSwiftCoverage' from project 'DangerSwiftCoverage')
cd /Users/admin/builder/spi-builder-workspace/.dependencies/checkouts/danger-swift-coverage
write-file /Users/admin/builder/spi-builder-workspace/.derivedData/Build/Intermediates.noindex/DangerSwiftCoverage.build/Debug-appletvos/DangerSwiftCoverage-t.build/Objects-normal/arm64/DangerSwiftCoverage_const_extract_protocols.json
WriteAuxiliaryFile /Users/admin/builder/spi-builder-workspace/.derivedData/Build/Intermediates.noindex/DangerSwiftCoverage.build/Debug-appletvos/DangerSwiftCoverage-t.build/Objects-normal/arm64/DangerSwiftCoverage-OutputFileMap.json (in target 'DangerSwiftCoverage' from project 'DangerSwiftCoverage')
cd /Users/admin/builder/spi-builder-workspace/.dependencies/checkouts/danger-swift-coverage
write-file /Users/admin/builder/spi-builder-workspace/.derivedData/Build/Intermediates.noindex/DangerSwiftCoverage.build/Debug-appletvos/DangerSwiftCoverage-t.build/Objects-normal/arm64/DangerSwiftCoverage-OutputFileMap.json
WriteAuxiliaryFile /Users/admin/builder/spi-builder-workspace/.derivedData/Build/Intermediates.noindex/DangerSwiftCoverage.build/Debug-appletvos/DangerSwiftCoverage-t.build/Objects-normal/arm64/DangerSwiftCoverage.SwiftFileList (in target 'DangerSwiftCoverage' from project 'DangerSwiftCoverage')
cd /Users/admin/builder/spi-builder-workspace/.dependencies/checkouts/danger-swift-coverage
write-file /Users/admin/builder/spi-builder-workspace/.derivedData/Build/Intermediates.noindex/DangerSwiftCoverage.build/Debug-appletvos/DangerSwiftCoverage-t.build/Objects-normal/arm64/DangerSwiftCoverage.SwiftFileList
WriteAuxiliaryFile /Users/admin/builder/spi-builder-workspace/.derivedData/Build/Intermediates.noindex/DangerSwiftCoverage.build/Debug-appletvos/DangerSwiftCoverage-t.build/Objects-normal/arm64/DangerSwiftCoverage.SwiftConstValuesFileList (in target 'DangerSwiftCoverage' from project 'DangerSwiftCoverage')
cd /Users/admin/builder/spi-builder-workspace/.dependencies/checkouts/danger-swift-coverage
write-file /Users/admin/builder/spi-builder-workspace/.derivedData/Build/Intermediates.noindex/DangerSwiftCoverage.build/Debug-appletvos/DangerSwiftCoverage-t.build/Objects-normal/arm64/DangerSwiftCoverage.SwiftConstValuesFileList
WriteAuxiliaryFile /Users/admin/builder/spi-builder-workspace/.derivedData/Build/Intermediates.noindex/DangerSwiftCoverage.build/Debug-appletvos/DangerSwiftCoverage-t.build/DangerSwiftCoverage.DependencyStaticMetadataFileList (in target 'DangerSwiftCoverage' from project 'DangerSwiftCoverage')
cd /Users/admin/builder/spi-builder-workspace/.dependencies/checkouts/danger-swift-coverage
write-file /Users/admin/builder/spi-builder-workspace/.derivedData/Build/Intermediates.noindex/DangerSwiftCoverage.build/Debug-appletvos/DangerSwiftCoverage-t.build/DangerSwiftCoverage.DependencyStaticMetadataFileList
WriteAuxiliaryFile /Users/admin/builder/spi-builder-workspace/.derivedData/Build/Intermediates.noindex/DangerSwiftCoverage.build/Debug-appletvos/DangerSwiftCoverage-t.build/DangerSwiftCoverage.DependencyMetadataFileList (in target 'DangerSwiftCoverage' from project 'DangerSwiftCoverage')
cd /Users/admin/builder/spi-builder-workspace/.dependencies/checkouts/danger-swift-coverage
write-file /Users/admin/builder/spi-builder-workspace/.derivedData/Build/Intermediates.noindex/DangerSwiftCoverage.build/Debug-appletvos/DangerSwiftCoverage-t.build/DangerSwiftCoverage.DependencyMetadataFileList
WriteAuxiliaryFile /Users/admin/builder/spi-builder-workspace/.derivedData/Build/Intermediates.noindex/danger-swift.build/Debug-appletvos/DangerShellExecutor-t.build/Objects-normal/arm64/DangerShellExecutor.SwiftFileList (in target 'DangerShellExecutor' from project 'danger-swift')
cd /Users/admin/builder/spi-builder-workspace/.dependencies/checkouts/swift
write-file /Users/admin/builder/spi-builder-workspace/.derivedData/Build/Intermediates.noindex/danger-swift.build/Debug-appletvos/DangerShellExecutor-t.build/Objects-normal/arm64/DangerShellExecutor.SwiftFileList
Copy /Users/admin/builder/spi-builder-workspace/.derivedData/Build/Intermediates.noindex/GeneratedModuleMaps-appletvos/DangerSwiftCoverage.modulemap /Users/admin/builder/spi-builder-workspace/.derivedData/Build/Intermediates.noindex/DangerSwiftCoverage.build/Debug-appletvos/DangerSwiftCoverage-t.build/DangerSwiftCoverage.modulemap (in target 'DangerSwiftCoverage' from project 'DangerSwiftCoverage')
cd /Users/admin/builder/spi-builder-workspace/.dependencies/checkouts/danger-swift-coverage
builtin-copy -exclude .DS_Store -exclude CVS -exclude .svn -exclude .git -exclude .hg -resolve-src-symlinks /Users/admin/builder/spi-builder-workspace/.derivedData/Build/Intermediates.noindex/DangerSwiftCoverage.build/Debug-appletvos/DangerSwiftCoverage-t.build/DangerSwiftCoverage.modulemap /Users/admin/builder/spi-builder-workspace/.derivedData/Build/Intermediates.noindex/GeneratedModuleMaps-appletvos
WriteAuxiliaryFile /Users/admin/builder/spi-builder-workspace/.derivedData/Build/Intermediates.noindex/danger-swift.build/Debug-appletvos/DangerShellExecutor-t.build/Objects-normal/arm64/DangerShellExecutor.SwiftConstValuesFileList (in target 'DangerShellExecutor' from project 'danger-swift')
cd /Users/admin/builder/spi-builder-workspace/.dependencies/checkouts/swift
write-file /Users/admin/builder/spi-builder-workspace/.derivedData/Build/Intermediates.noindex/danger-swift.build/Debug-appletvos/DangerShellExecutor-t.build/Objects-normal/arm64/DangerShellExecutor.SwiftConstValuesFileList
WriteAuxiliaryFile /Users/admin/builder/spi-builder-workspace/.derivedData/Build/Intermediates.noindex/danger-swift.build/Debug-appletvos/DangerShellExecutor-t.build/Objects-normal/arm64/DangerShellExecutor.LinkFileList (in target 'DangerShellExecutor' from project 'danger-swift')
cd /Users/admin/builder/spi-builder-workspace/.dependencies/checkouts/swift
write-file /Users/admin/builder/spi-builder-workspace/.derivedData/Build/Intermediates.noindex/danger-swift.build/Debug-appletvos/DangerShellExecutor-t.build/Objects-normal/arm64/DangerShellExecutor.LinkFileList
WriteAuxiliaryFile /Users/admin/builder/spi-builder-workspace/.derivedData/Build/Intermediates.noindex/danger-swift.build/Debug-appletvos/DangerShellExecutor-t.build/Objects-normal/arm64/DangerShellExecutor-OutputFileMap.json (in target 'DangerShellExecutor' from project 'danger-swift')
cd /Users/admin/builder/spi-builder-workspace/.dependencies/checkouts/swift
write-file /Users/admin/builder/spi-builder-workspace/.derivedData/Build/Intermediates.noindex/danger-swift.build/Debug-appletvos/DangerShellExecutor-t.build/Objects-normal/arm64/DangerShellExecutor-OutputFileMap.json
WriteAuxiliaryFile /Users/admin/builder/spi-builder-workspace/.derivedData/Build/Intermediates.noindex/danger-swift.build/Debug-appletvos/DangerShellExecutor-t.build/DangerShellExecutor.modulemap (in target 'DangerShellExecutor' from project 'danger-swift')
cd /Users/admin/builder/spi-builder-workspace/.dependencies/checkouts/swift
write-file /Users/admin/builder/spi-builder-workspace/.derivedData/Build/Intermediates.noindex/danger-swift.build/Debug-appletvos/DangerShellExecutor-t.build/DangerShellExecutor.modulemap
WriteAuxiliaryFile /Users/admin/builder/spi-builder-workspace/.derivedData/Build/Intermediates.noindex/danger-swift.build/Debug-appletvos/DangerShellExecutor-t.build/DangerShellExecutor.DependencyMetadataFileList (in target 'DangerShellExecutor' from project 'danger-swift')
cd /Users/admin/builder/spi-builder-workspace/.dependencies/checkouts/swift
write-file /Users/admin/builder/spi-builder-workspace/.derivedData/Build/Intermediates.noindex/danger-swift.build/Debug-appletvos/DangerShellExecutor-t.build/DangerShellExecutor.DependencyMetadataFileList
WriteAuxiliaryFile /Users/admin/builder/spi-builder-workspace/.derivedData/Build/Intermediates.noindex/danger-swift.build/Debug-appletvos/DangerShellExecutor-t.build/DangerShellExecutor.DependencyStaticMetadataFileList (in target 'DangerShellExecutor' from project 'danger-swift')
cd /Users/admin/builder/spi-builder-workspace/.dependencies/checkouts/swift
write-file /Users/admin/builder/spi-builder-workspace/.derivedData/Build/Intermediates.noindex/danger-swift.build/Debug-appletvos/DangerShellExecutor-t.build/DangerShellExecutor.DependencyStaticMetadataFileList
WriteAuxiliaryFile /Users/admin/builder/spi-builder-workspace/.derivedData/Build/Intermediates.noindex/Danger.build/Debug-appletvos/DangerDeps-product-t.build/empty-DangerDeps.plist (in target 'DangerDeps-product' from project 'Danger')
cd /Users/admin/builder/spi-builder-workspace
write-file /Users/admin/builder/spi-builder-workspace/.derivedData/Build/Intermediates.noindex/Danger.build/Debug-appletvos/DangerDeps-product-t.build/empty-DangerDeps.plist
WriteAuxiliaryFile /Users/admin/builder/spi-builder-workspace/.derivedData/Build/Intermediates.noindex/Danger.build/Debug-appletvos/DangerDeps-product-t.build/Objects-normal/arm64/DangerDeps.LinkFileList (in target 'DangerDeps-product' from project 'Danger')
cd /Users/admin/builder/spi-builder-workspace
write-file /Users/admin/builder/spi-builder-workspace/.derivedData/Build/Intermediates.noindex/Danger.build/Debug-appletvos/DangerDeps-product-t.build/Objects-normal/arm64/DangerDeps.LinkFileList
WriteAuxiliaryFile /Users/admin/builder/spi-builder-workspace/.derivedData/Build/Intermediates.noindex/Danger.build/Debug-appletvos/DangerDeps-product-t.build/DangerDeps.DependencyStaticMetadataFileList (in target 'DangerDeps-product' from project 'Danger')
cd /Users/admin/builder/spi-builder-workspace
write-file /Users/admin/builder/spi-builder-workspace/.derivedData/Build/Intermediates.noindex/Danger.build/Debug-appletvos/DangerDeps-product-t.build/DangerDeps.DependencyStaticMetadataFileList
WriteAuxiliaryFile /Users/admin/builder/spi-builder-workspace/.derivedData/Build/Intermediates.noindex/Danger.build/Debug-appletvos/DangerDeps-product-t.build/DangerDeps.DependencyMetadataFileList (in target 'DangerDeps-product' from project 'Danger')
cd /Users/admin/builder/spi-builder-workspace
write-file /Users/admin/builder/spi-builder-workspace/.derivedData/Build/Intermediates.noindex/Danger.build/Debug-appletvos/DangerDeps-product-t.build/DangerDeps.DependencyMetadataFileList
Copy /Users/admin/builder/spi-builder-workspace/.derivedData/Build/Intermediates.noindex/GeneratedModuleMaps-appletvos/DangerShellExecutor.modulemap /Users/admin/builder/spi-builder-workspace/.derivedData/Build/Intermediates.noindex/danger-swift.build/Debug-appletvos/DangerShellExecutor-t.build/DangerShellExecutor.modulemap (in target 'DangerShellExecutor' from project 'danger-swift')
cd /Users/admin/builder/spi-builder-workspace/.dependencies/checkouts/swift
builtin-copy -exclude .DS_Store -exclude CVS -exclude .svn -exclude .git -exclude .hg -resolve-src-symlinks /Users/admin/builder/spi-builder-workspace/.derivedData/Build/Intermediates.noindex/danger-swift.build/Debug-appletvos/DangerShellExecutor-t.build/DangerShellExecutor.modulemap /Users/admin/builder/spi-builder-workspace/.derivedData/Build/Intermediates.noindex/GeneratedModuleMaps-appletvos
MkDir /Users/admin/builder/spi-builder-workspace/.derivedData/Build/Products/Debug-appletvos/PackageFrameworks/DangerDeps.framework (in target 'DangerDeps-product' from project 'Danger')
cd /Users/admin/builder/spi-builder-workspace
/bin/mkdir -p /Users/admin/builder/spi-builder-workspace/.derivedData/Build/Products/Debug-appletvos/PackageFrameworks/DangerDeps.framework
WriteAuxiliaryFile /Users/admin/builder/spi-builder-workspace/.derivedData/Build/Intermediates.noindex/Danger.build/Debug-appletvos/DangerDependencies-t.build/Objects-normal/arm64/DangerDependencies-OutputFileMap.json (in target 'DangerDependencies' from project 'Danger')
cd /Users/admin/builder/spi-builder-workspace
write-file /Users/admin/builder/spi-builder-workspace/.derivedData/Build/Intermediates.noindex/Danger.build/Debug-appletvos/DangerDependencies-t.build/Objects-normal/arm64/DangerDependencies-OutputFileMap.json
WriteAuxiliaryFile /Users/admin/builder/spi-builder-workspace/.derivedData/Build/Intermediates.noindex/Danger.build/Debug-appletvos/DangerDependencies-t.build/Objects-normal/arm64/DangerDependencies.SwiftFileList (in target 'DangerDependencies' from project 'Danger')
cd /Users/admin/builder/spi-builder-workspace
write-file /Users/admin/builder/spi-builder-workspace/.derivedData/Build/Intermediates.noindex/Danger.build/Debug-appletvos/DangerDependencies-t.build/Objects-normal/arm64/DangerDependencies.SwiftFileList
WriteAuxiliaryFile /Users/admin/builder/spi-builder-workspace/.derivedData/Build/Intermediates.noindex/Danger.build/Debug-appletvos/DangerDependencies-t.build/Objects-normal/arm64/DangerDependencies.LinkFileList (in target 'DangerDependencies' from project 'Danger')
cd /Users/admin/builder/spi-builder-workspace
write-file /Users/admin/builder/spi-builder-workspace/.derivedData/Build/Intermediates.noindex/Danger.build/Debug-appletvos/DangerDependencies-t.build/Objects-normal/arm64/DangerDependencies.LinkFileList
WriteAuxiliaryFile /Users/admin/builder/spi-builder-workspace/.derivedData/Build/Intermediates.noindex/Danger.build/Debug-appletvos/DangerDependencies-t.build/Objects-normal/arm64/DangerDependencies_const_extract_protocols.json (in target 'DangerDependencies' from project 'Danger')
cd /Users/admin/builder/spi-builder-workspace
write-file /Users/admin/builder/spi-builder-workspace/.derivedData/Build/Intermediates.noindex/Danger.build/Debug-appletvos/DangerDependencies-t.build/Objects-normal/arm64/DangerDependencies_const_extract_protocols.json
WriteAuxiliaryFile /Users/admin/builder/spi-builder-workspace/.derivedData/Build/Intermediates.noindex/Danger.build/Debug-appletvos/DangerDependencies-t.build/Objects-normal/arm64/DangerDependencies.SwiftConstValuesFileList (in target 'DangerDependencies' from project 'Danger')
cd /Users/admin/builder/spi-builder-workspace
write-file /Users/admin/builder/spi-builder-workspace/.derivedData/Build/Intermediates.noindex/Danger.build/Debug-appletvos/DangerDependencies-t.build/Objects-normal/arm64/DangerDependencies.SwiftConstValuesFileList
WriteAuxiliaryFile /Users/admin/builder/spi-builder-workspace/.derivedData/Build/Intermediates.noindex/Danger.build/Debug-appletvos/DangerDependencies-t.build/DangerDependencies.modulemap (in target 'DangerDependencies' from project 'Danger')
cd /Users/admin/builder/spi-builder-workspace
write-file /Users/admin/builder/spi-builder-workspace/.derivedData/Build/Intermediates.noindex/Danger.build/Debug-appletvos/DangerDependencies-t.build/DangerDependencies.modulemap
WriteAuxiliaryFile /Users/admin/builder/spi-builder-workspace/.derivedData/Build/Intermediates.noindex/Danger.build/Debug-appletvos/DangerDependencies-t.build/DangerDependencies.DependencyStaticMetadataFileList (in target 'DangerDependencies' from project 'Danger')
cd /Users/admin/builder/spi-builder-workspace
write-file /Users/admin/builder/spi-builder-workspace/.derivedData/Build/Intermediates.noindex/Danger.build/Debug-appletvos/DangerDependencies-t.build/DangerDependencies.DependencyStaticMetadataFileList
WriteAuxiliaryFile /Users/admin/builder/spi-builder-workspace/.derivedData/Build/Intermediates.noindex/Danger.build/Debug-appletvos/DangerDependencies-t.build/DangerDependencies.DependencyMetadataFileList (in target 'DangerDependencies' from project 'Danger')
cd /Users/admin/builder/spi-builder-workspace
write-file /Users/admin/builder/spi-builder-workspace/.derivedData/Build/Intermediates.noindex/Danger.build/Debug-appletvos/DangerDependencies-t.build/DangerDependencies.DependencyMetadataFileList
WriteAuxiliaryFile /Users/admin/builder/spi-builder-workspace/.derivedData/Build/Intermediates.noindex/danger-swift.build/Debug-appletvos/Danger-t.build/Danger.modulemap (in target 'Danger' from project 'danger-swift')
cd /Users/admin/builder/spi-builder-workspace/.dependencies/checkouts/swift
write-file /Users/admin/builder/spi-builder-workspace/.derivedData/Build/Intermediates.noindex/danger-swift.build/Debug-appletvos/Danger-t.build/Danger.modulemap
WriteAuxiliaryFile /Users/admin/builder/spi-builder-workspace/.derivedData/Build/Intermediates.noindex/danger-swift.build/Debug-appletvos/Danger-t.build/Objects-normal/arm64/Danger-OutputFileMap.json (in target 'Danger' from project 'danger-swift')
cd /Users/admin/builder/spi-builder-workspace/.dependencies/checkouts/swift
write-file /Users/admin/builder/spi-builder-workspace/.derivedData/Build/Intermediates.noindex/danger-swift.build/Debug-appletvos/Danger-t.build/Objects-normal/arm64/Danger-OutputFileMap.json
WriteAuxiliaryFile /Users/admin/builder/spi-builder-workspace/.derivedData/Build/Intermediates.noindex/danger-swift.build/Debug-appletvos/Danger-t.build/Objects-normal/arm64/Danger_const_extract_protocols.json (in target 'Danger' from project 'danger-swift')
cd /Users/admin/builder/spi-builder-workspace/.dependencies/checkouts/swift
write-file /Users/admin/builder/spi-builder-workspace/.derivedData/Build/Intermediates.noindex/danger-swift.build/Debug-appletvos/Danger-t.build/Objects-normal/arm64/Danger_const_extract_protocols.json
WriteAuxiliaryFile /Users/admin/builder/spi-builder-workspace/.derivedData/Build/Intermediates.noindex/danger-swift.build/Debug-appletvos/Danger-t.build/Objects-normal/arm64/Danger.SwiftConstValuesFileList (in target 'Danger' from project 'danger-swift')
cd /Users/admin/builder/spi-builder-workspace/.dependencies/checkouts/swift
write-file /Users/admin/builder/spi-builder-workspace/.derivedData/Build/Intermediates.noindex/danger-swift.build/Debug-appletvos/Danger-t.build/Objects-normal/arm64/Danger.SwiftConstValuesFileList
WriteAuxiliaryFile /Users/admin/builder/spi-builder-workspace/.derivedData/Build/Intermediates.noindex/danger-swift.build/Debug-appletvos/Danger-t.build/Objects-normal/arm64/Danger.SwiftFileList (in target 'Danger' from project 'danger-swift')
cd /Users/admin/builder/spi-builder-workspace/.dependencies/checkouts/swift
write-file /Users/admin/builder/spi-builder-workspace/.derivedData/Build/Intermediates.noindex/danger-swift.build/Debug-appletvos/Danger-t.build/Objects-normal/arm64/Danger.SwiftFileList
WriteAuxiliaryFile /Users/admin/builder/spi-builder-workspace/.derivedData/Build/Intermediates.noindex/danger-swift.build/Debug-appletvos/Danger-t.build/Objects-normal/arm64/Danger.LinkFileList (in target 'Danger' from project 'danger-swift')
cd /Users/admin/builder/spi-builder-workspace/.dependencies/checkouts/swift
write-file /Users/admin/builder/spi-builder-workspace/.derivedData/Build/Intermediates.noindex/danger-swift.build/Debug-appletvos/Danger-t.build/Objects-normal/arm64/Danger.LinkFileList
WriteAuxiliaryFile /Users/admin/builder/spi-builder-workspace/.derivedData/Build/Intermediates.noindex/danger-swift.build/Debug-appletvos/Danger-t.build/Danger.DependencyStaticMetadataFileList (in target 'Danger' from project 'danger-swift')
cd /Users/admin/builder/spi-builder-workspace/.dependencies/checkouts/swift
write-file /Users/admin/builder/spi-builder-workspace/.derivedData/Build/Intermediates.noindex/danger-swift.build/Debug-appletvos/Danger-t.build/Danger.DependencyStaticMetadataFileList
WriteAuxiliaryFile /Users/admin/builder/spi-builder-workspace/.derivedData/Build/Intermediates.noindex/danger-swift.build/Debug-appletvos/Danger-t.build/Danger.DependencyMetadataFileList (in target 'Danger' from project 'danger-swift')
cd /Users/admin/builder/spi-builder-workspace/.dependencies/checkouts/swift
write-file /Users/admin/builder/spi-builder-workspace/.derivedData/Build/Intermediates.noindex/danger-swift.build/Debug-appletvos/Danger-t.build/Danger.DependencyMetadataFileList
Copy /Users/admin/builder/spi-builder-workspace/.derivedData/Build/Intermediates.noindex/GeneratedModuleMaps-appletvos/DangerDependencies.modulemap /Users/admin/builder/spi-builder-workspace/.derivedData/Build/Intermediates.noindex/Danger.build/Debug-appletvos/DangerDependencies-t.build/DangerDependencies.modulemap (in target 'DangerDependencies' from project 'Danger')
cd /Users/admin/builder/spi-builder-workspace
builtin-copy -exclude .DS_Store -exclude CVS -exclude .svn -exclude .git -exclude .hg -resolve-src-symlinks /Users/admin/builder/spi-builder-workspace/.derivedData/Build/Intermediates.noindex/Danger.build/Debug-appletvos/DangerDependencies-t.build/DangerDependencies.modulemap /Users/admin/builder/spi-builder-workspace/.derivedData/Build/Intermediates.noindex/GeneratedModuleMaps-appletvos
Copy /Users/admin/builder/spi-builder-workspace/.derivedData/Build/Intermediates.noindex/GeneratedModuleMaps-appletvos/Danger.modulemap /Users/admin/builder/spi-builder-workspace/.derivedData/Build/Intermediates.noindex/danger-swift.build/Debug-appletvos/Danger-t.build/Danger.modulemap (in target 'Danger' from project 'danger-swift')
cd /Users/admin/builder/spi-builder-workspace/.dependencies/checkouts/swift
builtin-copy -exclude .DS_Store -exclude CVS -exclude .svn -exclude .git -exclude .hg -resolve-src-symlinks /Users/admin/builder/spi-builder-workspace/.derivedData/Build/Intermediates.noindex/danger-swift.build/Debug-appletvos/Danger-t.build/Danger.modulemap /Users/admin/builder/spi-builder-workspace/.derivedData/Build/Intermediates.noindex/GeneratedModuleMaps-appletvos
SwiftDriver DangerShellExecutor normal arm64 com.apple.xcode.tools.swift.compiler (in target 'DangerShellExecutor' from project 'danger-swift')
cd /Users/admin/builder/spi-builder-workspace/.swiftpm/xcode
builtin-SwiftDriver -- /Applications/Xcode-27.0.0-Release.Candidate.app/Contents/Developer/Toolchains/XcodeDefault.xctoolchain/usr/bin/swiftc -parse-as-library -module-name DangerShellExecutor -Onone @/Users/admin/builder/spi-builder-workspace/.derivedData/Build/Intermediates.noindex/danger-swift.build/Debug-appletvos/DangerShellExecutor-t.build/Objects-normal/arm64/DangerShellExecutor.SwiftFileList -DSWIFT_PACKAGE -DDEBUG -DSWIFT_MODULE_RESOURCE_BUNDLE_UNAVAILABLE -DXcode -plugin-path /Applications/Xcode-27.0.0-Release.Candidate.app/Contents/Developer/Toolchains/XcodeDefault.xctoolchain/usr/lib/swift/host/plugins/testing -enable-experimental-feature DebugDescriptionMacro -sdk /Applications/Xcode-27.0.0-Release.Candidate.app/Contents/Developer/Platforms/AppleTVOS.platform/Developer/SDKs/AppleTVOS27.0.sdk -target arm64-apple-tvos15.0 -g -module-cache-path /Users/admin/builder/spi-builder-workspace/.derivedData/ModuleCache.noindex -Xfrontend -serialize-debugging-options -enable-testing -suppress-warnings -index-store-path /Users/admin/builder/spi-builder-workspace/.derivedData/Index.noindex/DataStore -Xcc -D_LIBCPP_HARDENING_MODE\=_LIBCPP_HARDENING_MODE_DEBUG -swift-version 5 -I /Users/admin/builder/spi-builder-workspace/.derivedData/Build/Products/Debug-appletvos -Isystem /Applications/Xcode-27.0.0-Release.Candidate.app/Contents/Developer/Platforms/AppleTVOS.platform/Developer/usr/lib -F /Users/admin/builder/spi-builder-workspace/.derivedData/Build/Products/Debug-appletvos -F /Applications/Xcode-27.0.0-Release.Candidate.app/Contents/Developer/Platforms/AppleTVOS.platform/Developer/Library/Frameworks -F /Applications/Xcode-27.0.0-Release.Candidate.app/Contents/Developer/Platforms/AppleTVOS.platform/Developer/SDKs/AppleTVOS27.0.sdk/Developer/Library/Frameworks -c -j10 -enable-batch-mode -incremental -Xcc -ivfsstatcache -Xcc /Users/admin/builder/spi-builder-workspace/.derivedData/SDKStatCaches.noindex/appletvos27.0-24J360-e829b21a6f8c9b70876ba0858053c044b32bfd8d43560033f8d89884cdb90028.sdkstatcache -output-file-map /Users/admin/builder/spi-builder-workspace/.derivedData/Build/Intermediates.noindex/danger-swift.build/Debug-appletvos/DangerShellExecutor-t.build/Objects-normal/arm64/DangerShellExecutor-OutputFileMap.json -save-temps -no-color-diagnostics -explicit-module-build -module-cache-path /Users/admin/builder/spi-builder-workspace/.derivedData/Build/Intermediates.noindex/SwiftExplicitPrecompiledModules -clang-scanner-module-cache-path /Users/admin/builder/spi-builder-workspace/.derivedData/ModuleCache.noindex -sdk-module-cache-path /Users/admin/builder/spi-builder-workspace/.derivedData/SDKExplicitPrecompiledModules -emit-dependencies -emit-module -emit-module-path /Users/admin/builder/spi-builder-workspace/.derivedData/Build/Intermediates.noindex/danger-swift.build/Debug-appletvos/DangerShellExecutor-t.build/Objects-normal/arm64/DangerShellExecutor.swiftmodule -serialize-diagnostics -dependency-scan-serialize-diagnostics-path /Users/admin/builder/spi-builder-workspace/.derivedData/Build/Intermediates.noindex/danger-swift.build/Debug-appletvos/DangerShellExecutor-t.build/Objects-normal/arm64/DangerShellExecutor-dependency-scan.dia -validate-clang-modules-once -clang-build-session-file /Users/admin/builder/spi-builder-workspace/.derivedData/ModuleCache.noindex/Session.modulevalidation -Xcc -fmodules-prune-interval\=86400 -Xcc -fmodules-prune-after\=345600 -emit-const-values -const-gather-protocols-list /Users/admin/builder/spi-builder-workspace/.derivedData/Build/Intermediates.noindex/danger-swift.build/Debug-appletvos/DangerShellExecutor-t.build/Objects-normal/arm64/DangerShellExecutor_const_extract_protocols.json -Xcc -I/Users/admin/builder/spi-builder-workspace/.derivedData/Build/Products/Debug-appletvos/include -Xcc -I/Users/admin/builder/spi-builder-workspace/.derivedData/Build/Intermediates.noindex/danger-swift.build/Debug-appletvos/DangerShellExecutor-t.build/DerivedSources-normal/arm64 -Xcc -I/Users/admin/builder/spi-builder-workspace/.derivedData/Build/Intermediates.noindex/danger-swift.build/Debug-appletvos/DangerShellExecutor-t.build/DerivedSources/arm64 -Xcc -I/Users/admin/builder/spi-builder-workspace/.derivedData/Build/Intermediates.noindex/danger-swift.build/Debug-appletvos/DangerShellExecutor-t.build/DerivedSources -Xcc -DSWIFT_PACKAGE -Xcc -DDEBUG\=1 -emit-objc-header -emit-objc-header-path /Users/admin/builder/spi-builder-workspace/.derivedData/Build/Intermediates.noindex/danger-swift.build/Debug-appletvos/DangerShellExecutor-t.build/Objects-normal/arm64/DangerShellExecutor-Swift.h -working-directory /Users/admin/builder/spi-builder-workspace/.swiftpm/xcode -experimental-emit-module-separately -disable-cmo
SwiftDriver RequestKit normal arm64 com.apple.xcode.tools.swift.compiler (in target 'RequestKit' from project 'RequestKit')
cd /Users/admin/builder/spi-builder-workspace/.swiftpm/xcode
builtin-SwiftDriver -- /Applications/Xcode-27.0.0-Release.Candidate.app/Contents/Developer/Toolchains/XcodeDefault.xctoolchain/usr/bin/swiftc -parse-as-library -module-name RequestKit -Onone @/Users/admin/builder/spi-builder-workspace/.derivedData/Build/Intermediates.noindex/RequestKit.build/Debug-appletvos/RequestKit-t.build/Objects-normal/arm64/RequestKit.SwiftFileList -DSWIFT_PACKAGE -DDEBUG -DSWIFT_MODULE_RESOURCE_BUNDLE_UNAVAILABLE -DXcode -plugin-path /Applications/Xcode-27.0.0-Release.Candidate.app/Contents/Developer/Toolchains/XcodeDefault.xctoolchain/usr/lib/swift/host/plugins/testing -enable-experimental-feature DebugDescriptionMacro -sdk /Applications/Xcode-27.0.0-Release.Candidate.app/Contents/Developer/Platforms/AppleTVOS.platform/Developer/SDKs/AppleTVOS27.0.sdk -target arm64-apple-tvos15.0 -g -module-cache-path /Users/admin/builder/spi-builder-workspace/.derivedData/ModuleCache.noindex -Xfrontend -serialize-debugging-options -enable-testing -suppress-warnings -index-store-path /Users/admin/builder/spi-builder-workspace/.derivedData/Index.noindex/DataStore -Xcc -D_LIBCPP_HARDENING_MODE\=_LIBCPP_HARDENING_MODE_DEBUG -swift-version 4.2 -I /Users/admin/builder/spi-builder-workspace/.derivedData/Build/Products/Debug-appletvos -Isystem /Applications/Xcode-27.0.0-Release.Candidate.app/Contents/Developer/Platforms/AppleTVOS.platform/Developer/usr/lib -F /Users/admin/builder/spi-builder-workspace/.derivedData/Build/Products/Debug-appletvos -F /Applications/Xcode-27.0.0-Release.Candidate.app/Contents/Developer/Platforms/AppleTVOS.platform/Developer/Library/Frameworks -F /Applications/Xcode-27.0.0-Release.Candidate.app/Contents/Developer/Platforms/AppleTVOS.platform/Developer/SDKs/AppleTVOS27.0.sdk/Developer/Library/Frameworks -c -j10 -enable-batch-mode -incremental -Xcc -ivfsstatcache -Xcc /Users/admin/builder/spi-builder-workspace/.derivedData/SDKStatCaches.noindex/appletvos27.0-24J360-e829b21a6f8c9b70876ba0858053c044b32bfd8d43560033f8d89884cdb90028.sdkstatcache -output-file-map /Users/admin/builder/spi-builder-workspace/.derivedData/Build/Intermediates.noindex/RequestKit.build/Debug-appletvos/RequestKit-t.build/Objects-normal/arm64/RequestKit-OutputFileMap.json -save-temps -no-color-diagnostics -emit-dependencies -emit-module -emit-module-path /Users/admin/builder/spi-builder-workspace/.derivedData/Build/Intermediates.noindex/RequestKit.build/Debug-appletvos/RequestKit-t.build/Objects-normal/arm64/RequestKit.swiftmodule -serialize-diagnostics -validate-clang-modules-once -clang-build-session-file /Users/admin/builder/spi-builder-workspace/.derivedData/ModuleCache.noindex/Session.modulevalidation -Xcc -fmodules-prune-interval\=86400 -Xcc -fmodules-prune-after\=345600 -emit-const-values -const-gather-protocols-list /Users/admin/builder/spi-builder-workspace/.derivedData/Build/Intermediates.noindex/RequestKit.build/Debug-appletvos/RequestKit-t.build/Objects-normal/arm64/RequestKit_const_extract_protocols.json -Xcc -I/Users/admin/builder/spi-builder-workspace/.derivedData/Build/Products/Debug-appletvos/include -Xcc -I/Users/admin/builder/spi-builder-workspace/.derivedData/Build/Intermediates.noindex/RequestKit.build/Debug-appletvos/RequestKit-t.build/DerivedSources-normal/arm64 -Xcc -I/Users/admin/builder/spi-builder-workspace/.derivedData/Build/Intermediates.noindex/RequestKit.build/Debug-appletvos/RequestKit-t.build/DerivedSources/arm64 -Xcc -I/Users/admin/builder/spi-builder-workspace/.derivedData/Build/Intermediates.noindex/RequestKit.build/Debug-appletvos/RequestKit-t.build/DerivedSources -Xcc -DSWIFT_PACKAGE -Xcc -DDEBUG\=1 -emit-objc-header -emit-objc-header-path /Users/admin/builder/spi-builder-workspace/.derivedData/Build/Intermediates.noindex/RequestKit.build/Debug-appletvos/RequestKit-t.build/Objects-normal/arm64/RequestKit-Swift.h -working-directory /Users/admin/builder/spi-builder-workspace/.swiftpm/xcode -experimental-emit-module-separately -disable-cmo
SwiftDriver Logger normal arm64 com.apple.xcode.tools.swift.compiler (in target 'Logger' from project 'Logger')
cd /Users/admin/builder/spi-builder-workspace/.swiftpm/xcode
builtin-SwiftDriver -- /Applications/Xcode-27.0.0-Release.Candidate.app/Contents/Developer/Toolchains/XcodeDefault.xctoolchain/usr/bin/swiftc -parse-as-library -module-name Logger -Onone @/Users/admin/builder/spi-builder-workspace/.derivedData/Build/Intermediates.noindex/Logger.build/Debug-appletvos/Logger-t.build/Objects-normal/arm64/Logger.SwiftFileList -DSWIFT_PACKAGE -DDEBUG -DSWIFT_MODULE_RESOURCE_BUNDLE_UNAVAILABLE -DXcode -plugin-path /Applications/Xcode-27.0.0-Release.Candidate.app/Contents/Developer/Toolchains/XcodeDefault.xctoolchain/usr/lib/swift/host/plugins/testing -enable-experimental-feature DebugDescriptionMacro -sdk /Applications/Xcode-27.0.0-Release.Candidate.app/Contents/Developer/Platforms/AppleTVOS.platform/Developer/SDKs/AppleTVOS27.0.sdk -target arm64-apple-tvos15.0 -g -module-cache-path /Users/admin/builder/spi-builder-workspace/.derivedData/ModuleCache.noindex -Xfrontend -serialize-debugging-options -enable-testing -suppress-warnings -index-store-path /Users/admin/builder/spi-builder-workspace/.derivedData/Index.noindex/DataStore -Xcc -D_LIBCPP_HARDENING_MODE\=_LIBCPP_HARDENING_MODE_DEBUG -swift-version 4.2 -I /Users/admin/builder/spi-builder-workspace/.derivedData/Build/Products/Debug-appletvos -Isystem /Applications/Xcode-27.0.0-Release.Candidate.app/Contents/Developer/Platforms/AppleTVOS.platform/Developer/usr/lib -F /Users/admin/builder/spi-builder-workspace/.derivedData/Build/Products/Debug-appletvos -F /Applications/Xcode-27.0.0-Release.Candidate.app/Contents/Developer/Platforms/AppleTVOS.platform/Developer/Library/Frameworks -F /Applications/Xcode-27.0.0-Release.Candidate.app/Contents/Developer/Platforms/AppleTVOS.platform/Developer/SDKs/AppleTVOS27.0.sdk/Developer/Library/Frameworks -c -j10 -enable-batch-mode -incremental -Xcc -ivfsstatcache -Xcc /Users/admin/builder/spi-builder-workspace/.derivedData/SDKStatCaches.noindex/appletvos27.0-24J360-e829b21a6f8c9b70876ba0858053c044b32bfd8d43560033f8d89884cdb90028.sdkstatcache -output-file-map /Users/admin/builder/spi-builder-workspace/.derivedData/Build/Intermediates.noindex/Logger.build/Debug-appletvos/Logger-t.build/Objects-normal/arm64/Logger-OutputFileMap.json -save-temps -no-color-diagnostics -emit-dependencies -emit-module -emit-module-path /Users/admin/builder/spi-builder-workspace/.derivedData/Build/Intermediates.noindex/Logger.build/Debug-appletvos/Logger-t.build/Objects-normal/arm64/Logger.swiftmodule -serialize-diagnostics -validate-clang-modules-once -clang-build-session-file /Users/admin/builder/spi-builder-workspace/.derivedData/ModuleCache.noindex/Session.modulevalidation -Xcc -fmodules-prune-interval\=86400 -Xcc -fmodules-prune-after\=345600 -emit-const-values -const-gather-protocols-list /Users/admin/builder/spi-builder-workspace/.derivedData/Build/Intermediates.noindex/Logger.build/Debug-appletvos/Logger-t.build/Objects-normal/arm64/Logger_const_extract_protocols.json -Xcc -I/Users/admin/builder/spi-builder-workspace/.derivedData/Build/Products/Debug-appletvos/include -Xcc -I/Users/admin/builder/spi-builder-workspace/.derivedData/Build/Intermediates.noindex/Logger.build/Debug-appletvos/Logger-t.build/DerivedSources-normal/arm64 -Xcc -I/Users/admin/builder/spi-builder-workspace/.derivedData/Build/Intermediates.noindex/Logger.build/Debug-appletvos/Logger-t.build/DerivedSources/arm64 -Xcc -I/Users/admin/builder/spi-builder-workspace/.derivedData/Build/Intermediates.noindex/Logger.build/Debug-appletvos/Logger-t.build/DerivedSources -Xcc -DSWIFT_PACKAGE -Xcc -DDEBUG\=1 -emit-objc-header -emit-objc-header-path /Users/admin/builder/spi-builder-workspace/.derivedData/Build/Intermediates.noindex/Logger.build/Debug-appletvos/Logger-t.build/Objects-normal/arm64/Logger-Swift.h -working-directory /Users/admin/builder/spi-builder-workspace/.swiftpm/xcode -experimental-emit-module-separately -disable-cmo
SwiftEmitModule normal arm64 Emitting\ module\ for\ Logger (in target 'Logger' from project 'Logger')
SwiftCompile normal arm64 (in target 'Logger' from project 'Logger')
cd /Users/admin/builder/spi-builder-workspace/.swiftpm/xcode
SwiftCompile normal arm64 Compiling\ Logger.swift /Users/admin/builder/spi-builder-workspace/.dependencies/checkouts/Logger/Sources/Logger/Logger.swift (in target 'Logger' from project 'Logger')
SwiftCompile normal arm64 /Users/admin/builder/spi-builder-workspace/.dependencies/checkouts/Logger/Sources/Logger/Logger.swift (in target 'Logger' from project 'Logger')
cd /Users/admin/builder/spi-builder-workspace/.swiftpm/xcode
builtin-SwiftPerFileCompile Logger.swift
SwiftCompile normal arm64 Compiling\ JSONPostRouter.swift /Users/admin/builder/spi-builder-workspace/.dependencies/checkouts/RequestKit/Sources/RequestKit/JSONPostRouter.swift (in target 'RequestKit' from project 'RequestKit')
SwiftCompile normal arm64 /Users/admin/builder/spi-builder-workspace/.dependencies/checkouts/RequestKit/Sources/RequestKit/JSONPostRouter.swift (in target 'RequestKit' from project 'RequestKit')
cd /Users/admin/builder/spi-builder-workspace/.swiftpm/xcode
builtin-SwiftPerFileCompile JSONPostRouter.swift
SwiftCompile normal arm64 Compiling\ RequestKitSession.swift /Users/admin/builder/spi-builder-workspace/.dependencies/checkouts/RequestKit/Sources/RequestKit/RequestKitSession.swift (in target 'RequestKit' from project 'RequestKit')
SwiftCompile normal arm64 /Users/admin/builder/spi-builder-workspace/.dependencies/checkouts/RequestKit/Sources/RequestKit/RequestKitSession.swift (in target 'RequestKit' from project 'RequestKit')
cd /Users/admin/builder/spi-builder-workspace/.swiftpm/xcode
builtin-SwiftPerFileCompile RequestKitSession.swift
SwiftCompile normal arm64 Compiling\ Pagination.swift /Users/admin/builder/spi-builder-workspace/.dependencies/checkouts/RequestKit/Sources/RequestKit/Pagination.swift (in target 'RequestKit' from project 'RequestKit')
SwiftCompile normal arm64 /Users/admin/builder/spi-builder-workspace/.dependencies/checkouts/RequestKit/Sources/RequestKit/Pagination.swift (in target 'RequestKit' from project 'RequestKit')
cd /Users/admin/builder/spi-builder-workspace/.swiftpm/xcode
builtin-SwiftPerFileCompile Pagination.swift
SwiftEmitModule normal arm64 Emitting\ module\ for\ RequestKit (in target 'RequestKit' from project 'RequestKit')
SwiftCompile normal arm64 (in target 'RequestKit' from project 'RequestKit')
cd /Users/admin/builder/spi-builder-workspace/.swiftpm/xcode
SwiftCompile normal arm64 Compiling\ Router.swift /Users/admin/builder/spi-builder-workspace/.dependencies/checkouts/RequestKit/Sources/RequestKit/Router.swift (in target 'RequestKit' from project 'RequestKit')
SwiftCompile normal arm64 /Users/admin/builder/spi-builder-workspace/.dependencies/checkouts/RequestKit/Sources/RequestKit/Router.swift (in target 'RequestKit' from project 'RequestKit')
cd /Users/admin/builder/spi-builder-workspace/.swiftpm/xcode
builtin-SwiftPerFileCompile Router.swift
SwiftExplicitDependencyGeneratePcm arm64 /Users/admin/builder/spi-builder-workspace/.derivedData/SDKExplicitPrecompiledModules/ptrauth-8X2KEPL7CTRPS40TUB9APHPK6.pcm
SwiftExplicitDependencyGeneratePcm arm64 /Users/admin/builder/spi-builder-workspace/.derivedData/SDKExplicitPrecompiledModules/SwiftShims-8N4EXJ4RUJTR8K9OO3CMOH1EP.pcm
SwiftExplicitDependencyGeneratePcm arm64 /Users/admin/builder/spi-builder-workspace/.derivedData/SDKExplicitPrecompiledModules/_Builtin_stdbool-AHRDH5EKLY6D04C5E42F3VCQI.pcm
SwiftExplicitDependencyGeneratePcm arm64 /Users/admin/builder/spi-builder-workspace/.derivedData/SDKExplicitPrecompiledModules/_Builtin_stddef-9ZJZ6FDEZNKTZU8YLPMFT9RAQ.pcm
SwiftExplicitDependencyGeneratePcm arm64 /Users/admin/builder/spi-builder-workspace/.derivedData/SDKExplicitPrecompiledModules/_Builtin_float-8ZJAYZ85YBOAOP52Y9H6IUNP3.pcm
SwiftExplicitDependencyGeneratePcm arm64 /Users/admin/builder/spi-builder-workspace/.derivedData/SDKExplicitPrecompiledModules/_Builtin_stdarg-BO2OCAUYVAXDRVQWQ8ISKGNUQ.pcm
SwiftExplicitDependencyGeneratePcm arm64 /Users/admin/builder/spi-builder-workspace/.derivedData/SDKExplicitPrecompiledModules/_AvailabilityInternal-BV2EDDP0MI5QJDDPEEV4D9D3V.pcm
SwiftExplicitDependencyGeneratePcm arm64 /Users/admin/builder/spi-builder-workspace/.derivedData/SDKExplicitPrecompiledModules/_SwiftConcurrencyShims-BY5PD8KF1L5KF6F4Q69HE3TJ4.pcm
SwiftExplicitDependencyGeneratePcm arm64 /Users/admin/builder/spi-builder-workspace/.derivedData/SDKExplicitPrecompiledModules/ptrcheck-2AZ6B5IBYD3RRRTFWN2ONASY3.pcm
SwiftExplicitDependencyGeneratePcm arm64 /Users/admin/builder/spi-builder-workspace/.derivedData/SDKExplicitPrecompiledModules/_DarwinFoundation1-JOTYMOA1YZCIJ2NON6FQ848O.pcm
SwiftExplicitDependencyGeneratePcm arm64 /Users/admin/builder/spi-builder-workspace/.derivedData/SDKExplicitPrecompiledModules/_DarwinFoundation2-AOGAN1O02NKXRJN5V73AV3V3M.pcm
SwiftExplicitDependencyGeneratePcm arm64 /Users/admin/builder/spi-builder-workspace/.derivedData/SDKExplicitPrecompiledModules/_Builtin_limits-7JU2HP127LIT1X9E2V3D8WZ1.pcm
SwiftExplicitDependencyGeneratePcm arm64 /Users/admin/builder/spi-builder-workspace/.derivedData/SDKExplicitPrecompiledModules/sys_types-8GCAV1YMG5UUGHUID3CA20TCH.pcm
SwiftExplicitDependencyGeneratePcm arm64 /Users/admin/builder/spi-builder-workspace/.derivedData/SDKExplicitPrecompiledModules/string_h-6EVHP7A717OUS5DMC78F79HWO.pcm
SwiftExplicitDependencyGeneratePcm arm64 /Users/admin/builder/spi-builder-workspace/.derivedData/SDKExplicitPrecompiledModules/_Builtin_stdint-6NFTB6IBKS143IVPGT1EKB7HO.pcm
SwiftExplicitDependencyGeneratePcm arm64 /Users/admin/builder/spi-builder-workspace/.derivedData/SDKExplicitPrecompiledModules/_DarwinFoundation3-8SR3855WDFHQPR6G9GHOI2C07.pcm
SwiftExplicitDependencyGeneratePcm arm64 /Users/admin/builder/spi-builder-workspace/.derivedData/SDKExplicitPrecompiledModules/_Builtin_inttypes-6X1IQ3QK9KEVKXOK9Y79EW7J3.pcm
SwiftExplicitDependencyGeneratePcm arm64 /Users/admin/builder/spi-builder-workspace/.derivedData/SDKExplicitPrecompiledModules/Darwin-DBSQAVBBPC3D2OMU5ZI2RXMST.pcm
SwiftDriverJobDiscovery normal arm64 Emitting module for Logger (in target 'Logger' from project 'Logger')
SwiftDriver\ Compilation\ Requirements Logger normal arm64 com.apple.xcode.tools.swift.compiler (in target 'Logger' from project 'Logger')
cd /Users/admin/builder/spi-builder-workspace/.swiftpm/xcode
builtin-Swift-Compilation-Requirements -- /Applications/Xcode-27.0.0-Release.Candidate.app/Contents/Developer/Toolchains/XcodeDefault.xctoolchain/usr/bin/swiftc -parse-as-library -module-name Logger -Onone @/Users/admin/builder/spi-builder-workspace/.derivedData/Build/Intermediates.noindex/Logger.build/Debug-appletvos/Logger-t.build/Objects-normal/arm64/Logger.SwiftFileList -DSWIFT_PACKAGE -DDEBUG -DSWIFT_MODULE_RESOURCE_BUNDLE_UNAVAILABLE -DXcode -plugin-path /Applications/Xcode-27.0.0-Release.Candidate.app/Contents/Developer/Toolchains/XcodeDefault.xctoolchain/usr/lib/swift/host/plugins/testing -enable-experimental-feature DebugDescriptionMacro -sdk /Applications/Xcode-27.0.0-Release.Candidate.app/Contents/Developer/Platforms/AppleTVOS.platform/Developer/SDKs/AppleTVOS27.0.sdk -target arm64-apple-tvos15.0 -g -module-cache-path /Users/admin/builder/spi-builder-workspace/.derivedData/ModuleCache.noindex -Xfrontend -serialize-debugging-options -enable-testing -suppress-warnings -index-store-path /Users/admin/builder/spi-builder-workspace/.derivedData/Index.noindex/DataStore -Xcc -D_LIBCPP_HARDENING_MODE\=_LIBCPP_HARDENING_MODE_DEBUG -swift-version 4.2 -I /Users/admin/builder/spi-builder-workspace/.derivedData/Build/Products/Debug-appletvos -Isystem /Applications/Xcode-27.0.0-Release.Candidate.app/Contents/Developer/Platforms/AppleTVOS.platform/Developer/usr/lib -F /Users/admin/builder/spi-builder-workspace/.derivedData/Build/Products/Debug-appletvos -F /Applications/Xcode-27.0.0-Release.Candidate.app/Contents/Developer/Platforms/AppleTVOS.platform/Developer/Library/Frameworks -F /Applications/Xcode-27.0.0-Release.Candidate.app/Contents/Developer/Platforms/AppleTVOS.platform/Developer/SDKs/AppleTVOS27.0.sdk/Developer/Library/Frameworks -c -j10 -enable-batch-mode -incremental -Xcc -ivfsstatcache -Xcc /Users/admin/builder/spi-builder-workspace/.derivedData/SDKStatCaches.noindex/appletvos27.0-24J360-e829b21a6f8c9b70876ba0858053c044b32bfd8d43560033f8d89884cdb90028.sdkstatcache -output-file-map /Users/admin/builder/spi-builder-workspace/.derivedData/Build/Intermediates.noindex/Logger.build/Debug-appletvos/Logger-t.build/Objects-normal/arm64/Logger-OutputFileMap.json -save-temps -no-color-diagnostics -emit-dependencies -emit-module -emit-module-path /Users/admin/builder/spi-builder-workspace/.derivedData/Build/Intermediates.noindex/Logger.build/Debug-appletvos/Logger-t.build/Objects-normal/arm64/Logger.swiftmodule -serialize-diagnostics -validate-clang-modules-once -clang-build-session-file /Users/admin/builder/spi-builder-workspace/.derivedData/ModuleCache.noindex/Session.modulevalidation -Xcc -fmodules-prune-interval\=86400 -Xcc -fmodules-prune-after\=345600 -emit-const-values -const-gather-protocols-list /Users/admin/builder/spi-builder-workspace/.derivedData/Build/Intermediates.noindex/Logger.build/Debug-appletvos/Logger-t.build/Objects-normal/arm64/Logger_const_extract_protocols.json -Xcc -I/Users/admin/builder/spi-builder-workspace/.derivedData/Build/Products/Debug-appletvos/include -Xcc -I/Users/admin/builder/spi-builder-workspace/.derivedData/Build/Intermediates.noindex/Logger.build/Debug-appletvos/Logger-t.build/DerivedSources-normal/arm64 -Xcc -I/Users/admin/builder/spi-builder-workspace/.derivedData/Build/Intermediates.noindex/Logger.build/Debug-appletvos/Logger-t.build/DerivedSources/arm64 -Xcc -I/Users/admin/builder/spi-builder-workspace/.derivedData/Build/Intermediates.noindex/Logger.build/Debug-appletvos/Logger-t.build/DerivedSources -Xcc -DSWIFT_PACKAGE -Xcc -DDEBUG\=1 -emit-objc-header -emit-objc-header-path /Users/admin/builder/spi-builder-workspace/.derivedData/Build/Intermediates.noindex/Logger.build/Debug-appletvos/Logger-t.build/Objects-normal/arm64/Logger-Swift.h -working-directory /Users/admin/builder/spi-builder-workspace/.swiftpm/xcode -experimental-emit-module-separately -disable-cmo
SwiftMergeGeneratedHeaders /Users/admin/builder/spi-builder-workspace/.derivedData/Build/Intermediates.noindex/GeneratedModuleMaps-appletvos/Logger-Swift.h /Users/admin/builder/spi-builder-workspace/.derivedData/Build/Intermediates.noindex/Logger.build/Debug-appletvos/Logger-t.build/Objects-normal/arm64/Logger-Swift.h (in target 'Logger' from project 'Logger')
cd /Users/admin/builder/spi-builder-workspace/.dependencies/checkouts/Logger
builtin-swiftHeaderTool -arch arm64 /Users/admin/builder/spi-builder-workspace/.derivedData/Build/Intermediates.noindex/Logger.build/Debug-appletvos/Logger-t.build/Objects-normal/arm64/Logger-Swift.h -o /Users/admin/builder/spi-builder-workspace/.derivedData/Build/Intermediates.noindex/GeneratedModuleMaps-appletvos/Logger-Swift.h
Copy /Users/admin/builder/spi-builder-workspace/.derivedData/Build/Products/Debug-appletvos/Logger.swiftmodule/arm64-apple-tvos.swiftmodule /Users/admin/builder/spi-builder-workspace/.derivedData/Build/Intermediates.noindex/Logger.build/Debug-appletvos/Logger-t.build/Objects-normal/arm64/Logger.swiftmodule (in target 'Logger' from project 'Logger')
cd /Users/admin/builder/spi-builder-workspace/.dependencies/checkouts/Logger
builtin-copy -exclude .DS_Store -exclude CVS -exclude .svn -exclude .git -exclude .hg -resolve-src-symlinks -rename /Users/admin/builder/spi-builder-workspace/.derivedData/Build/Intermediates.noindex/Logger.build/Debug-appletvos/Logger-t.build/Objects-normal/arm64/Logger.swiftmodule /Users/admin/builder/spi-builder-workspace/.derivedData/Build/Products/Debug-appletvos/Logger.swiftmodule/arm64-apple-tvos.swiftmodule
Copy /Users/admin/builder/spi-builder-workspace/.derivedData/Build/Products/Debug-appletvos/Logger.swiftmodule/arm64-apple-tvos.swiftdoc /Users/admin/builder/spi-builder-workspace/.derivedData/Build/Intermediates.noindex/Logger.build/Debug-appletvos/Logger-t.build/Objects-normal/arm64/Logger.swiftdoc (in target 'Logger' from project 'Logger')
cd /Users/admin/builder/spi-builder-workspace/.dependencies/checkouts/Logger
builtin-copy -exclude .DS_Store -exclude CVS -exclude .svn -exclude .git -exclude .hg -resolve-src-symlinks -rename /Users/admin/builder/spi-builder-workspace/.derivedData/Build/Intermediates.noindex/Logger.build/Debug-appletvos/Logger-t.build/Objects-normal/arm64/Logger.swiftdoc /Users/admin/builder/spi-builder-workspace/.derivedData/Build/Products/Debug-appletvos/Logger.swiftmodule/arm64-apple-tvos.swiftdoc
Copy /Users/admin/builder/spi-builder-workspace/.derivedData/Build/Products/Debug-appletvos/Logger.swiftmodule/arm64-apple-tvos.abi.json /Users/admin/builder/spi-builder-workspace/.derivedData/Build/Intermediates.noindex/Logger.build/Debug-appletvos/Logger-t.build/Objects-normal/arm64/Logger.abi.json (in target 'Logger' from project 'Logger')
cd /Users/admin/builder/spi-builder-workspace/.dependencies/checkouts/Logger
builtin-copy -exclude .DS_Store -exclude CVS -exclude .svn -exclude .git -exclude .hg -resolve-src-symlinks -rename /Users/admin/builder/spi-builder-workspace/.derivedData/Build/Intermediates.noindex/Logger.build/Debug-appletvos/Logger-t.build/Objects-normal/arm64/Logger.abi.json /Users/admin/builder/spi-builder-workspace/.derivedData/Build/Products/Debug-appletvos/Logger.swiftmodule/arm64-apple-tvos.abi.json
Copy /Users/admin/builder/spi-builder-workspace/.derivedData/Build/Products/Debug-appletvos/Logger.swiftmodule/Project/arm64-apple-tvos.swiftsourceinfo /Users/admin/builder/spi-builder-workspace/.derivedData/Build/Intermediates.noindex/Logger.build/Debug-appletvos/Logger-t.build/Objects-normal/arm64/Logger.swiftsourceinfo (in target 'Logger' from project 'Logger')
cd /Users/admin/builder/spi-builder-workspace/.dependencies/checkouts/Logger
builtin-copy -exclude .DS_Store -exclude CVS -exclude .svn -exclude .git -exclude .hg -resolve-src-symlinks -rename /Users/admin/builder/spi-builder-workspace/.derivedData/Build/Intermediates.noindex/Logger.build/Debug-appletvos/Logger-t.build/Objects-normal/arm64/Logger.swiftsourceinfo /Users/admin/builder/spi-builder-workspace/.derivedData/Build/Products/Debug-appletvos/Logger.swiftmodule/Project/arm64-apple-tvos.swiftsourceinfo
SwiftDriverJobDiscovery normal arm64 Emitting module for RequestKit (in target 'RequestKit' from project 'RequestKit')
SwiftDriver\ Compilation\ Requirements RequestKit normal arm64 com.apple.xcode.tools.swift.compiler (in target 'RequestKit' from project 'RequestKit')
cd /Users/admin/builder/spi-builder-workspace/.swiftpm/xcode
builtin-Swift-Compilation-Requirements -- /Applications/Xcode-27.0.0-Release.Candidate.app/Contents/Developer/Toolchains/XcodeDefault.xctoolchain/usr/bin/swiftc -parse-as-library -module-name RequestKit -Onone @/Users/admin/builder/spi-builder-workspace/.derivedData/Build/Intermediates.noindex/RequestKit.build/Debug-appletvos/RequestKit-t.build/Objects-normal/arm64/RequestKit.SwiftFileList -DSWIFT_PACKAGE -DDEBUG -DSWIFT_MODULE_RESOURCE_BUNDLE_UNAVAILABLE -DXcode -plugin-path /Applications/Xcode-27.0.0-Release.Candidate.app/Contents/Developer/Toolchains/XcodeDefault.xctoolchain/usr/lib/swift/host/plugins/testing -enable-experimental-feature DebugDescriptionMacro -sdk /Applications/Xcode-27.0.0-Release.Candidate.app/Contents/Developer/Platforms/AppleTVOS.platform/Developer/SDKs/AppleTVOS27.0.sdk -target arm64-apple-tvos15.0 -g -module-cache-path /Users/admin/builder/spi-builder-workspace/.derivedData/ModuleCache.noindex -Xfrontend -serialize-debugging-options -enable-testing -suppress-warnings -index-store-path /Users/admin/builder/spi-builder-workspace/.derivedData/Index.noindex/DataStore -Xcc -D_LIBCPP_HARDENING_MODE\=_LIBCPP_HARDENING_MODE_DEBUG -swift-version 4.2 -I /Users/admin/builder/spi-builder-workspace/.derivedData/Build/Products/Debug-appletvos -Isystem /Applications/Xcode-27.0.0-Release.Candidate.app/Contents/Developer/Platforms/AppleTVOS.platform/Developer/usr/lib -F /Users/admin/builder/spi-builder-workspace/.derivedData/Build/Products/Debug-appletvos -F /Applications/Xcode-27.0.0-Release.Candidate.app/Contents/Developer/Platforms/AppleTVOS.platform/Developer/Library/Frameworks -F /Applications/Xcode-27.0.0-Release.Candidate.app/Contents/Developer/Platforms/AppleTVOS.platform/Developer/SDKs/AppleTVOS27.0.sdk/Developer/Library/Frameworks -c -j10 -enable-batch-mode -incremental -Xcc -ivfsstatcache -Xcc /Users/admin/builder/spi-builder-workspace/.derivedData/SDKStatCaches.noindex/appletvos27.0-24J360-e829b21a6f8c9b70876ba0858053c044b32bfd8d43560033f8d89884cdb90028.sdkstatcache -output-file-map /Users/admin/builder/spi-builder-workspace/.derivedData/Build/Intermediates.noindex/RequestKit.build/Debug-appletvos/RequestKit-t.build/Objects-normal/arm64/RequestKit-OutputFileMap.json -save-temps -no-color-diagnostics -emit-dependencies -emit-module -emit-module-path /Users/admin/builder/spi-builder-workspace/.derivedData/Build/Intermediates.noindex/RequestKit.build/Debug-appletvos/RequestKit-t.build/Objects-normal/arm64/RequestKit.swiftmodule -serialize-diagnostics -validate-clang-modules-once -clang-build-session-file /Users/admin/builder/spi-builder-workspace/.derivedData/ModuleCache.noindex/Session.modulevalidation -Xcc -fmodules-prune-interval\=86400 -Xcc -fmodules-prune-after\=345600 -emit-const-values -const-gather-protocols-list /Users/admin/builder/spi-builder-workspace/.derivedData/Build/Intermediates.noindex/RequestKit.build/Debug-appletvos/RequestKit-t.build/Objects-normal/arm64/RequestKit_const_extract_protocols.json -Xcc -I/Users/admin/builder/spi-builder-workspace/.derivedData/Build/Products/Debug-appletvos/include -Xcc -I/Users/admin/builder/spi-builder-workspace/.derivedData/Build/Intermediates.noindex/RequestKit.build/Debug-appletvos/RequestKit-t.build/DerivedSources-normal/arm64 -Xcc -I/Users/admin/builder/spi-builder-workspace/.derivedData/Build/Intermediates.noindex/RequestKit.build/Debug-appletvos/RequestKit-t.build/DerivedSources/arm64 -Xcc -I/Users/admin/builder/spi-builder-workspace/.derivedData/Build/Intermediates.noindex/RequestKit.build/Debug-appletvos/RequestKit-t.build/DerivedSources -Xcc -DSWIFT_PACKAGE -Xcc -DDEBUG\=1 -emit-objc-header -emit-objc-header-path /Users/admin/builder/spi-builder-workspace/.derivedData/Build/Intermediates.noindex/RequestKit.build/Debug-appletvos/RequestKit-t.build/Objects-normal/arm64/RequestKit-Swift.h -working-directory /Users/admin/builder/spi-builder-workspace/.swiftpm/xcode -experimental-emit-module-separately -disable-cmo
SwiftMergeGeneratedHeaders /Users/admin/builder/spi-builder-workspace/.derivedData/Build/Intermediates.noindex/GeneratedModuleMaps-appletvos/RequestKit-Swift.h /Users/admin/builder/spi-builder-workspace/.derivedData/Build/Intermediates.noindex/RequestKit.build/Debug-appletvos/RequestKit-t.build/Objects-normal/arm64/RequestKit-Swift.h (in target 'RequestKit' from project 'RequestKit')
cd /Users/admin/builder/spi-builder-workspace/.dependencies/checkouts/RequestKit
builtin-swiftHeaderTool -arch arm64 /Users/admin/builder/spi-builder-workspace/.derivedData/Build/Intermediates.noindex/RequestKit.build/Debug-appletvos/RequestKit-t.build/Objects-normal/arm64/RequestKit-Swift.h -o /Users/admin/builder/spi-builder-workspace/.derivedData/Build/Intermediates.noindex/GeneratedModuleMaps-appletvos/RequestKit-Swift.h
Copy /Users/admin/builder/spi-builder-workspace/.derivedData/Build/Products/Debug-appletvos/RequestKit.swiftmodule/arm64-apple-tvos.swiftdoc /Users/admin/builder/spi-builder-workspace/.derivedData/Build/Intermediates.noindex/RequestKit.build/Debug-appletvos/RequestKit-t.build/Objects-normal/arm64/RequestKit.swiftdoc (in target 'RequestKit' from project 'RequestKit')
cd /Users/admin/builder/spi-builder-workspace/.dependencies/checkouts/RequestKit
builtin-copy -exclude .DS_Store -exclude CVS -exclude .svn -exclude .git -exclude .hg -resolve-src-symlinks -rename /Users/admin/builder/spi-builder-workspace/.derivedData/Build/Intermediates.noindex/RequestKit.build/Debug-appletvos/RequestKit-t.build/Objects-normal/arm64/RequestKit.swiftdoc /Users/admin/builder/spi-builder-workspace/.derivedData/Build/Products/Debug-appletvos/RequestKit.swiftmodule/arm64-apple-tvos.swiftdoc
Copy /Users/admin/builder/spi-builder-workspace/.derivedData/Build/Products/Debug-appletvos/RequestKit.swiftmodule/arm64-apple-tvos.swiftmodule /Users/admin/builder/spi-builder-workspace/.derivedData/Build/Intermediates.noindex/RequestKit.build/Debug-appletvos/RequestKit-t.build/Objects-normal/arm64/RequestKit.swiftmodule (in target 'RequestKit' from project 'RequestKit')
cd /Users/admin/builder/spi-builder-workspace/.dependencies/checkouts/RequestKit
builtin-copy -exclude .DS_Store -exclude CVS -exclude .svn -exclude .git -exclude .hg -resolve-src-symlinks -rename /Users/admin/builder/spi-builder-workspace/.derivedData/Build/Intermediates.noindex/RequestKit.build/Debug-appletvos/RequestKit-t.build/Objects-normal/arm64/RequestKit.swiftmodule /Users/admin/builder/spi-builder-workspace/.derivedData/Build/Products/Debug-appletvos/RequestKit.swiftmodule/arm64-apple-tvos.swiftmodule
Copy /Users/admin/builder/spi-builder-workspace/.derivedData/Build/Products/Debug-appletvos/RequestKit.swiftmodule/arm64-apple-tvos.abi.json /Users/admin/builder/spi-builder-workspace/.derivedData/Build/Intermediates.noindex/RequestKit.build/Debug-appletvos/RequestKit-t.build/Objects-normal/arm64/RequestKit.abi.json (in target 'RequestKit' from project 'RequestKit')
cd /Users/admin/builder/spi-builder-workspace/.dependencies/checkouts/RequestKit
builtin-copy -exclude .DS_Store -exclude CVS -exclude .svn -exclude .git -exclude .hg -resolve-src-symlinks -rename /Users/admin/builder/spi-builder-workspace/.derivedData/Build/Intermediates.noindex/RequestKit.build/Debug-appletvos/RequestKit-t.build/Objects-normal/arm64/RequestKit.abi.json /Users/admin/builder/spi-builder-workspace/.derivedData/Build/Products/Debug-appletvos/RequestKit.swiftmodule/arm64-apple-tvos.abi.json
Copy /Users/admin/builder/spi-builder-workspace/.derivedData/Build/Products/Debug-appletvos/RequestKit.swiftmodule/Project/arm64-apple-tvos.swiftsourceinfo /Users/admin/builder/spi-builder-workspace/.derivedData/Build/Intermediates.noindex/RequestKit.build/Debug-appletvos/RequestKit-t.build/Objects-normal/arm64/RequestKit.swiftsourceinfo (in target 'RequestKit' from project 'RequestKit')
cd /Users/admin/builder/spi-builder-workspace/.dependencies/checkouts/RequestKit
builtin-copy -exclude .DS_Store -exclude CVS -exclude .svn -exclude .git -exclude .hg -resolve-src-symlinks -rename /Users/admin/builder/spi-builder-workspace/.derivedData/Build/Intermediates.noindex/RequestKit.build/Debug-appletvos/RequestKit-t.build/Objects-normal/arm64/RequestKit.swiftsourceinfo /Users/admin/builder/spi-builder-workspace/.derivedData/Build/Products/Debug-appletvos/RequestKit.swiftmodule/Project/arm64-apple-tvos.swiftsourceinfo
SwiftDriver OctoKit normal arm64 com.apple.xcode.tools.swift.compiler (in target 'OctoKit' from project 'OctoKit')
cd /Users/admin/builder/spi-builder-workspace/.swiftpm/xcode
builtin-SwiftDriver -- /Applications/Xcode-27.0.0-Release.Candidate.app/Contents/Developer/Toolchains/XcodeDefault.xctoolchain/usr/bin/swiftc -parse-as-library -module-name OctoKit -Onone @/Users/admin/builder/spi-builder-workspace/.derivedData/Build/Intermediates.noindex/OctoKit.build/Debug-appletvos/OctoKit-t.build/Objects-normal/arm64/OctoKit.SwiftFileList -DSWIFT_PACKAGE -DDEBUG -DSWIFT_MODULE_RESOURCE_BUNDLE_UNAVAILABLE -DXcode -plugin-path /Applications/Xcode-27.0.0-Release.Candidate.app/Contents/Developer/Toolchains/XcodeDefault.xctoolchain/usr/lib/swift/host/plugins/testing -enable-experimental-feature DebugDescriptionMacro -sdk /Applications/Xcode-27.0.0-Release.Candidate.app/Contents/Developer/Platforms/AppleTVOS.platform/Developer/SDKs/AppleTVOS27.0.sdk -target arm64-apple-tvos15.0 -g -module-cache-path /Users/admin/builder/spi-builder-workspace/.derivedData/ModuleCache.noindex -Xfrontend -serialize-debugging-options -enable-testing -suppress-warnings -index-store-path /Users/admin/builder/spi-builder-workspace/.derivedData/Index.noindex/DataStore -Xcc -D_LIBCPP_HARDENING_MODE\=_LIBCPP_HARDENING_MODE_DEBUG -swift-version 5 -I /Users/admin/builder/spi-builder-workspace/.derivedData/Build/Products/Debug-appletvos -Isystem /Applications/Xcode-27.0.0-Release.Candidate.app/Contents/Developer/Platforms/AppleTVOS.platform/Developer/usr/lib -F /Users/admin/builder/spi-builder-workspace/.derivedData/Build/Products/Debug-appletvos/PackageFrameworks -F /Users/admin/builder/spi-builder-workspace/.derivedData/Build/Products/Debug-appletvos -F /Applications/Xcode-27.0.0-Release.Candidate.app/Contents/Developer/Platforms/AppleTVOS.platform/Developer/Library/Frameworks -F /Applications/Xcode-27.0.0-Release.Candidate.app/Contents/Developer/Platforms/AppleTVOS.platform/Developer/SDKs/AppleTVOS27.0.sdk/Developer/Library/Frameworks -c -j10 -enable-batch-mode -incremental -Xcc -ivfsstatcache -Xcc /Users/admin/builder/spi-builder-workspace/.derivedData/SDKStatCaches.noindex/appletvos27.0-24J360-e829b21a6f8c9b70876ba0858053c044b32bfd8d43560033f8d89884cdb90028.sdkstatcache -output-file-map /Users/admin/builder/spi-builder-workspace/.derivedData/Build/Intermediates.noindex/OctoKit.build/Debug-appletvos/OctoKit-t.build/Objects-normal/arm64/OctoKit-OutputFileMap.json -save-temps -no-color-diagnostics -explicit-module-build -module-cache-path /Users/admin/builder/spi-builder-workspace/.derivedData/Build/Intermediates.noindex/SwiftExplicitPrecompiledModules -clang-scanner-module-cache-path /Users/admin/builder/spi-builder-workspace/.derivedData/ModuleCache.noindex -sdk-module-cache-path /Users/admin/builder/spi-builder-workspace/.derivedData/SDKExplicitPrecompiledModules -emit-dependencies -emit-module -emit-module-path /Users/admin/builder/spi-builder-workspace/.derivedData/Build/Intermediates.noindex/OctoKit.build/Debug-appletvos/OctoKit-t.build/Objects-normal/arm64/OctoKit.swiftmodule -serialize-diagnostics -dependency-scan-serialize-diagnostics-path /Users/admin/builder/spi-builder-workspace/.derivedData/Build/Intermediates.noindex/OctoKit.build/Debug-appletvos/OctoKit-t.build/Objects-normal/arm64/OctoKit-dependency-scan.dia -validate-clang-modules-once -clang-build-session-file /Users/admin/builder/spi-builder-workspace/.derivedData/ModuleCache.noindex/Session.modulevalidation -Xcc -fmodules-prune-interval\=86400 -Xcc -fmodules-prune-after\=345600 -package-name octokit_swift -emit-const-values -const-gather-protocols-list /Users/admin/builder/spi-builder-workspace/.derivedData/Build/Intermediates.noindex/OctoKit.build/Debug-appletvos/OctoKit-t.build/Objects-normal/arm64/OctoKit_const_extract_protocols.json -Xcc -I/Users/admin/builder/spi-builder-workspace/.derivedData/Build/Products/Debug-appletvos/include -Xcc -I/Users/admin/builder/spi-builder-workspace/.derivedData/Build/Intermediates.noindex/OctoKit.build/Debug-appletvos/OctoKit-t.build/DerivedSources-normal/arm64 -Xcc -I/Users/admin/builder/spi-builder-workspace/.derivedData/Build/Intermediates.noindex/OctoKit.build/Debug-appletvos/OctoKit-t.build/DerivedSources/arm64 -Xcc -I/Users/admin/builder/spi-builder-workspace/.derivedData/Build/Intermediates.noindex/OctoKit.build/Debug-appletvos/OctoKit-t.build/DerivedSources -Xcc -DSWIFT_PACKAGE -Xcc -DDEBUG\=1 -emit-objc-header -emit-objc-header-path /Users/admin/builder/spi-builder-workspace/.derivedData/Build/Intermediates.noindex/OctoKit.build/Debug-appletvos/OctoKit-t.build/Objects-normal/arm64/OctoKit-Swift.h -working-directory /Users/admin/builder/spi-builder-workspace/.swiftpm/xcode -experimental-emit-module-separately -disable-cmo
SwiftExplicitDependencyGeneratePcm arm64 /Users/admin/builder/spi-builder-workspace/.derivedData/SDKExplicitPrecompiledModules/ObjectiveC-5250FDCE56N8508OR6XUYDKZM.pcm
SwiftExplicitDependencyGeneratePcm arm64 /Users/admin/builder/spi-builder-workspace/.derivedData/SDKExplicitPrecompiledModules/os_object-E2DGZ0SX0TULQHULZRPO6OKNW.pcm
SwiftExplicitDependencyGeneratePcm arm64 /Users/admin/builder/spi-builder-workspace/.derivedData/SDKExplicitPrecompiledModules/os_workgroup-DBUFF7811DKMX7VPBOJPGGF1U.pcm
SwiftExplicitDependencyGeneratePcm arm64 /Users/admin/builder/spi-builder-workspace/.derivedData/SDKExplicitPrecompiledModules/Dispatch-1QL58A0V50C39KVAIC6C38SHL.pcm
SwiftExplicitDependencyGeneratePcm arm64 /Users/admin/builder/spi-builder-workspace/.derivedData/SDKExplicitPrecompiledModules/CoreFoundation-7TPJ7ENDC4L1A1ESHYI9TXS0D.pcm
SwiftExplicitDependencyGeneratePcm arm64 /Users/admin/builder/spi-builder-workspace/.derivedData/SDKExplicitPrecompiledModules/XPC-6O2DJFT3QUJ7QKTD3SNUB6PCR.pcm
SwiftExplicitDependencyGeneratePcm arm64 /Users/admin/builder/spi-builder-workspace/.derivedData/SDKExplicitPrecompiledModules/Security-8VMXEKVDA3MHUH9AOTP905DID.pcm
SwiftExplicitDependencyGeneratePcm arm64 /Users/admin/builder/spi-builder-workspace/.derivedData/SDKExplicitPrecompiledModules/CFNetwork-2CUR2VK9S3S3WPFXPNXNUWYGN.pcm
SwiftExplicitDependencyGeneratePcm arm64 /Users/admin/builder/spi-builder-workspace/.derivedData/SDKExplicitPrecompiledModules/Foundation-BSSIP64DIGUKMAYJOG1WPQ78X.pcm
SwiftEmitModule normal arm64 Emitting\ module\ for\ OctoKit (in target 'OctoKit' from project 'OctoKit')
SwiftCompile normal arm64 (in target 'OctoKit' from project 'OctoKit')
cd /Users/admin/builder/spi-builder-workspace/.swiftpm/xcode
SwiftEmitModule normal arm64 Emitting\ module\ for\ DangerShellExecutor (in target 'DangerShellExecutor' from project 'danger-swift')
/Users/admin/builder/spi-builder-workspace/.dependencies/checkouts/swift/Sources/DangerShellExecutor/ShellExecutor.swift:121:51: error: cannot find type 'Process' in scope
119 | with arguments: [String],
120 | environmentVariables: [String: String],
121 | outputFile: String?) -> Process
| `- error: cannot find type 'Process' in scope
122 | {
123 | let scriptOutputFile: String
Failed frontend command:
/Applications/Xcode-27.0.0-Release.Candidate.app/Contents/Developer/Toolchains/XcodeDefault.xctoolchain/usr/bin/swift-frontend -frontend -emit-module -experimental-skip-non-inlinable-function-bodies-without-types /Users/admin/builder/spi-builder-workspace/.dependencies/checkouts/swift/Sources/DangerShellExecutor/ShellExecutor.swift -target arm64-apple-tvos15.0 -disable-cross-import-overlay-search -load-resolved-plugin /Applications/Xcode-27.0.0-Release.Candidate.app/Contents/Developer/Platforms/AppleTVOS.platform/Developer/usr/lib/swift/host/plugins/libFoundationMacros.dylib\#/Applications/Xcode-27.0.0-Release.Candidate.app/Contents/Developer/Platforms/AppleTVOS.platform/Developer/usr/bin/swift-plugin-server\#FoundationMacros -load-resolved-plugin /Applications/Xcode-27.0.0-Release.Candidate.app/Contents/Developer/Platforms/AppleTVOS.platform/Developer/usr/lib/swift/host/plugins/libObservationMacros.dylib\#/Applications/Xcode-27.0.0-Release.Candidate.app/Contents/Developer/Platforms/AppleTVOS.platform/Developer/usr/bin/swift-plugin-server\#ObservationMacros -load-resolved-plugin /Applications/Xcode-27.0.0-Release.Candidate.app/Contents/Developer/Platforms/AppleTVOS.platform/Developer/usr/lib/swift/host/plugins/libSwiftMacros.dylib\#/Applications/Xcode-27.0.0-Release.Candidate.app/Contents/Developer/Platforms/AppleTVOS.platform/Developer/usr/bin/swift-plugin-server\#SwiftMacros -disable-implicit-swift-modules -Xcc -fno-implicit-modules -Xcc -fno-implicit-module-maps -explicit-swift-module-map-file /Users/admin/builder/spi-builder-workspace/.derivedData/Build/Intermediates.noindex/danger-swift.build/Debug-appletvos/DangerShellExecutor-t.build/Objects-normal/arm64/DangerShellExecutor-dependencies-1.json -Xllvm -aarch64-use-tbi -enable-objc-interop -stack-check -sdk /Applications/Xcode-27.0.0-Release.Candidate.app/Contents/Developer/Platforms/AppleTVOS.platform/Developer/SDKs/AppleTVOS27.0.sdk -I /Users/admin/builder/spi-builder-workspace/.derivedData/Build/Products/Debug-appletvos -Isystem /Applications/Xcode-27.0.0-Release.Candidate.app/Contents/Developer/Platforms/AppleTVOS.platform/Developer/usr/lib -F /Users/admin/builder/spi-builder-workspace/.derivedData/Build/Products/Debug-appletvos -F /Applications/Xcode-27.0.0-Release.Candidate.app/Contents/Developer/Platforms/AppleTVOS.platform/Developer/Library/Frameworks -F /Applications/Xcode-27.0.0-Release.Candidate.app/Contents/Developer/Platforms/AppleTVOS.platform/Developer/SDKs/AppleTVOS27.0.sdk/Developer/Library/Frameworks -module-cache-path /Users/admin/builder/spi-builder-workspace/.derivedData/Build/Intermediates.noindex/SwiftExplicitPrecompiledModules -no-color-diagnostics -Xcc -fno-color-diagnostics -enable-testing -g -debug-info-format\=dwarf -dwarf-version\=4 -suppress-warnings -swift-version 5 -Onone -D SWIFT_PACKAGE -D DEBUG -D SWIFT_MODULE_RESOURCE_BUNDLE_UNAVAILABLE -D Xcode -serialize-debugging-options -enable-experimental-feature DebugDescriptionMacro -empty-abi-descriptor -validate-clang-modules-once -clang-build-session-file /Users/admin/builder/spi-builder-workspace/.derivedData/ModuleCache.noindex/Session.modulevalidation -Xcc -working-directory -Xcc /Users/admin/builder/spi-builder-workspace/.swiftpm/xcode -enable-anonymous-context-mangled-names -file-compilation-dir /Users/admin/builder/spi-builder-workspace/.swiftpm/xcode -Xcc -D_LIBCPP_HARDENING_MODE\=_LIBCPP_HARDENING_MODE_DEBUG -Xcc -ivfsstatcache -Xcc /Users/admin/builder/spi-builder-workspace/.derivedData/SDKStatCaches.noindex/appletvos27.0-24J360-e829b21a6f8c9b70876ba0858053c044b32bfd8d43560033f8d89884cdb90028.sdkstatcache -Xcc -fmodules-prune-interval\=86400 -Xcc -fmodules-prune-after\=345600 -Xcc -I/Users/admin/builder/spi-builder-workspace/.derivedData/Build/Products/Debug-appletvos/include -Xcc -I/Users/admin/builder/spi-builder-workspace/.derivedData/Build/Intermediates.noindex/danger-swift.build/Debug-appletvos/DangerShellExecutor-t.build/DerivedSources-normal/arm64 -Xcc -I/Users/admin/builder/spi-builder-workspace/.derivedData/Build/Intermediates.noindex/danger-swift.build/Debug-appletvos/DangerShellExecutor-t.build/DerivedSources/arm64 -Xcc -I/Users/admin/builder/spi-builder-workspace/.derivedData/Build/Intermediates.noindex/danger-swift.build/Debug-appletvos/DangerShellExecutor-t.build/DerivedSources -Xcc -DSWIFT_PACKAGE -Xcc -DDEBUG\=1 -no-auto-bridging-header-chaining -module-name DangerShellExecutor -const-gather-protocols-file /Users/admin/builder/spi-builder-workspace/.derivedData/Build/Intermediates.noindex/danger-swift.build/Debug-appletvos/DangerShellExecutor-t.build/Objects-normal/arm64/DangerShellExecutor_const_extract_protocols.json -disable-clang-spi -clang-target arm64-apple-tvos27.0 -target-sdk-version 27.0 -target-sdk-name appletvos27.0 -in-process-plugin-server-path /Applications/Xcode-27.0.0-Release.Candidate.app/Contents/Developer/Toolchains/XcodeDefault.xctoolchain/usr/lib/swift/host/libSwiftInProcPluginServer.dylib -emit-module-doc-path /Users/admin/builder/spi-builder-workspace/.derivedData/Build/Intermediates.noindex/danger-swift.build/Debug-appletvos/DangerShellExecutor-t.build/Objects-normal/arm64/DangerShellExecutor.swiftdoc -emit-module-source-info-path /Users/admin/builder/spi-builder-workspace/.derivedData/Build/Intermediates.noindex/danger-swift.build/Debug-appletvos/DangerShellExecutor-t.build/Objects-normal/arm64/DangerShellExecutor.swiftsourceinfo -emit-objc-header-path /Users/admin/builder/spi-builder-workspace/.derivedData/Build/Intermediates.noindex/danger-swift.build/Debug-appletvos/DangerShellExecutor-t.build/Objects-normal/arm64/DangerShellExecutor-Swift.h -serialize-diagnostics-path /Users/admin/builder/spi-builder-workspace/.derivedData/Build/Intermediates.noindex/danger-swift.build/Debug-appletvos/DangerShellExecutor-t.build/Objects-normal/arm64/DangerShellExecutor-primary-emit-module.dia -emit-dependencies-path /Users/admin/builder/spi-builder-workspace/.derivedData/Build/Intermediates.noindex/danger-swift.build/Debug-appletvos/DangerShellExecutor-t.build/Objects-normal/arm64/DangerShellExecutor-primary-emit-module.d -parse-as-library -o /Users/admin/builder/spi-builder-workspace/.derivedData/Build/Intermediates.noindex/danger-swift.build/Debug-appletvos/DangerShellExecutor-t.build/Objects-normal/arm64/DangerShellExecutor.swiftmodule -emit-abi-descriptor-path /Users/admin/builder/spi-builder-workspace/.derivedData/Build/Intermediates.noindex/danger-swift.build/Debug-appletvos/DangerShellExecutor-t.build/Objects-normal/arm64/DangerShellExecutor.abi.json
SwiftCompile normal arm64 (in target 'DangerShellExecutor' from project 'danger-swift')
cd /Users/admin/builder/spi-builder-workspace/.swiftpm/xcode
SwiftCompile normal arm64 Compiling\ Stars.swift,\ Statuses.swift,\ String+PercentEncoding.swift /Users/admin/builder/spi-builder-workspace/.dependencies/checkouts/octokit.swift/OctoKit/Stars.swift /Users/admin/builder/spi-builder-workspace/.dependencies/checkouts/octokit.swift/OctoKit/Statuses.swift /Users/admin/builder/spi-builder-workspace/.dependencies/checkouts/octokit.swift/OctoKit/String+PercentEncoding.swift (in target 'OctoKit' from project 'OctoKit')
SwiftCompile normal arm64 /Users/admin/builder/spi-builder-workspace/.dependencies/checkouts/octokit.swift/OctoKit/Stars.swift (in target 'OctoKit' from project 'OctoKit')
cd /Users/admin/builder/spi-builder-workspace/.swiftpm/xcode
builtin-SwiftPerFileCompile Stars.swift
SwiftCompile normal arm64 /Users/admin/builder/spi-builder-workspace/.dependencies/checkouts/octokit.swift/OctoKit/Statuses.swift (in target 'OctoKit' from project 'OctoKit')
cd /Users/admin/builder/spi-builder-workspace/.swiftpm/xcode
builtin-SwiftPerFileCompile Statuses.swift
SwiftCompile normal arm64 /Users/admin/builder/spi-builder-workspace/.dependencies/checkouts/octokit.swift/OctoKit/String+PercentEncoding.swift (in target 'OctoKit' from project 'OctoKit')
cd /Users/admin/builder/spi-builder-workspace/.swiftpm/xcode
builtin-SwiftPerFileCompile String+PercentEncoding.swift
SwiftCompile normal arm64 Compiling\ PullRequest.swift,\ Reactions.swift,\ Releases.swift /Users/admin/builder/spi-builder-workspace/.dependencies/checkouts/octokit.swift/OctoKit/PullRequest.swift /Users/admin/builder/spi-builder-workspace/.dependencies/checkouts/octokit.swift/OctoKit/Reactions.swift /Users/admin/builder/spi-builder-workspace/.dependencies/checkouts/octokit.swift/OctoKit/Releases.swift (in target 'OctoKit' from project 'OctoKit')
SwiftCompile normal arm64 /Users/admin/builder/spi-builder-workspace/.dependencies/checkouts/octokit.swift/OctoKit/PullRequest.swift (in target 'OctoKit' from project 'OctoKit')
cd /Users/admin/builder/spi-builder-workspace/.swiftpm/xcode
builtin-SwiftPerFileCompile PullRequest.swift
SwiftCompile normal arm64 /Users/admin/builder/spi-builder-workspace/.dependencies/checkouts/octokit.swift/OctoKit/Reactions.swift (in target 'OctoKit' from project 'OctoKit')
cd /Users/admin/builder/spi-builder-workspace/.swiftpm/xcode
builtin-SwiftPerFileCompile Reactions.swift
SwiftCompile normal arm64 /Users/admin/builder/spi-builder-workspace/.dependencies/checkouts/octokit.swift/OctoKit/Releases.swift (in target 'OctoKit' from project 'OctoKit')
cd /Users/admin/builder/spi-builder-workspace/.swiftpm/xcode
builtin-SwiftPerFileCompile Releases.swift
SwiftCompile normal arm64 Compiling\ Configuration.swift,\ File.swift,\ Follow.swift /Users/admin/builder/spi-builder-workspace/.dependencies/checkouts/octokit.swift/OctoKit/Configuration.swift /Users/admin/builder/spi-builder-workspace/.dependencies/checkouts/octokit.swift/OctoKit/File.swift /Users/admin/builder/spi-builder-workspace/.dependencies/checkouts/octokit.swift/OctoKit/Follow.swift (in target 'OctoKit' from project 'OctoKit')
SwiftCompile normal arm64 /Users/admin/builder/spi-builder-workspace/.dependencies/checkouts/octokit.swift/OctoKit/Configuration.swift (in target 'OctoKit' from project 'OctoKit')
cd /Users/admin/builder/spi-builder-workspace/.swiftpm/xcode
builtin-SwiftPerFileCompile Configuration.swift
SwiftCompile normal arm64 /Users/admin/builder/spi-builder-workspace/.dependencies/checkouts/octokit.swift/OctoKit/File.swift (in target 'OctoKit' from project 'OctoKit')
cd /Users/admin/builder/spi-builder-workspace/.swiftpm/xcode
builtin-SwiftPerFileCompile File.swift
SwiftCompile normal arm64 /Users/admin/builder/spi-builder-workspace/.dependencies/checkouts/octokit.swift/OctoKit/Follow.swift (in target 'OctoKit' from project 'OctoKit')
cd /Users/admin/builder/spi-builder-workspace/.swiftpm/xcode
builtin-SwiftPerFileCompile Follow.swift
SwiftCompile normal arm64 Compiling\ Repositories.swift,\ Review.swift,\ Search.swift /Users/admin/builder/spi-builder-workspace/.dependencies/checkouts/octokit.swift/OctoKit/Repositories.swift /Users/admin/builder/spi-builder-workspace/.dependencies/checkouts/octokit.swift/OctoKit/Review.swift /Users/admin/builder/spi-builder-workspace/.dependencies/checkouts/octokit.swift/OctoKit/Search.swift (in target 'OctoKit' from project 'OctoKit')
SwiftCompile normal arm64 /Users/admin/builder/spi-builder-workspace/.dependencies/checkouts/octokit.swift/OctoKit/Repositories.swift (in target 'OctoKit' from project 'OctoKit')
cd /Users/admin/builder/spi-builder-workspace/.swiftpm/xcode
builtin-SwiftPerFileCompile Repositories.swift
SwiftCompile normal arm64 /Users/admin/builder/spi-builder-workspace/.dependencies/checkouts/octokit.swift/OctoKit/Review.swift (in target 'OctoKit' from project 'OctoKit')
cd /Users/admin/builder/spi-builder-workspace/.swiftpm/xcode
builtin-SwiftPerFileCompile Review.swift
SwiftCompile normal arm64 /Users/admin/builder/spi-builder-workspace/.dependencies/checkouts/octokit.swift/OctoKit/Search.swift (in target 'OctoKit' from project 'OctoKit')
cd /Users/admin/builder/spi-builder-workspace/.swiftpm/xcode
builtin-SwiftPerFileCompile Search.swift
PruneExplicitPrecompiledModules /Users/admin/builder/spi-builder-workspace/.derivedData/SDKExplicitPrecompiledModules
PruneExplicitPrecompiledModules /Users/admin/builder/spi-builder-workspace/.derivedData/Build/Intermediates.noindex/ExplicitPrecompiledModules
PruneExplicitPrecompiledModules /Users/admin/builder/spi-builder-workspace/.derivedData/Build/Intermediates.noindex/SwiftExplicitPrecompiledModules
2026-09-22 20:24:52.575 xcodebuild[1500:8900] [MT] IDERunDestination: Supported platforms for the buildables in the current scheme is empty.
** BUILD FAILED **
The following build commands failed:
SwiftEmitModule normal arm64 Emitting\ module\ for\ DangerShellExecutor (in target 'DangerShellExecutor' from project 'danger-swift')
SwiftCompile normal arm64 (in target 'DangerShellExecutor' from project 'danger-swift')
Building workspace Danger with scheme Danger
(3 failures)
Command line invocation:
/Applications/Xcode-27.0.0-Release.Candidate.app/Contents/Developer/usr/bin/xcodebuild -IDEClonedSourcePackagesDirPathOverride=/Users/admin/builder/spi-builder-workspace/.dependencies -resolvePackageDependencies
Resolve Package Graph
Resolved source packages:
danger-swift: https://github.com/danger/swift.git @ 3.20.2
DangerSwiftCoverage: https://github.com/f-meloni/danger-swift-coverage @ 1.2.1
Version: https://github.com/mxcl/Version @ 2.2.1
OctoKit: https://github.com/nerdishbynature/octokit.swift @ 0.14.0
RequestKit: https://github.com/nerdishbynature/RequestKit.git @ 3.4.0
Logger: https://github.com/shibapm/Logger @ 0.2.3
Danger: /Users/admin/builder/spi-builder-workspace
resolved source packages: danger-swift, DangerSwiftCoverage, Version, OctoKit, RequestKit, Logger, Danger
2026-09-22 20:24:58.871 xcodebuild[1602:9488] [MT] IDERunDestination: Supported platforms for the buildables in the current scheme is empty.
{
"dependencies" : [
{
"identity" : "swift",
"requirement" : {
"exact" : [
"3.20.2"
]
},
"type" : "sourceControl",
"url" : "https://github.com/danger/swift.git"
},
{
"identity" : "danger-swift-coverage",
"requirement" : {
"exact" : [
"1.2.1"
]
},
"type" : "sourceControl",
"url" : "https://github.com/f-meloni/danger-swift-coverage"
}
],
"manifest_display_name" : "Danger",
"name" : "Danger",
"path" : "/Users/admin/builder/spi-builder-workspace",
"platforms" : [
{
"name" : "ios",
"version" : "15"
},
{
"name" : "macos",
"version" : "11"
}
],
"products" : [
{
"name" : "DangerDeps",
"targets" : [
"DangerDependencies"
],
"type" : {
"library" : [
"dynamic"
]
}
}
],
"targets" : [
{
"c99name" : "DangerDependencies",
"module_type" : "SwiftTarget",
"name" : "DangerDependencies",
"path" : "Sources/DangerDependencies",
"product_dependencies" : [
"Danger",
"DangerSwiftCoverage"
],
"product_memberships" : [
"DangerDeps"
],
"sources" : [
"Fake.swift"
],
"type" : "library"
}
],
"tools_version" : "5.7"
}
{
"workspace" : {
"name" : "Danger",
"schemes" : [
"Danger"
]
}
}
2026-09-22 20:25:01.348 xcodebuild[1610:9553] [MT] IDERunDestination: Supported platforms for the buildables in the current scheme is empty.
Running build ...
env DEVELOPER_DIR=/Applications/Xcode-27.0.0-Release.Candidate.app xcrun xcodebuild -IDEClonedSourcePackagesDirPathOverride=$PWD/.dependencies -skipMacroValidation -skipPackagePluginValidation -derivedDataPath $PWD/.derivedData build -scheme Danger -destination generic/platform=tvOS
Command line invocation:
/Applications/Xcode-27.0.0-Release.Candidate.app/Contents/Developer/usr/bin/xcodebuild -IDEClonedSourcePackagesDirPathOverride=/Users/admin/builder/spi-builder-workspace/.dependencies -skipMacroValidation -skipPackagePluginValidation -derivedDataPath /Users/admin/builder/spi-builder-workspace/.derivedData build -scheme Danger -destination generic/platform=tvOS
Resolve Package Graph
Resolved source packages:
DangerSwiftCoverage: https://github.com/f-meloni/danger-swift-coverage @ 1.2.1
Version: https://github.com/mxcl/Version @ 2.2.1
OctoKit: https://github.com/nerdishbynature/octokit.swift @ 0.14.0
Logger: https://github.com/shibapm/Logger @ 0.2.3
Danger: /Users/admin/builder/spi-builder-workspace
RequestKit: https://github.com/nerdishbynature/RequestKit.git @ 3.4.0
danger-swift: https://github.com/danger/swift.git @ 3.20.2
ComputePackagePrebuildTargetDependencyGraph
Prepare packages
CreateBuildRequest
SendProjectDescription
CreateBuildOperation
ComputeTargetDependencyGraph
note: Building targets in dependency order
note: Target dependency graph (13 targets)
Target 'DangerDeps-product' in project 'Danger'
➜ Explicit dependency on target 'DangerDependencies' in project 'Danger'
➜ Explicit dependency on target 'Danger-product' in project 'danger-swift'
➜ Explicit dependency on target 'DangerSwiftCoverage-product' in project 'DangerSwiftCoverage'
Target 'DangerDependencies' in project 'Danger'
➜ Explicit dependency on target 'Danger-product' in project 'danger-swift'
➜ Explicit dependency on target 'DangerSwiftCoverage-product' in project 'DangerSwiftCoverage'
Target 'DangerSwiftCoverage-product' in project 'DangerSwiftCoverage'
➜ Explicit dependency on target 'DangerSwiftCoverage' in project 'DangerSwiftCoverage'
➜ Explicit dependency on target 'Danger-product' in project 'danger-swift'
Target 'DangerSwiftCoverage' in project 'DangerSwiftCoverage'
➜ Explicit dependency on target 'Danger-product' in project 'danger-swift'
Target 'Danger-product' in project 'danger-swift'
➜ Explicit dependency on target 'Danger' in project 'danger-swift'
➜ Explicit dependency on target 'DangerShellExecutor' in project 'danger-swift'
➜ Explicit dependency on target 'OctoKit-product' in project 'OctoKit'
➜ Explicit dependency on target 'Logger-product' in project 'Logger'
Target 'Danger' in project 'danger-swift'
➜ Explicit dependency on target 'DangerShellExecutor' in project 'danger-swift'
➜ Explicit dependency on target 'OctoKit-product' in project 'OctoKit'
➜ Explicit dependency on target 'Logger-product' in project 'Logger'
Target 'Logger-product' in project 'Logger'
➜ Explicit dependency on target 'Logger' in project 'Logger'
Target 'Logger' in project 'Logger' (no dependencies)
Target 'OctoKit-product' in project 'OctoKit'
➜ Explicit dependency on target 'OctoKit' in project 'OctoKit'
➜ Explicit dependency on target 'RequestKit-product' in project 'RequestKit'
Target 'OctoKit' in project 'OctoKit'
➜ Explicit dependency on target 'RequestKit-product' in project 'RequestKit'
Target 'RequestKit-product' in project 'RequestKit'
➜ Explicit dependency on target 'RequestKit' in project 'RequestKit'
Target 'RequestKit' in project 'RequestKit' (no dependencies)
Target 'DangerShellExecutor' in project 'danger-swift' (no dependencies)
GatherProvisioningInputs
CreateBuildDescription
ClangStatCache /Applications/Xcode-27.0.0-Release.Candidate.app/Contents/Developer/Toolchains/XcodeDefault.xctoolchain/usr/bin/clang-stat-cache /Applications/Xcode-27.0.0-Release.Candidate.app/Contents/Developer/Platforms/AppleTVOS.platform/Developer/SDKs/AppleTVOS27.0.sdk /Users/admin/builder/spi-builder-workspace/.derivedData/SDKStatCaches.noindex/appletvos27.0-24J360-e829b21a6f8c9b70876ba0858053c044b32bfd8d43560033f8d89884cdb90028.sdkstatcache
cd /Users/admin/builder/spi-builder-workspace/.swiftpm/xcode
/Applications/Xcode-27.0.0-Release.Candidate.app/Contents/Developer/Toolchains/XcodeDefault.xctoolchain/usr/bin/clang-stat-cache /Applications/Xcode-27.0.0-Release.Candidate.app/Contents/Developer/Platforms/AppleTVOS.platform/Developer/SDKs/AppleTVOS27.0.sdk -o /Users/admin/builder/spi-builder-workspace/.derivedData/SDKStatCaches.noindex/appletvos27.0-24J360-e829b21a6f8c9b70876ba0858053c044b32bfd8d43560033f8d89884cdb90028.sdkstatcache
SwiftDriver RequestKit normal arm64 com.apple.xcode.tools.swift.compiler (in target 'RequestKit' from project 'RequestKit')
cd /Users/admin/builder/spi-builder-workspace/.swiftpm/xcode
builtin-SwiftDriver -- /Applications/Xcode-27.0.0-Release.Candidate.app/Contents/Developer/Toolchains/XcodeDefault.xctoolchain/usr/bin/swiftc -parse-as-library -module-name RequestKit -Onone @/Users/admin/builder/spi-builder-workspace/.derivedData/Build/Intermediates.noindex/RequestKit.build/Debug-appletvos/RequestKit-t.build/Objects-normal/arm64/RequestKit.SwiftFileList -DSWIFT_PACKAGE -DDEBUG -DSWIFT_MODULE_RESOURCE_BUNDLE_UNAVAILABLE -DXcode -plugin-path /Applications/Xcode-27.0.0-Release.Candidate.app/Contents/Developer/Toolchains/XcodeDefault.xctoolchain/usr/lib/swift/host/plugins/testing -enable-experimental-feature DebugDescriptionMacro -sdk /Applications/Xcode-27.0.0-Release.Candidate.app/Contents/Developer/Platforms/AppleTVOS.platform/Developer/SDKs/AppleTVOS27.0.sdk -target arm64-apple-tvos15.0 -g -module-cache-path /Users/admin/builder/spi-builder-workspace/.derivedData/ModuleCache.noindex -Xfrontend -serialize-debugging-options -enable-testing -suppress-warnings -index-store-path /Users/admin/builder/spi-builder-workspace/.derivedData/Index.noindex/DataStore -Xcc -D_LIBCPP_HARDENING_MODE\=_LIBCPP_HARDENING_MODE_DEBUG -swift-version 4.2 -I /Users/admin/builder/spi-builder-workspace/.derivedData/Build/Products/Debug-appletvos -Isystem /Applications/Xcode-27.0.0-Release.Candidate.app/Contents/Developer/Platforms/AppleTVOS.platform/Developer/usr/lib -F /Users/admin/builder/spi-builder-workspace/.derivedData/Build/Products/Debug-appletvos -F /Applications/Xcode-27.0.0-Release.Candidate.app/Contents/Developer/Platforms/AppleTVOS.platform/Developer/Library/Frameworks -F /Applications/Xcode-27.0.0-Release.Candidate.app/Contents/Developer/Platforms/AppleTVOS.platform/Developer/SDKs/AppleTVOS27.0.sdk/Developer/Library/Frameworks -c -j10 -enable-batch-mode -incremental -Xcc -ivfsstatcache -Xcc /Users/admin/builder/spi-builder-workspace/.derivedData/SDKStatCaches.noindex/appletvos27.0-24J360-e829b21a6f8c9b70876ba0858053c044b32bfd8d43560033f8d89884cdb90028.sdkstatcache -output-file-map /Users/admin/builder/spi-builder-workspace/.derivedData/Build/Intermediates.noindex/RequestKit.build/Debug-appletvos/RequestKit-t.build/Objects-normal/arm64/RequestKit-OutputFileMap.json -save-temps -no-color-diagnostics -emit-dependencies -emit-module -emit-module-path /Users/admin/builder/spi-builder-workspace/.derivedData/Build/Intermediates.noindex/RequestKit.build/Debug-appletvos/RequestKit-t.build/Objects-normal/arm64/RequestKit.swiftmodule -serialize-diagnostics -validate-clang-modules-once -clang-build-session-file /Users/admin/builder/spi-builder-workspace/.derivedData/ModuleCache.noindex/Session.modulevalidation -Xcc -fmodules-prune-interval\=86400 -Xcc -fmodules-prune-after\=345600 -emit-const-values -const-gather-protocols-list /Users/admin/builder/spi-builder-workspace/.derivedData/Build/Intermediates.noindex/RequestKit.build/Debug-appletvos/RequestKit-t.build/Objects-normal/arm64/RequestKit_const_extract_protocols.json -Xcc -I/Users/admin/builder/spi-builder-workspace/.derivedData/Build/Products/Debug-appletvos/include -Xcc -I/Users/admin/builder/spi-builder-workspace/.derivedData/Build/Intermediates.noindex/RequestKit.build/Debug-appletvos/RequestKit-t.build/DerivedSources-normal/arm64 -Xcc -I/Users/admin/builder/spi-builder-workspace/.derivedData/Build/Intermediates.noindex/RequestKit.build/Debug-appletvos/RequestKit-t.build/DerivedSources/arm64 -Xcc -I/Users/admin/builder/spi-builder-workspace/.derivedData/Build/Intermediates.noindex/RequestKit.build/Debug-appletvos/RequestKit-t.build/DerivedSources -Xcc -DSWIFT_PACKAGE -Xcc -DDEBUG\=1 -emit-objc-header -emit-objc-header-path /Users/admin/builder/spi-builder-workspace/.derivedData/Build/Intermediates.noindex/RequestKit.build/Debug-appletvos/RequestKit-t.build/Objects-normal/arm64/RequestKit-Swift.h -working-directory /Users/admin/builder/spi-builder-workspace/.swiftpm/xcode -experimental-emit-module-separately -disable-cmo
SwiftDriver OctoKit normal arm64 com.apple.xcode.tools.swift.compiler (in target 'OctoKit' from project 'OctoKit')
cd /Users/admin/builder/spi-builder-workspace/.swiftpm/xcode
builtin-SwiftDriver -- /Applications/Xcode-27.0.0-Release.Candidate.app/Contents/Developer/Toolchains/XcodeDefault.xctoolchain/usr/bin/swiftc -parse-as-library -module-name OctoKit -Onone @/Users/admin/builder/spi-builder-workspace/.derivedData/Build/Intermediates.noindex/OctoKit.build/Debug-appletvos/OctoKit-t.build/Objects-normal/arm64/OctoKit.SwiftFileList -DSWIFT_PACKAGE -DDEBUG -DSWIFT_MODULE_RESOURCE_BUNDLE_UNAVAILABLE -DXcode -plugin-path /Applications/Xcode-27.0.0-Release.Candidate.app/Contents/Developer/Toolchains/XcodeDefault.xctoolchain/usr/lib/swift/host/plugins/testing -enable-experimental-feature DebugDescriptionMacro -sdk /Applications/Xcode-27.0.0-Release.Candidate.app/Contents/Developer/Platforms/AppleTVOS.platform/Developer/SDKs/AppleTVOS27.0.sdk -target arm64-apple-tvos15.0 -g -module-cache-path /Users/admin/builder/spi-builder-workspace/.derivedData/ModuleCache.noindex -Xfrontend -serialize-debugging-options -enable-testing -suppress-warnings -index-store-path /Users/admin/builder/spi-builder-workspace/.derivedData/Index.noindex/DataStore -Xcc -D_LIBCPP_HARDENING_MODE\=_LIBCPP_HARDENING_MODE_DEBUG -swift-version 5 -I /Users/admin/builder/spi-builder-workspace/.derivedData/Build/Products/Debug-appletvos -Isystem /Applications/Xcode-27.0.0-Release.Candidate.app/Contents/Developer/Platforms/AppleTVOS.platform/Developer/usr/lib -F /Users/admin/builder/spi-builder-workspace/.derivedData/Build/Products/Debug-appletvos/PackageFrameworks -F /Users/admin/builder/spi-builder-workspace/.derivedData/Build/Products/Debug-appletvos -F /Applications/Xcode-27.0.0-Release.Candidate.app/Contents/Developer/Platforms/AppleTVOS.platform/Developer/Library/Frameworks -F /Applications/Xcode-27.0.0-Release.Candidate.app/Contents/Developer/Platforms/AppleTVOS.platform/Developer/SDKs/AppleTVOS27.0.sdk/Developer/Library/Frameworks -c -j10 -enable-batch-mode -incremental -Xcc -ivfsstatcache -Xcc /Users/admin/builder/spi-builder-workspace/.derivedData/SDKStatCaches.noindex/appletvos27.0-24J360-e829b21a6f8c9b70876ba0858053c044b32bfd8d43560033f8d89884cdb90028.sdkstatcache -output-file-map /Users/admin/builder/spi-builder-workspace/.derivedData/Build/Intermediates.noindex/OctoKit.build/Debug-appletvos/OctoKit-t.build/Objects-normal/arm64/OctoKit-OutputFileMap.json -save-temps -no-color-diagnostics -explicit-module-build -module-cache-path /Users/admin/builder/spi-builder-workspace/.derivedData/Build/Intermediates.noindex/SwiftExplicitPrecompiledModules -clang-scanner-module-cache-path /Users/admin/builder/spi-builder-workspace/.derivedData/ModuleCache.noindex -sdk-module-cache-path /Users/admin/builder/spi-builder-workspace/.derivedData/SDKExplicitPrecompiledModules -emit-dependencies -emit-module -emit-module-path /Users/admin/builder/spi-builder-workspace/.derivedData/Build/Intermediates.noindex/OctoKit.build/Debug-appletvos/OctoKit-t.build/Objects-normal/arm64/OctoKit.swiftmodule -serialize-diagnostics -dependency-scan-serialize-diagnostics-path /Users/admin/builder/spi-builder-workspace/.derivedData/Build/Intermediates.noindex/OctoKit.build/Debug-appletvos/OctoKit-t.build/Objects-normal/arm64/OctoKit-dependency-scan.dia -validate-clang-modules-once -clang-build-session-file /Users/admin/builder/spi-builder-workspace/.derivedData/ModuleCache.noindex/Session.modulevalidation -Xcc -fmodules-prune-interval\=86400 -Xcc -fmodules-prune-after\=345600 -package-name octokit_swift -emit-const-values -const-gather-protocols-list /Users/admin/builder/spi-builder-workspace/.derivedData/Build/Intermediates.noindex/OctoKit.build/Debug-appletvos/OctoKit-t.build/Objects-normal/arm64/OctoKit_const_extract_protocols.json -Xcc -I/Users/admin/builder/spi-builder-workspace/.derivedData/Build/Products/Debug-appletvos/include -Xcc -I/Users/admin/builder/spi-builder-workspace/.derivedData/Build/Intermediates.noindex/OctoKit.build/Debug-appletvos/OctoKit-t.build/DerivedSources-normal/arm64 -Xcc -I/Users/admin/builder/spi-builder-workspace/.derivedData/Build/Intermediates.noindex/OctoKit.build/Debug-appletvos/OctoKit-t.build/DerivedSources/arm64 -Xcc -I/Users/admin/builder/spi-builder-workspace/.derivedData/Build/Intermediates.noindex/OctoKit.build/Debug-appletvos/OctoKit-t.build/DerivedSources -Xcc -DSWIFT_PACKAGE -Xcc -DDEBUG\=1 -emit-objc-header -emit-objc-header-path /Users/admin/builder/spi-builder-workspace/.derivedData/Build/Intermediates.noindex/OctoKit.build/Debug-appletvos/OctoKit-t.build/Objects-normal/arm64/OctoKit-Swift.h -working-directory /Users/admin/builder/spi-builder-workspace/.swiftpm/xcode -experimental-emit-module-separately -disable-cmo
SwiftDriver Logger normal arm64 com.apple.xcode.tools.swift.compiler (in target 'Logger' from project 'Logger')
cd /Users/admin/builder/spi-builder-workspace/.swiftpm/xcode
builtin-SwiftDriver -- /Applications/Xcode-27.0.0-Release.Candidate.app/Contents/Developer/Toolchains/XcodeDefault.xctoolchain/usr/bin/swiftc -parse-as-library -module-name Logger -Onone @/Users/admin/builder/spi-builder-workspace/.derivedData/Build/Intermediates.noindex/Logger.build/Debug-appletvos/Logger-t.build/Objects-normal/arm64/Logger.SwiftFileList -DSWIFT_PACKAGE -DDEBUG -DSWIFT_MODULE_RESOURCE_BUNDLE_UNAVAILABLE -DXcode -plugin-path /Applications/Xcode-27.0.0-Release.Candidate.app/Contents/Developer/Toolchains/XcodeDefault.xctoolchain/usr/lib/swift/host/plugins/testing -enable-experimental-feature DebugDescriptionMacro -sdk /Applications/Xcode-27.0.0-Release.Candidate.app/Contents/Developer/Platforms/AppleTVOS.platform/Developer/SDKs/AppleTVOS27.0.sdk -target arm64-apple-tvos15.0 -g -module-cache-path /Users/admin/builder/spi-builder-workspace/.derivedData/ModuleCache.noindex -Xfrontend -serialize-debugging-options -enable-testing -suppress-warnings -index-store-path /Users/admin/builder/spi-builder-workspace/.derivedData/Index.noindex/DataStore -Xcc -D_LIBCPP_HARDENING_MODE\=_LIBCPP_HARDENING_MODE_DEBUG -swift-version 4.2 -I /Users/admin/builder/spi-builder-workspace/.derivedData/Build/Products/Debug-appletvos -Isystem /Applications/Xcode-27.0.0-Release.Candidate.app/Contents/Developer/Platforms/AppleTVOS.platform/Developer/usr/lib -F /Users/admin/builder/spi-builder-workspace/.derivedData/Build/Products/Debug-appletvos -F /Applications/Xcode-27.0.0-Release.Candidate.app/Contents/Developer/Platforms/AppleTVOS.platform/Developer/Library/Frameworks -F /Applications/Xcode-27.0.0-Release.Candidate.app/Contents/Developer/Platforms/AppleTVOS.platform/Developer/SDKs/AppleTVOS27.0.sdk/Developer/Library/Frameworks -c -j10 -enable-batch-mode -incremental -Xcc -ivfsstatcache -Xcc /Users/admin/builder/spi-builder-workspace/.derivedData/SDKStatCaches.noindex/appletvos27.0-24J360-e829b21a6f8c9b70876ba0858053c044b32bfd8d43560033f8d89884cdb90028.sdkstatcache -output-file-map /Users/admin/builder/spi-builder-workspace/.derivedData/Build/Intermediates.noindex/Logger.build/Debug-appletvos/Logger-t.build/Objects-normal/arm64/Logger-OutputFileMap.json -save-temps -no-color-diagnostics -emit-dependencies -emit-module -emit-module-path /Users/admin/builder/spi-builder-workspace/.derivedData/Build/Intermediates.noindex/Logger.build/Debug-appletvos/Logger-t.build/Objects-normal/arm64/Logger.swiftmodule -serialize-diagnostics -validate-clang-modules-once -clang-build-session-file /Users/admin/builder/spi-builder-workspace/.derivedData/ModuleCache.noindex/Session.modulevalidation -Xcc -fmodules-prune-interval\=86400 -Xcc -fmodules-prune-after\=345600 -emit-const-values -const-gather-protocols-list /Users/admin/builder/spi-builder-workspace/.derivedData/Build/Intermediates.noindex/Logger.build/Debug-appletvos/Logger-t.build/Objects-normal/arm64/Logger_const_extract_protocols.json -Xcc -I/Users/admin/builder/spi-builder-workspace/.derivedData/Build/Products/Debug-appletvos/include -Xcc -I/Users/admin/builder/spi-builder-workspace/.derivedData/Build/Intermediates.noindex/Logger.build/Debug-appletvos/Logger-t.build/DerivedSources-normal/arm64 -Xcc -I/Users/admin/builder/spi-builder-workspace/.derivedData/Build/Intermediates.noindex/Logger.build/Debug-appletvos/Logger-t.build/DerivedSources/arm64 -Xcc -I/Users/admin/builder/spi-builder-workspace/.derivedData/Build/Intermediates.noindex/Logger.build/Debug-appletvos/Logger-t.build/DerivedSources -Xcc -DSWIFT_PACKAGE -Xcc -DDEBUG\=1 -emit-objc-header -emit-objc-header-path /Users/admin/builder/spi-builder-workspace/.derivedData/Build/Intermediates.noindex/Logger.build/Debug-appletvos/Logger-t.build/Objects-normal/arm64/Logger-Swift.h -working-directory /Users/admin/builder/spi-builder-workspace/.swiftpm/xcode -experimental-emit-module-separately -disable-cmo
SwiftDriver DangerShellExecutor normal arm64 com.apple.xcode.tools.swift.compiler (in target 'DangerShellExecutor' from project 'danger-swift')
cd /Users/admin/builder/spi-builder-workspace/.swiftpm/xcode
builtin-SwiftDriver -- /Applications/Xcode-27.0.0-Release.Candidate.app/Contents/Developer/Toolchains/XcodeDefault.xctoolchain/usr/bin/swiftc -parse-as-library -module-name DangerShellExecutor -Onone @/Users/admin/builder/spi-builder-workspace/.derivedData/Build/Intermediates.noindex/danger-swift.build/Debug-appletvos/DangerShellExecutor-t.build/Objects-normal/arm64/DangerShellExecutor.SwiftFileList -DSWIFT_PACKAGE -DDEBUG -DSWIFT_MODULE_RESOURCE_BUNDLE_UNAVAILABLE -DXcode -plugin-path /Applications/Xcode-27.0.0-Release.Candidate.app/Contents/Developer/Toolchains/XcodeDefault.xctoolchain/usr/lib/swift/host/plugins/testing -enable-experimental-feature DebugDescriptionMacro -sdk /Applications/Xcode-27.0.0-Release.Candidate.app/Contents/Developer/Platforms/AppleTVOS.platform/Developer/SDKs/AppleTVOS27.0.sdk -target arm64-apple-tvos15.0 -g -module-cache-path /Users/admin/builder/spi-builder-workspace/.derivedData/ModuleCache.noindex -Xfrontend -serialize-debugging-options -enable-testing -suppress-warnings -index-store-path /Users/admin/builder/spi-builder-workspace/.derivedData/Index.noindex/DataStore -Xcc -D_LIBCPP_HARDENING_MODE\=_LIBCPP_HARDENING_MODE_DEBUG -swift-version 5 -I /Users/admin/builder/spi-builder-workspace/.derivedData/Build/Products/Debug-appletvos -Isystem /Applications/Xcode-27.0.0-Release.Candidate.app/Contents/Developer/Platforms/AppleTVOS.platform/Developer/usr/lib -F /Users/admin/builder/spi-builder-workspace/.derivedData/Build/Products/Debug-appletvos -F /Applications/Xcode-27.0.0-Release.Candidate.app/Contents/Developer/Platforms/AppleTVOS.platform/Developer/Library/Frameworks -F /Applications/Xcode-27.0.0-Release.Candidate.app/Contents/Developer/Platforms/AppleTVOS.platform/Developer/SDKs/AppleTVOS27.0.sdk/Developer/Library/Frameworks -c -j10 -enable-batch-mode -incremental -Xcc -ivfsstatcache -Xcc /Users/admin/builder/spi-builder-workspace/.derivedData/SDKStatCaches.noindex/appletvos27.0-24J360-e829b21a6f8c9b70876ba0858053c044b32bfd8d43560033f8d89884cdb90028.sdkstatcache -output-file-map /Users/admin/builder/spi-builder-workspace/.derivedData/Build/Intermediates.noindex/danger-swift.build/Debug-appletvos/DangerShellExecutor-t.build/Objects-normal/arm64/DangerShellExecutor-OutputFileMap.json -save-temps -no-color-diagnostics -explicit-module-build -module-cache-path /Users/admin/builder/spi-builder-workspace/.derivedData/Build/Intermediates.noindex/SwiftExplicitPrecompiledModules -clang-scanner-module-cache-path /Users/admin/builder/spi-builder-workspace/.derivedData/ModuleCache.noindex -sdk-module-cache-path /Users/admin/builder/spi-builder-workspace/.derivedData/SDKExplicitPrecompiledModules -emit-dependencies -emit-module -emit-module-path /Users/admin/builder/spi-builder-workspace/.derivedData/Build/Intermediates.noindex/danger-swift.build/Debug-appletvos/DangerShellExecutor-t.build/Objects-normal/arm64/DangerShellExecutor.swiftmodule -serialize-diagnostics -dependency-scan-serialize-diagnostics-path /Users/admin/builder/spi-builder-workspace/.derivedData/Build/Intermediates.noindex/danger-swift.build/Debug-appletvos/DangerShellExecutor-t.build/Objects-normal/arm64/DangerShellExecutor-dependency-scan.dia -validate-clang-modules-once -clang-build-session-file /Users/admin/builder/spi-builder-workspace/.derivedData/ModuleCache.noindex/Session.modulevalidation -Xcc -fmodules-prune-interval\=86400 -Xcc -fmodules-prune-after\=345600 -emit-const-values -const-gather-protocols-list /Users/admin/builder/spi-builder-workspace/.derivedData/Build/Intermediates.noindex/danger-swift.build/Debug-appletvos/DangerShellExecutor-t.build/Objects-normal/arm64/DangerShellExecutor_const_extract_protocols.json -Xcc -I/Users/admin/builder/spi-builder-workspace/.derivedData/Build/Products/Debug-appletvos/include -Xcc -I/Users/admin/builder/spi-builder-workspace/.derivedData/Build/Intermediates.noindex/danger-swift.build/Debug-appletvos/DangerShellExecutor-t.build/DerivedSources-normal/arm64 -Xcc -I/Users/admin/builder/spi-builder-workspace/.derivedData/Build/Intermediates.noindex/danger-swift.build/Debug-appletvos/DangerShellExecutor-t.build/DerivedSources/arm64 -Xcc -I/Users/admin/builder/spi-builder-workspace/.derivedData/Build/Intermediates.noindex/danger-swift.build/Debug-appletvos/DangerShellExecutor-t.build/DerivedSources -Xcc -DSWIFT_PACKAGE -Xcc -DDEBUG\=1 -emit-objc-header -emit-objc-header-path /Users/admin/builder/spi-builder-workspace/.derivedData/Build/Intermediates.noindex/danger-swift.build/Debug-appletvos/DangerShellExecutor-t.build/Objects-normal/arm64/DangerShellExecutor-Swift.h -working-directory /Users/admin/builder/spi-builder-workspace/.swiftpm/xcode -experimental-emit-module-separately -disable-cmo
SwiftCompile normal arm64 Compiling\ Logger.swift /Users/admin/builder/spi-builder-workspace/.dependencies/checkouts/Logger/Sources/Logger/Logger.swift (in target 'Logger' from project 'Logger')
SwiftCompile normal arm64 /Users/admin/builder/spi-builder-workspace/.dependencies/checkouts/Logger/Sources/Logger/Logger.swift (in target 'Logger' from project 'Logger')
cd /Users/admin/builder/spi-builder-workspace/.swiftpm/xcode
builtin-SwiftPerFileCompile Logger.swift
SwiftEmitModule normal arm64 Emitting\ module\ for\ Logger (in target 'Logger' from project 'Logger')
SwiftCompile normal arm64 (in target 'Logger' from project 'Logger')
cd /Users/admin/builder/spi-builder-workspace/.swiftpm/xcode
SwiftCompile normal arm64 Compiling\ Pagination.swift /Users/admin/builder/spi-builder-workspace/.dependencies/checkouts/RequestKit/Sources/RequestKit/Pagination.swift (in target 'RequestKit' from project 'RequestKit')
SwiftCompile normal arm64 /Users/admin/builder/spi-builder-workspace/.dependencies/checkouts/RequestKit/Sources/RequestKit/Pagination.swift (in target 'RequestKit' from project 'RequestKit')
cd /Users/admin/builder/spi-builder-workspace/.swiftpm/xcode
builtin-SwiftPerFileCompile Pagination.swift
SwiftCompile normal arm64 Compiling\ RequestKitSession.swift /Users/admin/builder/spi-builder-workspace/.dependencies/checkouts/RequestKit/Sources/RequestKit/RequestKitSession.swift (in target 'RequestKit' from project 'RequestKit')
SwiftCompile normal arm64 /Users/admin/builder/spi-builder-workspace/.dependencies/checkouts/RequestKit/Sources/RequestKit/RequestKitSession.swift (in target 'RequestKit' from project 'RequestKit')
cd /Users/admin/builder/spi-builder-workspace/.swiftpm/xcode
builtin-SwiftPerFileCompile RequestKitSession.swift
SwiftEmitModule normal arm64 Emitting\ module\ for\ RequestKit (in target 'RequestKit' from project 'RequestKit')
SwiftCompile normal arm64 (in target 'RequestKit' from project 'RequestKit')
cd /Users/admin/builder/spi-builder-workspace/.swiftpm/xcode
SwiftCompile normal arm64 Compiling\ Router.swift /Users/admin/builder/spi-builder-workspace/.dependencies/checkouts/RequestKit/Sources/RequestKit/Router.swift (in target 'RequestKit' from project 'RequestKit')
SwiftCompile normal arm64 /Users/admin/builder/spi-builder-workspace/.dependencies/checkouts/RequestKit/Sources/RequestKit/Router.swift (in target 'RequestKit' from project 'RequestKit')
cd /Users/admin/builder/spi-builder-workspace/.swiftpm/xcode
builtin-SwiftPerFileCompile Router.swift
SwiftCompile normal arm64 Compiling\ JSONPostRouter.swift /Users/admin/builder/spi-builder-workspace/.dependencies/checkouts/RequestKit/Sources/RequestKit/JSONPostRouter.swift (in target 'RequestKit' from project 'RequestKit')
SwiftCompile normal arm64 /Users/admin/builder/spi-builder-workspace/.dependencies/checkouts/RequestKit/Sources/RequestKit/JSONPostRouter.swift (in target 'RequestKit' from project 'RequestKit')
cd /Users/admin/builder/spi-builder-workspace/.swiftpm/xcode
builtin-SwiftPerFileCompile JSONPostRouter.swift
SwiftEmitModule normal arm64 Emitting\ module\ for\ DangerShellExecutor (in target 'DangerShellExecutor' from project 'danger-swift')
/Users/admin/builder/spi-builder-workspace/.dependencies/checkouts/swift/Sources/DangerShellExecutor/ShellExecutor.swift:121:51: error: cannot find type 'Process' in scope
119 | with arguments: [String],
120 | environmentVariables: [String: String],
121 | outputFile: String?) -> Process
| `- error: cannot find type 'Process' in scope
122 | {
123 | let scriptOutputFile: String
Failed frontend command:
/Applications/Xcode-27.0.0-Release.Candidate.app/Contents/Developer/Toolchains/XcodeDefault.xctoolchain/usr/bin/swift-frontend -frontend -emit-module -experimental-skip-non-inlinable-function-bodies-without-types /Users/admin/builder/spi-builder-workspace/.dependencies/checkouts/swift/Sources/DangerShellExecutor/ShellExecutor.swift -target arm64-apple-tvos15.0 -disable-cross-import-overlay-search -load-resolved-plugin /Applications/Xcode-27.0.0-Release.Candidate.app/Contents/Developer/Platforms/AppleTVOS.platform/Developer/usr/lib/swift/host/plugins/libFoundationMacros.dylib\#/Applications/Xcode-27.0.0-Release.Candidate.app/Contents/Developer/Platforms/AppleTVOS.platform/Developer/usr/bin/swift-plugin-server\#FoundationMacros -load-resolved-plugin /Applications/Xcode-27.0.0-Release.Candidate.app/Contents/Developer/Platforms/AppleTVOS.platform/Developer/usr/lib/swift/host/plugins/libObservationMacros.dylib\#/Applications/Xcode-27.0.0-Release.Candidate.app/Contents/Developer/Platforms/AppleTVOS.platform/Developer/usr/bin/swift-plugin-server\#ObservationMacros -load-resolved-plugin /Applications/Xcode-27.0.0-Release.Candidate.app/Contents/Developer/Platforms/AppleTVOS.platform/Developer/usr/lib/swift/host/plugins/libSwiftMacros.dylib\#/Applications/Xcode-27.0.0-Release.Candidate.app/Contents/Developer/Platforms/AppleTVOS.platform/Developer/usr/bin/swift-plugin-server\#SwiftMacros -disable-implicit-swift-modules -Xcc -fno-implicit-modules -Xcc -fno-implicit-module-maps -explicit-swift-module-map-file /Users/admin/builder/spi-builder-workspace/.derivedData/Build/Intermediates.noindex/danger-swift.build/Debug-appletvos/DangerShellExecutor-t.build/Objects-normal/arm64/DangerShellExecutor-dependencies-1.json -Xllvm -aarch64-use-tbi -enable-objc-interop -stack-check -sdk /Applications/Xcode-27.0.0-Release.Candidate.app/Contents/Developer/Platforms/AppleTVOS.platform/Developer/SDKs/AppleTVOS27.0.sdk -I /Users/admin/builder/spi-builder-workspace/.derivedData/Build/Products/Debug-appletvos -Isystem /Applications/Xcode-27.0.0-Release.Candidate.app/Contents/Developer/Platforms/AppleTVOS.platform/Developer/usr/lib -F /Users/admin/builder/spi-builder-workspace/.derivedData/Build/Products/Debug-appletvos -F /Applications/Xcode-27.0.0-Release.Candidate.app/Contents/Developer/Platforms/AppleTVOS.platform/Developer/Library/Frameworks -F /Applications/Xcode-27.0.0-Release.Candidate.app/Contents/Developer/Platforms/AppleTVOS.platform/Developer/SDKs/AppleTVOS27.0.sdk/Developer/Library/Frameworks -module-cache-path /Users/admin/builder/spi-builder-workspace/.derivedData/Build/Intermediates.noindex/SwiftExplicitPrecompiledModules -no-color-diagnostics -Xcc -fno-color-diagnostics -enable-testing -g -debug-info-format\=dwarf -dwarf-version\=4 -suppress-warnings -swift-version 5 -Onone -D SWIFT_PACKAGE -D DEBUG -D SWIFT_MODULE_RESOURCE_BUNDLE_UNAVAILABLE -D Xcode -serialize-debugging-options -enable-experimental-feature DebugDescriptionMacro -empty-abi-descriptor -validate-clang-modules-once -clang-build-session-file /Users/admin/builder/spi-builder-workspace/.derivedData/ModuleCache.noindex/Session.modulevalidation -Xcc -working-directory -Xcc /Users/admin/builder/spi-builder-workspace/.swiftpm/xcode -enable-anonymous-context-mangled-names -file-compilation-dir /Users/admin/builder/spi-builder-workspace/.swiftpm/xcode -Xcc -D_LIBCPP_HARDENING_MODE\=_LIBCPP_HARDENING_MODE_DEBUG -Xcc -ivfsstatcache -Xcc /Users/admin/builder/spi-builder-workspace/.derivedData/SDKStatCaches.noindex/appletvos27.0-24J360-e829b21a6f8c9b70876ba0858053c044b32bfd8d43560033f8d89884cdb90028.sdkstatcache -Xcc -fmodules-prune-interval\=86400 -Xcc -fmodules-prune-after\=345600 -Xcc -I/Users/admin/builder/spi-builder-workspace/.derivedData/Build/Products/Debug-appletvos/include -Xcc -I/Users/admin/builder/spi-builder-workspace/.derivedData/Build/Intermediates.noindex/danger-swift.build/Debug-appletvos/DangerShellExecutor-t.build/DerivedSources-normal/arm64 -Xcc -I/Users/admin/builder/spi-builder-workspace/.derivedData/Build/Intermediates.noindex/danger-swift.build/Debug-appletvos/DangerShellExecutor-t.build/DerivedSources/arm64 -Xcc -I/Users/admin/builder/spi-builder-workspace/.derivedData/Build/Intermediates.noindex/danger-swift.build/Debug-appletvos/DangerShellExecutor-t.build/DerivedSources -Xcc -DSWIFT_PACKAGE -Xcc -DDEBUG\=1 -no-auto-bridging-header-chaining -module-name DangerShellExecutor -const-gather-protocols-file /Users/admin/builder/spi-builder-workspace/.derivedData/Build/Intermediates.noindex/danger-swift.build/Debug-appletvos/DangerShellExecutor-t.build/Objects-normal/arm64/DangerShellExecutor_const_extract_protocols.json -disable-clang-spi -clang-target arm64-apple-tvos27.0 -target-sdk-version 27.0 -target-sdk-name appletvos27.0 -in-process-plugin-server-path /Applications/Xcode-27.0.0-Release.Candidate.app/Contents/Developer/Toolchains/XcodeDefault.xctoolchain/usr/lib/swift/host/libSwiftInProcPluginServer.dylib -emit-module-doc-path /Users/admin/builder/spi-builder-workspace/.derivedData/Build/Intermediates.noindex/danger-swift.build/Debug-appletvos/DangerShellExecutor-t.build/Objects-normal/arm64/DangerShellExecutor.swiftdoc -emit-module-source-info-path /Users/admin/builder/spi-builder-workspace/.derivedData/Build/Intermediates.noindex/danger-swift.build/Debug-appletvos/DangerShellExecutor-t.build/Objects-normal/arm64/DangerShellExecutor.swiftsourceinfo -emit-objc-header-path /Users/admin/builder/spi-builder-workspace/.derivedData/Build/Intermediates.noindex/danger-swift.build/Debug-appletvos/DangerShellExecutor-t.build/Objects-normal/arm64/DangerShellExecutor-Swift.h -serialize-diagnostics-path /Users/admin/builder/spi-builder-workspace/.derivedData/Build/Intermediates.noindex/danger-swift.build/Debug-appletvos/DangerShellExecutor-t.build/Objects-normal/arm64/DangerShellExecutor-primary-emit-module.dia -emit-dependencies-path /Users/admin/builder/spi-builder-workspace/.derivedData/Build/Intermediates.noindex/danger-swift.build/Debug-appletvos/DangerShellExecutor-t.build/Objects-normal/arm64/DangerShellExecutor-primary-emit-module.d -parse-as-library -o /Users/admin/builder/spi-builder-workspace/.derivedData/Build/Intermediates.noindex/danger-swift.build/Debug-appletvos/DangerShellExecutor-t.build/Objects-normal/arm64/DangerShellExecutor.swiftmodule -emit-abi-descriptor-path /Users/admin/builder/spi-builder-workspace/.derivedData/Build/Intermediates.noindex/danger-swift.build/Debug-appletvos/DangerShellExecutor-t.build/Objects-normal/arm64/DangerShellExecutor.abi.json
SwiftCompile normal arm64 (in target 'DangerShellExecutor' from project 'danger-swift')
cd /Users/admin/builder/spi-builder-workspace/.swiftpm/xcode
SwiftCompile normal arm64 Compiling\ ShellExecutor.swift /Users/admin/builder/spi-builder-workspace/.dependencies/checkouts/swift/Sources/DangerShellExecutor/ShellExecutor.swift (in target 'DangerShellExecutor' from project 'danger-swift')
SwiftCompile normal arm64 /Users/admin/builder/spi-builder-workspace/.dependencies/checkouts/swift/Sources/DangerShellExecutor/ShellExecutor.swift (in target 'DangerShellExecutor' from project 'danger-swift')
cd /Users/admin/builder/spi-builder-workspace/.swiftpm/xcode
builtin-SwiftPerFileCompile ShellExecutor.swift
SwiftEmitModule normal arm64 Emitting\ module\ for\ OctoKit (in target 'OctoKit' from project 'OctoKit')
SwiftCompile normal arm64 (in target 'OctoKit' from project 'OctoKit')
cd /Users/admin/builder/spi-builder-workspace/.swiftpm/xcode
SwiftCompile normal arm64 Compiling\ Gist.swift,\ Git.swift,\ Issue.swift /Users/admin/builder/spi-builder-workspace/.dependencies/checkouts/octokit.swift/OctoKit/Gist.swift /Users/admin/builder/spi-builder-workspace/.dependencies/checkouts/octokit.swift/OctoKit/Git.swift /Users/admin/builder/spi-builder-workspace/.dependencies/checkouts/octokit.swift/OctoKit/Issue.swift (in target 'OctoKit' from project 'OctoKit')
SwiftCompile normal arm64 /Users/admin/builder/spi-builder-workspace/.dependencies/checkouts/octokit.swift/OctoKit/Gist.swift (in target 'OctoKit' from project 'OctoKit')
cd /Users/admin/builder/spi-builder-workspace/.swiftpm/xcode
builtin-SwiftPerFileCompile Gist.swift
SwiftCompile normal arm64 /Users/admin/builder/spi-builder-workspace/.dependencies/checkouts/octokit.swift/OctoKit/Git.swift (in target 'OctoKit' from project 'OctoKit')
cd /Users/admin/builder/spi-builder-workspace/.swiftpm/xcode
builtin-SwiftPerFileCompile Git.swift
SwiftCompile normal arm64 /Users/admin/builder/spi-builder-workspace/.dependencies/checkouts/octokit.swift/OctoKit/Issue.swift (in target 'OctoKit' from project 'OctoKit')
cd /Users/admin/builder/spi-builder-workspace/.swiftpm/xcode
builtin-SwiftPerFileCompile Issue.swift
SwiftCompile normal arm64 Compiling\ Configuration.swift,\ File.swift,\ Follow.swift /Users/admin/builder/spi-builder-workspace/.dependencies/checkouts/octokit.swift/OctoKit/Configuration.swift /Users/admin/builder/spi-builder-workspace/.dependencies/checkouts/octokit.swift/OctoKit/File.swift /Users/admin/builder/spi-builder-workspace/.dependencies/checkouts/octokit.swift/OctoKit/Follow.swift (in target 'OctoKit' from project 'OctoKit')
SwiftCompile normal arm64 /Users/admin/builder/spi-builder-workspace/.dependencies/checkouts/octokit.swift/OctoKit/Configuration.swift (in target 'OctoKit' from project 'OctoKit')
cd /Users/admin/builder/spi-builder-workspace/.swiftpm/xcode
builtin-SwiftPerFileCompile Configuration.swift
SwiftCompile normal arm64 /Users/admin/builder/spi-builder-workspace/.dependencies/checkouts/octokit.swift/OctoKit/File.swift (in target 'OctoKit' from project 'OctoKit')
cd /Users/admin/builder/spi-builder-workspace/.swiftpm/xcode
builtin-SwiftPerFileCompile File.swift
SwiftCompile normal arm64 /Users/admin/builder/spi-builder-workspace/.dependencies/checkouts/octokit.swift/OctoKit/Follow.swift (in target 'OctoKit' from project 'OctoKit')
cd /Users/admin/builder/spi-builder-workspace/.swiftpm/xcode
builtin-SwiftPerFileCompile Follow.swift
SwiftCompile normal arm64 Compiling\ Octokit.swift,\ Organization.swift,\ Parameters.swift /Users/admin/builder/spi-builder-workspace/.dependencies/checkouts/octokit.swift/OctoKit/Octokit.swift /Users/admin/builder/spi-builder-workspace/.dependencies/checkouts/octokit.swift/OctoKit/Organization.swift /Users/admin/builder/spi-builder-workspace/.dependencies/checkouts/octokit.swift/OctoKit/Parameters.swift (in target 'OctoKit' from project 'OctoKit')
SwiftCompile normal arm64 /Users/admin/builder/spi-builder-workspace/.dependencies/checkouts/octokit.swift/OctoKit/Octokit.swift (in target 'OctoKit' from project 'OctoKit')
cd /Users/admin/builder/spi-builder-workspace/.swiftpm/xcode
builtin-SwiftPerFileCompile Octokit.swift
SwiftCompile normal arm64 /Users/admin/builder/spi-builder-workspace/.dependencies/checkouts/octokit.swift/OctoKit/Organization.swift (in target 'OctoKit' from project 'OctoKit')
cd /Users/admin/builder/spi-builder-workspace/.swiftpm/xcode
builtin-SwiftPerFileCompile Organization.swift
SwiftCompile normal arm64 /Users/admin/builder/spi-builder-workspace/.dependencies/checkouts/octokit.swift/OctoKit/Parameters.swift (in target 'OctoKit' from project 'OctoKit')
cd /Users/admin/builder/spi-builder-workspace/.swiftpm/xcode
builtin-SwiftPerFileCompile Parameters.swift
PruneExplicitPrecompiledModules /Users/admin/builder/spi-builder-workspace/.derivedData/SDKExplicitPrecompiledModules
PruneExplicitPrecompiledModules /Users/admin/builder/spi-builder-workspace/.derivedData/Build/Intermediates.noindex/ExplicitPrecompiledModules
PruneExplicitPrecompiledModules /Users/admin/builder/spi-builder-workspace/.derivedData/Build/Intermediates.noindex/SwiftExplicitPrecompiledModules
2026-09-22 20:25:03.510 xcodebuild[1611:9579] [MT] IDERunDestination: Supported platforms for the buildables in the current scheme is empty.
** BUILD FAILED **
The following build commands failed:
SwiftEmitModule normal arm64 Emitting\ module\ for\ DangerShellExecutor (in target 'DangerShellExecutor' from project 'danger-swift')
SwiftCompile normal arm64 (in target 'DangerShellExecutor' from project 'danger-swift')
Building workspace Danger with scheme Danger
(3 failures)
BUILD FAILURE 6.4 tvOS