The Swift Package Index logo.Swift Package Index

Build Information

Failed to build swift-chatgpt-auth, reference main (aa064d), with Swift 6.4 for Wasm on 26 Sep 2026 12:03:29 UTC.

Build Command

bash -c docker run --pull=always --rm -v "checkouts-54344843-1":/host -w "$PWD" -e JAVA_HOME="/root/.sdkman/candidates/java/current" -e SPI_BUILD="1" -e SPI_PROCESSING="1" registry.gitlab.com/saguaro1/spi-images:wasm-6.4-latest swift build --swift-sdk swift-6.4.x-DEVELOPMENT-SNAPSHOT-2026-09-04-a_wasm 2>&1

Build Log

========================================
RunAll
========================================
Builder version: 5.1.0
Interrupt handler set up.
========================================
Checkout
========================================
Clone URL: https://github.com/ivan-magda/swift-chatgpt-auth.git
Reference: main
Initialized empty Git repository in /host/spi-builder-workspace/.git/
hint: Using 'master' as the name for the initial branch. This default branch name
hint: is subject to change. To configure the initial branch name to use in all
hint: of your new repositories, which will suppress this warning, call:
hint:
hint: 	git config --global init.defaultBranch <name>
hint:
hint: Names commonly chosen instead of 'master' are 'main', 'trunk' and
hint: 'development'. The just-created branch can be renamed via this command:
hint:
hint: 	git branch -m <name>
From https://github.com/ivan-magda/swift-chatgpt-auth
 * branch            main       -> FETCH_HEAD
 * [new branch]      main       -> origin/main
HEAD is now at aa064da Add request-attach conveniences, typed token access, and logout
Cloned https://github.com/ivan-magda/swift-chatgpt-auth.git
Revision (git rev-parse @):
aa064dae204b70c049f0ccff1c165446488d05ac
SPI manifest file found: $PWD/.spi.yml
SUCCESS checkout https://github.com/ivan-magda/swift-chatgpt-auth.git at main
========================================
Build
========================================
Selected platform:         wasm
Swift version:             6.4
Building package at path:  $PWD
https://github.com/ivan-magda/swift-chatgpt-auth.git
Running build ...
bash -c docker run --pull=always --rm -v "checkouts-54344843-1":/host -w "$PWD" -e JAVA_HOME="/root/.sdkman/candidates/java/current" -e SPI_BUILD="1" -e SPI_PROCESSING="1" registry.gitlab.com/saguaro1/spi-images:wasm-6.4-latest swift build --swift-sdk swift-6.4.x-DEVELOPMENT-SNAPSHOT-2026-09-04-a_wasm 2>&1
wasm-6.4-latest: Pulling from saguaro1/spi-images
Digest: sha256:4328fdb43c680d205c1d6761b1e3267aa38277eefdda9ddfb17b6a0f1a77857a
Status: Image is up to date for registry.gitlab.com/saguaro1/spi-images:wasm-6.4-latest
Fetching https://github.com/swiftlang/swift-docc-plugin
[1/2345] Fetching swift-docc-plugin
Fetched https://github.com/swiftlang/swift-docc-plugin (0.67s)
Computing version for https://github.com/swiftlang/swift-docc-plugin
Computed https://github.com/swiftlang/swift-docc-plugin at 1.5.0 (2.50s)
Fetching https://github.com/swiftlang/swift-docc-symbolkit
[1/3831] Fetching swift-docc-symbolkit
Fetched https://github.com/swiftlang/swift-docc-symbolkit (0.72s)
Computing version for https://github.com/swiftlang/swift-docc-symbolkit
Computed https://github.com/swiftlang/swift-docc-symbolkit at 1.0.0 (1.07s)
Creating working copy for https://github.com/swiftlang/swift-docc-plugin
Working copy of https://github.com/swiftlang/swift-docc-plugin resolved at 1.5.0
Creating working copy for https://github.com/swiftlang/swift-docc-symbolkit
Working copy of https://github.com/swiftlang/swift-docc-symbolkit resolved at 1.0.0
Building for debugging...
[Pre-planning 1 / 66]
[Planning deferred tasks]
[18 / 26] ChatGPTAuth
error: SwiftCompile normal wasm32 failed with a nonzero exit code. Command line:     cd /host

[27 / 35] ChatGPTAuth
/host/spi-builder-workspace/Sources/ChatGPTAuth/Credential/ChatGPTRequestAuthorization.swift:16:39: error: cannot find type 'URLRequest' in scope
14 |   /// rotation may carry an account header the new token no longer names, and a stale account must
15 |   /// not ride along with a bearer it never belonged to.
16 |   public func apply(to request: inout URLRequest) {
   |                                       `- error: cannot find type 'URLRequest' in scope
17 |     request.setValue(nil, forHTTPHeaderField: "Authorization")
18 |     request.setValue(nil, forHTTPHeaderField: ChatGPTProviderMetadata.accountHeaderName)
/host/spi-builder-workspace/Sources/ChatGPTAuth/Credential/ChatGPTRequestAuthorization.swift:33:22: error: cannot find type 'URLRequest' in scope
31 |   @discardableResult
32 |   nonisolated public func authorizeRequest(
33 |     _ request: inout URLRequest
   |                      `- error: cannot find type 'URLRequest' in scope
34 |   ) async throws -> ChatGPTAuthorization {
35 |     let authorization = try await authorization()
/host/spi-builder-workspace/Sources/ChatGPTAuth/Transport/URLSessionHTTPClient.swift:14:24: error: 'URLSession' is unavailable: This type has moved to the FoundationNetworking module. Import that module to use it.
 12 | /// message, and the higher layers redact known secrets from it before anything is shown.
 13 | public struct URLSessionHTTPClient: HTTPExecuting {
 14 |   private let session: URLSession
    |                        `- error: 'URLSession' is unavailable: This type has moved to the FoundationNetworking module. Import that module to use it.
 15 |
 16 |   /// - Parameter session: the session every request runs on. The default shared session is enough
Foundation.URLSession:2:18: note: 'URLSession' has been explicitly marked unavailable here
1 | @available(*, unavailable, message: "This type has moved to the FoundationNetworking module. Import that module to use it.")
2 | public typealias URLSession = AnyObject
  |                  `- note: 'URLSession' has been explicitly marked unavailable here
/host/spi-builder-workspace/Sources/ChatGPTAuth/Transport/URLSessionHTTPClient.swift:18:24: error: 'URLSession' is unavailable: This type has moved to the FoundationNetworking module. Import that module to use it.
 16 |   /// - Parameter session: the session every request runs on. The default shared session is enough
 17 |   ///   for most callers; supply your own to pin TLS, a proxy, or a timeout policy.
 18 |   public init(session: URLSession = .shared) {
    |                        `- error: 'URLSession' is unavailable: This type has moved to the FoundationNetworking module. Import that module to use it.
 19 |     self.session = session
 20 |   }
Foundation.URLSession:2:18: note: 'URLSession' has been explicitly marked unavailable here
1 | @available(*, unavailable, message: "This type has moved to the FoundationNetworking module. Import that module to use it.")
2 | public typealias URLSession = AnyObject
  |                  `- note: 'URLSession' has been explicitly marked unavailable here
/host/spi-builder-workspace/Sources/ChatGPTAuth/Transport/URLSessionHTTPClient.swift:18:38: error: type 'URLSession' (aka 'AnyObject') has no member 'shared'
 16 |   /// - Parameter session: the session every request runs on. The default shared session is enough
 17 |   ///   for most callers; supply your own to pin TLS, a proxy, or a timeout policy.
 18 |   public init(session: URLSession = .shared) {
    |                                      `- error: type 'URLSession' (aka 'AnyObject') has no member 'shared'
 19 |     self.session = session
 20 |   }
/host/spi-builder-workspace/Sources/ChatGPTAuth/Transport/URLSessionHTTPClient.swift:18:38: error: value of type '_' expected to be instance of class or class-constrained type
 16 |   /// - Parameter session: the session every request runs on. The default shared session is enough
 17 |   ///   for most callers; supply your own to pin TLS, a proxy, or a timeout policy.
 18 |   public init(session: URLSession = .shared) {
    |                                      `- error: value of type '_' expected to be instance of class or class-constrained type
 19 |     self.session = session
 20 |   }
/host/spi-builder-workspace/Sources/ChatGPTAuth/Transport/URLSessionHTTPClient.swift:14:15: error: stored property 'session' of 'Sendable'-conforming struct 'URLSessionHTTPClient' has non-Sendable type 'AnyObject'
 12 | /// message, and the higher layers redact known secrets from it before anything is shown.
 13 | public struct URLSessionHTTPClient: HTTPExecuting {
 14 |   private let session: URLSession
    |               `- error: stored property 'session' of 'Sendable'-conforming struct 'URLSessionHTTPClient' has non-Sendable type 'AnyObject'
 15 |
 16 |   /// - Parameter session: the session every request runs on. The default shared session is enough
/host/spi-builder-workspace/Sources/ChatGPTAuth/Transport/URLSessionHTTPClient.swift:55:40: error: cannot find type 'URLRequest' in scope
 53 |   /// Runs the request, mapping a cancellation back to `CancellationError` so the layers above read a
 54 |   /// caller walking away as exactly that rather than as a transport fault worth retrying.
 55 |   fileprivate func fetch(_ urlRequest: URLRequest) async throws -> (Data, URLResponse) {
    |                                        `- error: cannot find type 'URLRequest' in scope
 56 |     do {
 57 |       return try await session.data(for: urlRequest)
/host/spi-builder-workspace/Sources/ChatGPTAuth/Transport/URLSessionHTTPClient.swift:55:75: error: 'URLResponse' is unavailable: This type has moved to the FoundationNetworking module. Import that module to use it.
 53 |   /// Runs the request, mapping a cancellation back to `CancellationError` so the layers above read a
 54 |   /// caller walking away as exactly that rather than as a transport fault worth retrying.
 55 |   fileprivate func fetch(_ urlRequest: URLRequest) async throws -> (Data, URLResponse) {
    |                                                                           `- error: 'URLResponse' is unavailable: This type has moved to the FoundationNetworking module. Import that module to use it.
 56 |     do {
 57 |       return try await session.data(for: urlRequest)
Foundation.URLResponse:2:18: note: 'URLResponse' has been explicitly marked unavailable here
1 | @available(*, unavailable, message: "This type has moved to the FoundationNetworking module. Import that module to use it.")
2 | public typealias URLResponse = AnyObject
  |                  `- note: 'URLResponse' has been explicitly marked unavailable here
/host/spi-builder-workspace/Sources/ChatGPTAuth/Transport/URLSessionHTTPClient.swift:72:75: error: cannot find type 'URLRequest' in scope
 70 |
 71 | extension URLSessionHTTPClient {
 72 |   fileprivate static func urlRequest(from request: HTTPRequest) throws -> URLRequest {
    |                                                                           `- error: cannot find type 'URLRequest' in scope
 73 |     guard let url = URL(string: request.url) else {
 74 |       throw HTTPTransportFailure(
/host/spi-builder-workspace/Sources/ChatGPTAuth/Transport/URLSessionHTTPClient.swift:122:50: error: 'HTTPURLResponse' is unavailable: This type has moved to the FoundationNetworking module. Import that module to use it.
120 |   }
121 |
122 |   fileprivate static func headers(from response: HTTPURLResponse) -> [String: String] {
    |                                                  `- error: 'HTTPURLResponse' is unavailable: This type has moved to the FoundationNetworking module. Import that module to use it.
123 |     var headers: [String: String] = [:]
124 |
Foundation.HTTPURLResponse:2:18: note: 'HTTPURLResponse' has been explicitly marked unavailable here
1 | @available(*, unavailable, message: "This type has moved to the FoundationNetworking module. Import that module to use it.")
2 | public typealias HTTPURLResponse = AnyObject
  |                  `- note: 'HTTPURLResponse' has been explicitly marked unavailable here
Failed frontend command:
/usr/bin/swift-frontend -frontend -emit-module -experimental-skip-non-inlinable-function-bodies-without-types /host/spi-builder-workspace/Sources/ChatGPTAuth/Credential/ChatGPTAuthorization.swift /host/spi-builder-workspace/Sources/ChatGPTAuth/Credential/ChatGPTCredential.swift /host/spi-builder-workspace/Sources/ChatGPTAuth/Credential/ChatGPTCredentialFreshness.swift /host/spi-builder-workspace/Sources/ChatGPTAuth/Credential/ChatGPTCredentialSource.swift /host/spi-builder-workspace/Sources/ChatGPTAuth/Credential/ChatGPTCredentialSourceConvenience.swift /host/spi-builder-workspace/Sources/ChatGPTAuth/Credential/ChatGPTCredentialSourceModels.swift /host/spi-builder-workspace/Sources/ChatGPTAuth/Credential/ChatGPTRequestAuthorization.swift /host/spi-builder-workspace/Sources/ChatGPTAuth/Metadata/ChatGPTOAuthConfiguration.swift /host/spi-builder-workspace/Sources/ChatGPTAuth/Metadata/ChatGPTProviderMetadata.swift /host/spi-builder-workspace/Sources/ChatGPTAuth/OAuth/ChatGPTDeviceAuthorization.swift /host/spi-builder-workspace/Sources/ChatGPTAuth/OAuth/ChatGPTDeviceLogin.swift /host/spi-builder-workspace/Sources/ChatGPTAuth/OAuth/ChatGPTOAuthClient.swift /host/spi-builder-workspace/Sources/ChatGPTAuth/OAuth/ChatGPTOAuthModels.swift /host/spi-builder-workspace/Sources/ChatGPTAuth/Support/CanonicalJSON.swift /host/spi-builder-workspace/Sources/ChatGPTAuth/Support/JSONValue.swift /host/spi-builder-workspace/Sources/ChatGPTAuth/Support/SecretRedactor.swift /host/spi-builder-workspace/Sources/ChatGPTAuth/Token/ChatGPTTokenMetadata.swift /host/spi-builder-workspace/Sources/ChatGPTAuth/Transport/HTTP.swift /host/spi-builder-workspace/Sources/ChatGPTAuth/Transport/URLSessionHTTPClient.swift /host/spi-builder-workspace/Sources/ChatGPTAuth/Wire/ChatGPTWireValues.swift -target wasm32-unknown-wasip1 -disable-objc-interop -sdk /root/.swiftpm/swift-sdks/swift-6.4.x-DEVELOPMENT-SNAPSHOT-2026-09-04-a_wasm.artifactbundle/swift-6.4.x-DEVELOPMENT-SNAPSHOT-2026-09-04-a_wasm/wasm32-unknown-wasip1/WASI.sdk -sysroot /root/.swiftpm/swift-sdks/swift-6.4.x-DEVELOPMENT-SNAPSHOT-2026-09-04-a_wasm.artifactbundle/swift-6.4.x-DEVELOPMENT-SNAPSHOT-2026-09-04-a_wasm/wasm32-unknown-wasip1/WASI.sdk -I /host/spi-builder-workspace/.build/out/Products/Debug-webassembly-wasm32 -module-cache-path /host/spi-builder-workspace/.build/out/ModuleCache.noindex -color-diagnostics -Xcc -fcolor-diagnostics -enable-testing -g -debug-info-format\=dwarf -dwarf-version\=4 -swift-version 6 -Onone -D SWIFT_PACKAGE -D DEBUG -D SWIFT_MODULE_RESOURCE_BUNDLE_UNAVAILABLE -D Xcode -serialize-debugging-options -enable-experimental-feature DebugDescriptionMacro -empty-abi-descriptor -external-plugin-path /usr/lib/swift/host/plugins/testing\#/usr/bin/swift-plugin-server -validate-clang-modules-once -clang-build-session-file /host/spi-builder-workspace/.build/out/ModuleCache.noindex/Session.modulevalidation -Xcc -working-directory -Xcc /host -resource-dir /root/.swiftpm/swift-sdks/swift-6.4.x-DEVELOPMENT-SNAPSHOT-2026-09-04-a_wasm.artifactbundle/swift-6.4.x-DEVELOPMENT-SNAPSHOT-2026-09-04-a_wasm/wasm32-unknown-wasip1/swift.xctoolchain/usr/lib/swift_static -use-static-resource-dir -enable-anonymous-context-mangled-names -file-compilation-dir /host -Xcc -resource-dir -Xcc /root/.swiftpm/swift-sdks/swift-6.4.x-DEVELOPMENT-SNAPSHOT-2026-09-04-a_wasm.artifactbundle/swift-6.4.x-DEVELOPMENT-SNAPSHOT-2026-09-04-a_wasm/wasm32-unknown-wasip1/swift.xctoolchain/usr/lib/swift_static/clang -Xcc -D_LIBCPP_HARDENING_MODE\=_LIBCPP_HARDENING_MODE_DEBUG -Xcc -fmodules-prune-interval\=86400 -Xcc -fmodules-prune-after\=345600 -Xcc -I/host/spi-builder-workspace/.build/out/Products/Debug-webassembly-wasm32/include -Xcc -I/host/spi-builder-workspace/.build/out/Intermediates.noindex/swift-chatgpt-auth.build/Debug-webassembly-wasm32/ChatGPTAuth-t.build/DerivedSources-normal/wasm32 -Xcc -I/host/spi-builder-workspace/.build/out/Intermediates.noindex/swift-chatgpt-auth.build/Debug-webassembly-wasm32/ChatGPTAuth-t.build/DerivedSources/wasm32 -Xcc -I/host/spi-builder-workspace/.build/out/Intermediates.noindex/swift-chatgpt-auth.build/Debug-webassembly-wasm32/ChatGPTAuth-t.build/DerivedSources -Xcc -DSWIFT_PACKAGE -Xcc -DDEBUG\=1 -no-auto-bridging-header-chaining -module-name ChatGPTAuth -package-name spi_builder_workspace -const-gather-protocols-file /host/spi-builder-workspace/.build/out/Intermediates.noindex/swift-chatgpt-auth.build/Debug-webassembly-wasm32/ChatGPTAuth-t.build/Objects-normal/wasm32/ChatGPTAuth_const_extract_protocols.json -in-process-plugin-server-path /usr/lib/swift/host/libSwiftInProcPluginServer.so -plugin-path /usr/lib/swift/host/plugins -plugin-path /usr/local/lib/swift/host/plugins -emit-module-doc-path /host/spi-builder-workspace/.build/out/Intermediates.noindex/swift-chatgpt-auth.build/Debug-webassembly-wasm32/ChatGPTAuth-t.build/Objects-normal/wasm32/Modules/ChatGPTAuth.swiftdoc -emit-module-source-info-path /host/spi-builder-workspace/.build/out/Intermediates.noindex/swift-chatgpt-auth.build/Debug-webassembly-wasm32/ChatGPTAuth-t.build/Objects-normal/wasm32/Modules/ChatGPTAuth.swiftsourceinfo -emit-objc-header-path /host/spi-builder-workspace/.build/out/Intermediates.noindex/swift-chatgpt-auth.build/Debug-webassembly-wasm32/ChatGPTAuth-t.build/Objects-normal/wasm32/ChatGPTAuth-Swift.h -serialize-diagnostics-path /host/spi-builder-workspace/.build/out/Intermediates.noindex/swift-chatgpt-auth.build/Debug-webassembly-wasm32/ChatGPTAuth-t.build/Objects-normal/wasm32/ChatGPTAuth-primary-emit-module.dia -emit-dependencies-path /host/spi-builder-workspace/.build/out/Intermediates.noindex/swift-chatgpt-auth.build/Debug-webassembly-wasm32/ChatGPTAuth-t.build/Objects-normal/wasm32/ChatGPTAuth-primary-emit-module.d -parse-as-library -o /host/spi-builder-workspace/.build/out/Intermediates.noindex/swift-chatgpt-auth.build/Debug-webassembly-wasm32/ChatGPTAuth-t.build/Objects-normal/wasm32/Modules/ChatGPTAuth.swiftmodule
error: Build failed
BUILD FAILURE 6.4 wasm