The Swift Package Index logo.Swift Package Index

Build Information

Failed to build Pushover, reference 1.0.0 (17caff), with Swift 6.4 for Wasm on 21 Sep 2026 17:07:20 UTC.

Build Command

bash -c docker run --pull=always --rm -v "checkouts-54344844-0":/host -w "$PWD" -e JAVA_HOME="/root/.sdkman/candidates/java/current" -e SPI_BUILD="1" -e SPI_PROCESSING="1" registry.gitlab.com/saguaro1/spi-images:wasm-6.4-latest swift build --swift-sdk swift-6.4.x-DEVELOPMENT-SNAPSHOT-2026-09-04-a_wasm 2>&1

Build Log

========================================
RunAll
========================================
Builder version: 5.1.0
Interrupt handler set up.
========================================
Checkout
========================================
Clone URL: https://github.com/kiliankoe/pushover.git
Reference: 1.0.0
Initialized empty Git repository in /host/spi-builder-workspace/.git/
hint: Using 'master' as the name for the initial branch. This default branch name
hint: is subject to change. To configure the initial branch name to use in all
hint: of your new repositories, which will suppress this warning, call:
hint:
hint: 	git config --global init.defaultBranch <name>
hint:
hint: Names commonly chosen instead of 'master' are 'main', 'trunk' and
hint: 'development'. The just-created branch can be renamed via this command:
hint:
hint: 	git branch -m <name>
From https://github.com/kiliankoe/pushover
 * tag               1.0.0      -> FETCH_HEAD
HEAD is now at 17caffa Merge pull request #4 from sgade/master
Cloned https://github.com/kiliankoe/pushover.git
Revision (git rev-parse @):
17caffad643a16c8f896936c196c6dcf194408a9
SUCCESS checkout https://github.com/kiliankoe/pushover.git at 1.0.0
========================================
Build
========================================
Selected platform:         wasm
Swift version:             6.4
Building package at path:  $PWD
https://github.com/kiliankoe/pushover.git
Running build ...
bash -c docker run --pull=always --rm -v "checkouts-54344844-0":/host -w "$PWD" -e JAVA_HOME="/root/.sdkman/candidates/java/current" -e SPI_BUILD="1" -e SPI_PROCESSING="1" registry.gitlab.com/saguaro1/spi-images:wasm-6.4-latest swift build --swift-sdk swift-6.4.x-DEVELOPMENT-SNAPSHOT-2026-09-04-a_wasm 2>&1
wasm-6.4-latest: Pulling from saguaro1/spi-images
Digest: sha256:4328fdb43c680d205c1d6761b1e3267aa38277eefdda9ddfb17b6a0f1a77857a
Status: Image is up to date for registry.gitlab.com/saguaro1/spi-images:wasm-6.4-latest
Building for debugging...
[Planning deferred tasks]
error: SwiftCompile normal wasm32 failed with a nonzero exit code. Command line:     cd /host

/host/spi-builder-workspace/Sources/Pushover/API.swift:17:33: error: cannot find type 'URLRequest' in scope
15 |
16 | enum API {
17 |     static func send(_ request: URLRequest) async throws(PushoverError) -> ([String: String], JSON) {
   |                                 `- error: cannot find type 'URLRequest' in scope
18 |         do {
19 |             let (data, response) = try await URLSession.shared.data(for: request)
/host/spi-builder-workspace/Sources/Pushover/Notification.swift:128:11: error: cannot find type 'URLRequest' in scope
126 | }
127 |
128 | extension URLRequest {
    |           `- error: cannot find type 'URLRequest' in scope
129 |     mutating func add(notification: Notification, withToken token: String) {
130 |         let params = "token=\(token)&\(notification.paramsString)"
Failed frontend command:
/usr/bin/swift-frontend -frontend -emit-module -experimental-skip-non-inlinable-function-bodies-without-types /host/spi-builder-workspace/Sources/Pushover/API.swift /host/spi-builder-workspace/Sources/Pushover/Endpoint.swift /host/spi-builder-workspace/Sources/Pushover/Notification.swift /host/spi-builder-workspace/Sources/Pushover/Priority.swift /host/spi-builder-workspace/Sources/Pushover/Pushover.swift /host/spi-builder-workspace/Sources/Pushover/PushoverError.swift /host/spi-builder-workspace/Sources/Pushover/Response.swift /host/spi-builder-workspace/Sources/Pushover/Sound.swift -target wasm32-unknown-wasip1 -disable-objc-interop -sdk /root/.swiftpm/swift-sdks/swift-6.4.x-DEVELOPMENT-SNAPSHOT-2026-09-04-a_wasm.artifactbundle/swift-6.4.x-DEVELOPMENT-SNAPSHOT-2026-09-04-a_wasm/wasm32-unknown-wasip1/WASI.sdk -sysroot /root/.swiftpm/swift-sdks/swift-6.4.x-DEVELOPMENT-SNAPSHOT-2026-09-04-a_wasm.artifactbundle/swift-6.4.x-DEVELOPMENT-SNAPSHOT-2026-09-04-a_wasm/wasm32-unknown-wasip1/WASI.sdk -I /host/spi-builder-workspace/.build/out/Products/Debug-webassembly-wasm32 -module-cache-path /host/spi-builder-workspace/.build/out/ModuleCache.noindex -color-diagnostics -Xcc -fcolor-diagnostics -enable-testing -g -debug-info-format\=dwarf -dwarf-version\=4 -swift-version 6 -Onone -D SWIFT_PACKAGE -D DEBUG -D SWIFT_MODULE_RESOURCE_BUNDLE_UNAVAILABLE -D Xcode -serialize-debugging-options -enable-experimental-feature DebugDescriptionMacro -empty-abi-descriptor -external-plugin-path /usr/lib/swift/host/plugins/testing\#/usr/bin/swift-plugin-server -validate-clang-modules-once -clang-build-session-file /host/spi-builder-workspace/.build/out/ModuleCache.noindex/Session.modulevalidation -Xcc -working-directory -Xcc /host -resource-dir /root/.swiftpm/swift-sdks/swift-6.4.x-DEVELOPMENT-SNAPSHOT-2026-09-04-a_wasm.artifactbundle/swift-6.4.x-DEVELOPMENT-SNAPSHOT-2026-09-04-a_wasm/wasm32-unknown-wasip1/swift.xctoolchain/usr/lib/swift_static -use-static-resource-dir -enable-anonymous-context-mangled-names -file-compilation-dir /host -Xcc -resource-dir -Xcc /root/.swiftpm/swift-sdks/swift-6.4.x-DEVELOPMENT-SNAPSHOT-2026-09-04-a_wasm.artifactbundle/swift-6.4.x-DEVELOPMENT-SNAPSHOT-2026-09-04-a_wasm/wasm32-unknown-wasip1/swift.xctoolchain/usr/lib/swift_static/clang -Xcc -D_LIBCPP_HARDENING_MODE\=_LIBCPP_HARDENING_MODE_DEBUG -Xcc -fmodules-prune-interval\=86400 -Xcc -fmodules-prune-after\=345600 -Xcc -I/host/spi-builder-workspace/.build/out/Products/Debug-webassembly-wasm32/include -Xcc -I/host/spi-builder-workspace/.build/out/Intermediates.noindex/Pushover.build/Debug-webassembly-wasm32/Pushover-t.build/DerivedSources-normal/wasm32 -Xcc -I/host/spi-builder-workspace/.build/out/Intermediates.noindex/Pushover.build/Debug-webassembly-wasm32/Pushover-t.build/DerivedSources/wasm32 -Xcc -I/host/spi-builder-workspace/.build/out/Intermediates.noindex/Pushover.build/Debug-webassembly-wasm32/Pushover-t.build/DerivedSources -Xcc -DSWIFT_PACKAGE -Xcc -DDEBUG\=1 -no-auto-bridging-header-chaining -module-name Pushover -package-name spi_builder_workspace -const-gather-protocols-file /host/spi-builder-workspace/.build/out/Intermediates.noindex/Pushover.build/Debug-webassembly-wasm32/Pushover-t.build/Objects-normal/wasm32/Pushover_const_extract_protocols.json -in-process-plugin-server-path /usr/lib/swift/host/libSwiftInProcPluginServer.so -plugin-path /usr/lib/swift/host/plugins -plugin-path /usr/local/lib/swift/host/plugins -emit-module-doc-path /host/spi-builder-workspace/.build/out/Intermediates.noindex/Pushover.build/Debug-webassembly-wasm32/Pushover-t.build/Objects-normal/wasm32/Modules/Pushover.swiftdoc -emit-module-source-info-path /host/spi-builder-workspace/.build/out/Intermediates.noindex/Pushover.build/Debug-webassembly-wasm32/Pushover-t.build/Objects-normal/wasm32/Modules/Pushover.swiftsourceinfo -emit-objc-header-path /host/spi-builder-workspace/.build/out/Intermediates.noindex/Pushover.build/Debug-webassembly-wasm32/Pushover-t.build/Objects-normal/wasm32/Pushover-Swift.h -serialize-diagnostics-path /host/spi-builder-workspace/.build/out/Intermediates.noindex/Pushover.build/Debug-webassembly-wasm32/Pushover-t.build/Objects-normal/wasm32/Pushover-primary-emit-module.dia -emit-dependencies-path /host/spi-builder-workspace/.build/out/Intermediates.noindex/Pushover.build/Debug-webassembly-wasm32/Pushover-t.build/Objects-normal/wasm32/Pushover-primary-emit-module.d -parse-as-library -o /host/spi-builder-workspace/.build/out/Intermediates.noindex/Pushover.build/Debug-webassembly-wasm32/Pushover-t.build/Objects-normal/wasm32/Modules/Pushover.swiftmodule
[27 / 35] Pushover
error: Build failed
BUILD FAILURE 6.4 wasm