The Swift Package Index logo.Swift Package Index

Build Information

Failed to build JWTProvider, reference master (f648dd), with Swift 6.4 for watchOS using Xcode 27.0 on 20 Sep 2026 05:08:49 UTC.

Build Command

env DEVELOPER_DIR=/Applications/Xcode-27.0.0-Release.Candidate.app xcrun xcodebuild -IDEClonedSourcePackagesDirPathOverride=$PWD/.dependencies -skipMacroValidation -skipPackagePluginValidation -derivedDataPath $PWD/.derivedData build -scheme JWTProvider -destination generic/platform=watchOS

Build Log

SwiftCompile normal arm64 /Users/admin/builder/spi-builder-workspace/.dependencies/checkouts/node/Sources/Node/StructuredDataWrapper/StructuredDataWrapper+PathIndexable.swift (in target 'Node' from project 'Node')
    cd /Users/admin/builder/spi-builder-workspace/.swiftpm/xcode
    builtin-SwiftPerFileCompile StructuredDataWrapper+PathIndexable.swift
SwiftCompile normal arm64 /Users/admin/builder/spi-builder-workspace/.dependencies/checkouts/node/Sources/Node/StructuredDataWrapper/StructuredDataWrapper+Polymorphic.swift (in target 'Node' from project 'Node')
    cd /Users/admin/builder/spi-builder-workspace/.swiftpm/xcode
    builtin-SwiftPerFileCompile StructuredDataWrapper+Polymorphic.swift
SwiftCompile normal arm64 /Users/admin/builder/spi-builder-workspace/.dependencies/checkouts/node/Sources/Node/StructuredDataWrapper/StructuredDataWrapper.swift (in target 'Node' from project 'Node')
    cd /Users/admin/builder/spi-builder-workspace/.swiftpm/xcode
    builtin-SwiftPerFileCompile StructuredDataWrapper.swift
SwiftCompile normal arm64 Compiling\ StructuredDataWrapper+Cases.swift,\ StructuredDataWrapper+Convenience.swift,\ StructuredDataWrapper+Equatable.swift,\ StructuredDataWrapper+Literals.swift /Users/admin/builder/spi-builder-workspace/.dependencies/checkouts/node/Sources/Node/StructuredDataWrapper/StructuredDataWrapper+Cases.swift /Users/admin/builder/spi-builder-workspace/.dependencies/checkouts/node/Sources/Node/StructuredDataWrapper/StructuredDataWrapper+Convenience.swift /Users/admin/builder/spi-builder-workspace/.dependencies/checkouts/node/Sources/Node/StructuredDataWrapper/StructuredDataWrapper+Equatable.swift /Users/admin/builder/spi-builder-workspace/.dependencies/checkouts/node/Sources/Node/StructuredDataWrapper/StructuredDataWrapper+Literals.swift (in target 'Node' from project 'Node')
SwiftCompile normal arm64 /Users/admin/builder/spi-builder-workspace/.dependencies/checkouts/node/Sources/Node/StructuredDataWrapper/StructuredDataWrapper+Cases.swift (in target 'Node' from project 'Node')
    cd /Users/admin/builder/spi-builder-workspace/.swiftpm/xcode
    builtin-SwiftPerFileCompile StructuredDataWrapper+Cases.swift
SwiftCompile normal arm64 /Users/admin/builder/spi-builder-workspace/.dependencies/checkouts/node/Sources/Node/StructuredDataWrapper/StructuredDataWrapper+Convenience.swift (in target 'Node' from project 'Node')
    cd /Users/admin/builder/spi-builder-workspace/.swiftpm/xcode
    builtin-SwiftPerFileCompile StructuredDataWrapper+Convenience.swift
SwiftCompile normal arm64 /Users/admin/builder/spi-builder-workspace/.dependencies/checkouts/node/Sources/Node/StructuredDataWrapper/StructuredDataWrapper+Equatable.swift (in target 'Node' from project 'Node')
    cd /Users/admin/builder/spi-builder-workspace/.swiftpm/xcode
    builtin-SwiftPerFileCompile StructuredDataWrapper+Equatable.swift
SwiftCompile normal arm64 /Users/admin/builder/spi-builder-workspace/.dependencies/checkouts/node/Sources/Node/StructuredDataWrapper/StructuredDataWrapper+Literals.swift (in target 'Node' from project 'Node')
    cd /Users/admin/builder/spi-builder-workspace/.swiftpm/xcode
    builtin-SwiftPerFileCompile StructuredDataWrapper+Literals.swift
SwiftDriverJobDiscovery normal arm64_32 Compiling StructuredData+Init.swift, StructuredData+PathIndexable.swift, StructuredData+Polymorphic.swift, StructuredData.swift (in target 'Node' from project 'Node')
SwiftCompile normal arm64 Compiling\ Getters.swift,\ Setters.swift,\ Bool+Convertible.swift,\ Date+Convertible.swift /Users/admin/builder/spi-builder-workspace/.dependencies/checkouts/node/Sources/Node/Accessors/Getters.swift /Users/admin/builder/spi-builder-workspace/.dependencies/checkouts/node/Sources/Node/Accessors/Setters.swift /Users/admin/builder/spi-builder-workspace/.dependencies/checkouts/node/Sources/Node/Convertibles/Bool+Convertible.swift /Users/admin/builder/spi-builder-workspace/.dependencies/checkouts/node/Sources/Node/Convertibles/Date+Convertible.swift (in target 'Node' from project 'Node')
SwiftCompile normal arm64 /Users/admin/builder/spi-builder-workspace/.dependencies/checkouts/node/Sources/Node/Accessors/Getters.swift (in target 'Node' from project 'Node')
    cd /Users/admin/builder/spi-builder-workspace/.swiftpm/xcode
    builtin-SwiftPerFileCompile Getters.swift
SwiftCompile normal arm64 /Users/admin/builder/spi-builder-workspace/.dependencies/checkouts/node/Sources/Node/Accessors/Setters.swift (in target 'Node' from project 'Node')
    cd /Users/admin/builder/spi-builder-workspace/.swiftpm/xcode
    builtin-SwiftPerFileCompile Setters.swift
SwiftCompile normal arm64 /Users/admin/builder/spi-builder-workspace/.dependencies/checkouts/node/Sources/Node/Convertibles/Bool+Convertible.swift (in target 'Node' from project 'Node')
    cd /Users/admin/builder/spi-builder-workspace/.swiftpm/xcode
    builtin-SwiftPerFileCompile Bool+Convertible.swift
SwiftCompile normal arm64 /Users/admin/builder/spi-builder-workspace/.dependencies/checkouts/node/Sources/Node/Convertibles/Date+Convertible.swift (in target 'Node' from project 'Node')
    cd /Users/admin/builder/spi-builder-workspace/.swiftpm/xcode
    builtin-SwiftPerFileCompile Date+Convertible.swift
SwiftDriverJobDiscovery normal arm64_32 Compiling Errors.swift, Exports.swift, Identifier.swift (in target 'Node' from project 'Node')
SwiftCompile normal arm64_32 Compiling\ Array+Convertible.swift,\ Dictionary+Convertible.swift,\ Fuzzy+Any.swift,\ FuzzyConverter.swift /Users/admin/builder/spi-builder-workspace/.dependencies/checkouts/node/Sources/Node/Fuzzy/Array+Convertible.swift /Users/admin/builder/spi-builder-workspace/.dependencies/checkouts/node/Sources/Node/Fuzzy/Dictionary+Convertible.swift /Users/admin/builder/spi-builder-workspace/.dependencies/checkouts/node/Sources/Node/Fuzzy/Fuzzy+Any.swift /Users/admin/builder/spi-builder-workspace/.dependencies/checkouts/node/Sources/Node/Fuzzy/FuzzyConverter.swift (in target 'Node' from project 'Node')
SwiftCompile normal arm64_32 /Users/admin/builder/spi-builder-workspace/.dependencies/checkouts/node/Sources/Node/Fuzzy/Array+Convertible.swift (in target 'Node' from project 'Node')
    cd /Users/admin/builder/spi-builder-workspace/.swiftpm/xcode
    builtin-SwiftPerFileCompile Array+Convertible.swift
SwiftCompile normal arm64_32 /Users/admin/builder/spi-builder-workspace/.dependencies/checkouts/node/Sources/Node/Fuzzy/Dictionary+Convertible.swift (in target 'Node' from project 'Node')
    cd /Users/admin/builder/spi-builder-workspace/.swiftpm/xcode
    builtin-SwiftPerFileCompile Dictionary+Convertible.swift
SwiftCompile normal arm64_32 /Users/admin/builder/spi-builder-workspace/.dependencies/checkouts/node/Sources/Node/Fuzzy/Fuzzy+Any.swift (in target 'Node' from project 'Node')
    cd /Users/admin/builder/spi-builder-workspace/.swiftpm/xcode
    builtin-SwiftPerFileCompile Fuzzy+Any.swift
SwiftCompile normal arm64_32 /Users/admin/builder/spi-builder-workspace/.dependencies/checkouts/node/Sources/Node/Fuzzy/FuzzyConverter.swift (in target 'Node' from project 'Node')
    cd /Users/admin/builder/spi-builder-workspace/.swiftpm/xcode
    builtin-SwiftPerFileCompile FuzzyConverter.swift
SwiftDriverJobDiscovery normal arm64 Compiling Array+Convertible.swift, Dictionary+Convertible.swift, Fuzzy+Any.swift, FuzzyConverter.swift (in target 'Node' from project 'Node')
SwiftCompile normal arm64 Compiling\ StructuredData+Init.swift,\ StructuredData+PathIndexable.swift,\ StructuredData+Polymorphic.swift,\ StructuredData.swift /Users/admin/builder/spi-builder-workspace/.dependencies/checkouts/node/Sources/Node/StructuredData/StructuredData+Init.swift /Users/admin/builder/spi-builder-workspace/.dependencies/checkouts/node/Sources/Node/StructuredData/StructuredData+PathIndexable.swift /Users/admin/builder/spi-builder-workspace/.dependencies/checkouts/node/Sources/Node/StructuredData/StructuredData+Polymorphic.swift /Users/admin/builder/spi-builder-workspace/.dependencies/checkouts/node/Sources/Node/StructuredData/StructuredData.swift (in target 'Node' from project 'Node')
SwiftCompile normal arm64 /Users/admin/builder/spi-builder-workspace/.dependencies/checkouts/node/Sources/Node/StructuredData/StructuredData+Init.swift (in target 'Node' from project 'Node')
    cd /Users/admin/builder/spi-builder-workspace/.swiftpm/xcode
    builtin-SwiftPerFileCompile StructuredData+Init.swift
SwiftCompile normal arm64 /Users/admin/builder/spi-builder-workspace/.dependencies/checkouts/node/Sources/Node/StructuredData/StructuredData+PathIndexable.swift (in target 'Node' from project 'Node')
    cd /Users/admin/builder/spi-builder-workspace/.swiftpm/xcode
    builtin-SwiftPerFileCompile StructuredData+PathIndexable.swift
SwiftCompile normal arm64 /Users/admin/builder/spi-builder-workspace/.dependencies/checkouts/node/Sources/Node/StructuredData/StructuredData+Polymorphic.swift (in target 'Node' from project 'Node')
    cd /Users/admin/builder/spi-builder-workspace/.swiftpm/xcode
    builtin-SwiftPerFileCompile StructuredData+Polymorphic.swift
SwiftCompile normal arm64 /Users/admin/builder/spi-builder-workspace/.dependencies/checkouts/node/Sources/Node/StructuredData/StructuredData.swift (in target 'Node' from project 'Node')
    cd /Users/admin/builder/spi-builder-workspace/.swiftpm/xcode
    builtin-SwiftPerFileCompile StructuredData.swift
SwiftDriverJobDiscovery normal arm64_32 Compiling String+Convertible.swift, UUID+Convertible.swift, UnsignedInteger+Convertible.swift, Context.swift (in target 'Node' from project 'Node')
SwiftCompile normal arm64_32 Compiling\ Node.swift,\ NodeConvertible.swift,\ NodeInitializable.swift,\ NodeRepresentable.swift /Users/admin/builder/spi-builder-workspace/.dependencies/checkouts/node/Sources/Node/Core/Node.swift /Users/admin/builder/spi-builder-workspace/.dependencies/checkouts/node/Sources/Node/Core/NodeConvertible.swift /Users/admin/builder/spi-builder-workspace/.dependencies/checkouts/node/Sources/Node/Core/NodeInitializable.swift /Users/admin/builder/spi-builder-workspace/.dependencies/checkouts/node/Sources/Node/Core/NodeRepresentable.swift (in target 'Node' from project 'Node')
SwiftCompile normal arm64_32 /Users/admin/builder/spi-builder-workspace/.dependencies/checkouts/node/Sources/Node/Core/Node.swift (in target 'Node' from project 'Node')
    cd /Users/admin/builder/spi-builder-workspace/.swiftpm/xcode
    builtin-SwiftPerFileCompile Node.swift
SwiftCompile normal arm64_32 /Users/admin/builder/spi-builder-workspace/.dependencies/checkouts/node/Sources/Node/Core/NodeConvertible.swift (in target 'Node' from project 'Node')
    cd /Users/admin/builder/spi-builder-workspace/.swiftpm/xcode
    builtin-SwiftPerFileCompile NodeConvertible.swift
SwiftCompile normal arm64_32 /Users/admin/builder/spi-builder-workspace/.dependencies/checkouts/node/Sources/Node/Core/NodeInitializable.swift (in target 'Node' from project 'Node')
    cd /Users/admin/builder/spi-builder-workspace/.swiftpm/xcode
    builtin-SwiftPerFileCompile NodeInitializable.swift
SwiftCompile normal arm64_32 /Users/admin/builder/spi-builder-workspace/.dependencies/checkouts/node/Sources/Node/Core/NodeRepresentable.swift (in target 'Node' from project 'Node')
    cd /Users/admin/builder/spi-builder-workspace/.swiftpm/xcode
    builtin-SwiftPerFileCompile NodeRepresentable.swift
SwiftDriverJobDiscovery normal arm64_32 Compiling FloatingPoint+Convertible.swift, Integer+Convertible.swift, Schema+Convertible.swift, SchemaWrapper+Convertible.swift (in target 'Node' from project 'Node')
SwiftCompile normal arm64_32 Compiling\ StructuredDataWrapper+PathIndexable.swift,\ StructuredDataWrapper+Polymorphic.swift,\ StructuredDataWrapper.swift /Users/admin/builder/spi-builder-workspace/.dependencies/checkouts/node/Sources/Node/StructuredDataWrapper/StructuredDataWrapper+PathIndexable.swift /Users/admin/builder/spi-builder-workspace/.dependencies/checkouts/node/Sources/Node/StructuredDataWrapper/StructuredDataWrapper+Polymorphic.swift /Users/admin/builder/spi-builder-workspace/.dependencies/checkouts/node/Sources/Node/StructuredDataWrapper/StructuredDataWrapper.swift (in target 'Node' from project 'Node')
SwiftCompile normal arm64_32 /Users/admin/builder/spi-builder-workspace/.dependencies/checkouts/node/Sources/Node/StructuredDataWrapper/StructuredDataWrapper+PathIndexable.swift (in target 'Node' from project 'Node')
    cd /Users/admin/builder/spi-builder-workspace/.swiftpm/xcode
    builtin-SwiftPerFileCompile StructuredDataWrapper+PathIndexable.swift
SwiftCompile normal arm64_32 /Users/admin/builder/spi-builder-workspace/.dependencies/checkouts/node/Sources/Node/StructuredDataWrapper/StructuredDataWrapper+Polymorphic.swift (in target 'Node' from project 'Node')
    cd /Users/admin/builder/spi-builder-workspace/.swiftpm/xcode
    builtin-SwiftPerFileCompile StructuredDataWrapper+Polymorphic.swift
SwiftCompile normal arm64_32 /Users/admin/builder/spi-builder-workspace/.dependencies/checkouts/node/Sources/Node/StructuredDataWrapper/StructuredDataWrapper.swift (in target 'Node' from project 'Node')
    cd /Users/admin/builder/spi-builder-workspace/.swiftpm/xcode
    builtin-SwiftPerFileCompile StructuredDataWrapper.swift
SwiftDriverJobDiscovery normal arm64 Compiling String+Convertible.swift, UUID+Convertible.swift, UnsignedInteger+Convertible.swift, Context.swift (in target 'Node' from project 'Node')
SwiftCompile normal arm64_32 Compiling\ StructuredDataWrapper+Cases.swift,\ StructuredDataWrapper+Convenience.swift,\ StructuredDataWrapper+Equatable.swift,\ StructuredDataWrapper+Literals.swift /Users/admin/builder/spi-builder-workspace/.dependencies/checkouts/node/Sources/Node/StructuredDataWrapper/StructuredDataWrapper+Cases.swift /Users/admin/builder/spi-builder-workspace/.dependencies/checkouts/node/Sources/Node/StructuredDataWrapper/StructuredDataWrapper+Convenience.swift /Users/admin/builder/spi-builder-workspace/.dependencies/checkouts/node/Sources/Node/StructuredDataWrapper/StructuredDataWrapper+Equatable.swift /Users/admin/builder/spi-builder-workspace/.dependencies/checkouts/node/Sources/Node/StructuredDataWrapper/StructuredDataWrapper+Literals.swift (in target 'Node' from project 'Node')
SwiftCompile normal arm64_32 /Users/admin/builder/spi-builder-workspace/.dependencies/checkouts/node/Sources/Node/StructuredDataWrapper/StructuredDataWrapper+Cases.swift (in target 'Node' from project 'Node')
    cd /Users/admin/builder/spi-builder-workspace/.swiftpm/xcode
    builtin-SwiftPerFileCompile StructuredDataWrapper+Cases.swift
SwiftCompile normal arm64_32 /Users/admin/builder/spi-builder-workspace/.dependencies/checkouts/node/Sources/Node/StructuredDataWrapper/StructuredDataWrapper+Convenience.swift (in target 'Node' from project 'Node')
    cd /Users/admin/builder/spi-builder-workspace/.swiftpm/xcode
    builtin-SwiftPerFileCompile StructuredDataWrapper+Convenience.swift
SwiftCompile normal arm64_32 /Users/admin/builder/spi-builder-workspace/.dependencies/checkouts/node/Sources/Node/StructuredDataWrapper/StructuredDataWrapper+Equatable.swift (in target 'Node' from project 'Node')
    cd /Users/admin/builder/spi-builder-workspace/.swiftpm/xcode
    builtin-SwiftPerFileCompile StructuredDataWrapper+Equatable.swift
SwiftCompile normal arm64_32 /Users/admin/builder/spi-builder-workspace/.dependencies/checkouts/node/Sources/Node/StructuredDataWrapper/StructuredDataWrapper+Literals.swift (in target 'Node' from project 'Node')
    cd /Users/admin/builder/spi-builder-workspace/.swiftpm/xcode
    builtin-SwiftPerFileCompile StructuredDataWrapper+Literals.swift
SwiftDriverJobDiscovery normal arm64 Compiling StructuredDataWrapper+PathIndexable.swift, StructuredDataWrapper+Polymorphic.swift, StructuredDataWrapper.swift (in target 'Node' from project 'Node')
SwiftCompile normal arm64_32 Compiling\ Optional+Convertible.swift,\ Set+Convertible.swift,\ Number.swift,\ StructuredData+Equatable.swift /Users/admin/builder/spi-builder-workspace/.dependencies/checkouts/node/Sources/Node/Fuzzy/Optional+Convertible.swift /Users/admin/builder/spi-builder-workspace/.dependencies/checkouts/node/Sources/Node/Fuzzy/Set+Convertible.swift /Users/admin/builder/spi-builder-workspace/.dependencies/checkouts/node/Sources/Node/Number/Number.swift /Users/admin/builder/spi-builder-workspace/.dependencies/checkouts/node/Sources/Node/StructuredData/StructuredData+Equatable.swift (in target 'Node' from project 'Node')
SwiftCompile normal arm64_32 /Users/admin/builder/spi-builder-workspace/.dependencies/checkouts/node/Sources/Node/Fuzzy/Optional+Convertible.swift (in target 'Node' from project 'Node')
    cd /Users/admin/builder/spi-builder-workspace/.swiftpm/xcode
    builtin-SwiftPerFileCompile Optional+Convertible.swift
SwiftCompile normal arm64_32 /Users/admin/builder/spi-builder-workspace/.dependencies/checkouts/node/Sources/Node/Fuzzy/Set+Convertible.swift (in target 'Node' from project 'Node')
    cd /Users/admin/builder/spi-builder-workspace/.swiftpm/xcode
    builtin-SwiftPerFileCompile Set+Convertible.swift
SwiftCompile normal arm64_32 /Users/admin/builder/spi-builder-workspace/.dependencies/checkouts/node/Sources/Node/Number/Number.swift (in target 'Node' from project 'Node')
    cd /Users/admin/builder/spi-builder-workspace/.swiftpm/xcode
    builtin-SwiftPerFileCompile Number.swift
SwiftCompile normal arm64_32 /Users/admin/builder/spi-builder-workspace/.dependencies/checkouts/node/Sources/Node/StructuredData/StructuredData+Equatable.swift (in target 'Node' from project 'Node')
    cd /Users/admin/builder/spi-builder-workspace/.swiftpm/xcode
    builtin-SwiftPerFileCompile StructuredData+Equatable.swift
SwiftDriverJobDiscovery normal arm64 Compiling Optional+Convertible.swift, Set+Convertible.swift, Number.swift, StructuredData+Equatable.swift (in target 'Node' from project 'Node')
SwiftCompile normal arm64 Compiling\ Errors.swift,\ Exports.swift,\ Identifier.swift /Users/admin/builder/spi-builder-workspace/.dependencies/checkouts/node/Sources/Node/Utilities/Errors.swift /Users/admin/builder/spi-builder-workspace/.dependencies/checkouts/node/Sources/Node/Utilities/Exports.swift /Users/admin/builder/spi-builder-workspace/.dependencies/checkouts/node/Sources/Node/Utilities/Identifier.swift (in target 'Node' from project 'Node')
SwiftCompile normal arm64 /Users/admin/builder/spi-builder-workspace/.dependencies/checkouts/node/Sources/Node/Utilities/Errors.swift (in target 'Node' from project 'Node')
    cd /Users/admin/builder/spi-builder-workspace/.swiftpm/xcode
    builtin-SwiftPerFileCompile Errors.swift
SwiftCompile normal arm64 /Users/admin/builder/spi-builder-workspace/.dependencies/checkouts/node/Sources/Node/Utilities/Exports.swift (in target 'Node' from project 'Node')
    cd /Users/admin/builder/spi-builder-workspace/.swiftpm/xcode
    builtin-SwiftPerFileCompile Exports.swift
SwiftCompile normal arm64 /Users/admin/builder/spi-builder-workspace/.dependencies/checkouts/node/Sources/Node/Utilities/Identifier.swift (in target 'Node' from project 'Node')
    cd /Users/admin/builder/spi-builder-workspace/.swiftpm/xcode
    builtin-SwiftPerFileCompile Identifier.swift
SwiftDriverJobDiscovery normal arm64 Compiling Getters.swift, Setters.swift, Bool+Convertible.swift, Date+Convertible.swift (in target 'Node' from project 'Node')
SwiftDriverJobDiscovery normal arm64 Compiling StructuredDataWrapper+Cases.swift, StructuredDataWrapper+Convenience.swift, StructuredDataWrapper+Equatable.swift, StructuredDataWrapper+Literals.swift (in target 'Node' from project 'Node')
SwiftCompile normal arm64 Compiling\ Console+Confirm.swift,\ Console+Ephemeral.swift,\ Console+Options.swift,\ Console+Print.swift /Users/admin/builder/spi-builder-workspace/.dependencies/checkouts/console/Sources/Console/Console/Console+Confirm.swift /Users/admin/builder/spi-builder-workspace/.dependencies/checkouts/console/Sources/Console/Console/Console+Ephemeral.swift /Users/admin/builder/spi-builder-workspace/.dependencies/checkouts/console/Sources/Console/Console/Console+Options.swift /Users/admin/builder/spi-builder-workspace/.dependencies/checkouts/console/Sources/Console/Console/Console+Print.swift (in target 'Console' from project 'Console')
SwiftCompile normal arm64 /Users/admin/builder/spi-builder-workspace/.dependencies/checkouts/console/Sources/Console/Console/Console+Confirm.swift (in target 'Console' from project 'Console')
    cd /Users/admin/builder/spi-builder-workspace/.swiftpm/xcode
    builtin-SwiftPerFileCompile Console+Confirm.swift
SwiftCompile normal arm64 /Users/admin/builder/spi-builder-workspace/.dependencies/checkouts/console/Sources/Console/Console/Console+Ephemeral.swift (in target 'Console' from project 'Console')
    cd /Users/admin/builder/spi-builder-workspace/.swiftpm/xcode
    builtin-SwiftPerFileCompile Console+Ephemeral.swift
SwiftCompile normal arm64 /Users/admin/builder/spi-builder-workspace/.dependencies/checkouts/console/Sources/Console/Console/Console+Options.swift (in target 'Console' from project 'Console')
    cd /Users/admin/builder/spi-builder-workspace/.swiftpm/xcode
    builtin-SwiftPerFileCompile Console+Options.swift
SwiftCompile normal arm64 /Users/admin/builder/spi-builder-workspace/.dependencies/checkouts/console/Sources/Console/Console/Console+Print.swift (in target 'Console' from project 'Console')
    cd /Users/admin/builder/spi-builder-workspace/.swiftpm/xcode
    builtin-SwiftPerFileCompile Console+Print.swift
SwiftDriverJobDiscovery normal arm64_32 Compiling Node.swift, NodeConvertible.swift, NodeInitializable.swift, NodeRepresentable.swift (in target 'Node' from project 'Node')
SwiftCompile normal arm64 Compiling\ ConsoleClear.swift,\ ConsoleColor.swift,\ Console+Ask.swift,\ Console+Center.swift /Users/admin/builder/spi-builder-workspace/.dependencies/checkouts/console/Sources/Console/Console/Clear/ConsoleClear.swift /Users/admin/builder/spi-builder-workspace/.dependencies/checkouts/console/Sources/Console/Console/Color/ConsoleColor.swift /Users/admin/builder/spi-builder-workspace/.dependencies/checkouts/console/Sources/Console/Console/Console+Ask.swift /Users/admin/builder/spi-builder-workspace/.dependencies/checkouts/console/Sources/Console/Console/Console+Center.swift (in target 'Console' from project 'Console')
SwiftCompile normal arm64 /Users/admin/builder/spi-builder-workspace/.dependencies/checkouts/console/Sources/Console/Console/Clear/ConsoleClear.swift (in target 'Console' from project 'Console')
    cd /Users/admin/builder/spi-builder-workspace/.swiftpm/xcode
    builtin-SwiftPerFileCompile ConsoleClear.swift
SwiftCompile normal arm64 /Users/admin/builder/spi-builder-workspace/.dependencies/checkouts/console/Sources/Console/Console/Color/ConsoleColor.swift (in target 'Console' from project 'Console')
    cd /Users/admin/builder/spi-builder-workspace/.swiftpm/xcode
    builtin-SwiftPerFileCompile ConsoleColor.swift
SwiftCompile normal arm64 /Users/admin/builder/spi-builder-workspace/.dependencies/checkouts/console/Sources/Console/Console/Console+Ask.swift (in target 'Console' from project 'Console')
    cd /Users/admin/builder/spi-builder-workspace/.swiftpm/xcode
    builtin-SwiftPerFileCompile Console+Ask.swift
SwiftCompile normal arm64 /Users/admin/builder/spi-builder-workspace/.dependencies/checkouts/console/Sources/Console/Console/Console+Center.swift (in target 'Console' from project 'Console')
    cd /Users/admin/builder/spi-builder-workspace/.swiftpm/xcode
    builtin-SwiftPerFileCompile Console+Center.swift
SwiftCompile normal arm64_32 Compiling\ ProgressBar.swift,\ Argument.swift,\ Command+Print.swift,\ Command.swift /Users/admin/builder/spi-builder-workspace/.dependencies/checkouts/console/Sources/Console/Bar/Progress/ProgressBar.swift /Users/admin/builder/spi-builder-workspace/.dependencies/checkouts/console/Sources/Console/Command/Argument.swift /Users/admin/builder/spi-builder-workspace/.dependencies/checkouts/console/Sources/Console/Command/Command+Print.swift /Users/admin/builder/spi-builder-workspace/.dependencies/checkouts/console/Sources/Console/Command/Command.swift (in target 'Console' from project 'Console')
SwiftCompile normal arm64_32 /Users/admin/builder/spi-builder-workspace/.dependencies/checkouts/console/Sources/Console/Bar/Progress/ProgressBar.swift (in target 'Console' from project 'Console')
    cd /Users/admin/builder/spi-builder-workspace/.swiftpm/xcode
    builtin-SwiftPerFileCompile ProgressBar.swift
SwiftCompile normal arm64_32 /Users/admin/builder/spi-builder-workspace/.dependencies/checkouts/console/Sources/Console/Command/Argument.swift (in target 'Console' from project 'Console')
    cd /Users/admin/builder/spi-builder-workspace/.swiftpm/xcode
    builtin-SwiftPerFileCompile Argument.swift
SwiftCompile normal arm64_32 /Users/admin/builder/spi-builder-workspace/.dependencies/checkouts/console/Sources/Console/Command/Command+Print.swift (in target 'Console' from project 'Console')
    cd /Users/admin/builder/spi-builder-workspace/.swiftpm/xcode
    builtin-SwiftPerFileCompile Command+Print.swift
SwiftCompile normal arm64_32 /Users/admin/builder/spi-builder-workspace/.dependencies/checkouts/console/Sources/Console/Command/Command.swift (in target 'Console' from project 'Console')
    cd /Users/admin/builder/spi-builder-workspace/.swiftpm/xcode
    builtin-SwiftPerFileCompile Command.swift
SwiftDriverJobDiscovery normal arm64_32 Compiling Array+Convertible.swift, Dictionary+Convertible.swift, Fuzzy+Any.swift, FuzzyConverter.swift (in target 'Node' from project 'Node')
SwiftCompile normal arm64 Compiling\ Group.swift,\ Option.swift,\ Runnable.swift,\ Value.swift /Users/admin/builder/spi-builder-workspace/.dependencies/checkouts/console/Sources/Console/Command/Group.swift /Users/admin/builder/spi-builder-workspace/.dependencies/checkouts/console/Sources/Console/Command/Option.swift /Users/admin/builder/spi-builder-workspace/.dependencies/checkouts/console/Sources/Console/Command/Runnable.swift /Users/admin/builder/spi-builder-workspace/.dependencies/checkouts/console/Sources/Console/Command/Value.swift (in target 'Console' from project 'Console')
SwiftCompile normal arm64 /Users/admin/builder/spi-builder-workspace/.dependencies/checkouts/console/Sources/Console/Command/Group.swift (in target 'Console' from project 'Console')
    cd /Users/admin/builder/spi-builder-workspace/.swiftpm/xcode
    builtin-SwiftPerFileCompile Group.swift
SwiftCompile normal arm64 /Users/admin/builder/spi-builder-workspace/.dependencies/checkouts/console/Sources/Console/Command/Option.swift (in target 'Console' from project 'Console')
    cd /Users/admin/builder/spi-builder-workspace/.swiftpm/xcode
    builtin-SwiftPerFileCompile Option.swift
SwiftCompile normal arm64 /Users/admin/builder/spi-builder-workspace/.dependencies/checkouts/console/Sources/Console/Command/Runnable.swift (in target 'Console' from project 'Console')
    cd /Users/admin/builder/spi-builder-workspace/.swiftpm/xcode
    builtin-SwiftPerFileCompile Runnable.swift
SwiftCompile normal arm64 /Users/admin/builder/spi-builder-workspace/.dependencies/checkouts/console/Sources/Console/Command/Value.swift (in target 'Console' from project 'Console')
    cd /Users/admin/builder/spi-builder-workspace/.swiftpm/xcode
    builtin-SwiftPerFileCompile Value.swift
SwiftDriverJobDiscovery normal arm64_32 Compiling StructuredDataWrapper+PathIndexable.swift, StructuredDataWrapper+Polymorphic.swift, StructuredDataWrapper.swift (in target 'Node' from project 'Node')
SwiftCompile normal arm64 Compiling\ Stream.swift,\ Swift3.swift,\ ConsoleColor+Terminal.swift /Users/admin/builder/spi-builder-workspace/.dependencies/checkouts/console/Sources/Console/Stream/Stream.swift /Users/admin/builder/spi-builder-workspace/.dependencies/checkouts/console/Sources/Console/Swift3.swift /Users/admin/builder/spi-builder-workspace/.dependencies/checkouts/console/Sources/Console/Terminal/ConsoleColor+Terminal.swift (in target 'Console' from project 'Console')
SwiftCompile normal arm64 /Users/admin/builder/spi-builder-workspace/.dependencies/checkouts/console/Sources/Console/Stream/Stream.swift (in target 'Console' from project 'Console')
    cd /Users/admin/builder/spi-builder-workspace/.swiftpm/xcode
    builtin-SwiftPerFileCompile Stream.swift
SwiftCompile normal arm64 /Users/admin/builder/spi-builder-workspace/.dependencies/checkouts/console/Sources/Console/Swift3.swift (in target 'Console' from project 'Console')
    cd /Users/admin/builder/spi-builder-workspace/.swiftpm/xcode
    builtin-SwiftPerFileCompile Swift3.swift
SwiftCompile normal arm64 /Users/admin/builder/spi-builder-workspace/.dependencies/checkouts/console/Sources/Console/Terminal/ConsoleColor+Terminal.swift (in target 'Console' from project 'Console')
    cd /Users/admin/builder/spi-builder-workspace/.swiftpm/xcode
    builtin-SwiftPerFileCompile ConsoleColor+Terminal.swift
SwiftDriverJobDiscovery normal arm64 Compiling StructuredData+Init.swift, StructuredData+PathIndexable.swift, StructuredData+Polymorphic.swift, StructuredData.swift (in target 'Node' from project 'Node')
SwiftCompile normal arm64_32 Compiling\ ConsoleStyle.swift,\ FileHandle+Stream.swift,\ Pipe+Stream.swift /Users/admin/builder/spi-builder-workspace/.dependencies/checkouts/console/Sources/Console/Console/Style/ConsoleStyle.swift /Users/admin/builder/spi-builder-workspace/.dependencies/checkouts/console/Sources/Console/Stream/FileHandle+Stream.swift /Users/admin/builder/spi-builder-workspace/.dependencies/checkouts/console/Sources/Console/Stream/Pipe+Stream.swift (in target 'Console' from project 'Console')
SwiftCompile normal arm64_32 /Users/admin/builder/spi-builder-workspace/.dependencies/checkouts/console/Sources/Console/Console/Style/ConsoleStyle.swift (in target 'Console' from project 'Console')
    cd /Users/admin/builder/spi-builder-workspace/.swiftpm/xcode
    builtin-SwiftPerFileCompile ConsoleStyle.swift
SwiftCompile normal arm64_32 /Users/admin/builder/spi-builder-workspace/.dependencies/checkouts/console/Sources/Console/Stream/FileHandle+Stream.swift (in target 'Console' from project 'Console')
    cd /Users/admin/builder/spi-builder-workspace/.swiftpm/xcode
    builtin-SwiftPerFileCompile FileHandle+Stream.swift
SwiftCompile normal arm64_32 /Users/admin/builder/spi-builder-workspace/.dependencies/checkouts/console/Sources/Console/Stream/Pipe+Stream.swift (in target 'Console' from project 'Console')
    cd /Users/admin/builder/spi-builder-workspace/.swiftpm/xcode
    builtin-SwiftPerFileCompile Pipe+Stream.swift
SwiftDriverJobDiscovery normal arm64_32 Compiling StructuredDataWrapper+Cases.swift, StructuredDataWrapper+Convenience.swift, StructuredDataWrapper+Equatable.swift, StructuredDataWrapper+Literals.swift (in target 'Node' from project 'Node')
SwiftDriverJobDiscovery normal arm64 Compiling Stream.swift, Swift3.swift, ConsoleColor+Terminal.swift (in target 'Console' from project 'Console')
SwiftCompile normal arm64 Compiling\ Console+Run.swift,\ ConsoleError.swift,\ ConsoleProtocol.swift,\ Console+ConsoleStyle.swift /Users/admin/builder/spi-builder-workspace/.dependencies/checkouts/console/Sources/Console/Console/Console+Run.swift /Users/admin/builder/spi-builder-workspace/.dependencies/checkouts/console/Sources/Console/Console/ConsoleError.swift /Users/admin/builder/spi-builder-workspace/.dependencies/checkouts/console/Sources/Console/Console/ConsoleProtocol.swift /Users/admin/builder/spi-builder-workspace/.dependencies/checkouts/console/Sources/Console/Console/Style/Console+ConsoleStyle.swift (in target 'Console' from project 'Console')
SwiftCompile normal arm64 /Users/admin/builder/spi-builder-workspace/.dependencies/checkouts/console/Sources/Console/Console/Console+Run.swift (in target 'Console' from project 'Console')
    cd /Users/admin/builder/spi-builder-workspace/.swiftpm/xcode
    builtin-SwiftPerFileCompile Console+Run.swift
SwiftCompile normal arm64 /Users/admin/builder/spi-builder-workspace/.dependencies/checkouts/console/Sources/Console/Console/ConsoleError.swift (in target 'Console' from project 'Console')
    cd /Users/admin/builder/spi-builder-workspace/.swiftpm/xcode
    builtin-SwiftPerFileCompile ConsoleError.swift
SwiftCompile normal arm64 /Users/admin/builder/spi-builder-workspace/.dependencies/checkouts/console/Sources/Console/Console/ConsoleProtocol.swift (in target 'Console' from project 'Console')
    cd /Users/admin/builder/spi-builder-workspace/.swiftpm/xcode
    builtin-SwiftPerFileCompile ConsoleProtocol.swift
SwiftCompile normal arm64 /Users/admin/builder/spi-builder-workspace/.dependencies/checkouts/console/Sources/Console/Console/Style/Console+ConsoleStyle.swift (in target 'Console' from project 'Console')
    cd /Users/admin/builder/spi-builder-workspace/.swiftpm/xcode
    builtin-SwiftPerFileCompile Console+ConsoleStyle.swift
SwiftDriverJobDiscovery normal arm64 Compiling Errors.swift, Exports.swift, Identifier.swift (in target 'Node' from project 'Node')
SwiftCompile normal arm64_32 Compiling\ ConsoleStyle+Terminal.swift,\ String+ANSI.swift,\ Terminal+Command.swift /Users/admin/builder/spi-builder-workspace/.dependencies/checkouts/console/Sources/Console/Terminal/ConsoleStyle+Terminal.swift /Users/admin/builder/spi-builder-workspace/.dependencies/checkouts/console/Sources/Console/Terminal/String+ANSI.swift /Users/admin/builder/spi-builder-workspace/.dependencies/checkouts/console/Sources/Console/Terminal/Terminal+Command.swift (in target 'Console' from project 'Console')
SwiftCompile normal arm64_32 /Users/admin/builder/spi-builder-workspace/.dependencies/checkouts/console/Sources/Console/Terminal/ConsoleStyle+Terminal.swift (in target 'Console' from project 'Console')
    cd /Users/admin/builder/spi-builder-workspace/.swiftpm/xcode
    builtin-SwiftPerFileCompile ConsoleStyle+Terminal.swift
SwiftCompile normal arm64_32 /Users/admin/builder/spi-builder-workspace/.dependencies/checkouts/console/Sources/Console/Terminal/String+ANSI.swift (in target 'Console' from project 'Console')
    cd /Users/admin/builder/spi-builder-workspace/.swiftpm/xcode
    builtin-SwiftPerFileCompile String+ANSI.swift
SwiftCompile normal arm64_32 /Users/admin/builder/spi-builder-workspace/.dependencies/checkouts/console/Sources/Console/Terminal/Terminal+Command.swift (in target 'Console' from project 'Console')
    cd /Users/admin/builder/spi-builder-workspace/.swiftpm/xcode
    builtin-SwiftPerFileCompile Terminal+Command.swift
SwiftCompile normal arm64_32 Compiling\ Terminal.swift,\ Bool+Polymorphic.swift,\ String+Trim.swift /Users/admin/builder/spi-builder-workspace/.dependencies/checkouts/console/Sources/Console/Terminal/Terminal.swift /Users/admin/builder/spi-builder-workspace/.dependencies/checkouts/console/Sources/Console/Utilities/Bool+Polymorphic.swift /Users/admin/builder/spi-builder-workspace/.dependencies/checkouts/console/Sources/Console/Utilities/String+Trim.swift (in target 'Console' from project 'Console')
/Users/admin/builder/spi-builder-workspace/.dependencies/checkouts/console/Sources/Console/Terminal/Terminal.swift:126:58: error: missing argument for parameter #1 in call
124 |             var fileActions: posix_spawn_file_actions_t? = nil
125 |         #else
126 |             var fileActions = posix_spawn_file_actions_t()
    |                                                          `- error: missing argument for parameter #1 in call
127 |         #endif
128 |
Swift.UnsafeMutableRawPointer.init:2:8: note: 'init(_:)' declared here
1 | struct UnsafeMutableRawPointer {
2 | public init(_ _rawValue: Builtin.RawPointer)}
  |        `- note: 'init(_:)' declared here
3 |
Failed frontend command:
/Applications/Xcode-27.0.0-Release.Candidate.app/Contents/Developer/Toolchains/XcodeDefault.xctoolchain/usr/bin/swift-frontend -frontend -c /Users/admin/builder/spi-builder-workspace/.dependencies/checkouts/console/Sources/Console/Bar/Bar.swift /Users/admin/builder/spi-builder-workspace/.dependencies/checkouts/console/Sources/Console/Bar/Loading/Console+LoadingBar.swift /Users/admin/builder/spi-builder-workspace/.dependencies/checkouts/console/Sources/Console/Bar/Loading/LoadingBar.swift /Users/admin/builder/spi-builder-workspace/.dependencies/checkouts/console/Sources/Console/Bar/Progress/Console+ProgressBar.swift /Users/admin/builder/spi-builder-workspace/.dependencies/checkouts/console/Sources/Console/Bar/Progress/ProgressBar.swift /Users/admin/builder/spi-builder-workspace/.dependencies/checkouts/console/Sources/Console/Command/Argument.swift /Users/admin/builder/spi-builder-workspace/.dependencies/checkouts/console/Sources/Console/Command/Command+Print.swift /Users/admin/builder/spi-builder-workspace/.dependencies/checkouts/console/Sources/Console/Command/Command.swift /Users/admin/builder/spi-builder-workspace/.dependencies/checkouts/console/Sources/Console/Command/Group.swift /Users/admin/builder/spi-builder-workspace/.dependencies/checkouts/console/Sources/Console/Command/Option.swift /Users/admin/builder/spi-builder-workspace/.dependencies/checkouts/console/Sources/Console/Command/Runnable.swift /Users/admin/builder/spi-builder-workspace/.dependencies/checkouts/console/Sources/Console/Command/Value.swift /Users/admin/builder/spi-builder-workspace/.dependencies/checkouts/console/Sources/Console/Console/Clear/ConsoleClear.swift /Users/admin/builder/spi-builder-workspace/.dependencies/checkouts/console/Sources/Console/Console/Color/ConsoleColor.swift /Users/admin/builder/spi-builder-workspace/.dependencies/checkouts/console/Sources/Console/Console/Console+Ask.swift /Users/admin/builder/spi-builder-workspace/.dependencies/checkouts/console/Sources/Console/Console/Console+Center.swift /Users/admin/builder/spi-builder-workspace/.dependencies/checkouts/console/Sources/Console/Console/Console+Confirm.swift /Users/admin/builder/spi-builder-workspace/.dependencies/checkouts/console/Sources/Console/Console/Console+Ephemeral.swift /Users/admin/builder/spi-builder-workspace/.dependencies/checkouts/console/Sources/Console/Console/Console+Options.swift /Users/admin/builder/spi-builder-workspace/.dependencies/checkouts/console/Sources/Console/Console/Console+Print.swift /Users/admin/builder/spi-builder-workspace/.dependencies/checkouts/console/Sources/Console/Console/Console+Run.swift /Users/admin/builder/spi-builder-workspace/.dependencies/checkouts/console/Sources/Console/Console/ConsoleError.swift /Users/admin/builder/spi-builder-workspace/.dependencies/checkouts/console/Sources/Console/Console/ConsoleProtocol.swift /Users/admin/builder/spi-builder-workspace/.dependencies/checkouts/console/Sources/Console/Console/Style/Console+ConsoleStyle.swift /Users/admin/builder/spi-builder-workspace/.dependencies/checkouts/console/Sources/Console/Console/Style/ConsoleStyle.swift /Users/admin/builder/spi-builder-workspace/.dependencies/checkouts/console/Sources/Console/Stream/FileHandle+Stream.swift /Users/admin/builder/spi-builder-workspace/.dependencies/checkouts/console/Sources/Console/Stream/Pipe+Stream.swift /Users/admin/builder/spi-builder-workspace/.dependencies/checkouts/console/Sources/Console/Stream/Stream.swift /Users/admin/builder/spi-builder-workspace/.dependencies/checkouts/console/Sources/Console/Swift3.swift /Users/admin/builder/spi-builder-workspace/.dependencies/checkouts/console/Sources/Console/Terminal/ConsoleColor+Terminal.swift /Users/admin/builder/spi-builder-workspace/.dependencies/checkouts/console/Sources/Console/Terminal/ConsoleStyle+Terminal.swift /Users/admin/builder/spi-builder-workspace/.dependencies/checkouts/console/Sources/Console/Terminal/String+ANSI.swift /Users/admin/builder/spi-builder-workspace/.dependencies/checkouts/console/Sources/Console/Terminal/Terminal+Command.swift -primary-file /Users/admin/builder/spi-builder-workspace/.dependencies/checkouts/console/Sources/Console/Terminal/Terminal.swift -primary-file /Users/admin/builder/spi-builder-workspace/.dependencies/checkouts/console/Sources/Console/Utilities/Bool+Polymorphic.swift -primary-file /Users/admin/builder/spi-builder-workspace/.dependencies/checkouts/console/Sources/Console/Utilities/String+Trim.swift -supplementary-output-file-map /Users/admin/builder/spi-builder-workspace/.derivedData/Build/Intermediates.noindex/Console.build/Debug-watchos/Console-t.build/Objects-normal/arm64_32/supplementaryOutputs-46 -target arm64_32-apple-watchos9.0 -enable-objc-interop -sdk /Applications/Xcode-27.0.0-Release.Candidate.app/Contents/Developer/Platforms/WatchOS.platform/Developer/SDKs/WatchOS27.0.sdk -I /Users/admin/builder/spi-builder-workspace/.derivedData/Build/Products/Debug-watchos -Isystem /Applications/Xcode-27.0.0-Release.Candidate.app/Contents/Developer/Platforms/WatchOS.platform/Developer/usr/lib -F /Users/admin/builder/spi-builder-workspace/.derivedData/Build/Products/Debug-watchos/PackageFrameworks -F /Users/admin/builder/spi-builder-workspace/.derivedData/Build/Products/Debug-watchos -F /Applications/Xcode-27.0.0-Release.Candidate.app/Contents/Developer/Platforms/WatchOS.platform/Developer/Library/Frameworks -F /Applications/Xcode-27.0.0-Release.Candidate.app/Contents/Developer/Platforms/WatchOS.platform/Developer/SDKs/WatchOS27.0.sdk/Developer/Library/Frameworks -module-cache-path /Users/admin/builder/spi-builder-workspace/.derivedData/ModuleCache.noindex -no-color-diagnostics -Xcc -fno-color-diagnostics -enable-testing -g -debug-info-format\=dwarf -dwarf-version\=4 -suppress-warnings -profile-generate -profile-coverage-mapping -swift-version 4 -Onone -D SWIFT_PACKAGE -D DEBUG -D SWIFT_MODULE_RESOURCE_BUNDLE_UNAVAILABLE -D Xcode -serialize-debugging-options -enable-experimental-feature DebugDescriptionMacro -empty-abi-descriptor -plugin-path /Applications/Xcode-27.0.0-Release.Candidate.app/Contents/Developer/Toolchains/XcodeDefault.xctoolchain/usr/lib/swift/host/plugins/testing -validate-clang-modules-once -clang-build-session-file /Users/admin/builder/spi-builder-workspace/.derivedData/ModuleCache.noindex/Session.modulevalidation -Xcc -working-directory -Xcc /Users/admin/builder/spi-builder-workspace/.swiftpm/xcode -enable-anonymous-context-mangled-names -file-compilation-dir /Users/admin/builder/spi-builder-workspace/.swiftpm/xcode -Xcc -D_LIBCPP_HARDENING_MODE\=_LIBCPP_HARDENING_MODE_DEBUG -Xcc -ivfsstatcache -Xcc /Users/admin/builder/spi-builder-workspace/.derivedData/SDKStatCaches.noindex/watchos27.0-24R360-e829b21a6f8c9b70876ba0858053c04477534ef55a1706bf4c1112bbb242f0a2.sdkstatcache -Xcc -fmodules-prune-interval\=86400 -Xcc -fmodules-prune-after\=345600 -Xcc -I/Users/admin/builder/spi-builder-workspace/.derivedData/Build/Products/Debug-watchos/include -Xcc -I/Users/admin/builder/spi-builder-workspace/.derivedData/Build/Intermediates.noindex/Console.build/Debug-watchos/Console-t.build/DerivedSources-normal/arm64_32 -Xcc -I/Users/admin/builder/spi-builder-workspace/.derivedData/Build/Intermediates.noindex/Console.build/Debug-watchos/Console-t.build/DerivedSources/arm64_32 -Xcc -I/Users/admin/builder/spi-builder-workspace/.derivedData/Build/Intermediates.noindex/Console.build/Debug-watchos/Console-t.build/DerivedSources -Xcc -DSWIFT_PACKAGE -Xcc -DDEBUG\=1 -no-auto-bridging-header-chaining -module-name Console -const-gather-protocols-file /Users/admin/builder/spi-builder-workspace/.derivedData/Build/Intermediates.noindex/Console.build/Debug-watchos/Console-t.build/Objects-normal/arm64_32/Console_const_extract_protocols.json -disable-clang-spi -target-sdk-version 27.0 -target-sdk-name watchos27.0 -external-plugin-path /Applications/Xcode-27.0.0-Release.Candidate.app/Contents/Developer/Platforms/WatchOS.platform/Developer/usr/lib/swift/host/plugins\#/Applications/Xcode-27.0.0-Release.Candidate.app/Contents/Developer/Platforms/WatchOS.platform/Developer/usr/bin/swift-plugin-server -external-plugin-path /Applications/Xcode-27.0.0-Release.Candidate.app/Contents/Developer/Platforms/WatchOS.platform/Developer/usr/local/lib/swift/host/plugins\#/Applications/Xcode-27.0.0-Release.Candidate.app/Contents/Developer/Platforms/WatchOS.platform/Developer/usr/bin/swift-plugin-server -in-process-plugin-server-path /Applications/Xcode-27.0.0-Release.Candidate.app/Contents/Developer/Toolchains/XcodeDefault.xctoolchain/usr/lib/swift/host/libSwiftInProcPluginServer.dylib -plugin-path /Applications/Xcode-27.0.0-Release.Candidate.app/Contents/Developer/Toolchains/XcodeDefault.xctoolchain/usr/lib/swift/host/plugins -plugin-path /Applications/Xcode-27.0.0-Release.Candidate.app/Contents/Developer/Toolchains/XcodeDefault.xctoolchain/usr/local/lib/swift/host/plugins -parse-as-library -o /Users/admin/builder/spi-builder-workspace/.derivedData/Build/Intermediates.noindex/Console.build/Debug-watchos/Console-t.build/Objects-normal/arm64_32/Terminal.o -o /Users/admin/builder/spi-builder-workspace/.derivedData/Build/Intermediates.noindex/Console.build/Debug-watchos/Console-t.build/Objects-normal/arm64_32/Bool+Polymorphic.o -o /Users/admin/builder/spi-builder-workspace/.derivedData/Build/Intermediates.noindex/Console.build/Debug-watchos/Console-t.build/Objects-normal/arm64_32/String+Trim.o -index-unit-output-path /Console.build/Debug-watchos/Console-t.build/Objects-normal/arm64_32/Terminal.o -index-unit-output-path /Console.build/Debug-watchos/Console-t.build/Objects-normal/arm64_32/Bool+Polymorphic.o -index-unit-output-path /Console.build/Debug-watchos/Console-t.build/Objects-normal/arm64_32/String+Trim.o -index-store-path /Users/admin/builder/spi-builder-workspace/.derivedData/Index.noindex/DataStore -index-system-modules
SwiftCompile normal arm64_32 /Users/admin/builder/spi-builder-workspace/.dependencies/checkouts/console/Sources/Console/Terminal/Terminal.swift (in target 'Console' from project 'Console')
    cd /Users/admin/builder/spi-builder-workspace/.swiftpm/xcode
    builtin-SwiftPerFileCompile Terminal.swift
SwiftCompile normal arm64_32 /Users/admin/builder/spi-builder-workspace/.dependencies/checkouts/console/Sources/Console/Utilities/Bool+Polymorphic.swift (in target 'Console' from project 'Console')
    cd /Users/admin/builder/spi-builder-workspace/.swiftpm/xcode
    builtin-SwiftPerFileCompile Bool+Polymorphic.swift
SwiftCompile normal arm64_32 /Users/admin/builder/spi-builder-workspace/.dependencies/checkouts/console/Sources/Console/Utilities/String+Trim.swift (in target 'Console' from project 'Console')
    cd /Users/admin/builder/spi-builder-workspace/.swiftpm/xcode
    builtin-SwiftPerFileCompile String+Trim.swift
SwiftDriverJobDiscovery normal arm64 Compiling Group.swift, Option.swift, Runnable.swift, Value.swift (in target 'Console' from project 'Console')
SwiftDriver\ Compilation Node normal arm64 com.apple.xcode.tools.swift.compiler (in target 'Node' from project 'Node')
    cd /Users/admin/builder/spi-builder-workspace/.swiftpm/xcode
    builtin-Swift-Compilation -- /Applications/Xcode-27.0.0-Release.Candidate.app/Contents/Developer/Toolchains/XcodeDefault.xctoolchain/usr/bin/swiftc -parse-as-library -module-name Node -Onone @/Users/admin/builder/spi-builder-workspace/.derivedData/Build/Intermediates.noindex/Node.build/Debug-watchos/Node-t.build/Objects-normal/arm64/Node.SwiftFileList -DSWIFT_PACKAGE -DDEBUG -DSWIFT_MODULE_RESOURCE_BUNDLE_UNAVAILABLE -DXcode -plugin-path /Applications/Xcode-27.0.0-Release.Candidate.app/Contents/Developer/Toolchains/XcodeDefault.xctoolchain/usr/lib/swift/host/plugins/testing -enable-experimental-feature DebugDescriptionMacro -sdk /Applications/Xcode-27.0.0-Release.Candidate.app/Contents/Developer/Platforms/WatchOS.platform/Developer/SDKs/WatchOS27.0.sdk -target arm64-apple-watchos9.0 -g -module-cache-path /Users/admin/builder/spi-builder-workspace/.derivedData/ModuleCache.noindex -Xfrontend -serialize-debugging-options -profile-coverage-mapping -profile-generate -enable-testing -suppress-warnings -index-store-path /Users/admin/builder/spi-builder-workspace/.derivedData/Index.noindex/DataStore -Xcc -D_LIBCPP_HARDENING_MODE\=_LIBCPP_HARDENING_MODE_DEBUG -swift-version 4 -I /Users/admin/builder/spi-builder-workspace/.derivedData/Build/Products/Debug-watchos -Isystem /Applications/Xcode-27.0.0-Release.Candidate.app/Contents/Developer/Platforms/WatchOS.platform/Developer/usr/lib -F /Users/admin/builder/spi-builder-workspace/.derivedData/Build/Products/Debug-watchos/PackageFrameworks -F /Users/admin/builder/spi-builder-workspace/.derivedData/Build/Products/Debug-watchos -F /Applications/Xcode-27.0.0-Release.Candidate.app/Contents/Developer/Platforms/WatchOS.platform/Developer/Library/Frameworks -F /Applications/Xcode-27.0.0-Release.Candidate.app/Contents/Developer/Platforms/WatchOS.platform/Developer/SDKs/WatchOS27.0.sdk/Developer/Library/Frameworks -c -j10 -enable-batch-mode -incremental -Xcc -ivfsstatcache -Xcc /Users/admin/builder/spi-builder-workspace/.derivedData/SDKStatCaches.noindex/watchos27.0-24R360-e829b21a6f8c9b70876ba0858053c04477534ef55a1706bf4c1112bbb242f0a2.sdkstatcache -output-file-map /Users/admin/builder/spi-builder-workspace/.derivedData/Build/Intermediates.noindex/Node.build/Debug-watchos/Node-t.build/Objects-normal/arm64/Node-OutputFileMap.json -save-temps -no-color-diagnostics -emit-dependencies -emit-module -emit-module-path /Users/admin/builder/spi-builder-workspace/.derivedData/Build/Intermediates.noindex/Node.build/Debug-watchos/Node-t.build/Objects-normal/arm64/Node.swiftmodule -serialize-diagnostics -validate-clang-modules-once -clang-build-session-file /Users/admin/builder/spi-builder-workspace/.derivedData/ModuleCache.noindex/Session.modulevalidation -Xcc -fmodules-prune-interval\=86400 -Xcc -fmodules-prune-after\=345600 -emit-const-values -const-gather-protocols-list /Users/admin/builder/spi-builder-workspace/.derivedData/Build/Intermediates.noindex/Node.build/Debug-watchos/Node-t.build/Objects-normal/arm64/Node_const_extract_protocols.json -Xcc -I/Users/admin/builder/spi-builder-workspace/.derivedData/Build/Products/Debug-watchos/include -Xcc -I/Users/admin/builder/spi-builder-workspace/.derivedData/Build/Intermediates.noindex/Node.build/Debug-watchos/Node-t.build/DerivedSources-normal/arm64 -Xcc -I/Users/admin/builder/spi-builder-workspace/.derivedData/Build/Intermediates.noindex/Node.build/Debug-watchos/Node-t.build/DerivedSources/arm64 -Xcc -I/Users/admin/builder/spi-builder-workspace/.derivedData/Build/Intermediates.noindex/Node.build/Debug-watchos/Node-t.build/DerivedSources -Xcc -DSWIFT_PACKAGE -Xcc -DDEBUG\=1 -emit-objc-header -emit-objc-header-path /Users/admin/builder/spi-builder-workspace/.derivedData/Build/Intermediates.noindex/Node.build/Debug-watchos/Node-t.build/Objects-normal/arm64/Node-Swift.h -working-directory /Users/admin/builder/spi-builder-workspace/.swiftpm/xcode -experimental-emit-module-separately -disable-cmo
SwiftDriverJobDiscovery normal arm64 Compiling ConsoleClear.swift, ConsoleColor.swift, Console+Ask.swift, Console+Center.swift (in target 'Console' from project 'Console')
SwiftCompile normal arm64_32 Compiling\ Console+Confirm.swift,\ Console+Ephemeral.swift,\ Console+Options.swift,\ Console+Print.swift /Users/admin/builder/spi-builder-workspace/.dependencies/checkouts/console/Sources/Console/Console/Console+Confirm.swift /Users/admin/builder/spi-builder-workspace/.dependencies/checkouts/console/Sources/Console/Console/Console+Ephemeral.swift /Users/admin/builder/spi-builder-workspace/.dependencies/checkouts/console/Sources/Console/Console/Console+Options.swift /Users/admin/builder/spi-builder-workspace/.dependencies/checkouts/console/Sources/Console/Console/Console+Print.swift (in target 'Console' from project 'Console')
SwiftCompile normal arm64_32 /Users/admin/builder/spi-builder-workspace/.dependencies/checkouts/console/Sources/Console/Console/Console+Confirm.swift (in target 'Console' from project 'Console')
    cd /Users/admin/builder/spi-builder-workspace/.swiftpm/xcode
    builtin-SwiftPerFileCompile Console+Confirm.swift
SwiftCompile normal arm64_32 /Users/admin/builder/spi-builder-workspace/.dependencies/checkouts/console/Sources/Console/Console/Console+Ephemeral.swift (in target 'Console' from project 'Console')
    cd /Users/admin/builder/spi-builder-workspace/.swiftpm/xcode
    builtin-SwiftPerFileCompile Console+Ephemeral.swift
SwiftCompile normal arm64_32 /Users/admin/builder/spi-builder-workspace/.dependencies/checkouts/console/Sources/Console/Console/Console+Options.swift (in target 'Console' from project 'Console')
    cd /Users/admin/builder/spi-builder-workspace/.swiftpm/xcode
    builtin-SwiftPerFileCompile Console+Options.swift
SwiftCompile normal arm64_32 /Users/admin/builder/spi-builder-workspace/.dependencies/checkouts/console/Sources/Console/Console/Console+Print.swift (in target 'Console' from project 'Console')
    cd /Users/admin/builder/spi-builder-workspace/.swiftpm/xcode
    builtin-SwiftPerFileCompile Console+Print.swift
SwiftDriverJobDiscovery normal arm64_32 Compiling ConsoleStyle.swift, FileHandle+Stream.swift, Pipe+Stream.swift (in target 'Console' from project 'Console')
SwiftCompile normal arm64 Compiling\ ConsoleStyle.swift,\ FileHandle+Stream.swift,\ Pipe+Stream.swift /Users/admin/builder/spi-builder-workspace/.dependencies/checkouts/console/Sources/Console/Console/Style/ConsoleStyle.swift /Users/admin/builder/spi-builder-workspace/.dependencies/checkouts/console/Sources/Console/Stream/FileHandle+Stream.swift /Users/admin/builder/spi-builder-workspace/.dependencies/checkouts/console/Sources/Console/Stream/Pipe+Stream.swift (in target 'Console' from project 'Console')
SwiftCompile normal arm64 /Users/admin/builder/spi-builder-workspace/.dependencies/checkouts/console/Sources/Console/Console/Style/ConsoleStyle.swift (in target 'Console' from project 'Console')
    cd /Users/admin/builder/spi-builder-workspace/.swiftpm/xcode
    builtin-SwiftPerFileCompile ConsoleStyle.swift
SwiftCompile normal arm64 /Users/admin/builder/spi-builder-workspace/.dependencies/checkouts/console/Sources/Console/Stream/FileHandle+Stream.swift (in target 'Console' from project 'Console')
    cd /Users/admin/builder/spi-builder-workspace/.swiftpm/xcode
    builtin-SwiftPerFileCompile FileHandle+Stream.swift
SwiftCompile normal arm64 /Users/admin/builder/spi-builder-workspace/.dependencies/checkouts/console/Sources/Console/Stream/Pipe+Stream.swift (in target 'Console' from project 'Console')
    cd /Users/admin/builder/spi-builder-workspace/.swiftpm/xcode
    builtin-SwiftPerFileCompile Pipe+Stream.swift
SwiftCompile normal arm64 Compiling\ Bar.swift,\ Console+LoadingBar.swift,\ LoadingBar.swift,\ Console+ProgressBar.swift /Users/admin/builder/spi-builder-workspace/.dependencies/checkouts/console/Sources/Console/Bar/Bar.swift /Users/admin/builder/spi-builder-workspace/.dependencies/checkouts/console/Sources/Console/Bar/Loading/Console+LoadingBar.swift /Users/admin/builder/spi-builder-workspace/.dependencies/checkouts/console/Sources/Console/Bar/Loading/LoadingBar.swift /Users/admin/builder/spi-builder-workspace/.dependencies/checkouts/console/Sources/Console/Bar/Progress/Console+ProgressBar.swift (in target 'Console' from project 'Console')
SwiftCompile normal arm64 /Users/admin/builder/spi-builder-workspace/.dependencies/checkouts/console/Sources/Console/Bar/Bar.swift (in target 'Console' from project 'Console')
    cd /Users/admin/builder/spi-builder-workspace/.swiftpm/xcode
    builtin-SwiftPerFileCompile Bar.swift
SwiftCompile normal arm64 /Users/admin/builder/spi-builder-workspace/.dependencies/checkouts/console/Sources/Console/Bar/Loading/Console+LoadingBar.swift (in target 'Console' from project 'Console')
    cd /Users/admin/builder/spi-builder-workspace/.swiftpm/xcode
    builtin-SwiftPerFileCompile Console+LoadingBar.swift
SwiftCompile normal arm64 /Users/admin/builder/spi-builder-workspace/.dependencies/checkouts/console/Sources/Console/Bar/Loading/LoadingBar.swift (in target 'Console' from project 'Console')
    cd /Users/admin/builder/spi-builder-workspace/.swiftpm/xcode
    builtin-SwiftPerFileCompile LoadingBar.swift
SwiftCompile normal arm64 /Users/admin/builder/spi-builder-workspace/.dependencies/checkouts/console/Sources/Console/Bar/Progress/Console+ProgressBar.swift (in target 'Console' from project 'Console')
    cd /Users/admin/builder/spi-builder-workspace/.swiftpm/xcode
    builtin-SwiftPerFileCompile Console+ProgressBar.swift
SwiftDriverJobDiscovery normal arm64_32 Compiling Optional+Convertible.swift, Set+Convertible.swift, Number.swift, StructuredData+Equatable.swift (in target 'Node' from project 'Node')
SwiftCompile normal arm64_32 Compiling\ Group.swift,\ Option.swift,\ Runnable.swift,\ Value.swift /Users/admin/builder/spi-builder-workspace/.dependencies/checkouts/console/Sources/Console/Command/Group.swift /Users/admin/builder/spi-builder-workspace/.dependencies/checkouts/console/Sources/Console/Command/Option.swift /Users/admin/builder/spi-builder-workspace/.dependencies/checkouts/console/Sources/Console/Command/Runnable.swift /Users/admin/builder/spi-builder-workspace/.dependencies/checkouts/console/Sources/Console/Command/Value.swift (in target 'Console' from project 'Console')
SwiftCompile normal arm64_32 /Users/admin/builder/spi-builder-workspace/.dependencies/checkouts/console/Sources/Console/Command/Group.swift (in target 'Console' from project 'Console')
    cd /Users/admin/builder/spi-builder-workspace/.swiftpm/xcode
    builtin-SwiftPerFileCompile Group.swift
SwiftCompile normal arm64_32 /Users/admin/builder/spi-builder-workspace/.dependencies/checkouts/console/Sources/Console/Command/Option.swift (in target 'Console' from project 'Console')
    cd /Users/admin/builder/spi-builder-workspace/.swiftpm/xcode
    builtin-SwiftPerFileCompile Option.swift
SwiftCompile normal arm64_32 /Users/admin/builder/spi-builder-workspace/.dependencies/checkouts/console/Sources/Console/Command/Runnable.swift (in target 'Console' from project 'Console')
    cd /Users/admin/builder/spi-builder-workspace/.swiftpm/xcode
    builtin-SwiftPerFileCompile Runnable.swift
SwiftCompile normal arm64_32 /Users/admin/builder/spi-builder-workspace/.dependencies/checkouts/console/Sources/Console/Command/Value.swift (in target 'Console' from project 'Console')
    cd /Users/admin/builder/spi-builder-workspace/.swiftpm/xcode
    builtin-SwiftPerFileCompile Value.swift
SwiftDriverJobDiscovery normal arm64 Compiling Console+Confirm.swift, Console+Ephemeral.swift, Console+Options.swift, Console+Print.swift (in target 'Console' from project 'Console')
SwiftDriver\ Compilation Node normal arm64_32 com.apple.xcode.tools.swift.compiler (in target 'Node' from project 'Node')
    cd /Users/admin/builder/spi-builder-workspace/.swiftpm/xcode
    builtin-Swift-Compilation -- /Applications/Xcode-27.0.0-Release.Candidate.app/Contents/Developer/Toolchains/XcodeDefault.xctoolchain/usr/bin/swiftc -parse-as-library -module-name Node -Onone @/Users/admin/builder/spi-builder-workspace/.derivedData/Build/Intermediates.noindex/Node.build/Debug-watchos/Node-t.build/Objects-normal/arm64_32/Node.SwiftFileList -DSWIFT_PACKAGE -DDEBUG -DSWIFT_MODULE_RESOURCE_BUNDLE_UNAVAILABLE -DXcode -plugin-path /Applications/Xcode-27.0.0-Release.Candidate.app/Contents/Developer/Toolchains/XcodeDefault.xctoolchain/usr/lib/swift/host/plugins/testing -enable-experimental-feature DebugDescriptionMacro -sdk /Applications/Xcode-27.0.0-Release.Candidate.app/Contents/Developer/Platforms/WatchOS.platform/Developer/SDKs/WatchOS27.0.sdk -target arm64_32-apple-watchos9.0 -g -module-cache-path /Users/admin/builder/spi-builder-workspace/.derivedData/ModuleCache.noindex -Xfrontend -serialize-debugging-options -profile-coverage-mapping -profile-generate -enable-testing -suppress-warnings -index-store-path /Users/admin/builder/spi-builder-workspace/.derivedData/Index.noindex/DataStore -Xcc -D_LIBCPP_HARDENING_MODE\=_LIBCPP_HARDENING_MODE_DEBUG -swift-version 4 -I /Users/admin/builder/spi-builder-workspace/.derivedData/Build/Products/Debug-watchos -Isystem /Applications/Xcode-27.0.0-Release.Candidate.app/Contents/Developer/Platforms/WatchOS.platform/Developer/usr/lib -F /Users/admin/builder/spi-builder-workspace/.derivedData/Build/Products/Debug-watchos/PackageFrameworks -F /Users/admin/builder/spi-builder-workspace/.derivedData/Build/Products/Debug-watchos -F /Applications/Xcode-27.0.0-Release.Candidate.app/Contents/Developer/Platforms/WatchOS.platform/Developer/Library/Frameworks -F /Applications/Xcode-27.0.0-Release.Candidate.app/Contents/Developer/Platforms/WatchOS.platform/Developer/SDKs/WatchOS27.0.sdk/Developer/Library/Frameworks -c -j10 -enable-batch-mode -incremental -Xcc -ivfsstatcache -Xcc /Users/admin/builder/spi-builder-workspace/.derivedData/SDKStatCaches.noindex/watchos27.0-24R360-e829b21a6f8c9b70876ba0858053c04477534ef55a1706bf4c1112bbb242f0a2.sdkstatcache -output-file-map /Users/admin/builder/spi-builder-workspace/.derivedData/Build/Intermediates.noindex/Node.build/Debug-watchos/Node-t.build/Objects-normal/arm64_32/Node-OutputFileMap.json -save-temps -no-color-diagnostics -emit-dependencies -emit-module -emit-module-path /Users/admin/builder/spi-builder-workspace/.derivedData/Build/Intermediates.noindex/Node.build/Debug-watchos/Node-t.build/Objects-normal/arm64_32/Node.swiftmodule -serialize-diagnostics -validate-clang-modules-once -clang-build-session-file /Users/admin/builder/spi-builder-workspace/.derivedData/ModuleCache.noindex/Session.modulevalidation -Xcc -fmodules-prune-interval\=86400 -Xcc -fmodules-prune-after\=345600 -emit-const-values -const-gather-protocols-list /Users/admin/builder/spi-builder-workspace/.derivedData/Build/Intermediates.noindex/Node.build/Debug-watchos/Node-t.build/Objects-normal/arm64_32/Node_const_extract_protocols.json -Xcc -I/Users/admin/builder/spi-builder-workspace/.derivedData/Build/Products/Debug-watchos/include -Xcc -I/Users/admin/builder/spi-builder-workspace/.derivedData/Build/Intermediates.noindex/Node.build/Debug-watchos/Node-t.build/DerivedSources-normal/arm64_32 -Xcc -I/Users/admin/builder/spi-builder-workspace/.derivedData/Build/Intermediates.noindex/Node.build/Debug-watchos/Node-t.build/DerivedSources/arm64_32 -Xcc -I/Users/admin/builder/spi-builder-workspace/.derivedData/Build/Intermediates.noindex/Node.build/Debug-watchos/Node-t.build/DerivedSources -Xcc -DSWIFT_PACKAGE -Xcc -DDEBUG\=1 -emit-objc-header -emit-objc-header-path /Users/admin/builder/spi-builder-workspace/.derivedData/Build/Intermediates.noindex/Node.build/Debug-watchos/Node-t.build/Objects-normal/arm64_32/Node-Swift.h -working-directory /Users/admin/builder/spi-builder-workspace/.swiftpm/xcode -experimental-emit-module-separately -disable-cmo
SwiftDriverJobDiscovery normal arm64_32 Compiling ProgressBar.swift, Argument.swift, Command+Print.swift, Command.swift (in target 'Console' from project 'Console')
SwiftCompile normal arm64_32 Compiling\ Console+Run.swift,\ ConsoleError.swift,\ ConsoleProtocol.swift,\ Console+ConsoleStyle.swift /Users/admin/builder/spi-builder-workspace/.dependencies/checkouts/console/Sources/Console/Console/Console+Run.swift /Users/admin/builder/spi-builder-workspace/.dependencies/checkouts/console/Sources/Console/Console/ConsoleError.swift /Users/admin/builder/spi-builder-workspace/.dependencies/checkouts/console/Sources/Console/Console/ConsoleProtocol.swift /Users/admin/builder/spi-builder-workspace/.dependencies/checkouts/console/Sources/Console/Console/Style/Console+ConsoleStyle.swift (in target 'Console' from project 'Console')
SwiftCompile normal arm64_32 /Users/admin/builder/spi-builder-workspace/.dependencies/checkouts/console/Sources/Console/Console/Console+Run.swift (in target 'Console' from project 'Console')
    cd /Users/admin/builder/spi-builder-workspace/.swiftpm/xcode
    builtin-SwiftPerFileCompile Console+Run.swift
SwiftCompile normal arm64_32 /Users/admin/builder/spi-builder-workspace/.dependencies/checkouts/console/Sources/Console/Console/ConsoleError.swift (in target 'Console' from project 'Console')
    cd /Users/admin/builder/spi-builder-workspace/.swiftpm/xcode
    builtin-SwiftPerFileCompile ConsoleError.swift
SwiftCompile normal arm64_32 /Users/admin/builder/spi-builder-workspace/.dependencies/checkouts/console/Sources/Console/Console/ConsoleProtocol.swift (in target 'Console' from project 'Console')
    cd /Users/admin/builder/spi-builder-workspace/.swiftpm/xcode
    builtin-SwiftPerFileCompile ConsoleProtocol.swift
SwiftCompile normal arm64_32 /Users/admin/builder/spi-builder-workspace/.dependencies/checkouts/console/Sources/Console/Console/Style/Console+ConsoleStyle.swift (in target 'Console' from project 'Console')
    cd /Users/admin/builder/spi-builder-workspace/.swiftpm/xcode
    builtin-SwiftPerFileCompile Console+ConsoleStyle.swift
SwiftCompile normal arm64 Compiling\ Terminal.swift,\ Bool+Polymorphic.swift,\ String+Trim.swift /Users/admin/builder/spi-builder-workspace/.dependencies/checkouts/console/Sources/Console/Terminal/Terminal.swift /Users/admin/builder/spi-builder-workspace/.dependencies/checkouts/console/Sources/Console/Utilities/Bool+Polymorphic.swift /Users/admin/builder/spi-builder-workspace/.dependencies/checkouts/console/Sources/Console/Utilities/String+Trim.swift (in target 'Console' from project 'Console')
SwiftCompile normal arm64 /Users/admin/builder/spi-builder-workspace/.dependencies/checkouts/console/Sources/Console/Terminal/Terminal.swift (in target 'Console' from project 'Console')
    cd /Users/admin/builder/spi-builder-workspace/.swiftpm/xcode
    builtin-SwiftPerFileCompile Terminal.swift
SwiftCompile normal arm64 /Users/admin/builder/spi-builder-workspace/.dependencies/checkouts/console/Sources/Console/Utilities/Bool+Polymorphic.swift (in target 'Console' from project 'Console')
    cd /Users/admin/builder/spi-builder-workspace/.swiftpm/xcode
    builtin-SwiftPerFileCompile Bool+Polymorphic.swift
SwiftCompile normal arm64 /Users/admin/builder/spi-builder-workspace/.dependencies/checkouts/console/Sources/Console/Utilities/String+Trim.swift (in target 'Console' from project 'Console')
    cd /Users/admin/builder/spi-builder-workspace/.swiftpm/xcode
    builtin-SwiftPerFileCompile String+Trim.swift
SwiftDriverJobDiscovery normal arm64_32 Compiling ConsoleStyle+Terminal.swift, String+ANSI.swift, Terminal+Command.swift (in target 'Console' from project 'Console')
SwiftCompile normal arm64_32 Compiling\ Stream.swift,\ Swift3.swift,\ ConsoleColor+Terminal.swift /Users/admin/builder/spi-builder-workspace/.dependencies/checkouts/console/Sources/Console/Stream/Stream.swift /Users/admin/builder/spi-builder-workspace/.dependencies/checkouts/console/Sources/Console/Swift3.swift /Users/admin/builder/spi-builder-workspace/.dependencies/checkouts/console/Sources/Console/Terminal/ConsoleColor+Terminal.swift (in target 'Console' from project 'Console')
SwiftCompile normal arm64_32 /Users/admin/builder/spi-builder-workspace/.dependencies/checkouts/console/Sources/Console/Stream/Stream.swift (in target 'Console' from project 'Console')
    cd /Users/admin/builder/spi-builder-workspace/.swiftpm/xcode
    builtin-SwiftPerFileCompile Stream.swift
SwiftCompile normal arm64_32 /Users/admin/builder/spi-builder-workspace/.dependencies/checkouts/console/Sources/Console/Swift3.swift (in target 'Console' from project 'Console')
    cd /Users/admin/builder/spi-builder-workspace/.swiftpm/xcode
    builtin-SwiftPerFileCompile Swift3.swift
SwiftCompile normal arm64_32 /Users/admin/builder/spi-builder-workspace/.dependencies/checkouts/console/Sources/Console/Terminal/ConsoleColor+Terminal.swift (in target 'Console' from project 'Console')
    cd /Users/admin/builder/spi-builder-workspace/.swiftpm/xcode
    builtin-SwiftPerFileCompile ConsoleColor+Terminal.swift
PruneExplicitPrecompiledModules /Users/admin/builder/spi-builder-workspace/.derivedData/Build/Intermediates.noindex/SwiftExplicitPrecompiledModules
PruneExplicitPrecompiledModules /Users/admin/builder/spi-builder-workspace/.derivedData/SDKExplicitPrecompiledModules
PruneExplicitPrecompiledModules /Users/admin/builder/spi-builder-workspace/.derivedData/Build/Intermediates.noindex/ExplicitPrecompiledModules
2026-09-20 01:08:31.619 xcodebuild[1463:7523] [MT] IDERunDestination: Supported platforms for the buildables in the current scheme is empty.
** BUILD FAILED **
The following build commands failed:
	SwiftCompile normal arm64_32 Compiling\ Terminal.swift,\ Bool+Polymorphic.swift,\ String+Trim.swift /Users/admin/builder/spi-builder-workspace/.dependencies/checkouts/console/Sources/Console/Terminal/Terminal.swift /Users/admin/builder/spi-builder-workspace/.dependencies/checkouts/console/Sources/Console/Utilities/Bool+Polymorphic.swift /Users/admin/builder/spi-builder-workspace/.dependencies/checkouts/console/Sources/Console/Utilities/String+Trim.swift (in target 'Console' from project 'Console')
	SwiftCompile normal arm64_32 /Users/admin/builder/spi-builder-workspace/.dependencies/checkouts/console/Sources/Console/Terminal/Terminal.swift (in target 'Console' from project 'Console')
	Building workspace JWTProvider with scheme JWTProvider
(3 failures)
Command line invocation:
    /Applications/Xcode-27.0.0-Release.Candidate.app/Contents/Developer/usr/bin/xcodebuild -IDEClonedSourcePackagesDirPathOverride=/Users/admin/builder/spi-builder-workspace/.dependencies -resolvePackageDependencies
Resolve Package Graph
ignoring declared target(s) 'CTLS' in the system packageyou may be able to install ctls using your system-packager:
    brew install openssl
Resolved source packages:
  Multipart: https://github.com/vapor/multipart.git @ 2.2.1
  Node: https://github.com/vapor/node.git @ 2.1.5
  CTLS: https://github.com/vapor/ctls.git @ 1.1.3
  Console: https://github.com/vapor/console.git @ 2.3.1
  BCrypt: https://github.com/vapor/bcrypt.git @ 1.1.1
  Routing: https://github.com/vapor/routing.git @ 2.2.1
  Sockets: https://github.com/vapor/sockets.git @ 2.2.3
  Bits: https://github.com/vapor/bits.git @ 1.1.1
  Vapor: https://github.com/vapor/vapor.git @ 2.4.5
  TLS: https://github.com/vapor/tls.git @ 2.1.3
  Auth: https://github.com/vapor/auth.git @ 1.2.1
  JSON: https://github.com/vapor/json.git @ 2.2.2
  Core: https://github.com/vapor/core.git @ 2.2.1
  JWTProvider: /Users/admin/builder/spi-builder-workspace
  Debugging: https://github.com/vapor/debugging.git @ 1.1.1
  Fluent: https://github.com/vapor/fluent.git @ 2.5.1
  Random: https://github.com/vapor/random.git @ 1.2.0
  AuthProvider: https://github.com/vapor/auth-provider.git @ 1.2.0
  Engine: https://github.com/vapor/engine.git @ 2.2.5
  Crypto: https://github.com/vapor/crypto.git @ 2.1.3
  SQLite: https://github.com/vapor/sqlite.git @ 2.3.1
  JWT: https://github.com/vapor/jwt.git @ 2.3.0
resolved source packages: Multipart, Node, CTLS, Console, BCrypt, Routing, Sockets, Bits, Vapor, TLS, Auth, JSON, Core, JWTProvider, Debugging, Fluent, Random, AuthProvider, Engine, Crypto, SQLite, JWT
2026-09-20 01:08:43.446 xcodebuild[1885:9475] [MT] IDERunDestination: Supported platforms for the buildables in the current scheme is empty.
{
  "dependencies" : [
    {
      "identity" : "jwt",
      "requirement" : {
        "range" : [
          {
            "lower_bound" : "2.0.0",
            "upper_bound" : "3.0.0"
          }
        ]
      },
      "type" : "sourceControl",
      "url" : "https://github.com/vapor/jwt.git"
    },
    {
      "identity" : "auth-provider",
      "requirement" : {
        "range" : [
          {
            "lower_bound" : "1.0.0",
            "upper_bound" : "2.0.0"
          }
        ]
      },
      "type" : "sourceControl",
      "url" : "https://github.com/vapor/auth-provider.git"
    },
    {
      "identity" : "vapor",
      "requirement" : {
        "range" : [
          {
            "lower_bound" : "2.2.0",
            "upper_bound" : "3.0.0"
          }
        ]
      },
      "type" : "sourceControl",
      "url" : "https://github.com/vapor/vapor.git"
    }
  ],
  "manifest_display_name" : "JWTProvider",
  "name" : "JWTProvider",
  "path" : "/Users/admin/builder/spi-builder-workspace",
  "platforms" : [
  ],
  "products" : [
    {
      "name" : "JWTProvider",
      "targets" : [
        "JWTProvider"
      ],
      "type" : {
        "library" : [
          "automatic"
        ]
      }
    }
  ],
  "targets" : [
    {
      "c99name" : "JWTProviderTests",
      "module_type" : "SwiftTarget",
      "name" : "JWTProviderTests",
      "path" : "Tests/JWTProviderTests",
      "sources" : [
        "JSONWebKeySignerFactoryTests.swift",
        "JWTSignerFactoryTests.swift",
        "PayloadAuthenticationMiddlewareTests.swift",
        "ProviderTests.swift"
      ],
      "target_dependencies" : [
        "JWTProvider"
      ],
      "type" : "test"
    },
    {
      "c99name" : "JWTProvider",
      "module_type" : "SwiftTarget",
      "name" : "JWTProvider",
      "path" : "Sources/JWTProvider",
      "product_dependencies" : [
        "JWT",
        "AuthProvider",
        "Vapor"
      ],
      "product_memberships" : [
        "JWTProvider"
      ],
      "sources" : [
        "Config+JWT.swift",
        "Deprecated/Droplet+legacySigner.swift",
        "Deprecated/Provider+legacySigner.swift",
        "Deprecated/SignerMap+legacySigner.swift",
        "Droplet+JWT.swift",
        "JWKSignerFactory.swift",
        "JWTConfigSignerFactory.swift",
        "JWTError+Status.swift",
        "JWTProviderError.swift",
        "PayloadAuthenticatable.swift",
        "PayloadAuthenticationMiddleware.swift",
        "Provider.swift",
        "Request+JWT.swift",
        "SignerFactory.swift",
        "SignerMap.swift"
      ],
      "type" : "library"
    }
  ],
  "tools_version" : "4.0"
}
{
  "workspace" : {
    "name" : "JWTProvider",
    "schemes" : [
      "JWTProvider"
    ]
  }
}
2026-09-20 01:08:44.954 xcodebuild[1900:9552] [MT] IDERunDestination: Supported platforms for the buildables in the current scheme is empty.
Running build ...
env DEVELOPER_DIR=/Applications/Xcode-27.0.0-Release.Candidate.app xcrun xcodebuild -IDEClonedSourcePackagesDirPathOverride=$PWD/.dependencies -skipMacroValidation -skipPackagePluginValidation -derivedDataPath $PWD/.derivedData build -scheme JWTProvider -destination generic/platform=watchOS
Command line invocation:
    /Applications/Xcode-27.0.0-Release.Candidate.app/Contents/Developer/usr/bin/xcodebuild -IDEClonedSourcePackagesDirPathOverride=/Users/admin/builder/spi-builder-workspace/.dependencies -skipMacroValidation -skipPackagePluginValidation -derivedDataPath /Users/admin/builder/spi-builder-workspace/.derivedData build -scheme JWTProvider -destination generic/platform=watchOS
Resolve Package Graph
ignoring declared target(s) 'CTLS' in the system packageyou may be able to install ctls using your system-packager:
    brew install openssl
Resolved source packages:
  BCrypt: https://github.com/vapor/bcrypt.git @ 1.1.1
  TLS: https://github.com/vapor/tls.git @ 2.1.3
  Engine: https://github.com/vapor/engine.git @ 2.2.5
  Console: https://github.com/vapor/console.git @ 2.3.1
  Fluent: https://github.com/vapor/fluent.git @ 2.5.1
  SQLite: https://github.com/vapor/sqlite.git @ 2.3.1
  Node: https://github.com/vapor/node.git @ 2.1.5
  Debugging: https://github.com/vapor/debugging.git @ 1.1.1
  Sockets: https://github.com/vapor/sockets.git @ 2.2.3
  Crypto: https://github.com/vapor/crypto.git @ 2.1.3
  JWTProvider: /Users/admin/builder/spi-builder-workspace
  AuthProvider: https://github.com/vapor/auth-provider.git @ 1.2.0
  Routing: https://github.com/vapor/routing.git @ 2.2.1
  JSON: https://github.com/vapor/json.git @ 2.2.2
  Vapor: https://github.com/vapor/vapor.git @ 2.4.5
  Multipart: https://github.com/vapor/multipart.git @ 2.2.1
  JWT: https://github.com/vapor/jwt.git @ 2.3.0
  Bits: https://github.com/vapor/bits.git @ 1.1.1
  Core: https://github.com/vapor/core.git @ 2.2.1
  Random: https://github.com/vapor/random.git @ 1.2.0
  CTLS: https://github.com/vapor/ctls.git @ 1.1.3
  Auth: https://github.com/vapor/auth.git @ 1.2.1
ComputePackagePrebuildTargetDependencyGraph
Prepare packages
CreateBuildRequest
SendProjectDescription
CreateBuildOperation
ComputeTargetDependencyGraph
note: Building targets in dependency order
note: Target dependency graph (65 targets)
    Target 'JWTProvider-product' in project 'JWTProvider'
        ➜ Explicit dependency on target 'JWTProvider' in project 'JWTProvider'
        ➜ Explicit dependency on target 'JWT-product' in project 'JWT'
        ➜ Explicit dependency on target 'AuthProvider-product' in project 'AuthProvider'
        ➜ Explicit dependency on target 'Vapor-product' in project 'Vapor'
    Target 'JWTProvider' in project 'JWTProvider'
        ➜ Explicit dependency on target 'JWT-product' in project 'JWT'
        ➜ Explicit dependency on target 'AuthProvider-product' in project 'AuthProvider'
        ➜ Explicit dependency on target 'Vapor-product' in project 'Vapor'
    Target 'AuthProvider-product' in project 'AuthProvider'
        ➜ Explicit dependency on target 'AuthProvider' in project 'AuthProvider'
        ➜ Explicit dependency on target 'Authentication-product' in project 'Auth'
        ➜ Explicit dependency on target 'Authorization-product' in project 'Auth'
        ➜ Explicit dependency on target 'Vapor-product' in project 'Vapor'
    Target 'AuthProvider' in project 'AuthProvider'
        ➜ Explicit dependency on target 'Authentication-product' in project 'Auth'
        ➜ Explicit dependency on target 'Authorization-product' in project 'Auth'
        ➜ Explicit dependency on target 'Vapor-product' in project 'Vapor'
    Target 'Vapor-product' in project 'Vapor'
        ➜ Explicit dependency on target 'Vapor' in project 'Vapor'
        ➜ Explicit dependency on target 'Cache' in project 'Vapor'
        ➜ Explicit dependency on target 'Configs' in project 'Vapor'
        ➜ Explicit dependency on target 'Sessions' in project 'Vapor'
        ➜ Explicit dependency on target 'Node-product' in project 'Node'
        ➜ Explicit dependency on target 'Core-product' in project 'Core'
        ➜ Explicit dependency on target 'JSON-product' in project 'JSON'
        ➜ Explicit dependency on target 'Cookies-product' in project 'Engine'
        ➜ Explicit dependency on target 'Crypto-product' in project 'Crypto'
        ➜ Explicit dependency on target 'HTTP-product' in project 'Engine'
        ➜ Explicit dependency on target 'BCrypt-product' in project 'BCrypt'
        ➜ Explicit dependency on target 'Console-product' in project 'Console'
        ➜ Explicit dependency on target 'FormData-product' in project 'Multipart'
        ➜ Explicit dependency on target 'Multipart-product' in project 'Multipart'
        ➜ Explicit dependency on target 'Routing-product' in project 'Routing'
        ➜ Explicit dependency on target 'SMTP-product' in project 'Engine'
        ➜ Explicit dependency on target 'WebSockets-product' in project 'Engine'
    Target 'Vapor' in project 'Vapor'
        ➜ Explicit dependency on target 'Cache' in project 'Vapor'
        ➜ Explicit dependency on target 'Configs' in project 'Vapor'
        ➜ Explicit dependency on target 'Sessions' in project 'Vapor'
        ➜ Explicit dependency on target 'Node-product' in project 'Node'
        ➜ Explicit dependency on target 'Core-product' in project 'Core'
        ➜ Explicit dependency on target 'JSON-product' in project 'JSON'
        ➜ Explicit dependency on target 'Cookies-product' in project 'Engine'
        ➜ Explicit dependency on target 'Crypto-product' in project 'Crypto'
        ➜ Explicit dependency on target 'HTTP-product' in project 'Engine'
        ➜ Explicit dependency on target 'BCrypt-product' in project 'BCrypt'
        ➜ Explicit dependency on target 'Console-product' in project 'Console'
        ➜ Explicit dependency on target 'FormData-product' in project 'Multipart'
        ➜ Explicit dependency on target 'Multipart-product' in project 'Multipart'
        ➜ Explicit dependency on target 'Routing-product' in project 'Routing'
        ➜ Explicit dependency on target 'SMTP-product' in project 'Engine'
        ➜ Explicit dependency on target 'WebSockets-product' in project 'Engine'
    Target 'SMTP-product' in project 'Engine'
        ➜ Explicit dependency on target 'SMTP' in project 'Engine'
        ➜ Explicit dependency on target 'Sockets-product' in project 'Sockets'
        ➜ Explicit dependency on target 'Transport-product' in project 'Sockets'
    Target 'SMTP' in project 'Engine'
        ➜ Explicit dependency on target 'Sockets-product' in project 'Sockets'
        ➜ Explicit dependency on target 'Transport-product' in project 'Sockets'
    Target 'Routing-product' in project 'Routing'
        ➜ Explicit dependency on target 'Routing' in project 'Routing'
        ➜ Explicit dependency on target 'Branches' in project 'Routing'
        ➜ Explicit dependency on target 'Core-product' in project 'Core'
        ➜ Explicit dependency on target 'Node-product' in project 'Node'
        ➜ Explicit dependency on target 'HTTP-product' in project 'Engine'
        ➜ Explicit dependency on target 'WebSockets-product' in project 'Engine'
    Target 'Routing' in project 'Routing'
        ➜ Explicit dependency on target 'Branches' in project 'Routing'
        ➜ Explicit dependency on target 'Core-product' in project 'Core'
        ➜ Explicit dependency on target 'Node-product' in project 'Node'
        ➜ Explicit dependency on target 'HTTP-product' in project 'Engine'
        ➜ Explicit dependency on target 'WebSockets-product' in project 'Engine'
    Target 'WebSockets-product' in project 'Engine'
        ➜ Explicit dependency on target 'WebSockets' in project 'Engine'
        ➜ Explicit dependency on target 'CHTTP' in project 'Engine'
        ➜ Explicit dependency on target 'URI' in project 'Engine'
        ➜ Explicit dependency on target 'HTTP' in project 'Engine'
        ➜ Explicit dependency on target 'Core-product' in project 'Core'
        ➜ Explicit dependency on target 'Transport-product' in project 'Sockets'
        ➜ Explicit dependency on target 'Sockets-product' in project 'Sockets'
        ➜ Explicit dependency on target 'TLS-product' in project 'TLS'
        ➜ Explicit dependency on target 'Random-product' in project 'Random'
        ➜ Explicit dependency on target 'Crypto-product' in project 'Crypto'
    Target 'WebSockets' in project 'Engine'
        ➜ Explicit dependency on target 'CHTTP' in project 'Engine'
        ➜ Explicit dependency on target 'URI' in project 'Engine'
        ➜ Explicit dependency on target 'HTTP' in project 'Engine'
        ➜ Explicit dependency on target 'Core-product' in project 'Core'
        ➜ Explicit dependency on target 'Transport-product' in project 'Sockets'
        ➜ Explicit dependency on target 'Sockets-product' in project 'Sockets'
        ➜ Explicit dependency on target 'TLS-product' in project 'TLS'
        ➜ Explicit dependency on target 'Random-product' in project 'Random'
        ➜ Explicit dependency on target 'Crypto-product' in project 'Crypto'
    Target 'Branches' in project 'Routing'
        ➜ Explicit dependency on target 'Core-product' in project 'Core'
        ➜ Explicit dependency on target 'Node-product' in project 'Node'
    Target 'Multipart-product' in project 'Multipart'
        ➜ Explicit dependency on target 'Multipart' in project 'Multipart'
        ➜ Explicit dependency on target 'Core-product' in project 'Core'
        ➜ Explicit dependency on target 'HTTP-product' in project 'Engine'
    Target 'FormData-product' in project 'Multipart'
        ➜ Explicit dependency on target 'FormData' in project 'Multipart'
        ➜ Explicit dependency on target 'Multipart' in project 'Multipart'
        ➜ Explicit dependency on target 'Core-product' in project 'Core'
        ➜ Explicit dependency on target 'HTTP-product' in project 'Engine'
    Target 'FormData' in project 'Multipart'
        ➜ Explicit dependency on target 'Multipart' in project 'Multipart'
        ➜ Explicit dependency on target 'Core-product' in project 'Core'
        ➜ Explicit dependency on target 'HTTP-product' in project 'Engine'
    Target 'Multipart' in project 'Multipart'
        ➜ Explicit dependency on target 'Core-product' in project 'Core'
        ➜ Explicit dependency on target 'HTTP-product' in project 'Engine'
    Target 'Console-product' in project 'Console'
        ➜ Explicit dependency on target 'Console' in project 'Console'
        ➜ Explicit dependency on target 'Core-product' in project 'Core'
    Target 'Console' in project 'Console'
        ➜ Explicit dependency on target 'Core-product' in project 'Core'
    Target 'BCrypt-product' in project 'BCrypt'
        ➜ Explicit dependency on target 'BCrypt' in project 'BCrypt'
        ➜ Explicit dependency on target 'Random-product' in project 'Random'
    Target 'BCrypt' in project 'BCrypt'
        ➜ Explicit dependency on target 'Random-product' in project 'Random'
    Target 'Sessions' in project 'Vapor'
        ➜ Explicit dependency on target 'Cache' in project 'Vapor'
        ➜ Explicit dependency on target 'Node-product' in project 'Node'
        ➜ Explicit dependency on target 'Cookies-product' in project 'Engine'
        ➜ Explicit dependency on target 'Crypto-product' in project 'Crypto'
        ➜ Explicit dependency on target 'HTTP-product' in project 'Engine'
    Target 'HTTP-product' in project 'Engine'
        ➜ Explicit dependency on target 'HTTP' in project 'Engine'
        ➜ Explicit dependency on target 'CHTTP' in project 'Engine'
        ➜ Explicit dependency on target 'URI' in project 'Engine'
        ➜ Explicit dependency on target 'Core-product' in project 'Core'
        ➜ Explicit dependency on target 'Transport-product' in project 'Sockets'
        ➜ Explicit dependency on target 'Sockets-product' in project 'Sockets'
        ➜ Explicit dependency on target 'TLS-product' in project 'TLS'
        ➜ Explicit dependency on target 'Random-product' in project 'Random'
    Target 'Cookies-product' in project 'Engine'
        ➜ Explicit dependency on target 'Cookies' in project 'Engine'
        ➜ Explicit dependency on target 'CHTTP' in project 'Engine'
        ➜ Explicit dependency on target 'URI' in project 'Engine'
        ➜ Explicit dependency on target 'HTTP' in project 'Engine'
        ➜ Explicit dependency on target 'Core-product' in project 'Core'
        ➜ Explicit dependency on target 'Transport-product' in project 'Sockets'
        ➜ Explicit dependency on target 'Sockets-product' in project 'Sockets'
        ➜ Explicit dependency on target 'TLS-product' in project 'TLS'
        ➜ Explicit dependency on target 'Random-product' in project 'Random'
    Target 'Cookies' in project 'Engine'
        ➜ Explicit dependency on target 'CHTTP' in project 'Engine'
        ➜ Explicit dependency on target 'URI' in project 'Engine'
        ➜ Explicit dependency on target 'HTTP' in project 'Engine'
        ➜ Explicit dependency on target 'Core-product' in project 'Core'
        ➜ Explicit dependency on target 'Transport-product' in project 'Sockets'
        ➜ Explicit dependency on target 'Sockets-product' in project 'Sockets'
        ➜ Explicit dependency on target 'TLS-product' in project 'TLS'
        ➜ Explicit dependency on target 'Random-product' in project 'Random'
    Target 'HTTP' in project 'Engine'
        ➜ Explicit dependency on target 'CHTTP' in project 'Engine'
        ➜ Explicit dependency on target 'URI' in project 'Engine'
        ➜ Explicit dependency on target 'Core-product' in project 'Core'
        ➜ Explicit dependency on target 'Transport-product' in project 'Sockets'
        ➜ Explicit dependency on target 'Sockets-product' in project 'Sockets'
        ➜ Explicit dependency on target 'TLS-product' in project 'TLS'
        ➜ Explicit dependency on target 'Random-product' in project 'Random'
    Target 'TLS-product' in project 'TLS'
        ➜ Explicit dependency on target 'TLS' in project 'TLS'
        ➜ Explicit dependency on target 'Core-product' in project 'Core'
        ➜ Explicit dependency on target 'CTLS-product' in project 'CTLS'
        ➜ Explicit dependency on target 'Sockets-product' in project 'Sockets'
    Target 'TLS' in project 'TLS'
        ➜ Explicit dependency on target 'CTLS' in project 'CTLS'
        ➜ Explicit dependency on target 'Core-product' in project 'Core'
        ➜ Explicit dependency on target 'CTLS-product' in project 'CTLS'
        ➜ Explicit dependency on target 'Sockets-product' in project 'Sockets'
    Target 'Sockets-product' in project 'Sockets'
        ➜ Explicit dependency on target 'Sockets' in project 'Sockets'
        ➜ Explicit dependency on target 'Transport' in project 'Sockets'
        ➜ Explicit dependency on target 'Core-product' in project 'Core'
    Target 'Sockets' in project 'Sockets'
        ➜ Explicit dependency on target 'Transport' in project 'Sockets'
        ➜ Explicit dependency on target 'Core-product' in project 'Core'
    Target 'URI' in project 'Engine'
        ➜ Explicit dependency on target 'CHTTP' in project 'Engine'
        ➜ Explicit dependency on target 'Core-product' in project 'Core'
        ➜ Explicit dependency on target 'Transport-product' in project 'Sockets'
    Target 'Transport-product' in project 'Sockets'
        ➜ Explicit dependency on target 'Transport' in project 'Sockets'
        ➜ Explicit dependency on target 'Core-product' in project 'Core'
    Target 'Transport' in project 'Sockets'
        ➜ Explicit dependency on target 'Core-product' in project 'Core'
    Target 'CHTTP' in project 'Engine' (no dependencies)
    Target 'Configs' in project 'Vapor'
        ➜ Explicit dependency on target 'Core-product' in project 'Core'
        ➜ Explicit dependency on target 'JSON-product' in project 'JSON'
    Target 'Cache' in project 'Vapor'
        ➜ Explicit dependency on target 'Node-product' in project 'Node'
    Target 'Authorization-product' in project 'Auth'
        ➜ Explicit dependency on target 'Authorization' in project 'Auth'
        ➜ Explicit dependency on target 'Authentication' in project 'Auth'
        ➜ Explicit dependency on target 'Fluent-product' in project 'Fluent'
    Target 'Authorization' in project 'Auth'
        ➜ Explicit dependency on target 'Authentication' in project 'Auth'
        ➜ Explicit dependency on target 'Fluent-product' in project 'Fluent'
    Target 'Authentication-product' in project 'Auth'
        ➜ Explicit dependency on target 'Authentication' in project 'Auth'
        ➜ Explicit dependency on target 'Fluent-product' in project 'Fluent'
    Target 'Authentication' in project 'Auth'
        ➜ Explicit dependency on target 'Fluent-product' in project 'Fluent'
    Target 'Fluent-product' in project 'Fluent'
        ➜ Explicit dependency on target 'Fluent' in project 'Fluent'
        ➜ Explicit dependency on target 'Core-product' in project 'Core'
        ➜ Explicit dependency on target 'Node-product' in project 'Node'
        ➜ Explicit dependency on target 'Random-product' in project 'Random'
        ➜ Explicit dependency on target 'SQLite-product' in project 'SQLite'
    Target 'Fluent' in project 'Fluent'
        ➜ Explicit dependency on target 'Core-product' in project 'Core'
        ➜ Explicit dependency on target 'Node-product' in project 'Node'
        ➜ Explicit dependency on target 'Random-product' in project 'Random'
        ➜ Explicit dependency on target 'SQLite-product' in project 'SQLite'
    Target 'SQLite-product' in project 'SQLite'
        ➜ Explicit dependency on target 'SQLite' in project 'SQLite'
        ➜ Explicit dependency on target 'CSQLite' in project 'SQLite'
        ➜ Explicit dependency on target 'Core-product' in project 'Core'
        ➜ Explicit dependency on target 'Node-product' in project 'Node'
    Target 'SQLite' in project 'SQLite'
        ➜ Explicit dependency on target 'CSQLite' in project 'SQLite'
        ➜ Explicit dependency on target 'Core-product' in project 'Core'
        ➜ Explicit dependency on target 'Node-product' in project 'Node'
    Target 'CSQLite' in project 'SQLite' (no dependencies)
    Target 'JWT-product' in project 'JWT'
        ➜ Explicit dependency on target 'JWT' in project 'JWT'
        ➜ Explicit dependency on target 'Crypto-product' in project 'Crypto'
        ➜ Explicit dependency on target 'JSON-product' in project 'JSON'
    Target 'JWT' in project 'JWT'
        ➜ Explicit dependency on target 'Crypto-product' in project 'Crypto'
        ➜ Explicit dependency on target 'JSON-product' in project 'JSON'
    Target 'JSON-product' in project 'JSON'
        ➜ Explicit dependency on target 'JSON' in project 'JSON'
        ➜ Explicit dependency on target 'Core-product' in project 'Core'
        ➜ Explicit dependency on target 'Node-product' in project 'Node'
    Target 'JSON' in project 'JSON'
        ➜ Explicit dependency on target 'Core-product' in project 'Core'
        ➜ Explicit dependency on target 'Node-product' in project 'Node'
    Target 'Node-product' in project 'Node'
        ➜ Explicit dependency on target 'Node' in project 'Node'
        ➜ Explicit dependency on target 'PathIndexable' in project 'Node'
        ➜ Explicit dependency on target 'Bits-product' in project 'Bits'
        ➜ Explicit dependency on target 'Core-product' in project 'Core'
    Target 'Node' in project 'Node'
        ➜ Explicit dependency on target 'PathIndexable' in project 'Node'
        ➜ Explicit dependency on target 'Bits-product' in project 'Bits'
        ➜ Explicit dependency on target 'Core-product' in project 'Core'
    Target 'PathIndexable' in project 'Node' (no dependencies)
    Target 'Crypto-product' in project 'Crypto'
        ➜ Explicit dependency on target 'Crypto' in project 'Crypto'
        ➜ Explicit dependency on target 'CTLS-product' in project 'CTLS'
        ➜ Explicit dependency on target 'Random-product' in project 'Random'
    Target 'Crypto' in project 'Crypto'
        ➜ Explicit dependency on target 'CTLS' in project 'CTLS'
        ➜ Explicit dependency on target 'CTLS-product' in project 'CTLS'
        ➜ Explicit dependency on target 'Random-product' in project 'Random'
    Target 'Random-product' in project 'Random'
        ➜ Explicit dependency on target 'Random' in project 'Random'
        ➜ Explicit dependency on target 'Core-product' in project 'Core'
    Target 'Random' in project 'Random'
        ➜ Explicit dependency on target 'Core-product' in project 'Core'
    Target 'Core-product' in project 'Core'
        ➜ Explicit dependency on target 'Core' in project 'Core'
        ➜ Explicit dependency on target 'libc' in project 'Core'
        ➜ Explicit dependency on target 'Bits-product' in project 'Bits'
        ➜ Explicit dependency on target 'Debugging-product' in project 'Debugging'
    Target 'Core' in project 'Core'
        ➜ Explicit dependency on target 'libc' in project 'Core'
        ➜ Explicit dependency on target 'Bits-product' in project 'Bits'
        ➜ Explicit dependency on target 'Debugging-product' in project 'Debugging'
    Target 'Debugging-product' in project 'Debugging'
        ➜ Explicit dependency on target 'Debugging' in project 'Debugging'
    Target 'Debugging' in project 'Debugging' (no dependencies)
    Target 'Bits-product' in project 'Bits'
        ➜ Explicit dependency on target 'Bits' in project 'Bits'
    Target 'Bits' in project 'Bits' (no dependencies)
    Target 'libc' in project 'Core' (no dependencies)
    Target 'CTLS-product' in project 'CTLS'
        ➜ Explicit dependency on target 'CTLS' in project 'CTLS'
    Target 'CTLS' in project 'CTLS' (no dependencies)
GatherProvisioningInputs
CreateBuildDescription
ClangStatCache /Applications/Xcode-27.0.0-Release.Candidate.app/Contents/Developer/Toolchains/XcodeDefault.xctoolchain/usr/bin/clang-stat-cache /Applications/Xcode-27.0.0-Release.Candidate.app/Contents/Developer/Platforms/WatchOS.platform/Developer/SDKs/WatchOS27.0.sdk /Users/admin/builder/spi-builder-workspace/.derivedData/SDKStatCaches.noindex/watchos27.0-24R360-e829b21a6f8c9b70876ba0858053c04477534ef55a1706bf4c1112bbb242f0a2.sdkstatcache
    cd /Users/admin/builder/spi-builder-workspace/.swiftpm/xcode
    /Applications/Xcode-27.0.0-Release.Candidate.app/Contents/Developer/Toolchains/XcodeDefault.xctoolchain/usr/bin/clang-stat-cache /Applications/Xcode-27.0.0-Release.Candidate.app/Contents/Developer/Platforms/WatchOS.platform/Developer/SDKs/WatchOS27.0.sdk -o /Users/admin/builder/spi-builder-workspace/.derivedData/SDKStatCaches.noindex/watchos27.0-24R360-e829b21a6f8c9b70876ba0858053c04477534ef55a1706bf4c1112bbb242f0a2.sdkstatcache
SwiftDriver Console normal arm64_32 com.apple.xcode.tools.swift.compiler (in target 'Console' from project 'Console')
    cd /Users/admin/builder/spi-builder-workspace/.swiftpm/xcode
    builtin-SwiftDriver -- /Applications/Xcode-27.0.0-Release.Candidate.app/Contents/Developer/Toolchains/XcodeDefault.xctoolchain/usr/bin/swiftc -parse-as-library -module-name Console -Onone @/Users/admin/builder/spi-builder-workspace/.derivedData/Build/Intermediates.noindex/Console.build/Debug-watchos/Console-t.build/Objects-normal/arm64_32/Console.SwiftFileList -DSWIFT_PACKAGE -DDEBUG -DSWIFT_MODULE_RESOURCE_BUNDLE_UNAVAILABLE -DXcode -plugin-path /Applications/Xcode-27.0.0-Release.Candidate.app/Contents/Developer/Toolchains/XcodeDefault.xctoolchain/usr/lib/swift/host/plugins/testing -enable-experimental-feature DebugDescriptionMacro -sdk /Applications/Xcode-27.0.0-Release.Candidate.app/Contents/Developer/Platforms/WatchOS.platform/Developer/SDKs/WatchOS27.0.sdk -target arm64_32-apple-watchos9.0 -g -module-cache-path /Users/admin/builder/spi-builder-workspace/.derivedData/ModuleCache.noindex -Xfrontend -serialize-debugging-options -profile-coverage-mapping -profile-generate -enable-testing -suppress-warnings -index-store-path /Users/admin/builder/spi-builder-workspace/.derivedData/Index.noindex/DataStore -Xcc -D_LIBCPP_HARDENING_MODE\=_LIBCPP_HARDENING_MODE_DEBUG -swift-version 4 -I /Users/admin/builder/spi-builder-workspace/.derivedData/Build/Products/Debug-watchos -Isystem /Applications/Xcode-27.0.0-Release.Candidate.app/Contents/Developer/Platforms/WatchOS.platform/Developer/usr/lib -F /Users/admin/builder/spi-builder-workspace/.derivedData/Build/Products/Debug-watchos/PackageFrameworks -F /Users/admin/builder/spi-builder-workspace/.derivedData/Build/Products/Debug-watchos -F /Applications/Xcode-27.0.0-Release.Candidate.app/Contents/Developer/Platforms/WatchOS.platform/Developer/Library/Frameworks -F /Applications/Xcode-27.0.0-Release.Candidate.app/Contents/Developer/Platforms/WatchOS.platform/Developer/SDKs/WatchOS27.0.sdk/Developer/Library/Frameworks -c -j10 -enable-batch-mode -incremental -Xcc -ivfsstatcache -Xcc /Users/admin/builder/spi-builder-workspace/.derivedData/SDKStatCaches.noindex/watchos27.0-24R360-e829b21a6f8c9b70876ba0858053c04477534ef55a1706bf4c1112bbb242f0a2.sdkstatcache -output-file-map /Users/admin/builder/spi-builder-workspace/.derivedData/Build/Intermediates.noindex/Console.build/Debug-watchos/Console-t.build/Objects-normal/arm64_32/Console-OutputFileMap.json -save-temps -no-color-diagnostics -emit-dependencies -emit-module -emit-module-path /Users/admin/builder/spi-builder-workspace/.derivedData/Build/Intermediates.noindex/Console.build/Debug-watchos/Console-t.build/Objects-normal/arm64_32/Console.swiftmodule -serialize-diagnostics -validate-clang-modules-once -clang-build-session-file /Users/admin/builder/spi-builder-workspace/.derivedData/ModuleCache.noindex/Session.modulevalidation -Xcc -fmodules-prune-interval\=86400 -Xcc -fmodules-prune-after\=345600 -emit-const-values -const-gather-protocols-list /Users/admin/builder/spi-builder-workspace/.derivedData/Build/Intermediates.noindex/Console.build/Debug-watchos/Console-t.build/Objects-normal/arm64_32/Console_const_extract_protocols.json -Xcc -I/Users/admin/builder/spi-builder-workspace/.derivedData/Build/Products/Debug-watchos/include -Xcc -I/Users/admin/builder/spi-builder-workspace/.derivedData/Build/Intermediates.noindex/Console.build/Debug-watchos/Console-t.build/DerivedSources-normal/arm64_32 -Xcc -I/Users/admin/builder/spi-builder-workspace/.derivedData/Build/Intermediates.noindex/Console.build/Debug-watchos/Console-t.build/DerivedSources/arm64_32 -Xcc -I/Users/admin/builder/spi-builder-workspace/.derivedData/Build/Intermediates.noindex/Console.build/Debug-watchos/Console-t.build/DerivedSources -Xcc -DSWIFT_PACKAGE -Xcc -DDEBUG\=1 -emit-objc-header -emit-objc-header-path /Users/admin/builder/spi-builder-workspace/.derivedData/Build/Intermediates.noindex/Console.build/Debug-watchos/Console-t.build/Objects-normal/arm64_32/Console-Swift.h -working-directory /Users/admin/builder/spi-builder-workspace/.swiftpm/xcode -experimental-emit-module-separately -disable-cmo
SwiftDriver Console normal arm64 com.apple.xcode.tools.swift.compiler (in target 'Console' from project 'Console')
    cd /Users/admin/builder/spi-builder-workspace/.swiftpm/xcode
    builtin-SwiftDriver -- /Applications/Xcode-27.0.0-Release.Candidate.app/Contents/Developer/Toolchains/XcodeDefault.xctoolchain/usr/bin/swiftc -parse-as-library -module-name Console -Onone @/Users/admin/builder/spi-builder-workspace/.derivedData/Build/Intermediates.noindex/Console.build/Debug-watchos/Console-t.build/Objects-normal/arm64/Console.SwiftFileList -DSWIFT_PACKAGE -DDEBUG -DSWIFT_MODULE_RESOURCE_BUNDLE_UNAVAILABLE -DXcode -plugin-path /Applications/Xcode-27.0.0-Release.Candidate.app/Contents/Developer/Toolchains/XcodeDefault.xctoolchain/usr/lib/swift/host/plugins/testing -enable-experimental-feature DebugDescriptionMacro -sdk /Applications/Xcode-27.0.0-Release.Candidate.app/Contents/Developer/Platforms/WatchOS.platform/Developer/SDKs/WatchOS27.0.sdk -target arm64-apple-watchos9.0 -g -module-cache-path /Users/admin/builder/spi-builder-workspace/.derivedData/ModuleCache.noindex -Xfrontend -serialize-debugging-options -profile-coverage-mapping -profile-generate -enable-testing -suppress-warnings -index-store-path /Users/admin/builder/spi-builder-workspace/.derivedData/Index.noindex/DataStore -Xcc -D_LIBCPP_HARDENING_MODE\=_LIBCPP_HARDENING_MODE_DEBUG -swift-version 4 -I /Users/admin/builder/spi-builder-workspace/.derivedData/Build/Products/Debug-watchos -Isystem /Applications/Xcode-27.0.0-Release.Candidate.app/Contents/Developer/Platforms/WatchOS.platform/Developer/usr/lib -F /Users/admin/builder/spi-builder-workspace/.derivedData/Build/Products/Debug-watchos/PackageFrameworks -F /Users/admin/builder/spi-builder-workspace/.derivedData/Build/Products/Debug-watchos -F /Applications/Xcode-27.0.0-Release.Candidate.app/Contents/Developer/Platforms/WatchOS.platform/Developer/Library/Frameworks -F /Applications/Xcode-27.0.0-Release.Candidate.app/Contents/Developer/Platforms/WatchOS.platform/Developer/SDKs/WatchOS27.0.sdk/Developer/Library/Frameworks -c -j10 -enable-batch-mode -incremental -Xcc -ivfsstatcache -Xcc /Users/admin/builder/spi-builder-workspace/.derivedData/SDKStatCaches.noindex/watchos27.0-24R360-e829b21a6f8c9b70876ba0858053c04477534ef55a1706bf4c1112bbb242f0a2.sdkstatcache -output-file-map /Users/admin/builder/spi-builder-workspace/.derivedData/Build/Intermediates.noindex/Console.build/Debug-watchos/Console-t.build/Objects-normal/arm64/Console-OutputFileMap.json -save-temps -no-color-diagnostics -emit-dependencies -emit-module -emit-module-path /Users/admin/builder/spi-builder-workspace/.derivedData/Build/Intermediates.noindex/Console.build/Debug-watchos/Console-t.build/Objects-normal/arm64/Console.swiftmodule -serialize-diagnostics -validate-clang-modules-once -clang-build-session-file /Users/admin/builder/spi-builder-workspace/.derivedData/ModuleCache.noindex/Session.modulevalidation -Xcc -fmodules-prune-interval\=86400 -Xcc -fmodules-prune-after\=345600 -emit-const-values -const-gather-protocols-list /Users/admin/builder/spi-builder-workspace/.derivedData/Build/Intermediates.noindex/Console.build/Debug-watchos/Console-t.build/Objects-normal/arm64/Console_const_extract_protocols.json -Xcc -I/Users/admin/builder/spi-builder-workspace/.derivedData/Build/Products/Debug-watchos/include -Xcc -I/Users/admin/builder/spi-builder-workspace/.derivedData/Build/Intermediates.noindex/Console.build/Debug-watchos/Console-t.build/DerivedSources-normal/arm64 -Xcc -I/Users/admin/builder/spi-builder-workspace/.derivedData/Build/Intermediates.noindex/Console.build/Debug-watchos/Console-t.build/DerivedSources/arm64 -Xcc -I/Users/admin/builder/spi-builder-workspace/.derivedData/Build/Intermediates.noindex/Console.build/Debug-watchos/Console-t.build/DerivedSources -Xcc -DSWIFT_PACKAGE -Xcc -DDEBUG\=1 -emit-objc-header -emit-objc-header-path /Users/admin/builder/spi-builder-workspace/.derivedData/Build/Intermediates.noindex/Console.build/Debug-watchos/Console-t.build/Objects-normal/arm64/Console-Swift.h -working-directory /Users/admin/builder/spi-builder-workspace/.swiftpm/xcode -experimental-emit-module-separately -disable-cmo
CompileC /Users/admin/builder/spi-builder-workspace/.derivedData/Build/Intermediates.noindex/SQLite.build/Debug-watchos/CSQLite-t.build/Objects-normal/arm64_32/sqlite3.o /Users/admin/builder/spi-builder-workspace/.dependencies/checkouts/sqlite/Sources/CSQLite/sqlite3.c normal arm64_32 c com.apple.compilers.llvm.clang.1_0.compiler (in target 'CSQLite' from project 'SQLite')
    cd /Users/admin/builder/spi-builder-workspace/.swiftpm/xcode

    Using response file: /Users/admin/builder/spi-builder-workspace/.derivedData/Build/Intermediates.noindex/SQLite.build/Debug-watchos/CSQLite-t.build/Objects-normal/arm64_32/7187679823f38a2a940e0043cdf9d637-common-args.resp

    /Applications/Xcode-27.0.0-Release.Candidate.app/Contents/Developer/Toolchains/XcodeDefault.xctoolchain/usr/bin/clang -x c -ivfsstatcache /Users/admin/builder/spi-builder-workspace/.derivedData/SDKStatCaches.noindex/watchos27.0-24R360-e829b21a6f8c9b70876ba0858053c04477534ef55a1706bf4c1112bbb242f0a2.sdkstatcache -target arm64_32-apple-watchos9.0 -fmessage-length\=0 -fdiagnostics-show-note-include-stack -fmacro-backtrace-limit\=0 -fno-color-diagnostics -fmodules-prune-interval\=86400 -fmodules-prune-after\=345600 -fbuild-session-file\=/Users/admin/builder/spi-builder-workspace/.derivedData/ModuleCache.noindex/Session.modulevalidation -fmodules-validate-once-per-build-session -Wnon-modular-include-in-framework-module -Werror\=non-modular-include-in-framework-module -Wno-trigraphs -Wno-missing-field-initializers -Wno-missing-prototypes -Wno-return-type -Wno-missing-braces -Wparentheses -Wswitch -Wno-unused-function -Wno-unused-label -Wno-unused-parameter -Wno-unused-variable -Wunused-value -Wno-empty-body -Wno-uninitialized -Wno-unknown-pragmas -w -Wno-shadow -Wno-four-char-constants -Wno-conversion -Wno-constant-conversion -Wno-int-conversion -Wno-bool-conversion -Wno-enum-conversion -Wno-float-conversion -Wno-non-literal-null-conversion -Wno-objc-literal-conversion -Wno-shorten-64-to-32 -Wpointer-sign -Wno-newline-eof -Wno-implicit-fallthrough -isysroot /Applications/Xcode-27.0.0-Release.Candidate.app/Contents/Developer/Platforms/WatchOS.platform/Developer/SDKs/WatchOS27.0.sdk -fstrict-aliasing -Wdeprecated-declarations -Wno-sign-conversion -Wno-infinite-recursion -Wno-comma -Wno-block-capture-autoreleasing -Wno-strict-prototypes -Wno-semicolon-before-method-body -index-store-path /Users/admin/builder/spi-builder-workspace/.derivedData/Index.noindex/DataStore @/Users/admin/builder/spi-builder-workspace/.derivedData/Build/Intermediates.noindex/SQLite.build/Debug-watchos/CSQLite-t.build/Objects-normal/arm64_32/7187679823f38a2a940e0043cdf9d637-common-args.resp -MMD -MT dependencies -MF /Users/admin/builder/spi-builder-workspace/.derivedData/Build/Intermediates.noindex/SQLite.build/Debug-watchos/CSQLite-t.build/Objects-normal/arm64_32/sqlite3.d --serialize-diagnostics /Users/admin/builder/spi-builder-workspace/.derivedData/Build/Intermediates.noindex/SQLite.build/Debug-watchos/CSQLite-t.build/Objects-normal/arm64_32/sqlite3.dia -c /Users/admin/builder/spi-builder-workspace/.dependencies/checkouts/sqlite/Sources/CSQLite/sqlite3.c -o /Users/admin/builder/spi-builder-workspace/.derivedData/Build/Intermediates.noindex/SQLite.build/Debug-watchos/CSQLite-t.build/Objects-normal/arm64_32/sqlite3.o -index-unit-output-path /SQLite.build/Debug-watchos/CSQLite-t.build/Objects-normal/arm64_32/sqlite3.o
Failed frontend command:
/Applications/Xcode-27.0.0-Release.Candidate.app/Contents/Developer/Toolchains/XcodeDefault.xctoolchain/usr/bin/clang -cc1 -Wundef-prefix\=TARGET_OS_ -fdiagnostics-show-note-include-stack -fmacro-backtrace-limit\=0 -w -ferror-limit 19 -serialize-diagnostic-file /Users/admin/builder/spi-builder-workspace/.derivedData/Build/Intermediates.noindex/SQLite.build/Debug-watchos/CSQLite-t.build/Objects-normal/arm64_32/sqlite3.dia -Wdeprecated-objc-isa-usage -Werror\=deprecated-objc-isa-usage -Werror\=implicit-function-declaration -Wnon-modular-include-in-framework-module -Werror\=non-modular-include-in-framework-module -Wno-trigraphs -Wno-missing-field-initializers -Wno-missing-prototypes -Wno-return-type -Wno-missing-braces -Wparentheses -Wswitch -Wno-unused-function -Wno-unused-label -Wno-unused-parameter -Wno-unused-variable -Wunused-value -Wno-empty-body -Wno-uninitialized -Wno-unknown-pragmas -Wno-shadow -Wno-four-char-constants -Wno-conversion -Wno-constant-conversion -Wno-int-conversion -Wno-bool-conversion -Wno-enum-conversion -Wno-float-conversion -Wno-non-literal-null-conversion -Wno-objc-literal-conversion -Wno-shorten-64-to-32 -Wpointer-sign -Wno-newline-eof -Wno-implicit-fallthrough -Wdeprecated-declarations -Wno-sign-conversion -Wno-infinite-recursion -Wno-comma -Wno-block-capture-autoreleasing -Wno-strict-prototypes -Wno-semicolon-before-method-body -Wno-elaborated-enum-base -Wno-error\=allocator-wrappers -index-store-path /Users/admin/builder/spi-builder-workspace/.derivedData/Index.noindex/DataStore -index-unit-output-path /SQLite.build/Debug-watchos/CSQLite-t.build/Objects-normal/arm64_32/sqlite3.o -fmodule-map-file\=/Applications/Xcode-27.0.0-Release.Candidate.app/Contents/Developer/Toolchains/XcodeDefault.xctoolchain/usr/lib/clang/21/include/module.modulemap -fmodule-map-file\=/Applications/Xcode-27.0.0-Release.Candidate.app/Contents/Developer/Platforms/WatchOS.platform/Developer/SDKs/WatchOS.sdk/usr/include/DarwinFoundation1.modulemap -fmodule-map-file\=/Applications/Xcode-27.0.0-Release.Candidate.app/Contents/Developer/Toolchains/XcodeDefault.xctoolchain/usr/lib/clang/21/include/module.modulemap -fmodule-map-file\=/Applications/Xcode-27.0.0-Release.Candidate.app/Contents/Developer/Platforms/WatchOS.platform/Developer/SDKs/WatchOS.sdk/usr/include/DarwinFoundation2.modulemap -fmodule-map-file\=/Applications/Xcode-27.0.0-Release.Candidate.app/Contents/Developer/Platforms/WatchOS.platform/Developer/SDKs/WatchOS.sdk/usr/include/DarwinFoundation3.modulemap -fmodule-map-file\=/Applications/Xcode-27.0.0-Release.Candidate.app/Contents/Developer/Platforms/WatchOS.platform/Developer/SDKs/WatchOS.sdk/usr/include/Darwin.modulemap -o /Users/admin/builder/spi-builder-workspace/.derivedData/Build/Intermediates.noindex/SQLite.build/Debug-watchos/CSQLite-t.build/Objects-normal/arm64_32/sqlite3.o -disable-free -emit-obj -x c /Users/admin/builder/spi-builder-workspace/.dependencies/checkouts/sqlite/Sources/CSQLite/sqlite3.c -target-abi darwinpcs -target-cpu apple-s4 -target-feature +v8.3a -target-feature +aes -target-feature +complxnum -target-feature +crc -target-feature +fp-armv8 -target-feature +fullfp16 -target-feature +jsconv -target-feature +lse -target-feature +neon -target-feature +pauth -target-feature +perfmon -target-feature +ras -target-feature +rcpc -target-feature +rdm -target-feature +sha2 -triple arm64_32-apple-watchos9.0.0 -target-linker-version 1166.2 -target-sdk-version\=27.0 -fmodules-validate-system-headers -fno-modulemap-allow-subdirectory-search -isysroot /Applications/Xcode-27.0.0-Release.Candidate.app/Contents/Developer/Platforms/WatchOS.platform/Developer/SDKs/WatchOS27.0.sdk -resource-dir /Applications/Xcode-27.0.0-Release.Candidate.app/Contents/Developer/Toolchains/XcodeDefault.xctoolchain/usr/lib/clang/21 -fmodule-format\=obj -fmodule-file\=Darwin\=/Users/admin/builder/spi-builder-workspace/.derivedData/Build/Intermediates.noindex/ExplicitPrecompiledModules/Darwin-DBL55RBCXXBQWBIKBQECQ4IYB.pcm -fmodule-file\=_Builtin_stdarg\=/Users/admin/builder/spi-builder-workspace/.derivedData/Build/Intermediates.noindex/ExplicitPrecompiledModules/_Builtin_stdarg-3FBU3SHG4221H48J15ES3MF8K.pcm -fmodule-file\=_Builtin_stddef\=/Users/admin/builder/spi-builder-workspace/.derivedData/Build/Intermediates.noindex/ExplicitPrecompiledModules/_Builtin_stddef-2G16WS4KI1O8GRURG8GT0OWEX.pcm -fmodule-file\=_DarwinFoundation1\=/Users/admin/builder/spi-builder-workspace/.derivedData/Build/Intermediates.noindex/ExplicitPrecompiledModules/_DarwinFoundation1-13H6FXL1GBYYXRCWTA0PD05GF.pcm -fmodule-file\=_DarwinFoundation2\=/Users/admin/builder/spi-builder-workspace/.derivedData/Build/Intermediates.noindex/ExplicitPrecompiledModules/_DarwinFoundation2-UOPWJD88NWYOYIOBXLEYL9XL.pcm -fmodule-file\=_DarwinFoundation3\=/Users/admin/builder/spi-builder-workspace/.derivedData/Build/Intermediates.noindex/ExplicitPrecompiledModules/_DarwinFoundation3-8YQJHADOAGVLGCJ0XL0EXZ0DO.pcm -I /Users/admin/builder/spi-builder-workspace/.derivedData/Build/Products/Debug-watchos/include -I /Users/admin/builder/spi-builder-workspace/.dependencies/checkouts/sqlite/Sources/CSQLite/include -I /Users/admin/builder/spi-builder-workspace/.derivedData/Build/Intermediates.noindex/SQLite.build/Debug-watchos/CSQLite-t.build/DerivedSources-normal/arm64_32 -I /Users/admin/builder/spi-builder-workspace/.derivedData/Build/Intermediates.noindex/SQLite.build/Debug-watchos/CSQLite-t.build/DerivedSources/arm64_32 -I /Users/admin/builder/spi-builder-workspace/.derivedData/Build/Intermediates.noindex/SQLite.build/Debug-watchos/CSQLite-t.build/DerivedSources -F /Users/admin/builder/spi-builder-workspace/.derivedData/Build/Products/Debug-watchos -iframework /Applications/Xcode-27.0.0-Release.Candidate.app/Contents/Developer/Platforms/WatchOS.platform/Developer/Library/Frameworks -iframework /Applications/Xcode-27.0.0-Release.Candidate.app/Contents/Developer/Platforms/WatchOS.platform/Developer/SDKs/WatchOS27.0.sdk/Developer/Library/Frameworks -internal-isystem /Applications/Xcode-27.0.0-Release.Candidate.app/Contents/Developer/Platforms/WatchOS.platform/Developer/SDKs/WatchOS27.0.sdk/usr/local/include -internal-isystem /Applications/Xcode-27.0.0-Release.Candidate.app/Contents/Developer/Toolchains/XcodeDefault.xctoolchain/usr/lib/clang/21/include -internal-externc-isystem /Applications/Xcode-27.0.0-Release.Candidate.app/Contents/Developer/Platforms/WatchOS.platform/Developer/SDKs/WatchOS27.0.sdk/usr/include -internal-externc-isystem /Applications/Xcode-27.0.0-Release.Candidate.app/Contents/Developer/Toolchains/XcodeDefault.xctoolchain/usr/include -internal-iframework /Applications/Xcode-27.0.0-Release.Candidate.app/Contents/Developer/Platforms/WatchOS.platform/Developer/SDKs/WatchOS27.0.sdk/System/Library/Frameworks -internal-iframework /Applications/Xcode-27.0.0-Release.Candidate.app/Contents/Developer/Platforms/WatchOS.platform/Developer/SDKs/WatchOS27.0.sdk/System/Library/SubFrameworks -internal-iframework /Applications/Xcode-27.0.0-Release.Candidate.app/Contents/Developer/Platforms/WatchOS.platform/Developer/SDKs/WatchOS27.0.sdk/Library/Frameworks -ivfsstatcache /Users/admin/builder/spi-builder-workspace/.derivedData/SDKStatCaches.noindex/watchos27.0-24R360-e829b21a6f8c9b70876ba0858053c04477534ef55a1706bf4c1112bbb242f0a2.sdkstatcache -std\=gnu17 -fskip-odr-check-in-gmf -fmodules -fmodule-name\=CSQLite -fno-implicit-modules -fmax-type-align\=16 -fpascal-strings -fvisibility-inlines-hidden-static-local-var -mdarwin-stkchk-strong-link -fno-odr-hash-protocols -pic-level 2 -fencode-extended-block-signature -stack-protector 1 -fgnuc-version\=4.2.1 -fblocks -fno-convergent-functions -ffp-contract\=on -fclang-abi-compat\=4.0 -fno-experimental-relative-c++-abi-vtables -fno-file-reproducible -clang-vendor-feature\=+disableNonDependentMemberExprInCurrentInstantiation -clang-vendor-feature\=+enableAggressiveVLAFolding -clang-vendor-feature\=+revert09abecef7bbf -clang-vendor-feature\=+thisNoAlignAttr -clang-vendor-feature\=+thisNoNullAttr -clang-vendor-feature\=+disableAtImportPrivateFrameworkInImplementationError -O0 -fno-assume-unique-vtables -fdebug-compilation-dir\=/Users/admin/builder/spi-builder-workspace/.swiftpm/xcode -fcoverage-compilation-dir\=/Users/admin/builder/spi-builder-workspace/.swiftpm/xcode -fcoverage-mapping -fcommon -fdwarf2-cfi-asm -fobjc-msgsend-selector-stubs -fregister-global-dtors-with-atexit -fno-strict-return -dwarf-version\=4 -debugger-tuning\=lldb -disable-llvm-verifier -dwarf-ext-refs -funwind-tables\=1 -fprofile-instrument\=clang -enable-tlsdesc -clear-ast-before-backend -discard-value-names -main-file-name sqlite3.c -mframe-pointer\=non-leaf -debug-info-kind\=standalone -fno-loop-interchange -fdiagnostics-hotness-threshold\=0 -fdiagnostics-misexpect-tolerance\=0 -D DEBUG\=1 -D SWIFT_PACKAGE -D Xcode -fdefine-target-os-macros -MT dependencies -dependency-file /Users/admin/builder/spi-builder-workspace/.derivedData/Build/Intermediates.noindex/SQLite.build/Debug-watchos/CSQLite-t.build/Objects-normal/arm64_32/sqlite3.d -skip-unused-modulemap-deps -module-file-deps\=direct -fdepfile-entry\=/Applications/Xcode-27.0.0-Release.Candidate.app/Contents/Developer/Platforms/WatchOS.platform/Developer/SDKs/WatchOS27.0.sdk/SDKSettings.json
CompileC /Users/admin/builder/spi-builder-workspace/.derivedData/Build/Intermediates.noindex/SQLite.build/Debug-watchos/CSQLite-t.build/Objects-normal/arm64/sqlite3.o /Users/admin/builder/spi-builder-workspace/.dependencies/checkouts/sqlite/Sources/CSQLite/sqlite3.c normal arm64 c com.apple.compilers.llvm.clang.1_0.compiler (in target 'CSQLite' from project 'SQLite')
    cd /Users/admin/builder/spi-builder-workspace/.swiftpm/xcode

    Using response file: /Users/admin/builder/spi-builder-workspace/.derivedData/Build/Intermediates.noindex/SQLite.build/Debug-watchos/CSQLite-t.build/Objects-normal/arm64/7187679823f38a2a940e0043cdf9d637-common-args.resp

    /Applications/Xcode-27.0.0-Release.Candidate.app/Contents/Developer/Toolchains/XcodeDefault.xctoolchain/usr/bin/clang -x c -ivfsstatcache /Users/admin/builder/spi-builder-workspace/.derivedData/SDKStatCaches.noindex/watchos27.0-24R360-e829b21a6f8c9b70876ba0858053c04477534ef55a1706bf4c1112bbb242f0a2.sdkstatcache -target arm64-apple-watchos9.0 -fmessage-length\=0 -fdiagnostics-show-note-include-stack -fmacro-backtrace-limit\=0 -fno-color-diagnostics -fmodules-prune-interval\=86400 -fmodules-prune-after\=345600 -fbuild-session-file\=/Users/admin/builder/spi-builder-workspace/.derivedData/ModuleCache.noindex/Session.modulevalidation -fmodules-validate-once-per-build-session -Wnon-modular-include-in-framework-module -Werror\=non-modular-include-in-framework-module -Wno-trigraphs -Wno-missing-field-initializers -Wno-missing-prototypes -Wno-return-type -Wno-missing-braces -Wparentheses -Wswitch -Wno-unused-function -Wno-unused-label -Wno-unused-parameter -Wno-unused-variable -Wunused-value -Wno-empty-body -Wno-uninitialized -Wno-unknown-pragmas -w -Wno-shadow -Wno-four-char-constants -Wno-conversion -Wno-constant-conversion -Wno-int-conversion -Wno-bool-conversion -Wno-enum-conversion -Wno-float-conversion -Wno-non-literal-null-conversion -Wno-objc-literal-conversion -Wshorten-64-to-32 -Wpointer-sign -Wno-newline-eof -Wno-implicit-fallthrough -isysroot /Applications/Xcode-27.0.0-Release.Candidate.app/Contents/Developer/Platforms/WatchOS.platform/Developer/SDKs/WatchOS27.0.sdk -fstrict-aliasing -Wdeprecated-declarations -Wno-sign-conversion -Wno-infinite-recursion -Wno-comma -Wno-block-capture-autoreleasing -Wno-strict-prototypes -Wno-semicolon-before-method-body -index-store-path /Users/admin/builder/spi-builder-workspace/.derivedData/Index.noindex/DataStore @/Users/admin/builder/spi-builder-workspace/.derivedData/Build/Intermediates.noindex/SQLite.build/Debug-watchos/CSQLite-t.build/Objects-normal/arm64/7187679823f38a2a940e0043cdf9d637-common-args.resp -MMD -MT dependencies -MF /Users/admin/builder/spi-builder-workspace/.derivedData/Build/Intermediates.noindex/SQLite.build/Debug-watchos/CSQLite-t.build/Objects-normal/arm64/sqlite3.d --serialize-diagnostics /Users/admin/builder/spi-builder-workspace/.derivedData/Build/Intermediates.noindex/SQLite.build/Debug-watchos/CSQLite-t.build/Objects-normal/arm64/sqlite3.dia -c /Users/admin/builder/spi-builder-workspace/.dependencies/checkouts/sqlite/Sources/CSQLite/sqlite3.c -o /Users/admin/builder/spi-builder-workspace/.derivedData/Build/Intermediates.noindex/SQLite.build/Debug-watchos/CSQLite-t.build/Objects-normal/arm64/sqlite3.o -index-unit-output-path /SQLite.build/Debug-watchos/CSQLite-t.build/Objects-normal/arm64/sqlite3.o
Failed frontend command:
/Applications/Xcode-27.0.0-Release.Candidate.app/Contents/Developer/Toolchains/XcodeDefault.xctoolchain/usr/bin/clang -cc1 -Wundef-prefix\=TARGET_OS_ -fdiagnostics-show-note-include-stack -fmacro-backtrace-limit\=0 -w -ferror-limit 19 -serialize-diagnostic-file /Users/admin/builder/spi-builder-workspace/.derivedData/Build/Intermediates.noindex/SQLite.build/Debug-watchos/CSQLite-t.build/Objects-normal/arm64/sqlite3.dia -Wdeprecated-objc-isa-usage -Werror\=deprecated-objc-isa-usage -Werror\=implicit-function-declaration -Wnon-modular-include-in-framework-module -Werror\=non-modular-include-in-framework-module -Wno-trigraphs -Wno-missing-field-initializers -Wno-missing-prototypes -Wno-return-type -Wno-missing-braces -Wparentheses -Wswitch -Wno-unused-function -Wno-unused-label -Wno-unused-parameter -Wno-unused-variable -Wunused-value -Wno-empty-body -Wno-uninitialized -Wno-unknown-pragmas -Wno-shadow -Wno-four-char-constants -Wno-conversion -Wno-constant-conversion -Wno-int-conversion -Wno-bool-conversion -Wno-enum-conversion -Wno-float-conversion -Wno-non-literal-null-conversion -Wno-objc-literal-conversion -Wshorten-64-to-32 -Wpointer-sign -Wno-newline-eof -Wno-implicit-fallthrough -Wdeprecated-declarations -Wno-sign-conversion -Wno-infinite-recursion -Wno-comma -Wno-block-capture-autoreleasing -Wno-strict-prototypes -Wno-semicolon-before-method-body -Wno-elaborated-enum-base -Wno-error\=allocator-wrappers -index-store-path /Users/admin/builder/spi-builder-workspace/.derivedData/Index.noindex/DataStore -index-unit-output-path /SQLite.build/Debug-watchos/CSQLite-t.build/Objects-normal/arm64/sqlite3.o -fmodule-map-file\=/Applications/Xcode-27.0.0-Release.Candidate.app/Contents/Developer/Toolchains/XcodeDefault.xctoolchain/usr/lib/clang/21/include/module.modulemap -fmodule-map-file\=/Applications/Xcode-27.0.0-Release.Candidate.app/Contents/Developer/Platforms/WatchOS.platform/Developer/SDKs/WatchOS.sdk/usr/include/DarwinFoundation1.modulemap -fmodule-map-file\=/Applications/Xcode-27.0.0-Release.Candidate.app/Contents/Developer/Toolchains/XcodeDefault.xctoolchain/usr/lib/clang/21/include/module.modulemap -fmodule-map-file\=/Applications/Xcode-27.0.0-Release.Candidate.app/Contents/Developer/Platforms/WatchOS.platform/Developer/SDKs/WatchOS.sdk/usr/include/DarwinFoundation2.modulemap -fmodule-map-file\=/Applications/Xcode-27.0.0-Release.Candidate.app/Contents/Developer/Platforms/WatchOS.platform/Developer/SDKs/WatchOS.sdk/usr/include/DarwinFoundation3.modulemap -fmodule-map-file\=/Applications/Xcode-27.0.0-Release.Candidate.app/Contents/Developer/Platforms/WatchOS.platform/Developer/SDKs/WatchOS.sdk/usr/include/Darwin.modulemap -o /Users/admin/builder/spi-builder-workspace/.derivedData/Build/Intermediates.noindex/SQLite.build/Debug-watchos/CSQLite-t.build/Objects-normal/arm64/sqlite3.o -disable-free -emit-obj -x c /Users/admin/builder/spi-builder-workspace/.dependencies/checkouts/sqlite/Sources/CSQLite/sqlite3.c -target-abi darwinpcs -target-cpu apple-s9 -target-feature +v8.6a -target-feature +aes -target-feature +bf16 -target-feature +complxnum -target-feature +crc -target-feature +dotprod -target-feature +fp-armv8 -target-feature +fp16fml -target-feature +fpac -target-feature +fullfp16 -target-feature +hcx -target-feature +i8mm -target-feature +jsconv -target-feature +lse -target-feature +neon -target-feature +pauth -target-feature +perfmon -target-feature +ras -target-feature +rcpc -target-feature +rdm -target-feature +sha2 -target-feature +sha3 -target-feature +ssbs -triple arm64-apple-watchos9.0.0 -target-linker-version 1166.2 -target-sdk-version\=27.0 -fmodules-validate-system-headers -fno-modulemap-allow-subdirectory-search -isysroot /Applications/Xcode-27.0.0-Release.Candidate.app/Contents/Developer/Platforms/WatchOS.platform/Developer/SDKs/WatchOS27.0.sdk -resource-dir /Applications/Xcode-27.0.0-Release.Candidate.app/Contents/Developer/Toolchains/XcodeDefault.xctoolchain/usr/lib/clang/21 -fmodule-format\=obj -fmodule-file\=Darwin\=/Users/admin/builder/spi-builder-workspace/.derivedData/Build/Intermediates.noindex/ExplicitPrecompiledModules/Darwin-7ZKULZR42CGYZA0VTFXY0632X.pcm -fmodule-file\=_Builtin_stdarg\=/Users/admin/builder/spi-builder-workspace/.derivedData/Build/Intermediates.noindex/ExplicitPrecompiledModules/_Builtin_stdarg-A34P5U89RCRB7LXC2DYKO2DFI.pcm -fmodule-file\=_Builtin_stddef\=/Users/admin/builder/spi-builder-workspace/.derivedData/Build/Intermediates.noindex/ExplicitPrecompiledModules/_Builtin_stddef-D24ER3MLYJ1LE64PIZ3PRS6FG.pcm -fmodule-file\=_DarwinFoundation1\=/Users/admin/builder/spi-builder-workspace/.derivedData/Build/Intermediates.noindex/ExplicitPrecompiledModules/_DarwinFoundation1-271C6YMHKE2T7B31M2WB81V4X.pcm -fmodule-file\=_DarwinFoundation2\=/Users/admin/builder/spi-builder-workspace/.derivedData/Build/Intermediates.noindex/ExplicitPrecompiledModules/_DarwinFoundation2-97B3A1VFJWM3XXNSKJIWN1MUQ.pcm -fmodule-file\=_DarwinFoundation3\=/Users/admin/builder/spi-builder-workspace/.derivedData/Build/Intermediates.noindex/ExplicitPrecompiledModules/_DarwinFoundation3-AEQ8M866EXUQLRMRTUGOCYYV3.pcm -I /Users/admin/builder/spi-builder-workspace/.derivedData/Build/Products/Debug-watchos/include -I /Users/admin/builder/spi-builder-workspace/.dependencies/checkouts/sqlite/Sources/CSQLite/include -I /Users/admin/builder/spi-builder-workspace/.derivedData/Build/Intermediates.noindex/SQLite.build/Debug-watchos/CSQLite-t.build/DerivedSources-normal/arm64 -I /Users/admin/builder/spi-builder-workspace/.derivedData/Build/Intermediates.noindex/SQLite.build/Debug-watchos/CSQLite-t.build/DerivedSources/arm64 -I /Users/admin/builder/spi-builder-workspace/.derivedData/Build/Intermediates.noindex/SQLite.build/Debug-watchos/CSQLite-t.build/DerivedSources -F /Users/admin/builder/spi-builder-workspace/.derivedData/Build/Products/Debug-watchos -iframework /Applications/Xcode-27.0.0-Release.Candidate.app/Contents/Developer/Platforms/WatchOS.platform/Developer/Library/Frameworks -iframework /Applications/Xcode-27.0.0-Release.Candidate.app/Contents/Developer/Platforms/WatchOS.platform/Developer/SDKs/WatchOS27.0.sdk/Developer/Library/Frameworks -internal-isystem /Applications/Xcode-27.0.0-Release.Candidate.app/Contents/Developer/Platforms/WatchOS.platform/Developer/SDKs/WatchOS27.0.sdk/usr/local/include -internal-isystem /Applications/Xcode-27.0.0-Release.Candidate.app/Contents/Developer/Toolchains/XcodeDefault.xctoolchain/usr/lib/clang/21/include -internal-externc-isystem /Applications/Xcode-27.0.0-Release.Candidate.app/Contents/Developer/Platforms/WatchOS.platform/Developer/SDKs/WatchOS27.0.sdk/usr/include -internal-externc-isystem /Applications/Xcode-27.0.0-Release.Candidate.app/Contents/Developer/Toolchains/XcodeDefault.xctoolchain/usr/include -internal-iframework /Applications/Xcode-27.0.0-Release.Candidate.app/Contents/Developer/Platforms/WatchOS.platform/Developer/SDKs/WatchOS27.0.sdk/System/Library/Frameworks -internal-iframework /Applications/Xcode-27.0.0-Release.Candidate.app/Contents/Developer/Platforms/WatchOS.platform/Developer/SDKs/WatchOS27.0.sdk/System/Library/SubFrameworks -internal-iframework /Applications/Xcode-27.0.0-Release.Candidate.app/Contents/Developer/Platforms/WatchOS.platform/Developer/SDKs/WatchOS27.0.sdk/Library/Frameworks -ivfsstatcache /Users/admin/builder/spi-builder-workspace/.derivedData/SDKStatCaches.noindex/watchos27.0-24R360-e829b21a6f8c9b70876ba0858053c04477534ef55a1706bf4c1112bbb242f0a2.sdkstatcache -std\=gnu17 -fskip-odr-check-in-gmf -fmodules -fmodule-name\=CSQLite -fno-implicit-modules -fmax-type-align\=16 -fpascal-strings -fstack-check -fvisibility-inlines-hidden-static-local-var -mdarwin-stkchk-strong-link -fno-odr-hash-protocols -pic-level 2 -fencode-extended-block-signature -stack-protector 1 -fgnuc-version\=4.2.1 -fblocks -fno-convergent-functions -ffp-contract\=on -fclang-abi-compat\=4.0 -fno-experimental-relative-c++-abi-vtables -fno-file-reproducible -clang-vendor-feature\=+disableNonDependentMemberExprInCurrentInstantiation -clang-vendor-feature\=+enableAggressiveVLAFolding -clang-vendor-feature\=+revert09abecef7bbf -clang-vendor-feature\=+thisNoAlignAttr -clang-vendor-feature\=+thisNoNullAttr -clang-vendor-feature\=+disableAtImportPrivateFrameworkInImplementationError -O0 -fno-assume-unique-vtables -fdebug-compilation-dir\=/Users/admin/builder/spi-builder-workspace/.swiftpm/xcode -fcoverage-compilation-dir\=/Users/admin/builder/spi-builder-workspace/.swiftpm/xcode -fcoverage-mapping -fcommon -fdwarf2-cfi-asm -fobjc-msgsend-selector-stubs -fregister-global-dtors-with-atexit -fno-strict-return -dwarf-version\=4 -debugger-tuning\=lldb -disable-llvm-verifier -dwarf-ext-refs -funwind-tables\=1 -fprofile-instrument\=clang -enable-tlsdesc -clear-ast-before-backend -discard-value-names -main-file-name sqlite3.c -mframe-pointer\=non-leaf -debug-info-kind\=standalone -fno-loop-interchange -fdiagnostics-hotness-threshold\=0 -fdiagnostics-misexpect-tolerance\=0 -D DEBUG\=1 -D SWIFT_PACKAGE -D Xcode -fdefine-target-os-macros -MT dependencies -dependency-file /Users/admin/builder/spi-builder-workspace/.derivedData/Build/Intermediates.noindex/SQLite.build/Debug-watchos/CSQLite-t.build/Objects-normal/arm64/sqlite3.d -skip-unused-modulemap-deps -module-file-deps\=direct -fdepfile-entry\=/Applications/Xcode-27.0.0-Release.Candidate.app/Contents/Developer/Platforms/WatchOS.platform/Developer/SDKs/WatchOS27.0.sdk/SDKSettings.json
SwiftDriver Crypto normal arm64_32 com.apple.xcode.tools.swift.compiler (in target 'Crypto' from project 'Crypto')
    cd /Users/admin/builder/spi-builder-workspace/.swiftpm/xcode
    builtin-SwiftDriver -- /Applications/Xcode-27.0.0-Release.Candidate.app/Contents/Developer/Toolchains/XcodeDefault.xctoolchain/usr/bin/swiftc -parse-as-library -module-name Crypto -Onone @/Users/admin/builder/spi-builder-workspace/.derivedData/Build/Intermediates.noindex/Crypto.build/Debug-watchos/Crypto-t.build/Objects-normal/arm64_32/Crypto.SwiftFileList -DSWIFT_PACKAGE -DDEBUG -DSWIFT_MODULE_RESOURCE_BUNDLE_UNAVAILABLE -Xcc -fmodule-map-file\=/Users/admin/builder/spi-builder-workspace/.dependencies/checkouts/ctls/module.modulemap -DXcode -plugin-path /Applications/Xcode-27.0.0-Release.Candidate.app/Contents/Developer/Toolchains/XcodeDefault.xctoolchain/usr/lib/swift/host/plugins/testing -enable-experimental-feature DebugDescriptionMacro -sdk /Applications/Xcode-27.0.0-Release.Candidate.app/Contents/Developer/Platforms/WatchOS.platform/Developer/SDKs/WatchOS27.0.sdk -target arm64_32-apple-watchos9.0 -g -module-cache-path /Users/admin/builder/spi-builder-workspace/.derivedData/ModuleCache.noindex -Xfrontend -serialize-debugging-options -profile-coverage-mapping -profile-generate -enable-testing -suppress-warnings -index-store-path /Users/admin/builder/spi-builder-workspace/.derivedData/Index.noindex/DataStore -Xcc -D_LIBCPP_HARDENING_MODE\=_LIBCPP_HARDENING_MODE_DEBUG -swift-version 4 -I /Users/admin/builder/spi-builder-workspace/.derivedData/Build/Products/Debug-watchos -Isystem /Applications/Xcode-27.0.0-Release.Candidate.app/Contents/Developer/Platforms/WatchOS.platform/Developer/usr/lib -F /Users/admin/builder/spi-builder-workspace/.derivedData/Build/Products/Debug-watchos/PackageFrameworks -F /Users/admin/builder/spi-builder-workspace/.derivedData/Build/Products/Debug-watchos -F /Applications/Xcode-27.0.0-Release.Candidate.app/Contents/Developer/Platforms/WatchOS.platform/Developer/Library/Frameworks -F /Applications/Xcode-27.0.0-Release.Candidate.app/Contents/Developer/Platforms/WatchOS.platform/Developer/SDKs/WatchOS27.0.sdk/Developer/Library/Frameworks -c -j10 -enable-batch-mode -incremental -Xcc -ivfsstatcache -Xcc /Users/admin/builder/spi-builder-workspace/.derivedData/SDKStatCaches.noindex/watchos27.0-24R360-e829b21a6f8c9b70876ba0858053c04477534ef55a1706bf4c1112bbb242f0a2.sdkstatcache -output-file-map /Users/admin/builder/spi-builder-workspace/.derivedData/Build/Intermediates.noindex/Crypto.build/Debug-watchos/Crypto-t.build/Objects-normal/arm64_32/Crypto-OutputFileMap.json -save-temps -no-color-diagnostics -emit-dependencies -emit-module -emit-module-path /Users/admin/builder/spi-builder-workspace/.derivedData/Build/Intermediates.noindex/Crypto.build/Debug-watchos/Crypto-t.build/Objects-normal/arm64_32/Crypto.swiftmodule -serialize-diagnostics -validate-clang-modules-once -clang-build-session-file /Users/admin/builder/spi-builder-workspace/.derivedData/ModuleCache.noindex/Session.modulevalidation -Xcc -fmodules-prune-interval\=86400 -Xcc -fmodules-prune-after\=345600 -emit-const-values -const-gather-protocols-list /Users/admin/builder/spi-builder-workspace/.derivedData/Build/Intermediates.noindex/Crypto.build/Debug-watchos/Crypto-t.build/Objects-normal/arm64_32/Crypto_const_extract_protocols.json -Xcc -I/Users/admin/builder/spi-builder-workspace/.derivedData/Build/Products/Debug-watchos/include -Xcc -I/Users/admin/builder/spi-builder-workspace/.derivedData/Build/Intermediates.noindex/Crypto.build/Debug-watchos/Crypto-t.build/DerivedSources-normal/arm64_32 -Xcc -I/Users/admin/builder/spi-builder-workspace/.derivedData/Build/Intermediates.noindex/Crypto.build/Debug-watchos/Crypto-t.build/DerivedSources/arm64_32 -Xcc -I/Users/admin/builder/spi-builder-workspace/.derivedData/Build/Intermediates.noindex/Crypto.build/Debug-watchos/Crypto-t.build/DerivedSources -Xcc -DSWIFT_PACKAGE -Xcc -DDEBUG\=1 -emit-objc-header -emit-objc-header-path /Users/admin/builder/spi-builder-workspace/.derivedData/Build/Intermediates.noindex/Crypto.build/Debug-watchos/Crypto-t.build/Objects-normal/arm64_32/Crypto-Swift.h -working-directory /Users/admin/builder/spi-builder-workspace/.swiftpm/xcode -experimental-emit-module-separately -disable-cmo
SwiftDriver Crypto normal arm64 com.apple.xcode.tools.swift.compiler (in target 'Crypto' from project 'Crypto')
    cd /Users/admin/builder/spi-builder-workspace/.swiftpm/xcode
    builtin-SwiftDriver -- /Applications/Xcode-27.0.0-Release.Candidate.app/Contents/Developer/Toolchains/XcodeDefault.xctoolchain/usr/bin/swiftc -parse-as-library -module-name Crypto -Onone @/Users/admin/builder/spi-builder-workspace/.derivedData/Build/Intermediates.noindex/Crypto.build/Debug-watchos/Crypto-t.build/Objects-normal/arm64/Crypto.SwiftFileList -DSWIFT_PACKAGE -DDEBUG -DSWIFT_MODULE_RESOURCE_BUNDLE_UNAVAILABLE -Xcc -fmodule-map-file\=/Users/admin/builder/spi-builder-workspace/.dependencies/checkouts/ctls/module.modulemap -DXcode -plugin-path /Applications/Xcode-27.0.0-Release.Candidate.app/Contents/Developer/Toolchains/XcodeDefault.xctoolchain/usr/lib/swift/host/plugins/testing -enable-experimental-feature DebugDescriptionMacro -sdk /Applications/Xcode-27.0.0-Release.Candidate.app/Contents/Developer/Platforms/WatchOS.platform/Developer/SDKs/WatchOS27.0.sdk -target arm64-apple-watchos9.0 -g -module-cache-path /Users/admin/builder/spi-builder-workspace/.derivedData/ModuleCache.noindex -Xfrontend -serialize-debugging-options -profile-coverage-mapping -profile-generate -enable-testing -suppress-warnings -index-store-path /Users/admin/builder/spi-builder-workspace/.derivedData/Index.noindex/DataStore -Xcc -D_LIBCPP_HARDENING_MODE\=_LIBCPP_HARDENING_MODE_DEBUG -swift-version 4 -I /Users/admin/builder/spi-builder-workspace/.derivedData/Build/Products/Debug-watchos -Isystem /Applications/Xcode-27.0.0-Release.Candidate.app/Contents/Developer/Platforms/WatchOS.platform/Developer/usr/lib -F /Users/admin/builder/spi-builder-workspace/.derivedData/Build/Products/Debug-watchos/PackageFrameworks -F /Users/admin/builder/spi-builder-workspace/.derivedData/Build/Products/Debug-watchos -F /Applications/Xcode-27.0.0-Release.Candidate.app/Contents/Developer/Platforms/WatchOS.platform/Developer/Library/Frameworks -F /Applications/Xcode-27.0.0-Release.Candidate.app/Contents/Developer/Platforms/WatchOS.platform/Developer/SDKs/WatchOS27.0.sdk/Developer/Library/Frameworks -c -j10 -enable-batch-mode -incremental -Xcc -ivfsstatcache -Xcc /Users/admin/builder/spi-builder-workspace/.derivedData/SDKStatCaches.noindex/watchos27.0-24R360-e829b21a6f8c9b70876ba0858053c04477534ef55a1706bf4c1112bbb242f0a2.sdkstatcache -output-file-map /Users/admin/builder/spi-builder-workspace/.derivedData/Build/Intermediates.noindex/Crypto.build/Debug-watchos/Crypto-t.build/Objects-normal/arm64/Crypto-OutputFileMap.json -save-temps -no-color-diagnostics -emit-dependencies -emit-module -emit-module-path /Users/admin/builder/spi-builder-workspace/.derivedData/Build/Intermediates.noindex/Crypto.build/Debug-watchos/Crypto-t.build/Objects-normal/arm64/Crypto.swiftmodule -serialize-diagnostics -validate-clang-modules-once -clang-build-session-file /Users/admin/builder/spi-builder-workspace/.derivedData/ModuleCache.noindex/Session.modulevalidation -Xcc -fmodules-prune-interval\=86400 -Xcc -fmodules-prune-after\=345600 -emit-const-values -const-gather-protocols-list /Users/admin/builder/spi-builder-workspace/.derivedData/Build/Intermediates.noindex/Crypto.build/Debug-watchos/Crypto-t.build/Objects-normal/arm64/Crypto_const_extract_protocols.json -Xcc -I/Users/admin/builder/spi-builder-workspace/.derivedData/Build/Products/Debug-watchos/include -Xcc -I/Users/admin/builder/spi-builder-workspace/.derivedData/Build/Intermediates.noindex/Crypto.build/Debug-watchos/Crypto-t.build/DerivedSources-normal/arm64 -Xcc -I/Users/admin/builder/spi-builder-workspace/.derivedData/Build/Intermediates.noindex/Crypto.build/Debug-watchos/Crypto-t.build/DerivedSources/arm64 -Xcc -I/Users/admin/builder/spi-builder-workspace/.derivedData/Build/Intermediates.noindex/Crypto.build/Debug-watchos/Crypto-t.build/DerivedSources -Xcc -DSWIFT_PACKAGE -Xcc -DDEBUG\=1 -emit-objc-header -emit-objc-header-path /Users/admin/builder/spi-builder-workspace/.derivedData/Build/Intermediates.noindex/Crypto.build/Debug-watchos/Crypto-t.build/Objects-normal/arm64/Crypto-Swift.h -working-directory /Users/admin/builder/spi-builder-workspace/.swiftpm/xcode -experimental-emit-module-separately -disable-cmo
SwiftDriver TLS normal arm64_32 com.apple.xcode.tools.swift.compiler (in target 'TLS' from project 'TLS')
    cd /Users/admin/builder/spi-builder-workspace/.swiftpm/xcode
    builtin-SwiftDriver -- /Applications/Xcode-27.0.0-Release.Candidate.app/Contents/Developer/Toolchains/XcodeDefault.xctoolchain/usr/bin/swiftc -parse-as-library -module-name TLS -Onone @/Users/admin/builder/spi-builder-workspace/.derivedData/Build/Intermediates.noindex/TLS.build/Debug-watchos/TLS-t.build/Objects-normal/arm64_32/TLS.SwiftFileList -DSWIFT_PACKAGE -DDEBUG -DSWIFT_MODULE_RESOURCE_BUNDLE_UNAVAILABLE -Xcc -fmodule-map-file\=/Users/admin/builder/spi-builder-workspace/.dependencies/checkouts/ctls/module.modulemap -DXcode -plugin-path /Applications/Xcode-27.0.0-Release.Candidate.app/Contents/Developer/Toolchains/XcodeDefault.xctoolchain/usr/lib/swift/host/plugins/testing -enable-experimental-feature DebugDescriptionMacro -sdk /Applications/Xcode-27.0.0-Release.Candidate.app/Contents/Developer/Platforms/WatchOS.platform/Developer/SDKs/WatchOS27.0.sdk -target arm64_32-apple-watchos9.0 -g -module-cache-path /Users/admin/builder/spi-builder-workspace/.derivedData/ModuleCache.noindex -Xfrontend -serialize-debugging-options -profile-coverage-mapping -profile-generate -enable-testing -suppress-warnings -index-store-path /Users/admin/builder/spi-builder-workspace/.derivedData/Index.noindex/DataStore -Xcc -D_LIBCPP_HARDENING_MODE\=_LIBCPP_HARDENING_MODE_DEBUG -swift-version 4 -I /Users/admin/builder/spi-builder-workspace/.derivedData/Build/Products/Debug-watchos -Isystem /Applications/Xcode-27.0.0-Release.Candidate.app/Contents/Developer/Platforms/WatchOS.platform/Developer/usr/lib -F /Users/admin/builder/spi-builder-workspace/.derivedData/Build/Products/Debug-watchos/PackageFrameworks -F /Users/admin/builder/spi-builder-workspace/.derivedData/Build/Products/Debug-watchos -F /Applications/Xcode-27.0.0-Release.Candidate.app/Contents/Developer/Platforms/WatchOS.platform/Developer/Library/Frameworks -F /Applications/Xcode-27.0.0-Release.Candidate.app/Contents/Developer/Platforms/WatchOS.platform/Developer/SDKs/WatchOS27.0.sdk/Developer/Library/Frameworks -c -j10 -enable-batch-mode -incremental -Xcc -ivfsstatcache -Xcc /Users/admin/builder/spi-builder-workspace/.derivedData/SDKStatCaches.noindex/watchos27.0-24R360-e829b21a6f8c9b70876ba0858053c04477534ef55a1706bf4c1112bbb242f0a2.sdkstatcache -output-file-map /Users/admin/builder/spi-builder-workspace/.derivedData/Build/Intermediates.noindex/TLS.build/Debug-watchos/TLS-t.build/Objects-normal/arm64_32/TLS-OutputFileMap.json -save-temps -no-color-diagnostics -emit-dependencies -emit-module -emit-module-path /Users/admin/builder/spi-builder-workspace/.derivedData/Build/Intermediates.noindex/TLS.build/Debug-watchos/TLS-t.build/Objects-normal/arm64_32/TLS.swiftmodule -serialize-diagnostics -validate-clang-modules-once -clang-build-session-file /Users/admin/builder/spi-builder-workspace/.derivedData/ModuleCache.noindex/Session.modulevalidation -Xcc -fmodules-prune-interval\=86400 -Xcc -fmodules-prune-after\=345600 -emit-const-values -const-gather-protocols-list /Users/admin/builder/spi-builder-workspace/.derivedData/Build/Intermediates.noindex/TLS.build/Debug-watchos/TLS-t.build/Objects-normal/arm64_32/TLS_const_extract_protocols.json -Xcc -I/Users/admin/builder/spi-builder-workspace/.derivedData/Build/Products/Debug-watchos/include -Xcc -I/Users/admin/builder/spi-builder-workspace/.derivedData/Build/Intermediates.noindex/TLS.build/Debug-watchos/TLS-t.build/DerivedSources-normal/arm64_32 -Xcc -I/Users/admin/builder/spi-builder-workspace/.derivedData/Build/Intermediates.noindex/TLS.build/Debug-watchos/TLS-t.build/DerivedSources/arm64_32 -Xcc -I/Users/admin/builder/spi-builder-workspace/.derivedData/Build/Intermediates.noindex/TLS.build/Debug-watchos/TLS-t.build/DerivedSources -Xcc -DSWIFT_PACKAGE -Xcc -DDEBUG\=1 -emit-objc-header -emit-objc-header-path /Users/admin/builder/spi-builder-workspace/.derivedData/Build/Intermediates.noindex/TLS.build/Debug-watchos/TLS-t.build/Objects-normal/arm64_32/TLS-Swift.h -working-directory /Users/admin/builder/spi-builder-workspace/.swiftpm/xcode -experimental-emit-module-separately -disable-cmo
SwiftDriver TLS normal arm64 com.apple.xcode.tools.swift.compiler (in target 'TLS' from project 'TLS')
    cd /Users/admin/builder/spi-builder-workspace/.swiftpm/xcode
    builtin-SwiftDriver -- /Applications/Xcode-27.0.0-Release.Candidate.app/Contents/Developer/Toolchains/XcodeDefault.xctoolchain/usr/bin/swiftc -parse-as-library -module-name TLS -Onone @/Users/admin/builder/spi-builder-workspace/.derivedData/Build/Intermediates.noindex/TLS.build/Debug-watchos/TLS-t.build/Objects-normal/arm64/TLS.SwiftFileList -DSWIFT_PACKAGE -DDEBUG -DSWIFT_MODULE_RESOURCE_BUNDLE_UNAVAILABLE -Xcc -fmodule-map-file\=/Users/admin/builder/spi-builder-workspace/.dependencies/checkouts/ctls/module.modulemap -DXcode -plugin-path /Applications/Xcode-27.0.0-Release.Candidate.app/Contents/Developer/Toolchains/XcodeDefault.xctoolchain/usr/lib/swift/host/plugins/testing -enable-experimental-feature DebugDescriptionMacro -sdk /Applications/Xcode-27.0.0-Release.Candidate.app/Contents/Developer/Platforms/WatchOS.platform/Developer/SDKs/WatchOS27.0.sdk -target arm64-apple-watchos9.0 -g -module-cache-path /Users/admin/builder/spi-builder-workspace/.derivedData/ModuleCache.noindex -Xfrontend -serialize-debugging-options -profile-coverage-mapping -profile-generate -enable-testing -suppress-warnings -index-store-path /Users/admin/builder/spi-builder-workspace/.derivedData/Index.noindex/DataStore -Xcc -D_LIBCPP_HARDENING_MODE\=_LIBCPP_HARDENING_MODE_DEBUG -swift-version 4 -I /Users/admin/builder/spi-builder-workspace/.derivedData/Build/Products/Debug-watchos -Isystem /Applications/Xcode-27.0.0-Release.Candidate.app/Contents/Developer/Platforms/WatchOS.platform/Developer/usr/lib -F /Users/admin/builder/spi-builder-workspace/.derivedData/Build/Products/Debug-watchos/PackageFrameworks -F /Users/admin/builder/spi-builder-workspace/.derivedData/Build/Products/Debug-watchos -F /Applications/Xcode-27.0.0-Release.Candidate.app/Contents/Developer/Platforms/WatchOS.platform/Developer/Library/Frameworks -F /Applications/Xcode-27.0.0-Release.Candidate.app/Contents/Developer/Platforms/WatchOS.platform/Developer/SDKs/WatchOS27.0.sdk/Developer/Library/Frameworks -c -j10 -enable-batch-mode -incremental -Xcc -ivfsstatcache -Xcc /Users/admin/builder/spi-builder-workspace/.derivedData/SDKStatCaches.noindex/watchos27.0-24R360-e829b21a6f8c9b70876ba0858053c04477534ef55a1706bf4c1112bbb242f0a2.sdkstatcache -output-file-map /Users/admin/builder/spi-builder-workspace/.derivedData/Build/Intermediates.noindex/TLS.build/Debug-watchos/TLS-t.build/Objects-normal/arm64/TLS-OutputFileMap.json -save-temps -no-color-diagnostics -emit-dependencies -emit-module -emit-module-path /Users/admin/builder/spi-builder-workspace/.derivedData/Build/Intermediates.noindex/TLS.build/Debug-watchos/TLS-t.build/Objects-normal/arm64/TLS.swiftmodule -serialize-diagnostics -validate-clang-modules-once -clang-build-session-file /Users/admin/builder/spi-builder-workspace/.derivedData/ModuleCache.noindex/Session.modulevalidation -Xcc -fmodules-prune-interval\=86400 -Xcc -fmodules-prune-after\=345600 -emit-const-values -const-gather-protocols-list /Users/admin/builder/spi-builder-workspace/.derivedData/Build/Intermediates.noindex/TLS.build/Debug-watchos/TLS-t.build/Objects-normal/arm64/TLS_const_extract_protocols.json -Xcc -I/Users/admin/builder/spi-builder-workspace/.derivedData/Build/Products/Debug-watchos/include -Xcc -I/Users/admin/builder/spi-builder-workspace/.derivedData/Build/Intermediates.noindex/TLS.build/Debug-watchos/TLS-t.build/DerivedSources-normal/arm64 -Xcc -I/Users/admin/builder/spi-builder-workspace/.derivedData/Build/Intermediates.noindex/TLS.build/Debug-watchos/TLS-t.build/DerivedSources/arm64 -Xcc -I/Users/admin/builder/spi-builder-workspace/.derivedData/Build/Intermediates.noindex/TLS.build/Debug-watchos/TLS-t.build/DerivedSources -Xcc -DSWIFT_PACKAGE -Xcc -DDEBUG\=1 -emit-objc-header -emit-objc-header-path /Users/admin/builder/spi-builder-workspace/.derivedData/Build/Intermediates.noindex/TLS.build/Debug-watchos/TLS-t.build/Objects-normal/arm64/TLS-Swift.h -working-directory /Users/admin/builder/spi-builder-workspace/.swiftpm/xcode -experimental-emit-module-separately -disable-cmo
SwiftDriver BCrypt normal arm64_32 com.apple.xcode.tools.swift.compiler (in target 'BCrypt' from project 'BCrypt')
    cd /Users/admin/builder/spi-builder-workspace/.swiftpm/xcode
    builtin-SwiftDriver -- /Applications/Xcode-27.0.0-Release.Candidate.app/Contents/Developer/Toolchains/XcodeDefault.xctoolchain/usr/bin/swiftc -parse-as-library -module-name BCrypt -Onone @/Users/admin/builder/spi-builder-workspace/.derivedData/Build/Intermediates.noindex/BCrypt.build/Debug-watchos/BCrypt-t.build/Objects-normal/arm64_32/BCrypt.SwiftFileList -DSWIFT_PACKAGE -DDEBUG -DSWIFT_MODULE_RESOURCE_BUNDLE_UNAVAILABLE -DXcode -plugin-path /Applications/Xcode-27.0.0-Release.Candidate.app/Contents/Developer/Toolchains/XcodeDefault.xctoolchain/usr/lib/swift/host/plugins/testing -enable-experimental-feature DebugDescriptionMacro -sdk /Applications/Xcode-27.0.0-Release.Candidate.app/Contents/Developer/Platforms/WatchOS.platform/Developer/SDKs/WatchOS27.0.sdk -target arm64_32-apple-watchos9.0 -g -module-cache-path /Users/admin/builder/spi-builder-workspace/.derivedData/ModuleCache.noindex -Xfrontend -serialize-debugging-options -profile-coverage-mapping -profile-generate -enable-testing -suppress-warnings -index-store-path /Users/admin/builder/spi-builder-workspace/.derivedData/Index.noindex/DataStore -Xcc -D_LIBCPP_HARDENING_MODE\=_LIBCPP_HARDENING_MODE_DEBUG -swift-version 4 -I /Users/admin/builder/spi-builder-workspace/.derivedData/Build/Products/Debug-watchos -Isystem /Applications/Xcode-27.0.0-Release.Candidate.app/Contents/Developer/Platforms/WatchOS.platform/Developer/usr/lib -F /Users/admin/builder/spi-builder-workspace/.derivedData/Build/Products/Debug-watchos/PackageFrameworks -F /Users/admin/builder/spi-builder-workspace/.derivedData/Build/Products/Debug-watchos -F /Applications/Xcode-27.0.0-Release.Candidate.app/Contents/Developer/Platforms/WatchOS.platform/Developer/Library/Frameworks -F /Applications/Xcode-27.0.0-Release.Candidate.app/Contents/Developer/Platforms/WatchOS.platform/Developer/SDKs/WatchOS27.0.sdk/Developer/Library/Frameworks -c -j10 -enable-batch-mode -incremental -Xcc -ivfsstatcache -Xcc /Users/admin/builder/spi-builder-workspace/.derivedData/SDKStatCaches.noindex/watchos27.0-24R360-e829b21a6f8c9b70876ba0858053c04477534ef55a1706bf4c1112bbb242f0a2.sdkstatcache -output-file-map /Users/admin/builder/spi-builder-workspace/.derivedData/Build/Intermediates.noindex/BCrypt.build/Debug-watchos/BCrypt-t.build/Objects-normal/arm64_32/BCrypt-OutputFileMap.json -save-temps -no-color-diagnostics -emit-dependencies -emit-module -emit-module-path /Users/admin/builder/spi-builder-workspace/.derivedData/Build/Intermediates.noindex/BCrypt.build/Debug-watchos/BCrypt-t.build/Objects-normal/arm64_32/BCrypt.swiftmodule -serialize-diagnostics -validate-clang-modules-once -clang-build-session-file /Users/admin/builder/spi-builder-workspace/.derivedData/ModuleCache.noindex/Session.modulevalidation -Xcc -fmodules-prune-interval\=86400 -Xcc -fmodules-prune-after\=345600 -emit-const-values -const-gather-protocols-list /Users/admin/builder/spi-builder-workspace/.derivedData/Build/Intermediates.noindex/BCrypt.build/Debug-watchos/BCrypt-t.build/Objects-normal/arm64_32/BCrypt_const_extract_protocols.json -Xcc -I/Users/admin/builder/spi-builder-workspace/.derivedData/Build/Products/Debug-watchos/include -Xcc -I/Users/admin/builder/spi-builder-workspace/.derivedData/Build/Intermediates.noindex/BCrypt.build/Debug-watchos/BCrypt-t.build/DerivedSources-normal/arm64_32 -Xcc -I/Users/admin/builder/spi-builder-workspace/.derivedData/Build/Intermediates.noindex/BCrypt.build/Debug-watchos/BCrypt-t.build/DerivedSources/arm64_32 -Xcc -I/Users/admin/builder/spi-builder-workspace/.derivedData/Build/Intermediates.noindex/BCrypt.build/Debug-watchos/BCrypt-t.build/DerivedSources -Xcc -DSWIFT_PACKAGE -Xcc -DDEBUG\=1 -emit-objc-header -emit-objc-header-path /Users/admin/builder/spi-builder-workspace/.derivedData/Build/Intermediates.noindex/BCrypt.build/Debug-watchos/BCrypt-t.build/Objects-normal/arm64_32/BCrypt-Swift.h -working-directory /Users/admin/builder/spi-builder-workspace/.swiftpm/xcode -experimental-emit-module-separately -disable-cmo
SwiftDriver BCrypt normal arm64 com.apple.xcode.tools.swift.compiler (in target 'BCrypt' from project 'BCrypt')
    cd /Users/admin/builder/spi-builder-workspace/.swiftpm/xcode
    builtin-SwiftDriver -- /Applications/Xcode-27.0.0-Release.Candidate.app/Contents/Developer/Toolchains/XcodeDefault.xctoolchain/usr/bin/swiftc -parse-as-library -module-name BCrypt -Onone @/Users/admin/builder/spi-builder-workspace/.derivedData/Build/Intermediates.noindex/BCrypt.build/Debug-watchos/BCrypt-t.build/Objects-normal/arm64/BCrypt.SwiftFileList -DSWIFT_PACKAGE -DDEBUG -DSWIFT_MODULE_RESOURCE_BUNDLE_UNAVAILABLE -DXcode -plugin-path /Applications/Xcode-27.0.0-Release.Candidate.app/Contents/Developer/Toolchains/XcodeDefault.xctoolchain/usr/lib/swift/host/plugins/testing -enable-experimental-feature DebugDescriptionMacro -sdk /Applications/Xcode-27.0.0-Release.Candidate.app/Contents/Developer/Platforms/WatchOS.platform/Developer/SDKs/WatchOS27.0.sdk -target arm64-apple-watchos9.0 -g -module-cache-path /Users/admin/builder/spi-builder-workspace/.derivedData/ModuleCache.noindex -Xfrontend -serialize-debugging-options -profile-coverage-mapping -profile-generate -enable-testing -suppress-warnings -index-store-path /Users/admin/builder/spi-builder-workspace/.derivedData/Index.noindex/DataStore -Xcc -D_LIBCPP_HARDENING_MODE\=_LIBCPP_HARDENING_MODE_DEBUG -swift-version 4 -I /Users/admin/builder/spi-builder-workspace/.derivedData/Build/Products/Debug-watchos -Isystem /Applications/Xcode-27.0.0-Release.Candidate.app/Contents/Developer/Platforms/WatchOS.platform/Developer/usr/lib -F /Users/admin/builder/spi-builder-workspace/.derivedData/Build/Products/Debug-watchos/PackageFrameworks -F /Users/admin/builder/spi-builder-workspace/.derivedData/Build/Products/Debug-watchos -F /Applications/Xcode-27.0.0-Release.Candidate.app/Contents/Developer/Platforms/WatchOS.platform/Developer/Library/Frameworks -F /Applications/Xcode-27.0.0-Release.Candidate.app/Contents/Developer/Platforms/WatchOS.platform/Developer/SDKs/WatchOS27.0.sdk/Developer/Library/Frameworks -c -j10 -enable-batch-mode -incremental -Xcc -ivfsstatcache -Xcc /Users/admin/builder/spi-builder-workspace/.derivedData/SDKStatCaches.noindex/watchos27.0-24R360-e829b21a6f8c9b70876ba0858053c04477534ef55a1706bf4c1112bbb242f0a2.sdkstatcache -output-file-map /Users/admin/builder/spi-builder-workspace/.derivedData/Build/Intermediates.noindex/BCrypt.build/Debug-watchos/BCrypt-t.build/Objects-normal/arm64/BCrypt-OutputFileMap.json -save-temps -no-color-diagnostics -emit-dependencies -emit-module -emit-module-path /Users/admin/builder/spi-builder-workspace/.derivedData/Build/Intermediates.noindex/BCrypt.build/Debug-watchos/BCrypt-t.build/Objects-normal/arm64/BCrypt.swiftmodule -serialize-diagnostics -validate-clang-modules-once -clang-build-session-file /Users/admin/builder/spi-builder-workspace/.derivedData/ModuleCache.noindex/Session.modulevalidation -Xcc -fmodules-prune-interval\=86400 -Xcc -fmodules-prune-after\=345600 -emit-const-values -const-gather-protocols-list /Users/admin/builder/spi-builder-workspace/.derivedData/Build/Intermediates.noindex/BCrypt.build/Debug-watchos/BCrypt-t.build/Objects-normal/arm64/BCrypt_const_extract_protocols.json -Xcc -I/Users/admin/builder/spi-builder-workspace/.derivedData/Build/Products/Debug-watchos/include -Xcc -I/Users/admin/builder/spi-builder-workspace/.derivedData/Build/Intermediates.noindex/BCrypt.build/Debug-watchos/BCrypt-t.build/DerivedSources-normal/arm64 -Xcc -I/Users/admin/builder/spi-builder-workspace/.derivedData/Build/Intermediates.noindex/BCrypt.build/Debug-watchos/BCrypt-t.build/DerivedSources/arm64 -Xcc -I/Users/admin/builder/spi-builder-workspace/.derivedData/Build/Intermediates.noindex/BCrypt.build/Debug-watchos/BCrypt-t.build/DerivedSources -Xcc -DSWIFT_PACKAGE -Xcc -DDEBUG\=1 -emit-objc-header -emit-objc-header-path /Users/admin/builder/spi-builder-workspace/.derivedData/Build/Intermediates.noindex/BCrypt.build/Debug-watchos/BCrypt-t.build/Objects-normal/arm64/BCrypt-Swift.h -working-directory /Users/admin/builder/spi-builder-workspace/.swiftpm/xcode -experimental-emit-module-separately -disable-cmo
SwiftDriver SQLite normal arm64 com.apple.xcode.tools.swift.compiler (in target 'SQLite' from project 'SQLite')
    cd /Users/admin/builder/spi-builder-workspace/.swiftpm/xcode
    builtin-SwiftDriver -- /Applications/Xcode-27.0.0-Release.Candidate.app/Contents/Developer/Toolchains/XcodeDefault.xctoolchain/usr/bin/swiftc -parse-as-library -module-name SQLite -Onone @/Users/admin/builder/spi-builder-workspace/.derivedData/Build/Intermediates.noindex/SQLite.build/Debug-watchos/SQLite-t.build/Objects-normal/arm64/SQLite.SwiftFileList -DSWIFT_PACKAGE -DDEBUG -DSWIFT_MODULE_RESOURCE_BUNDLE_UNAVAILABLE -Xcc -fmodule-map-file\=/Users/admin/builder/spi-builder-workspace/.derivedData/Build/Intermediates.noindex/GeneratedModuleMaps-watchos/CSQLite.modulemap -DXcode -plugin-path /Applications/Xcode-27.0.0-Release.Candidate.app/Contents/Developer/Toolchains/XcodeDefault.xctoolchain/usr/lib/swift/host/plugins/testing -enable-experimental-feature DebugDescriptionMacro -sdk /Applications/Xcode-27.0.0-Release.Candidate.app/Contents/Developer/Platforms/WatchOS.platform/Developer/SDKs/WatchOS27.0.sdk -target arm64-apple-watchos9.0 -g -module-cache-path /Users/admin/builder/spi-builder-workspace/.derivedData/ModuleCache.noindex -Xfrontend -serialize-debugging-options -profile-coverage-mapping -profile-generate -enable-testing -suppress-warnings -index-store-path /Users/admin/builder/spi-builder-workspace/.derivedData/Index.noindex/DataStore -Xcc -D_LIBCPP_HARDENING_MODE\=_LIBCPP_HARDENING_MODE_DEBUG -swift-version 4 -I /Users/admin/builder/spi-builder-workspace/.derivedData/Build/Products/Debug-watchos -Isystem /Applications/Xcode-27.0.0-Release.Candidate.app/Contents/Developer/Platforms/WatchOS.platform/Developer/usr/lib -F /Users/admin/builder/spi-builder-workspace/.derivedData/Build/Products/Debug-watchos/PackageFrameworks -F /Users/admin/builder/spi-builder-workspace/.derivedData/Build/Products/Debug-watchos -F /Applications/Xcode-27.0.0-Release.Candidate.app/Contents/Developer/Platforms/WatchOS.platform/Developer/Library/Frameworks -F /Applications/Xcode-27.0.0-Release.Candidate.app/Contents/Developer/Platforms/WatchOS.platform/Developer/SDKs/WatchOS27.0.sdk/Developer/Library/Frameworks -c -j10 -enable-batch-mode -incremental -Xcc -ivfsstatcache -Xcc /Users/admin/builder/spi-builder-workspace/.derivedData/SDKStatCaches.noindex/watchos27.0-24R360-e829b21a6f8c9b70876ba0858053c04477534ef55a1706bf4c1112bbb242f0a2.sdkstatcache -output-file-map /Users/admin/builder/spi-builder-workspace/.derivedData/Build/Intermediates.noindex/SQLite.build/Debug-watchos/SQLite-t.build/Objects-normal/arm64/SQLite-OutputFileMap.json -save-temps -no-color-diagnostics -emit-dependencies -emit-module -emit-module-path /Users/admin/builder/spi-builder-workspace/.derivedData/Build/Intermediates.noindex/SQLite.build/Debug-watchos/SQLite-t.build/Objects-normal/arm64/SQLite.swiftmodule -serialize-diagnostics -validate-clang-modules-once -clang-build-session-file /Users/admin/builder/spi-builder-workspace/.derivedData/ModuleCache.noindex/Session.modulevalidation -Xcc -fmodules-prune-interval\=86400 -Xcc -fmodules-prune-after\=345600 -emit-const-values -const-gather-protocols-list /Users/admin/builder/spi-builder-workspace/.derivedData/Build/Intermediates.noindex/SQLite.build/Debug-watchos/SQLite-t.build/Objects-normal/arm64/SQLite_const_extract_protocols.json -Xcc -I/Users/admin/builder/spi-builder-workspace/.dependencies/checkouts/sqlite/Sources/CSQLite/include -Xcc -I/Users/admin/builder/spi-builder-workspace/.derivedData/Build/Products/Debug-watchos/include -Xcc -I/Users/admin/builder/spi-builder-workspace/.derivedData/Build/Intermediates.noindex/SQLite.build/Debug-watchos/SQLite-t.build/DerivedSources-normal/arm64 -Xcc -I/Users/admin/builder/spi-builder-workspace/.derivedData/Build/Intermediates.noindex/SQLite.build/Debug-watchos/SQLite-t.build/DerivedSources/arm64 -Xcc -I/Users/admin/builder/spi-builder-workspace/.derivedData/Build/Intermediates.noindex/SQLite.build/Debug-watchos/SQLite-t.build/DerivedSources -Xcc -DSWIFT_PACKAGE -Xcc -DDEBUG\=1 -emit-objc-header -emit-objc-header-path /Users/admin/builder/spi-builder-workspace/.derivedData/Build/Intermediates.noindex/SQLite.build/Debug-watchos/SQLite-t.build/Objects-normal/arm64/SQLite-Swift.h -working-directory /Users/admin/builder/spi-builder-workspace/.swiftpm/xcode -experimental-emit-module-separately -disable-cmo
SwiftDriver SQLite normal arm64_32 com.apple.xcode.tools.swift.compiler (in target 'SQLite' from project 'SQLite')
    cd /Users/admin/builder/spi-builder-workspace/.swiftpm/xcode
    builtin-SwiftDriver -- /Applications/Xcode-27.0.0-Release.Candidate.app/Contents/Developer/Toolchains/XcodeDefault.xctoolchain/usr/bin/swiftc -parse-as-library -module-name SQLite -Onone @/Users/admin/builder/spi-builder-workspace/.derivedData/Build/Intermediates.noindex/SQLite.build/Debug-watchos/SQLite-t.build/Objects-normal/arm64_32/SQLite.SwiftFileList -DSWIFT_PACKAGE -DDEBUG -DSWIFT_MODULE_RESOURCE_BUNDLE_UNAVAILABLE -Xcc -fmodule-map-file\=/Users/admin/builder/spi-builder-workspace/.derivedData/Build/Intermediates.noindex/GeneratedModuleMaps-watchos/CSQLite.modulemap -DXcode -plugin-path /Applications/Xcode-27.0.0-Release.Candidate.app/Contents/Developer/Toolchains/XcodeDefault.xctoolchain/usr/lib/swift/host/plugins/testing -enable-experimental-feature DebugDescriptionMacro -sdk /Applications/Xcode-27.0.0-Release.Candidate.app/Contents/Developer/Platforms/WatchOS.platform/Developer/SDKs/WatchOS27.0.sdk -target arm64_32-apple-watchos9.0 -g -module-cache-path /Users/admin/builder/spi-builder-workspace/.derivedData/ModuleCache.noindex -Xfrontend -serialize-debugging-options -profile-coverage-mapping -profile-generate -enable-testing -suppress-warnings -index-store-path /Users/admin/builder/spi-builder-workspace/.derivedData/Index.noindex/DataStore -Xcc -D_LIBCPP_HARDENING_MODE\=_LIBCPP_HARDENING_MODE_DEBUG -swift-version 4 -I /Users/admin/builder/spi-builder-workspace/.derivedData/Build/Products/Debug-watchos -Isystem /Applications/Xcode-27.0.0-Release.Candidate.app/Contents/Developer/Platforms/WatchOS.platform/Developer/usr/lib -F /Users/admin/builder/spi-builder-workspace/.derivedData/Build/Products/Debug-watchos/PackageFrameworks -F /Users/admin/builder/spi-builder-workspace/.derivedData/Build/Products/Debug-watchos -F /Applications/Xcode-27.0.0-Release.Candidate.app/Contents/Developer/Platforms/WatchOS.platform/Developer/Library/Frameworks -F /Applications/Xcode-27.0.0-Release.Candidate.app/Contents/Developer/Platforms/WatchOS.platform/Developer/SDKs/WatchOS27.0.sdk/Developer/Library/Frameworks -c -j10 -enable-batch-mode -incremental -Xcc -ivfsstatcache -Xcc /Users/admin/builder/spi-builder-workspace/.derivedData/SDKStatCaches.noindex/watchos27.0-24R360-e829b21a6f8c9b70876ba0858053c04477534ef55a1706bf4c1112bbb242f0a2.sdkstatcache -output-file-map /Users/admin/builder/spi-builder-workspace/.derivedData/Build/Intermediates.noindex/SQLite.build/Debug-watchos/SQLite-t.build/Objects-normal/arm64_32/SQLite-OutputFileMap.json -save-temps -no-color-diagnostics -emit-dependencies -emit-module -emit-module-path /Users/admin/builder/spi-builder-workspace/.derivedData/Build/Intermediates.noindex/SQLite.build/Debug-watchos/SQLite-t.build/Objects-normal/arm64_32/SQLite.swiftmodule -serialize-diagnostics -validate-clang-modules-once -clang-build-session-file /Users/admin/builder/spi-builder-workspace/.derivedData/ModuleCache.noindex/Session.modulevalidation -Xcc -fmodules-prune-interval\=86400 -Xcc -fmodules-prune-after\=345600 -emit-const-values -const-gather-protocols-list /Users/admin/builder/spi-builder-workspace/.derivedData/Build/Intermediates.noindex/SQLite.build/Debug-watchos/SQLite-t.build/Objects-normal/arm64_32/SQLite_const_extract_protocols.json -Xcc -I/Users/admin/builder/spi-builder-workspace/.dependencies/checkouts/sqlite/Sources/CSQLite/include -Xcc -I/Users/admin/builder/spi-builder-workspace/.derivedData/Build/Products/Debug-watchos/include -Xcc -I/Users/admin/builder/spi-builder-workspace/.derivedData/Build/Intermediates.noindex/SQLite.build/Debug-watchos/SQLite-t.build/DerivedSources-normal/arm64_32 -Xcc -I/Users/admin/builder/spi-builder-workspace/.derivedData/Build/Intermediates.noindex/SQLite.build/Debug-watchos/SQLite-t.build/DerivedSources/arm64_32 -Xcc -I/Users/admin/builder/spi-builder-workspace/.derivedData/Build/Intermediates.noindex/SQLite.build/Debug-watchos/SQLite-t.build/DerivedSources -Xcc -DSWIFT_PACKAGE -Xcc -DDEBUG\=1 -emit-objc-header -emit-objc-header-path /Users/admin/builder/spi-builder-workspace/.derivedData/Build/Intermediates.noindex/SQLite.build/Debug-watchos/SQLite-t.build/Objects-normal/arm64_32/SQLite-Swift.h -working-directory /Users/admin/builder/spi-builder-workspace/.swiftpm/xcode -experimental-emit-module-separately -disable-cmo
SwiftDriver SMTP normal arm64_32 com.apple.xcode.tools.swift.compiler (in target 'SMTP' from project 'Engine')
    cd /Users/admin/builder/spi-builder-workspace/.swiftpm/xcode
    builtin-SwiftDriver -- /Applications/Xcode-27.0.0-Release.Candidate.app/Contents/Developer/Toolchains/XcodeDefault.xctoolchain/usr/bin/swiftc -parse-as-library -module-name SMTP -Onone @/Users/admin/builder/spi-builder-workspace/.derivedData/Build/Intermediates.noindex/Engine.build/Debug-watchos/SMTP-t.build/Objects-normal/arm64_32/SMTP.SwiftFileList -DSWIFT_PACKAGE -DDEBUG -DSWIFT_MODULE_RESOURCE_BUNDLE_UNAVAILABLE -DXcode -plugin-path /Applications/Xcode-27.0.0-Release.Candidate.app/Contents/Developer/Toolchains/XcodeDefault.xctoolchain/usr/lib/swift/host/plugins/testing -enable-experimental-feature DebugDescriptionMacro -sdk /Applications/Xcode-27.0.0-Release.Candidate.app/Contents/Developer/Platforms/WatchOS.platform/Developer/SDKs/WatchOS27.0.sdk -target arm64_32-apple-watchos9.0 -g -module-cache-path /Users/admin/builder/spi-builder-workspace/.derivedData/ModuleCache.noindex -Xfrontend -serialize-debugging-options -profile-coverage-mapping -profile-generate -enable-testing -suppress-warnings -index-store-path /Users/admin/builder/spi-builder-workspace/.derivedData/Index.noindex/DataStore -Xcc -D_LIBCPP_HARDENING_MODE\=_LIBCPP_HARDENING_MODE_DEBUG -swift-version 4 -I /Users/admin/builder/spi-builder-workspace/.derivedData/Build/Products/Debug-watchos -Isystem /Applications/Xcode-27.0.0-Release.Candidate.app/Contents/Developer/Platforms/WatchOS.platform/Developer/usr/lib -F /Users/admin/builder/spi-builder-workspace/.derivedData/Build/Products/Debug-watchos/PackageFrameworks -F /Users/admin/builder/spi-builder-workspace/.derivedData/Build/Products/Debug-watchos -F /Applications/Xcode-27.0.0-Release.Candidate.app/Contents/Developer/Platforms/WatchOS.platform/Developer/Library/Frameworks -F /Applications/Xcode-27.0.0-Release.Candidate.app/Contents/Developer/Platforms/WatchOS.platform/Developer/SDKs/WatchOS27.0.sdk/Developer/Library/Frameworks -c -j10 -enable-batch-mode -incremental -Xcc -ivfsstatcache -Xcc /Users/admin/builder/spi-builder-workspace/.derivedData/SDKStatCaches.noindex/watchos27.0-24R360-e829b21a6f8c9b70876ba0858053c04477534ef55a1706bf4c1112bbb242f0a2.sdkstatcache -output-file-map /Users/admin/builder/spi-builder-workspace/.derivedData/Build/Intermediates.noindex/Engine.build/Debug-watchos/SMTP-t.build/Objects-normal/arm64_32/SMTP-OutputFileMap.json -save-temps -no-color-diagnostics -emit-dependencies -emit-module -emit-module-path /Users/admin/builder/spi-builder-workspace/.derivedData/Build/Intermediates.noindex/Engine.build/Debug-watchos/SMTP-t.build/Objects-normal/arm64_32/SMTP.swiftmodule -serialize-diagnostics -validate-clang-modules-once -clang-build-session-file /Users/admin/builder/spi-builder-workspace/.derivedData/ModuleCache.noindex/Session.modulevalidation -Xcc -fmodules-prune-interval\=86400 -Xcc -fmodules-prune-after\=345600 -emit-const-values -const-gather-protocols-list /Users/admin/builder/spi-builder-workspace/.derivedData/Build/Intermediates.noindex/Engine.build/Debug-watchos/SMTP-t.build/Objects-normal/arm64_32/SMTP_const_extract_protocols.json -Xcc -I/Users/admin/builder/spi-builder-workspace/.derivedData/Build/Products/Debug-watchos/include -Xcc -I/Users/admin/builder/spi-builder-workspace/.derivedData/Build/Intermediates.noindex/Engine.build/Debug-watchos/SMTP-t.build/DerivedSources-normal/arm64_32 -Xcc -I/Users/admin/builder/spi-builder-workspace/.derivedData/Build/Intermediates.noindex/Engine.build/Debug-watchos/SMTP-t.build/DerivedSources/arm64_32 -Xcc -I/Users/admin/builder/spi-builder-workspace/.derivedData/Build/Intermediates.noindex/Engine.build/Debug-watchos/SMTP-t.build/DerivedSources -Xcc -DSWIFT_PACKAGE -Xcc -DDEBUG\=1 -emit-objc-header -emit-objc-header-path /Users/admin/builder/spi-builder-workspace/.derivedData/Build/Intermediates.noindex/Engine.build/Debug-watchos/SMTP-t.build/Objects-normal/arm64_32/SMTP-Swift.h -working-directory /Users/admin/builder/spi-builder-workspace/.swiftpm/xcode -experimental-emit-module-separately -disable-cmo
SwiftDriver SMTP normal arm64 com.apple.xcode.tools.swift.compiler (in target 'SMTP' from project 'Engine')
    cd /Users/admin/builder/spi-builder-workspace/.swiftpm/xcode
    builtin-SwiftDriver -- /Applications/Xcode-27.0.0-Release.Candidate.app/Contents/Developer/Toolchains/XcodeDefault.xctoolchain/usr/bin/swiftc -parse-as-library -module-name SMTP -Onone @/Users/admin/builder/spi-builder-workspace/.derivedData/Build/Intermediates.noindex/Engine.build/Debug-watchos/SMTP-t.build/Objects-normal/arm64/SMTP.SwiftFileList -DSWIFT_PACKAGE -DDEBUG -DSWIFT_MODULE_RESOURCE_BUNDLE_UNAVAILABLE -DXcode -plugin-path /Applications/Xcode-27.0.0-Release.Candidate.app/Contents/Developer/Toolchains/XcodeDefault.xctoolchain/usr/lib/swift/host/plugins/testing -enable-experimental-feature DebugDescriptionMacro -sdk /Applications/Xcode-27.0.0-Release.Candidate.app/Contents/Developer/Platforms/WatchOS.platform/Developer/SDKs/WatchOS27.0.sdk -target arm64-apple-watchos9.0 -g -module-cache-path /Users/admin/builder/spi-builder-workspace/.derivedData/ModuleCache.noindex -Xfrontend -serialize-debugging-options -profile-coverage-mapping -profile-generate -enable-testing -suppress-warnings -index-store-path /Users/admin/builder/spi-builder-workspace/.derivedData/Index.noindex/DataStore -Xcc -D_LIBCPP_HARDENING_MODE\=_LIBCPP_HARDENING_MODE_DEBUG -swift-version 4 -I /Users/admin/builder/spi-builder-workspace/.derivedData/Build/Products/Debug-watchos -Isystem /Applications/Xcode-27.0.0-Release.Candidate.app/Contents/Developer/Platforms/WatchOS.platform/Developer/usr/lib -F /Users/admin/builder/spi-builder-workspace/.derivedData/Build/Products/Debug-watchos/PackageFrameworks -F /Users/admin/builder/spi-builder-workspace/.derivedData/Build/Products/Debug-watchos -F /Applications/Xcode-27.0.0-Release.Candidate.app/Contents/Developer/Platforms/WatchOS.platform/Developer/Library/Frameworks -F /Applications/Xcode-27.0.0-Release.Candidate.app/Contents/Developer/Platforms/WatchOS.platform/Developer/SDKs/WatchOS27.0.sdk/Developer/Library/Frameworks -c -j10 -enable-batch-mode -incremental -Xcc -ivfsstatcache -Xcc /Users/admin/builder/spi-builder-workspace/.derivedData/SDKStatCaches.noindex/watchos27.0-24R360-e829b21a6f8c9b70876ba0858053c04477534ef55a1706bf4c1112bbb242f0a2.sdkstatcache -output-file-map /Users/admin/builder/spi-builder-workspace/.derivedData/Build/Intermediates.noindex/Engine.build/Debug-watchos/SMTP-t.build/Objects-normal/arm64/SMTP-OutputFileMap.json -save-temps -no-color-diagnostics -emit-dependencies -emit-module -emit-module-path /Users/admin/builder/spi-builder-workspace/.derivedData/Build/Intermediates.noindex/Engine.build/Debug-watchos/SMTP-t.build/Objects-normal/arm64/SMTP.swiftmodule -serialize-diagnostics -validate-clang-modules-once -clang-build-session-file /Users/admin/builder/spi-builder-workspace/.derivedData/ModuleCache.noindex/Session.modulevalidation -Xcc -fmodules-prune-interval\=86400 -Xcc -fmodules-prune-after\=345600 -emit-const-values -const-gather-protocols-list /Users/admin/builder/spi-builder-workspace/.derivedData/Build/Intermediates.noindex/Engine.build/Debug-watchos/SMTP-t.build/Objects-normal/arm64/SMTP_const_extract_protocols.json -Xcc -I/Users/admin/builder/spi-builder-workspace/.derivedData/Build/Products/Debug-watchos/include -Xcc -I/Users/admin/builder/spi-builder-workspace/.derivedData/Build/Intermediates.noindex/Engine.build/Debug-watchos/SMTP-t.build/DerivedSources-normal/arm64 -Xcc -I/Users/admin/builder/spi-builder-workspace/.derivedData/Build/Intermediates.noindex/Engine.build/Debug-watchos/SMTP-t.build/DerivedSources/arm64 -Xcc -I/Users/admin/builder/spi-builder-workspace/.derivedData/Build/Intermediates.noindex/Engine.build/Debug-watchos/SMTP-t.build/DerivedSources -Xcc -DSWIFT_PACKAGE -Xcc -DDEBUG\=1 -emit-objc-header -emit-objc-header-path /Users/admin/builder/spi-builder-workspace/.derivedData/Build/Intermediates.noindex/Engine.build/Debug-watchos/SMTP-t.build/Objects-normal/arm64/SMTP-Swift.h -working-directory /Users/admin/builder/spi-builder-workspace/.swiftpm/xcode -experimental-emit-module-separately -disable-cmo
SwiftEmitModule normal arm64_32 Emitting\ module\ for\ TLS (in target 'TLS' from project 'TLS')
<module-includes>:1:9: note: in file included from <module-includes>:1:
1 | #import "shim.h"
  |         `- note: in file included from <module-includes>:1:
2 |
/Users/admin/builder/spi-builder-workspace/.dependencies/checkouts/ctls/shim.h:4:10: error: 'openssl/conf.h' file not found
 2 | #define __COPENSSL_SHIM_H__
 3 |
 4 | #include <openssl/conf.h>
   |          `- error: 'openssl/conf.h' file not found
 5 | #include <openssl/evp.h>
 6 | #include <openssl/err.h>
/Users/admin/builder/spi-builder-workspace/.dependencies/checkouts/tls/Sources/TLS/ClientSocket.swift:1:8: error: could not build Objective-C module 'CTLS'
 1 | import CTLS
   |        `- error: could not build Objective-C module 'CTLS'
 2 |
 3 | /// An SSL Socket.
Failed frontend command:
/Applications/Xcode-27.0.0-Release.Candidate.app/Contents/Developer/Toolchains/XcodeDefault.xctoolchain/usr/bin/swift-frontend -frontend -emit-module -experimental-skip-non-inlinable-function-bodies-without-types /Users/admin/builder/spi-builder-workspace/.dependencies/checkouts/tls/Sources/TLS/Certificates.swift /Users/admin/builder/spi-builder-workspace/.dependencies/checkouts/tls/Sources/TLS/ClientSocket.swift /Users/admin/builder/spi-builder-workspace/.dependencies/checkouts/tls/Sources/TLS/Context.swift /Users/admin/builder/spi-builder-workspace/.dependencies/checkouts/tls/Sources/TLS/Error.swift /Users/admin/builder/spi-builder-workspace/.dependencies/checkouts/tls/Sources/TLS/Exports.swift /Users/admin/builder/spi-builder-workspace/.dependencies/checkouts/tls/Sources/TLS/InternetSocket.swift /Users/admin/builder/spi-builder-workspace/.dependencies/checkouts/tls/Sources/TLS/Mode.swift /Users/admin/builder/spi-builder-workspace/.dependencies/checkouts/tls/Sources/TLS/ReadableSocket.swift /Users/admin/builder/spi-builder-workspace/.dependencies/checkouts/tls/Sources/TLS/ServerSocket.swift /Users/admin/builder/spi-builder-workspace/.dependencies/checkouts/tls/Sources/TLS/Socket.swift /Users/admin/builder/spi-builder-workspace/.dependencies/checkouts/tls/Sources/TLS/Utilities.swift /Users/admin/builder/spi-builder-workspace/.dependencies/checkouts/tls/Sources/TLS/WriteableSocket.swift -target arm64_32-apple-watchos9.0 -enable-objc-interop -sdk /Applications/Xcode-27.0.0-Release.Candidate.app/Contents/Developer/Platforms/WatchOS.platform/Developer/SDKs/WatchOS27.0.sdk -I /Users/admin/builder/spi-builder-workspace/.derivedData/Build/Products/Debug-watchos -Isystem /Applications/Xcode-27.0.0-Release.Candidate.app/Contents/Developer/Platforms/WatchOS.platform/Developer/usr/lib -F /Users/admin/builder/spi-builder-workspace/.derivedData/Build/Products/Debug-watchos/PackageFrameworks -F /Users/admin/builder/spi-builder-workspace/.derivedData/Build/Products/Debug-watchos -F /Applications/Xcode-27.0.0-Release.Candidate.app/Contents/Developer/Platforms/WatchOS.platform/Developer/Library/Frameworks -F /Applications/Xcode-27.0.0-Release.Candidate.app/Contents/Developer/Platforms/WatchOS.platform/Developer/SDKs/WatchOS27.0.sdk/Developer/Library/Frameworks -module-cache-path /Users/admin/builder/spi-builder-workspace/.derivedData/ModuleCache.noindex -no-color-diagnostics -Xcc -fno-color-diagnostics -enable-testing -g -debug-info-format\=dwarf -dwarf-version\=4 -suppress-warnings -profile-generate -profile-coverage-mapping -swift-version 4 -Onone -D SWIFT_PACKAGE -D DEBUG -D SWIFT_MODULE_RESOURCE_BUNDLE_UNAVAILABLE -D Xcode -serialize-debugging-options -enable-experimental-feature DebugDescriptionMacro -empty-abi-descriptor -plugin-path /Applications/Xcode-27.0.0-Release.Candidate.app/Contents/Developer/Toolchains/XcodeDefault.xctoolchain/usr/lib/swift/host/plugins/testing -validate-clang-modules-once -clang-build-session-file /Users/admin/builder/spi-builder-workspace/.derivedData/ModuleCache.noindex/Session.modulevalidation -Xcc -working-directory -Xcc /Users/admin/builder/spi-builder-workspace/.swiftpm/xcode -enable-anonymous-context-mangled-names -file-compilation-dir /Users/admin/builder/spi-builder-workspace/.swiftpm/xcode -Xcc -fmodule-map-file\=/Users/admin/builder/spi-builder-workspace/.dependencies/checkouts/ctls/module.modulemap -Xcc -D_LIBCPP_HARDENING_MODE\=_LIBCPP_HARDENING_MODE_DEBUG -Xcc -ivfsstatcache -Xcc /Users/admin/builder/spi-builder-workspace/.derivedData/SDKStatCaches.noindex/watchos27.0-24R360-e829b21a6f8c9b70876ba0858053c04477534ef55a1706bf4c1112bbb242f0a2.sdkstatcache -Xcc -fmodules-prune-interval\=86400 -Xcc -fmodules-prune-after\=345600 -Xcc -I/Users/admin/builder/spi-builder-workspace/.derivedData/Build/Products/Debug-watchos/include -Xcc -I/Users/admin/builder/spi-builder-workspace/.derivedData/Build/Intermediates.noindex/TLS.build/Debug-watchos/TLS-t.build/DerivedSources-normal/arm64_32 -Xcc -I/Users/admin/builder/spi-builder-workspace/.derivedData/Build/Intermediates.noindex/TLS.build/Debug-watchos/TLS-t.build/DerivedSources/arm64_32 -Xcc -I/Users/admin/builder/spi-builder-workspace/.derivedData/Build/Intermediates.noindex/TLS.build/Debug-watchos/TLS-t.build/DerivedSources -Xcc -DSWIFT_PACKAGE -Xcc -DDEBUG\=1 -no-auto-bridging-header-chaining -module-name TLS -const-gather-protocols-file /Users/admin/builder/spi-builder-workspace/.derivedData/Build/Intermediates.noindex/TLS.build/Debug-watchos/TLS-t.build/Objects-normal/arm64_32/TLS_const_extract_protocols.json -disable-clang-spi -target-sdk-version 27.0 -target-sdk-name watchos27.0 -external-plugin-path /Applications/Xcode-27.0.0-Release.Candidate.app/Contents/Developer/Platforms/WatchOS.platform/Developer/usr/lib/swift/host/plugins\#/Applications/Xcode-27.0.0-Release.Candidate.app/Contents/Developer/Platforms/WatchOS.platform/Developer/usr/bin/swift-plugin-server -external-plugin-path /Applications/Xcode-27.0.0-Release.Candidate.app/Contents/Developer/Platforms/WatchOS.platform/Developer/usr/local/lib/swift/host/plugins\#/Applications/Xcode-27.0.0-Release.Candidate.app/Contents/Developer/Platforms/WatchOS.platform/Developer/usr/bin/swift-plugin-server -in-process-plugin-server-path /Applications/Xcode-27.0.0-Release.Candidate.app/Contents/Developer/Toolchains/XcodeDefault.xctoolchain/usr/lib/swift/host/libSwiftInProcPluginServer.dylib -plugin-path /Applications/Xcode-27.0.0-Release.Candidate.app/Contents/Developer/Toolchains/XcodeDefault.xctoolchain/usr/lib/swift/host/plugins -plugin-path /Applications/Xcode-27.0.0-Release.Candidate.app/Contents/Developer/Toolchains/XcodeDefault.xctoolchain/usr/local/lib/swift/host/plugins -emit-module-doc-path /Users/admin/builder/spi-builder-workspace/.derivedData/Build/Intermediates.noindex/TLS.build/Debug-watchos/TLS-t.build/Objects-normal/arm64_32/TLS.swiftdoc -emit-module-source-info-path /Users/admin/builder/spi-builder-workspace/.derivedData/Build/Intermediates.noindex/TLS.build/Debug-watchos/TLS-t.build/Objects-normal/arm64_32/TLS.swiftsourceinfo -emit-objc-header-path /Users/admin/builder/spi-builder-workspace/.derivedData/Build/Intermediates.noindex/TLS.build/Debug-watchos/TLS-t.build/Objects-normal/arm64_32/TLS-Swift.h -serialize-diagnostics-path /Users/admin/builder/spi-builder-workspace/.derivedData/Build/Intermediates.noindex/TLS.build/Debug-watchos/TLS-t.build/Objects-normal/arm64_32/TLS-primary-emit-module.dia -emit-dependencies-path /Users/admin/builder/spi-builder-workspace/.derivedData/Build/Intermediates.noindex/TLS.build/Debug-watchos/TLS-t.build/Objects-normal/arm64_32/TLS-primary-emit-module.d -parse-as-library -o /Users/admin/builder/spi-builder-workspace/.derivedData/Build/Intermediates.noindex/TLS.build/Debug-watchos/TLS-t.build/Objects-normal/arm64_32/TLS.swiftmodule -emit-abi-descriptor-path /Users/admin/builder/spi-builder-workspace/.derivedData/Build/Intermediates.noindex/TLS.build/Debug-watchos/TLS-t.build/Objects-normal/arm64_32/TLS.abi.json
SwiftCompile normal arm64_32 (in target 'TLS' from project 'TLS')
    cd /Users/admin/builder/spi-builder-workspace/.swiftpm/xcode

SwiftEmitModule normal arm64 Emitting\ module\ for\ TLS (in target 'TLS' from project 'TLS')
<module-includes>:1:9: note: in file included from <module-includes>:1:
1 | #import "shim.h"
  |         `- note: in file included from <module-includes>:1:
2 |
/Users/admin/builder/spi-builder-workspace/.dependencies/checkouts/ctls/shim.h:4:10: error: 'openssl/conf.h' file not found
 2 | #define __COPENSSL_SHIM_H__
 3 |
 4 | #include <openssl/conf.h>
   |          `- error: 'openssl/conf.h' file not found
 5 | #include <openssl/evp.h>
 6 | #include <openssl/err.h>
/Users/admin/builder/spi-builder-workspace/.dependencies/checkouts/tls/Sources/TLS/ClientSocket.swift:1:8: error: could not build Objective-C module 'CTLS'
 1 | import CTLS
   |        `- error: could not build Objective-C module 'CTLS'
 2 |
 3 | /// An SSL Socket.
Failed frontend command:
/Applications/Xcode-27.0.0-Release.Candidate.app/Contents/Developer/Toolchains/XcodeDefault.xctoolchain/usr/bin/swift-frontend -frontend -emit-module -experimental-skip-non-inlinable-function-bodies-without-types /Users/admin/builder/spi-builder-workspace/.dependencies/checkouts/tls/Sources/TLS/Certificates.swift /Users/admin/builder/spi-builder-workspace/.dependencies/checkouts/tls/Sources/TLS/ClientSocket.swift /Users/admin/builder/spi-builder-workspace/.dependencies/checkouts/tls/Sources/TLS/Context.swift /Users/admin/builder/spi-builder-workspace/.dependencies/checkouts/tls/Sources/TLS/Error.swift /Users/admin/builder/spi-builder-workspace/.dependencies/checkouts/tls/Sources/TLS/Exports.swift /Users/admin/builder/spi-builder-workspace/.dependencies/checkouts/tls/Sources/TLS/InternetSocket.swift /Users/admin/builder/spi-builder-workspace/.dependencies/checkouts/tls/Sources/TLS/Mode.swift /Users/admin/builder/spi-builder-workspace/.dependencies/checkouts/tls/Sources/TLS/ReadableSocket.swift /Users/admin/builder/spi-builder-workspace/.dependencies/checkouts/tls/Sources/TLS/ServerSocket.swift /Users/admin/builder/spi-builder-workspace/.dependencies/checkouts/tls/Sources/TLS/Socket.swift /Users/admin/builder/spi-builder-workspace/.dependencies/checkouts/tls/Sources/TLS/Utilities.swift /Users/admin/builder/spi-builder-workspace/.dependencies/checkouts/tls/Sources/TLS/WriteableSocket.swift -target arm64-apple-watchos9.0 -Xllvm -aarch64-use-tbi -enable-objc-interop -stack-check -sdk /Applications/Xcode-27.0.0-Release.Candidate.app/Contents/Developer/Platforms/WatchOS.platform/Developer/SDKs/WatchOS27.0.sdk -I /Users/admin/builder/spi-builder-workspace/.derivedData/Build/Products/Debug-watchos -Isystem /Applications/Xcode-27.0.0-Release.Candidate.app/Contents/Developer/Platforms/WatchOS.platform/Developer/usr/lib -F /Users/admin/builder/spi-builder-workspace/.derivedData/Build/Products/Debug-watchos/PackageFrameworks -F /Users/admin/builder/spi-builder-workspace/.derivedData/Build/Products/Debug-watchos -F /Applications/Xcode-27.0.0-Release.Candidate.app/Contents/Developer/Platforms/WatchOS.platform/Developer/Library/Frameworks -F /Applications/Xcode-27.0.0-Release.Candidate.app/Contents/Developer/Platforms/WatchOS.platform/Developer/SDKs/WatchOS27.0.sdk/Developer/Library/Frameworks -module-cache-path /Users/admin/builder/spi-builder-workspace/.derivedData/ModuleCache.noindex -no-color-diagnostics -Xcc -fno-color-diagnostics -enable-testing -g -debug-info-format\=dwarf -dwarf-version\=4 -suppress-warnings -profile-generate -profile-coverage-mapping -swift-version 4 -Onone -D SWIFT_PACKAGE -D DEBUG -D SWIFT_MODULE_RESOURCE_BUNDLE_UNAVAILABLE -D Xcode -serialize-debugging-options -enable-experimental-feature DebugDescriptionMacro -empty-abi-descriptor -plugin-path /Applications/Xcode-27.0.0-Release.Candidate.app/Contents/Developer/Toolchains/XcodeDefault.xctoolchain/usr/lib/swift/host/plugins/testing -validate-clang-modules-once -clang-build-session-file /Users/admin/builder/spi-builder-workspace/.derivedData/ModuleCache.noindex/Session.modulevalidation -Xcc -working-directory -Xcc /Users/admin/builder/spi-builder-workspace/.swiftpm/xcode -enable-anonymous-context-mangled-names -file-compilation-dir /Users/admin/builder/spi-builder-workspace/.swiftpm/xcode -Xcc -fmodule-map-file\=/Users/admin/builder/spi-builder-workspace/.dependencies/checkouts/ctls/module.modulemap -Xcc -D_LIBCPP_HARDENING_MODE\=_LIBCPP_HARDENING_MODE_DEBUG -Xcc -ivfsstatcache -Xcc /Users/admin/builder/spi-builder-workspace/.derivedData/SDKStatCaches.noindex/watchos27.0-24R360-e829b21a6f8c9b70876ba0858053c04477534ef55a1706bf4c1112bbb242f0a2.sdkstatcache -Xcc -fmodules-prune-interval\=86400 -Xcc -fmodules-prune-after\=345600 -Xcc -I/Users/admin/builder/spi-builder-workspace/.derivedData/Build/Products/Debug-watchos/include -Xcc -I/Users/admin/builder/spi-builder-workspace/.derivedData/Build/Intermediates.noindex/TLS.build/Debug-watchos/TLS-t.build/DerivedSources-normal/arm64 -Xcc -I/Users/admin/builder/spi-builder-workspace/.derivedData/Build/Intermediates.noindex/TLS.build/Debug-watchos/TLS-t.build/DerivedSources/arm64 -Xcc -I/Users/admin/builder/spi-builder-workspace/.derivedData/Build/Intermediates.noindex/TLS.build/Debug-watchos/TLS-t.build/DerivedSources -Xcc -DSWIFT_PACKAGE -Xcc -DDEBUG\=1 -no-auto-bridging-header-chaining -module-name TLS -const-gather-protocols-file /Users/admin/builder/spi-builder-workspace/.derivedData/Build/Intermediates.noindex/TLS.build/Debug-watchos/TLS-t.build/Objects-normal/arm64/TLS_const_extract_protocols.json -disable-clang-spi -target-sdk-version 27.0 -target-sdk-name watchos27.0 -external-plugin-path /Applications/Xcode-27.0.0-Release.Candidate.app/Contents/Developer/Platforms/WatchOS.platform/Developer/usr/lib/swift/host/plugins\#/Applications/Xcode-27.0.0-Release.Candidate.app/Contents/Developer/Platforms/WatchOS.platform/Developer/usr/bin/swift-plugin-server -external-plugin-path /Applications/Xcode-27.0.0-Release.Candidate.app/Contents/Developer/Platforms/WatchOS.platform/Developer/usr/local/lib/swift/host/plugins\#/Applications/Xcode-27.0.0-Release.Candidate.app/Contents/Developer/Platforms/WatchOS.platform/Developer/usr/bin/swift-plugin-server -in-process-plugin-server-path /Applications/Xcode-27.0.0-Release.Candidate.app/Contents/Developer/Toolchains/XcodeDefault.xctoolchain/usr/lib/swift/host/libSwiftInProcPluginServer.dylib -plugin-path /Applications/Xcode-27.0.0-Release.Candidate.app/Contents/Developer/Toolchains/XcodeDefault.xctoolchain/usr/lib/swift/host/plugins -plugin-path /Applications/Xcode-27.0.0-Release.Candidate.app/Contents/Developer/Toolchains/XcodeDefault.xctoolchain/usr/local/lib/swift/host/plugins -emit-module-doc-path /Users/admin/builder/spi-builder-workspace/.derivedData/Build/Intermediates.noindex/TLS.build/Debug-watchos/TLS-t.build/Objects-normal/arm64/TLS.swiftdoc -emit-module-source-info-path /Users/admin/builder/spi-builder-workspace/.derivedData/Build/Intermediates.noindex/TLS.build/Debug-watchos/TLS-t.build/Objects-normal/arm64/TLS.swiftsourceinfo -emit-objc-header-path /Users/admin/builder/spi-builder-workspace/.derivedData/Build/Intermediates.noindex/TLS.build/Debug-watchos/TLS-t.build/Objects-normal/arm64/TLS-Swift.h -serialize-diagnostics-path /Users/admin/builder/spi-builder-workspace/.derivedData/Build/Intermediates.noindex/TLS.build/Debug-watchos/TLS-t.build/Objects-normal/arm64/TLS-primary-emit-module.dia -emit-dependencies-path /Users/admin/builder/spi-builder-workspace/.derivedData/Build/Intermediates.noindex/TLS.build/Debug-watchos/TLS-t.build/Objects-normal/arm64/TLS-primary-emit-module.d -parse-as-library -o /Users/admin/builder/spi-builder-workspace/.derivedData/Build/Intermediates.noindex/TLS.build/Debug-watchos/TLS-t.build/Objects-normal/arm64/TLS.swiftmodule -emit-abi-descriptor-path /Users/admin/builder/spi-builder-workspace/.derivedData/Build/Intermediates.noindex/TLS.build/Debug-watchos/TLS-t.build/Objects-normal/arm64/TLS.abi.json
SwiftCompile normal arm64 (in target 'TLS' from project 'TLS')
    cd /Users/admin/builder/spi-builder-workspace/.swiftpm/xcode

SwiftDriver JSON normal arm64 com.apple.xcode.tools.swift.compiler (in target 'JSON' from project 'JSON')
    cd /Users/admin/builder/spi-builder-workspace/.swiftpm/xcode
    builtin-SwiftDriver -- /Applications/Xcode-27.0.0-Release.Candidate.app/Contents/Developer/Toolchains/XcodeDefault.xctoolchain/usr/bin/swiftc -parse-as-library -module-name JSON -Onone @/Users/admin/builder/spi-builder-workspace/.derivedData/Build/Intermediates.noindex/JSON.build/Debug-watchos/JSON-t.build/Objects-normal/arm64/JSON.SwiftFileList -DSWIFT_PACKAGE -DDEBUG -DSWIFT_MODULE_RESOURCE_BUNDLE_UNAVAILABLE -DXcode -plugin-path /Applications/Xcode-27.0.0-Release.Candidate.app/Contents/Developer/Toolchains/XcodeDefault.xctoolchain/usr/lib/swift/host/plugins/testing -enable-experimental-feature DebugDescriptionMacro -sdk /Applications/Xcode-27.0.0-Release.Candidate.app/Contents/Developer/Platforms/WatchOS.platform/Developer/SDKs/WatchOS27.0.sdk -target arm64-apple-watchos9.0 -g -module-cache-path /Users/admin/builder/spi-builder-workspace/.derivedData/ModuleCache.noindex -Xfrontend -serialize-debugging-options -profile-coverage-mapping -profile-generate -enable-testing -suppress-warnings -index-store-path /Users/admin/builder/spi-builder-workspace/.derivedData/Index.noindex/DataStore -Xcc -D_LIBCPP_HARDENING_MODE\=_LIBCPP_HARDENING_MODE_DEBUG -swift-version 4 -I /Users/admin/builder/spi-builder-workspace/.derivedData/Build/Products/Debug-watchos -Isystem /Applications/Xcode-27.0.0-Release.Candidate.app/Contents/Developer/Platforms/WatchOS.platform/Developer/usr/lib -F /Users/admin/builder/spi-builder-workspace/.derivedData/Build/Products/Debug-watchos/PackageFrameworks -F /Users/admin/builder/spi-builder-workspace/.derivedData/Build/Products/Debug-watchos -F /Applications/Xcode-27.0.0-Release.Candidate.app/Contents/Developer/Platforms/WatchOS.platform/Developer/Library/Frameworks -F /Applications/Xcode-27.0.0-Release.Candidate.app/Contents/Developer/Platforms/WatchOS.platform/Developer/SDKs/WatchOS27.0.sdk/Developer/Library/Frameworks -c -j10 -enable-batch-mode -incremental -Xcc -ivfsstatcache -Xcc /Users/admin/builder/spi-builder-workspace/.derivedData/SDKStatCaches.noindex/watchos27.0-24R360-e829b21a6f8c9b70876ba0858053c04477534ef55a1706bf4c1112bbb242f0a2.sdkstatcache -output-file-map /Users/admin/builder/spi-builder-workspace/.derivedData/Build/Intermediates.noindex/JSON.build/Debug-watchos/JSON-t.build/Objects-normal/arm64/JSON-OutputFileMap.json -save-temps -no-color-diagnostics -emit-dependencies -emit-module -emit-module-path /Users/admin/builder/spi-builder-workspace/.derivedData/Build/Intermediates.noindex/JSON.build/Debug-watchos/JSON-t.build/Objects-normal/arm64/JSON.swiftmodule -serialize-diagnostics -validate-clang-modules-once -clang-build-session-file /Users/admin/builder/spi-builder-workspace/.derivedData/ModuleCache.noindex/Session.modulevalidation -Xcc -fmodules-prune-interval\=86400 -Xcc -fmodules-prune-after\=345600 -emit-const-values -const-gather-protocols-list /Users/admin/builder/spi-builder-workspace/.derivedData/Build/Intermediates.noindex/JSON.build/Debug-watchos/JSON-t.build/Objects-normal/arm64/JSON_const_extract_protocols.json -Xcc -I/Users/admin/builder/spi-builder-workspace/.derivedData/Build/Products/Debug-watchos/include -Xcc -I/Users/admin/builder/spi-builder-workspace/.derivedData/Build/Intermediates.noindex/JSON.build/Debug-watchos/JSON-t.build/DerivedSources-normal/arm64 -Xcc -I/Users/admin/builder/spi-builder-workspace/.derivedData/Build/Intermediates.noindex/JSON.build/Debug-watchos/JSON-t.build/DerivedSources/arm64 -Xcc -I/Users/admin/builder/spi-builder-workspace/.derivedData/Build/Intermediates.noindex/JSON.build/Debug-watchos/JSON-t.build/DerivedSources -Xcc -DSWIFT_PACKAGE -Xcc -DDEBUG\=1 -emit-objc-header -emit-objc-header-path /Users/admin/builder/spi-builder-workspace/.derivedData/Build/Intermediates.noindex/JSON.build/Debug-watchos/JSON-t.build/Objects-normal/arm64/JSON-Swift.h -working-directory /Users/admin/builder/spi-builder-workspace/.swiftpm/xcode -experimental-emit-module-separately -disable-cmo
SwiftDriver JSON normal arm64_32 com.apple.xcode.tools.swift.compiler (in target 'JSON' from project 'JSON')
    cd /Users/admin/builder/spi-builder-workspace/.swiftpm/xcode
    builtin-SwiftDriver -- /Applications/Xcode-27.0.0-Release.Candidate.app/Contents/Developer/Toolchains/XcodeDefault.xctoolchain/usr/bin/swiftc -parse-as-library -module-name JSON -Onone @/Users/admin/builder/spi-builder-workspace/.derivedData/Build/Intermediates.noindex/JSON.build/Debug-watchos/JSON-t.build/Objects-normal/arm64_32/JSON.SwiftFileList -DSWIFT_PACKAGE -DDEBUG -DSWIFT_MODULE_RESOURCE_BUNDLE_UNAVAILABLE -DXcode -plugin-path /Applications/Xcode-27.0.0-Release.Candidate.app/Contents/Developer/Toolchains/XcodeDefault.xctoolchain/usr/lib/swift/host/plugins/testing -enable-experimental-feature DebugDescriptionMacro -sdk /Applications/Xcode-27.0.0-Release.Candidate.app/Contents/Developer/Platforms/WatchOS.platform/Developer/SDKs/WatchOS27.0.sdk -target arm64_32-apple-watchos9.0 -g -module-cache-path /Users/admin/builder/spi-builder-workspace/.derivedData/ModuleCache.noindex -Xfrontend -serialize-debugging-options -profile-coverage-mapping -profile-generate -enable-testing -suppress-warnings -index-store-path /Users/admin/builder/spi-builder-workspace/.derivedData/Index.noindex/DataStore -Xcc -D_LIBCPP_HARDENING_MODE\=_LIBCPP_HARDENING_MODE_DEBUG -swift-version 4 -I /Users/admin/builder/spi-builder-workspace/.derivedData/Build/Products/Debug-watchos -Isystem /Applications/Xcode-27.0.0-Release.Candidate.app/Contents/Developer/Platforms/WatchOS.platform/Developer/usr/lib -F /Users/admin/builder/spi-builder-workspace/.derivedData/Build/Products/Debug-watchos/PackageFrameworks -F /Users/admin/builder/spi-builder-workspace/.derivedData/Build/Products/Debug-watchos -F /Applications/Xcode-27.0.0-Release.Candidate.app/Contents/Developer/Platforms/WatchOS.platform/Developer/Library/Frameworks -F /Applications/Xcode-27.0.0-Release.Candidate.app/Contents/Developer/Platforms/WatchOS.platform/Developer/SDKs/WatchOS27.0.sdk/Developer/Library/Frameworks -c -j10 -enable-batch-mode -incremental -Xcc -ivfsstatcache -Xcc /Users/admin/builder/spi-builder-workspace/.derivedData/SDKStatCaches.noindex/watchos27.0-24R360-e829b21a6f8c9b70876ba0858053c04477534ef55a1706bf4c1112bbb242f0a2.sdkstatcache -output-file-map /Users/admin/builder/spi-builder-workspace/.derivedData/Build/Intermediates.noindex/JSON.build/Debug-watchos/JSON-t.build/Objects-normal/arm64_32/JSON-OutputFileMap.json -save-temps -no-color-diagnostics -emit-dependencies -emit-module -emit-module-path /Users/admin/builder/spi-builder-workspace/.derivedData/Build/Intermediates.noindex/JSON.build/Debug-watchos/JSON-t.build/Objects-normal/arm64_32/JSON.swiftmodule -serialize-diagnostics -validate-clang-modules-once -clang-build-session-file /Users/admin/builder/spi-builder-workspace/.derivedData/ModuleCache.noindex/Session.modulevalidation -Xcc -fmodules-prune-interval\=86400 -Xcc -fmodules-prune-after\=345600 -emit-const-values -const-gather-protocols-list /Users/admin/builder/spi-builder-workspace/.derivedData/Build/Intermediates.noindex/JSON.build/Debug-watchos/JSON-t.build/Objects-normal/arm64_32/JSON_const_extract_protocols.json -Xcc -I/Users/admin/builder/spi-builder-workspace/.derivedData/Build/Products/Debug-watchos/include -Xcc -I/Users/admin/builder/spi-builder-workspace/.derivedData/Build/Intermediates.noindex/JSON.build/Debug-watchos/JSON-t.build/DerivedSources-normal/arm64_32 -Xcc -I/Users/admin/builder/spi-builder-workspace/.derivedData/Build/Intermediates.noindex/JSON.build/Debug-watchos/JSON-t.build/DerivedSources/arm64_32 -Xcc -I/Users/admin/builder/spi-builder-workspace/.derivedData/Build/Intermediates.noindex/JSON.build/Debug-watchos/JSON-t.build/DerivedSources -Xcc -DSWIFT_PACKAGE -Xcc -DDEBUG\=1 -emit-objc-header -emit-objc-header-path /Users/admin/builder/spi-builder-workspace/.derivedData/Build/Intermediates.noindex/JSON.build/Debug-watchos/JSON-t.build/Objects-normal/arm64_32/JSON-Swift.h -working-directory /Users/admin/builder/spi-builder-workspace/.swiftpm/xcode -experimental-emit-module-separately -disable-cmo
SwiftEmitModule normal arm64 Emitting\ module\ for\ SQLite (in target 'SQLite' from project 'SQLite')
SwiftCompile normal arm64 (in target 'SQLite' from project 'SQLite')
    cd /Users/admin/builder/spi-builder-workspace/.swiftpm/xcode

SwiftEmitModule normal arm64_32 Emitting\ module\ for\ SQLite (in target 'SQLite' from project 'SQLite')
SwiftCompile normal arm64_32 (in target 'SQLite' from project 'SQLite')
    cd /Users/admin/builder/spi-builder-workspace/.swiftpm/xcode

SwiftEmitModule normal arm64 Emitting\ module\ for\ JSON (in target 'JSON' from project 'JSON')
SwiftCompile normal arm64 (in target 'JSON' from project 'JSON')
    cd /Users/admin/builder/spi-builder-workspace/.swiftpm/xcode

SwiftEmitModule normal arm64_32 Emitting\ module\ for\ JSON (in target 'JSON' from project 'JSON')
SwiftCompile normal arm64_32 (in target 'JSON' from project 'JSON')
    cd /Users/admin/builder/spi-builder-workspace/.swiftpm/xcode

SwiftEmitModule normal arm64 Emitting\ module\ for\ SMTP (in target 'SMTP' from project 'Engine')
SwiftCompile normal arm64 (in target 'SMTP' from project 'Engine')
    cd /Users/admin/builder/spi-builder-workspace/.swiftpm/xcode

SwiftEmitModule normal arm64_32 Emitting\ module\ for\ SMTP (in target 'SMTP' from project 'Engine')
SwiftCompile normal arm64_32 (in target 'SMTP' from project 'Engine')
    cd /Users/admin/builder/spi-builder-workspace/.swiftpm/xcode

SwiftEmitModule normal arm64_32 Emitting\ module\ for\ Crypto (in target 'Crypto' from project 'Crypto')
SwiftCompile normal arm64_32 (in target 'Crypto' from project 'Crypto')
    cd /Users/admin/builder/spi-builder-workspace/.swiftpm/xcode

PruneExplicitPrecompiledModules /Users/admin/builder/spi-builder-workspace/.derivedData/SDKExplicitPrecompiledModules
PruneExplicitPrecompiledModules /Users/admin/builder/spi-builder-workspace/.derivedData/Build/Intermediates.noindex/ExplicitPrecompiledModules
PruneExplicitPrecompiledModules /Users/admin/builder/spi-builder-workspace/.derivedData/Build/Intermediates.noindex/SwiftExplicitPrecompiledModules
2026-09-20 01:08:46.264 xcodebuild[1908:9586] [MT] IDERunDestination: Supported platforms for the buildables in the current scheme is empty.
** BUILD FAILED **
The following build commands failed:
	SwiftEmitModule normal arm64_32 Emitting\ module\ for\ TLS (in target 'TLS' from project 'TLS')
	SwiftCompile normal arm64_32 (in target 'TLS' from project 'TLS')
	SwiftEmitModule normal arm64 Emitting\ module\ for\ TLS (in target 'TLS' from project 'TLS')
	SwiftCompile normal arm64 (in target 'TLS' from project 'TLS')
	Building workspace JWTProvider with scheme JWTProvider
(5 failures)
BUILD FAILURE 6.4 watchOS