Build Information
Failed to build Capturer, reference 3.2.0 (a088cb), with Swift 6.4 for visionOS using Xcode 27.0 on 24 Sep 2026 18:49:21 UTC.
Build Command
env DEVELOPER_DIR=/Applications/Xcode-27.0.0-Release.Candidate.app xcrun xcodebuild -IDEClonedSourcePackagesDirPathOverride=$PWD/.dependencies -skipMacroValidation -skipPackagePluginValidation -derivedDataPath $PWD/.derivedData build -scheme Capturer -destination generic/platform=xrOSBuild Log
cd /Users/admin/builder/spi-builder-workspace
builtin-copy -exclude .DS_Store -exclude CVS -exclude .svn -exclude .git -exclude .hg -resolve-src-symlinks /Users/admin/builder/spi-builder-workspace/.derivedData/Build/Intermediates.noindex/Capturer.build/Debug-xros/Capturer-t.build/Capturer.modulemap /Users/admin/builder/spi-builder-workspace/.derivedData/Build/Intermediates.noindex/GeneratedModuleMaps-xros
SwiftDriver Capturer normal arm64 com.apple.xcode.tools.swift.compiler (in target 'Capturer' from project 'Capturer')
cd /Users/admin/builder/spi-builder-workspace/.swiftpm/xcode
builtin-SwiftDriver -- /Applications/Xcode-27.0.0-Release.Candidate.app/Contents/Developer/Toolchains/XcodeDefault.xctoolchain/usr/bin/swiftc -parse-as-library -module-name Capturer -Onone @/Users/admin/builder/spi-builder-workspace/.derivedData/Build/Intermediates.noindex/Capturer.build/Debug-xros/Capturer-t.build/Objects-normal/arm64/Capturer.SwiftFileList -DSWIFT_PACKAGE -DDEBUG -DSWIFT_MODULE_RESOURCE_BUNDLE_UNAVAILABLE -DXcode -plugin-path /Applications/Xcode-27.0.0-Release.Candidate.app/Contents/Developer/Toolchains/XcodeDefault.xctoolchain/usr/lib/swift/host/plugins/testing -enable-experimental-feature DebugDescriptionMacro -sdk /Applications/Xcode-27.0.0-Release.Candidate.app/Contents/Developer/Platforms/XROS.platform/Developer/SDKs/XROS27.0.sdk -target arm64-apple-xros1.0 -g -module-cache-path /Users/admin/builder/spi-builder-workspace/.derivedData/ModuleCache.noindex -Xfrontend -serialize-debugging-options -enable-testing -index-store-path /Users/admin/builder/spi-builder-workspace/.derivedData/Index.noindex/DataStore -Xcc -D_LIBCPP_HARDENING_MODE\=_LIBCPP_HARDENING_MODE_DEBUG -swift-version 6 -I /Users/admin/builder/spi-builder-workspace/.derivedData/Build/Products/Debug-xros -Isystem /Applications/Xcode-27.0.0-Release.Candidate.app/Contents/Developer/Platforms/XROS.platform/Developer/usr/lib -F /Users/admin/builder/spi-builder-workspace/.derivedData/Build/Products/Debug-xros -F /Applications/Xcode-27.0.0-Release.Candidate.app/Contents/Developer/Platforms/XROS.platform/Developer/Library/Frameworks -F /Applications/Xcode-27.0.0-Release.Candidate.app/Contents/Developer/Platforms/XROS.platform/Developer/SDKs/XROS27.0.sdk/Developer/Library/Frameworks -c -j10 -enable-batch-mode -incremental -Xcc -ivfsstatcache -Xcc /Users/admin/builder/spi-builder-workspace/.derivedData/SDKStatCaches.noindex/xros27.0-24M361-e829b21a6f8c9b70876ba0858053c044735bd543db762f57723cac368afd1ce4.sdkstatcache -output-file-map /Users/admin/builder/spi-builder-workspace/.derivedData/Build/Intermediates.noindex/Capturer.build/Debug-xros/Capturer-t.build/Objects-normal/arm64/Capturer-OutputFileMap.json -save-temps -no-color-diagnostics -explicit-module-build -module-cache-path /Users/admin/builder/spi-builder-workspace/.derivedData/Build/Intermediates.noindex/SwiftExplicitPrecompiledModules -clang-scanner-module-cache-path /Users/admin/builder/spi-builder-workspace/.derivedData/ModuleCache.noindex -sdk-module-cache-path /Users/admin/builder/spi-builder-workspace/.derivedData/SDKExplicitPrecompiledModules -emit-dependencies -emit-module -emit-module-path /Users/admin/builder/spi-builder-workspace/.derivedData/Build/Intermediates.noindex/Capturer.build/Debug-xros/Capturer-t.build/Objects-normal/arm64/Capturer.swiftmodule -serialize-diagnostics -dependency-scan-serialize-diagnostics-path /Users/admin/builder/spi-builder-workspace/.derivedData/Build/Intermediates.noindex/Capturer.build/Debug-xros/Capturer-t.build/Objects-normal/arm64/Capturer-dependency-scan.dia -validate-clang-modules-once -clang-build-session-file /Users/admin/builder/spi-builder-workspace/.derivedData/ModuleCache.noindex/Session.modulevalidation -Xcc -fmodules-prune-interval\=86400 -Xcc -fmodules-prune-after\=345600 -package-name spi_builder_workspace -emit-const-values -const-gather-protocols-list /Users/admin/builder/spi-builder-workspace/.derivedData/Build/Intermediates.noindex/Capturer.build/Debug-xros/Capturer-t.build/Objects-normal/arm64/Capturer_const_extract_protocols.json -Xcc -I/Users/admin/builder/spi-builder-workspace/.derivedData/Build/Products/Debug-xros/include -Xcc -I/Users/admin/builder/spi-builder-workspace/.derivedData/Build/Intermediates.noindex/Capturer.build/Debug-xros/Capturer-t.build/DerivedSources-normal/arm64 -Xcc -I/Users/admin/builder/spi-builder-workspace/.derivedData/Build/Intermediates.noindex/Capturer.build/Debug-xros/Capturer-t.build/DerivedSources/arm64 -Xcc -I/Users/admin/builder/spi-builder-workspace/.derivedData/Build/Intermediates.noindex/Capturer.build/Debug-xros/Capturer-t.build/DerivedSources -Xcc -DSWIFT_PACKAGE -Xcc -DDEBUG\=1 -emit-objc-header -emit-objc-header-path /Users/admin/builder/spi-builder-workspace/.derivedData/Build/Intermediates.noindex/Capturer.build/Debug-xros/Capturer-t.build/Objects-normal/arm64/Capturer-Swift.h -working-directory /Users/admin/builder/spi-builder-workspace/.swiftpm/xcode -experimental-emit-module-separately -disable-cmo
SwiftExplicitDependencyGeneratePcm arm64 /Users/admin/builder/spi-builder-workspace/.derivedData/SDKExplicitPrecompiledModules/_AvailabilityInternal-6BH9T8OE123ARKKFOJFR111NS.pcm
SwiftExplicitDependencyGeneratePcm arm64 /Users/admin/builder/spi-builder-workspace/.derivedData/SDKExplicitPrecompiledModules/ptrcheck-98Y8DWD0HPCMRMDFKAEZCA81O.pcm
SwiftExplicitDependencyGeneratePcm arm64 /Users/admin/builder/spi-builder-workspace/.derivedData/SDKExplicitPrecompiledModules/_Builtin_float-1J8SO31WACP82RKV0LOTRKG39.pcm
SwiftExplicitDependencyGeneratePcm arm64 /Users/admin/builder/spi-builder-workspace/.derivedData/SDKExplicitPrecompiledModules/SwiftShims-2HAZ94YF1BA79JLFTAIV7APMW.pcm
SwiftExplicitDependencyGeneratePcm arm64 /Users/admin/builder/spi-builder-workspace/.derivedData/SDKExplicitPrecompiledModules/_Builtin_stdbool-1Q6BTYNEVHC9M74WL5O5GJ1ZM.pcm
SwiftExplicitDependencyGeneratePcm arm64 /Users/admin/builder/spi-builder-workspace/.derivedData/SDKExplicitPrecompiledModules/_SwiftConcurrencyShims-9H7TQT237JM0VTD7TXCR6CNM9.pcm
SwiftExplicitDependencyGeneratePcm arm64 /Users/admin/builder/spi-builder-workspace/.derivedData/SDKExplicitPrecompiledModules/_Builtin_stddef-2IE0R9M96I5XG0WY72N2UIQ8V.pcm
SwiftExplicitDependencyGeneratePcm arm64 /Users/admin/builder/spi-builder-workspace/.derivedData/SDKExplicitPrecompiledModules/DeveloperToolsSupport-194HZPFNNCEHRVXIO6O8L9S0O.pcm
SwiftExplicitDependencyGeneratePcm arm64 /Users/admin/builder/spi-builder-workspace/.derivedData/SDKExplicitPrecompiledModules/ptrauth-9Q1PN7OTQZN7B0Z9D7V7Q8UB1.pcm
SwiftExplicitDependencyGeneratePcm arm64 /Users/admin/builder/spi-builder-workspace/.derivedData/SDKExplicitPrecompiledModules/_Builtin_stdarg-62NPPE4D8O3BNLU35D74TGLVQ.pcm
SwiftExplicitDependencyGeneratePcm arm64 /Users/admin/builder/spi-builder-workspace/.derivedData/SDKExplicitPrecompiledModules/_DarwinFoundation1-AVZIQZ8HOAUXTT5CXVE5TNG7E.pcm
SwiftExplicitDependencyGeneratePcm arm64 /Users/admin/builder/spi-builder-workspace/.derivedData/SDKExplicitPrecompiledModules/_DarwinFoundation2-E0NXA4K8N3W3XTJG0EDH15WR2.pcm
SwiftExplicitDependencyGeneratePcm arm64 /Users/admin/builder/spi-builder-workspace/.derivedData/SDKExplicitPrecompiledModules/_Builtin_limits-599EXAY0E7DPK78D1JASUXYCQ.pcm
SwiftExplicitDependencyGeneratePcm arm64 /Users/admin/builder/spi-builder-workspace/.derivedData/SDKExplicitPrecompiledModules/string_h-BGPLTZ4H9HACR813QKF6VS72D.pcm
SwiftExplicitDependencyGeneratePcm arm64 /Users/admin/builder/spi-builder-workspace/.derivedData/SDKExplicitPrecompiledModules/sys_types-A3BBS6FJZK4C974FRQ5ZCTND7.pcm
SwiftExplicitDependencyGeneratePcm arm64 /Users/admin/builder/spi-builder-workspace/.derivedData/SDKExplicitPrecompiledModules/_Builtin_tgmath-6A504NZTD9420A66PPDYUHISN.pcm
SwiftExplicitDependencyGeneratePcm arm64 /Users/admin/builder/spi-builder-workspace/.derivedData/SDKExplicitPrecompiledModules/_Builtin_stdint-F1DLW8WMMSOC414RWOQWK8OS8.pcm
SwiftExplicitDependencyGeneratePcm arm64 /Users/admin/builder/spi-builder-workspace/.derivedData/SDKExplicitPrecompiledModules/_Builtin_intrinsics-3111M8ALPD4YFW0NUUUBCM0JD.pcm
SwiftExplicitDependencyGeneratePcm arm64 /Users/admin/builder/spi-builder-workspace/.derivedData/SDKExplicitPrecompiledModules/_Builtin_stdatomic-158FFQF46AB7DZCSEC3RCRTFC.pcm
SwiftExplicitDependencyGeneratePcm arm64 /Users/admin/builder/spi-builder-workspace/.derivedData/SDKExplicitPrecompiledModules/_DarwinFoundation3-C1P0SZMW1CBYZ1956G2WPAGVQ.pcm
SwiftExplicitDependencyGeneratePcm arm64 /Users/admin/builder/spi-builder-workspace/.derivedData/SDKExplicitPrecompiledModules/_Builtin_inttypes-9DU9NJC5HKVLIXJ97CZROETBU.pcm
SwiftExplicitDependencyGeneratePcm arm64 /Users/admin/builder/spi-builder-workspace/.derivedData/SDKExplicitPrecompiledModules/Darwin-ET1KOXI5QIB2QZ81K0LJ5SCNP.pcm
SwiftExplicitDependencyGeneratePcm arm64 /Users/admin/builder/spi-builder-workspace/.derivedData/SDKExplicitPrecompiledModules/simd-7J2M7D2SOHYQ7IO8MYH2RXTKH.pcm
SwiftExplicitDependencyGeneratePcm arm64 /Users/admin/builder/spi-builder-workspace/.derivedData/SDKExplicitPrecompiledModules/MachO-6F2CAO15JWU9TP0S5ZC6PL9IB.pcm
SwiftExplicitDependencyGeneratePcm arm64 /Users/admin/builder/spi-builder-workspace/.derivedData/SDKExplicitPrecompiledModules/ObjectiveC-7UYOWV2RO2CMEGURP3Y7WLPAT.pcm
SwiftExplicitDependencyGeneratePcm arm64 /Users/admin/builder/spi-builder-workspace/.derivedData/SDKExplicitPrecompiledModules/os_object-A49MUZWNB60JKCX0NMFXESEZD.pcm
SwiftExplicitDependencyGeneratePcm arm64 /Users/admin/builder/spi-builder-workspace/.derivedData/SDKExplicitPrecompiledModules/os_workgroup-1J3Q9ELSMX5271913GPIT75QV.pcm
SwiftExplicitDependencyGeneratePcm arm64 /Users/admin/builder/spi-builder-workspace/.derivedData/SDKExplicitPrecompiledModules/Spatial-92H2FIVGSGXGN6Z0PM4QAD9U8.pcm
SwiftExplicitDependencyGeneratePcm arm64 /Users/admin/builder/spi-builder-workspace/.derivedData/SDKExplicitPrecompiledModules/Dispatch-7TDXDXPVVCZ0IQLPT2W4Z1AW3.pcm
SwiftExplicitDependencyGeneratePcm arm64 /Users/admin/builder/spi-builder-workspace/.derivedData/SDKExplicitPrecompiledModules/dnssd-3O0RNR51LL3EG0N1T07ZFMALS.pcm
SwiftExplicitDependencyGeneratePcm arm64 /Users/admin/builder/spi-builder-workspace/.derivedData/SDKExplicitPrecompiledModules/CoreFoundation-5D49BF05JAG3T79HLXZS0QOEB.pcm
SwiftExplicitDependencyGeneratePcm arm64 /Users/admin/builder/spi-builder-workspace/.derivedData/SDKExplicitPrecompiledModules/XPC-1U8J3QOEPI1JREQTBJYCK4Z2Z.pcm
SwiftExplicitDependencyGeneratePcm arm64 /Users/admin/builder/spi-builder-workspace/.derivedData/SDKExplicitPrecompiledModules/os-7D3ZMGEZW9BBPJG5AFYWTJQLV.pcm
SwiftExplicitDependencyGeneratePcm arm64 /Users/admin/builder/spi-builder-workspace/.derivedData/SDKExplicitPrecompiledModules/CFNetwork-8XNJAT23SK5D0OET9NV9X387I.pcm
SwiftExplicitDependencyGeneratePcm arm64 /Users/admin/builder/spi-builder-workspace/.derivedData/SDKExplicitPrecompiledModules/CoreGraphics-AY8OPKLJIGMHZ9MYROUT854WA.pcm
SwiftExplicitDependencyGeneratePcm arm64 /Users/admin/builder/spi-builder-workspace/.derivedData/SDKExplicitPrecompiledModules/CoreAudioTypes-312R5U71UD8UC735GBX55K3US.pcm
SwiftExplicitDependencyGeneratePcm arm64 /Users/admin/builder/spi-builder-workspace/.derivedData/SDKExplicitPrecompiledModules/Security-4BDO3J0PXFNR7ZRKSDSXCO6IM.pcm
SwiftExplicitDependencyGeneratePcm arm64 /Users/admin/builder/spi-builder-workspace/.derivedData/SDKExplicitPrecompiledModules/CoreAudio-BNVVZ0H6VD0B9Q2N4KZUSB6RB.pcm
SwiftExplicitDependencyGeneratePcm arm64 /Users/admin/builder/spi-builder-workspace/.derivedData/SDKExplicitPrecompiledModules/Foundation-48S9SVOOX01R4NP8KF0LJG57Z.pcm
SwiftExplicitDependencyGeneratePcm arm64 /Users/admin/builder/spi-builder-workspace/.derivedData/SDKExplicitPrecompiledModules/CoreText-3Q9AYRR8Y0RMYX4VGST56EDCZ.pcm
SwiftExplicitDependencyGeneratePcm arm64 /Users/admin/builder/spi-builder-workspace/.derivedData/SDKExplicitPrecompiledModules/ImageIO-IAKQMD68GVR7DW77YOHGK8X7.pcm
SwiftExplicitDependencyGeneratePcm arm64 /Users/admin/builder/spi-builder-workspace/.derivedData/SDKExplicitPrecompiledModules/UniformTypeIdentifiers-9BPZRHV9PRGRSU35W243D89CW.pcm
SwiftExplicitDependencyGeneratePcm arm64 /Users/admin/builder/spi-builder-workspace/.derivedData/SDKExplicitPrecompiledModules/Accessibility-8QB8DU95K5GFNCPAUIMZLHBIU.pcm
SwiftExplicitDependencyGeneratePcm arm64 /Users/admin/builder/spi-builder-workspace/.derivedData/SDKExplicitPrecompiledModules/CoreTransferable-EFMTSDPFE8WPPM5HOZ47P0KQO.pcm
SwiftExplicitDependencyGeneratePcm arm64 /Users/admin/builder/spi-builder-workspace/.derivedData/SDKExplicitPrecompiledModules/Network-59OXS1WBU0E96MTVI1BQ4Y8O0.pcm
SwiftExplicitDependencyGeneratePcm arm64 /Users/admin/builder/spi-builder-workspace/.derivedData/SDKExplicitPrecompiledModules/Symbols-ECOU17NNJUYRSDVSZI1SX0DNL.pcm
SwiftExplicitDependencyGeneratePcm arm64 /Users/admin/builder/spi-builder-workspace/.derivedData/SDKExplicitPrecompiledModules/CoreMIDI-3PXS069A7G7J69W6C2O4U64TR.pcm
SwiftExplicitDependencyGeneratePcm arm64 /Users/admin/builder/spi-builder-workspace/.derivedData/SDKExplicitPrecompiledModules/UserNotifications-6JIY9EEYAYYTJITYYQZF42LAH.pcm
SwiftExplicitDependencyGeneratePcm arm64 /Users/admin/builder/spi-builder-workspace/.derivedData/SDKExplicitPrecompiledModules/OSLog-3CTW8AFBZNTJNTYU2CNXR306R.pcm
SwiftExplicitDependencyGeneratePcm arm64 /Users/admin/builder/spi-builder-workspace/.derivedData/SDKExplicitPrecompiledModules/_LocationEssentials-32JNDL0Y7WK6X17R1HPKJCQEE.pcm
SwiftExplicitDependencyGeneratePcm arm64 /Users/admin/builder/spi-builder-workspace/.derivedData/SDKExplicitPrecompiledModules/UIUtilities-F3U0HSZMZSXCP772P753OT1G5.pcm
SwiftExplicitDependencyGeneratePcm arm64 /Users/admin/builder/spi-builder-workspace/.derivedData/SDKExplicitPrecompiledModules/DataDetection-7LQD8Z3LW2FUEO4CR6TGECXW0.pcm
SwiftExplicitDependencyGeneratePcm arm64 /Users/admin/builder/spi-builder-workspace/.derivedData/SDKExplicitPrecompiledModules/FileProvider-C1CJK6EJC5IUBTWZU8FS47OM3.pcm
SwiftExplicitDependencyGeneratePcm arm64 /Users/admin/builder/spi-builder-workspace/.derivedData/SDKExplicitPrecompiledModules/IOSurface-2D5KLETWRIPRMLT8HCRTTINH3.pcm
SwiftExplicitDependencyGeneratePcm arm64 /Users/admin/builder/spi-builder-workspace/.derivedData/SDKExplicitPrecompiledModules/CoreLocation-E62WUNIY48I4BO5WNB3SVVIP8.pcm
SwiftExplicitDependencyGeneratePcm arm64 /Users/admin/builder/spi-builder-workspace/.derivedData/SDKExplicitPrecompiledModules/AudioToolbox-BIB990ZQT6Y2YX7R0HKENKU6T.pcm
SwiftExplicitDependencyGeneratePcm arm64 /Users/admin/builder/spi-builder-workspace/.derivedData/SDKExplicitPrecompiledModules/AVRouting-A58BUG9HB1NCTPD2PCCO84ARM.pcm
SwiftExplicitDependencyGeneratePcm arm64 /Users/admin/builder/spi-builder-workspace/.derivedData/SDKExplicitPrecompiledModules/OpenGLES-CKJ9EEPIRPNP44Q12R6YOKS1E.pcm
SwiftExplicitDependencyGeneratePcm arm64 /Users/admin/builder/spi-builder-workspace/.derivedData/SDKExplicitPrecompiledModules/Metal-CAKGHYH5ACDACD017V00QOQC9.pcm
SwiftExplicitDependencyGeneratePcm arm64 /Users/admin/builder/spi-builder-workspace/.derivedData/SDKExplicitPrecompiledModules/CoreMotion-DCVNRIJ2COFK7QG37YNW48EGV.pcm
SwiftExplicitDependencyGeneratePcm arm64 /Users/admin/builder/spi-builder-workspace/.derivedData/SDKExplicitPrecompiledModules/CoreVideo-4PK3Q849TG28PPFW9ON3UC1O9.pcm
SwiftExplicitDependencyGeneratePcm arm64 /Users/admin/builder/spi-builder-workspace/.derivedData/SDKExplicitPrecompiledModules/CoreMedia-X23SRPCPJE6SQFHHHYCZ7WVC.pcm
SwiftExplicitDependencyGeneratePcm arm64 /Users/admin/builder/spi-builder-workspace/.derivedData/SDKExplicitPrecompiledModules/CoreImage-9GN6OPXIJ356C54K347I7T417.pcm
SwiftExplicitDependencyGeneratePcm arm64 /Users/admin/builder/spi-builder-workspace/.derivedData/SDKExplicitPrecompiledModules/QuartzCore-6ZHUATRF8P4D51R22KZF8F6EG.pcm
SwiftExplicitDependencyGeneratePcm arm64 /Users/admin/builder/spi-builder-workspace/.derivedData/SDKExplicitPrecompiledModules/SwiftUICore-374BUSM2QWS9MQO694AHOADDT.pcm
SwiftExplicitDependencyGeneratePcm arm64 /Users/admin/builder/spi-builder-workspace/.derivedData/SDKExplicitPrecompiledModules/UIKit-1PV3XTOUQPUVY5I4MLPUAXR9J.pcm
SwiftExplicitDependencyGeneratePcm arm64 /Users/admin/builder/spi-builder-workspace/.derivedData/SDKExplicitPrecompiledModules/AVFAudio-7A6YZTGYW2RLZD9E99CP5838N.pcm
SwiftExplicitDependencyGeneratePcm arm64 /Users/admin/builder/spi-builder-workspace/.derivedData/SDKExplicitPrecompiledModules/VideoToolbox-3P3B69YG5JT8YUFOCSUNDM59.pcm
SwiftExplicitDependencyGeneratePcm arm64 /Users/admin/builder/spi-builder-workspace/.derivedData/SDKExplicitPrecompiledModules/MediaToolbox-ANHHEHPC85W3ECWTCJ308UFOE.pcm
SwiftExplicitDependencyGeneratePcm arm64 /Users/admin/builder/spi-builder-workspace/.derivedData/SDKExplicitPrecompiledModules/AVFoundation-81FTBCX2AZLM90X977V6F8213.pcm
SwiftEmitModule normal arm64 Emitting\ module\ for\ Capturer (in target 'Capturer' from project 'Capturer')
/Users/admin/builder/spi-builder-workspace/Capturer/Basic/CaptureBody.swift:15:50: error: 'Preset' is unavailable in visionOS
13 | public struct Configuration: Sendable {
14 |
15 | public var sessionPreset: AVCaptureSession.Preset = .photo
| `- error: 'Preset' is unavailable in visionOS
16 |
17 | public init() {
/Applications/Xcode-27.0.0-Release.Candidate.app/Contents/Developer/Platforms/XROS.platform/Developer/SDKs/XROS27.0.sdk/System/Library/Frameworks/AVFoundation.framework/Headers/AVCaptureSessionPreset.h:21:20: note: 'Preset' has been explicitly marked unavailable here
19 | Clients may use an AVCaptureSessionPreset to set the format for output on an AVCaptureSession.
20 | */
21 | typedef NSString * AVCaptureSessionPreset NS_TYPED_ENUM API_AVAILABLE(macos(10.7), ios(4.0), macCatalyst(14.0), tvos(17.0)) API_UNAVAILABLE(visionos) API_UNAVAILABLE(watchos);
| `- note: 'Preset' has been explicitly marked unavailable here
22 |
23 | /*!
/Users/admin/builder/spi-builder-workspace/Capturer/Basic/CaptureBody.swift:15:60: error: 'photo' is unavailable in visionOS
13 | public struct Configuration: Sendable {
14 |
15 | public var sessionPreset: AVCaptureSession.Preset = .photo
| `- error: 'photo' is unavailable in visionOS
16 |
17 | public init() {
/Applications/Xcode-27.0.0-Release.Candidate.app/Contents/Developer/Platforms/XROS.platform/Developer/SDKs/XROS27.0.sdk/System/Library/Frameworks/AVFoundation.framework/Headers/AVCaptureSessionPreset.h:31:41: note: 'photo' has been explicitly marked unavailable here
29 | Clients may set an AVCaptureSession instance's sessionPreset to AVCaptureSessionPresetPhoto for full resolution photo quality output.
30 | */
31 | AVF_EXPORT AVCaptureSessionPreset const AVCaptureSessionPresetPhoto API_AVAILABLE(macos(10.7), ios(4.0), macCatalyst(14.0), tvos(17.0)) API_UNAVAILABLE(visionos) API_UNAVAILABLE(watchos);
| `- note: 'photo' has been explicitly marked unavailable here
32 |
33 | /*!
/Users/admin/builder/spi-builder-workspace/Capturer/Basic/CaptureBody.swift:64:12: error: 'sessionPreset' is unavailable in visionOS
62 |
63 | self.session.performConfiguration {
64 | $0.sessionPreset = configuration.sessionPreset
| `- error: 'sessionPreset' is unavailable in visionOS
65 | $0.automaticallyConfiguresCaptureDeviceForWideColor = true
66 | }
/Applications/Xcode-27.0.0-Release.Candidate.app/Contents/Developer/Platforms/XROS.platform/Developer/SDKs/XROS27.0.sdk/System/Library/Frameworks/AVFoundation.framework/Headers/AVCaptureSession.h:166:51: note: 'sessionPreset' has been explicitly marked unavailable here
164 | The value of this property is an AVCaptureSessionPreset indicating the current session preset in use by the receiver. The sessionPreset property may be set while the receiver is running.
165 | */
166 | @property(nonatomic, copy) AVCaptureSessionPreset sessionPreset API_UNAVAILABLE(visionos);
| `- note: 'sessionPreset' has been explicitly marked unavailable here
167 |
168 | /*!
/Users/admin/builder/spi-builder-workspace/Capturer/Basic/CaptureBody.swift:65:12: error: 'automaticallyConfiguresCaptureDeviceForWideColor' is unavailable in visionOS
63 | self.session.performConfiguration {
64 | $0.sessionPreset = configuration.sessionPreset
65 | $0.automaticallyConfiguresCaptureDeviceForWideColor = true
| `- error: 'automaticallyConfiguresCaptureDeviceForWideColor' is unavailable in visionOS
66 | }
67 |
/Applications/Xcode-27.0.0-Release.Candidate.app/Contents/Developer/Platforms/XROS.platform/Developer/SDKs/XROS27.0.sdk/System/Library/Frameworks/AVFoundation.framework/Headers/AVCaptureSession.h:578:27: note: 'automaticallyConfiguresCaptureDeviceForWideColor' has been explicitly marked unavailable here
576 | The default value is YES. By default, the receiver automatically adjusts its source video AVCaptureDevice's activeFormat and activeColorSpace properties based on the supportedColorSpaces of the device's formats and the current AVCaptureSession topology. Wide color spaces are preferred over sRGB if an AVCapturePhotoOutput is present in the session. If you wish to set AVCaptureDevice's activeColorSpace manually, and prevent the AVCaptureSession from undoing your work, you must set automaticallyConfiguresCaptureDeviceForWideColor to NO. If the receiver's sessionPreset is set to AVCaptureSessionPresetInputPriority, the session will not alter the capture device's activeFormat, but might still alter its activeColorSpace.
577 | */
578 | @property(nonatomic) BOOL automaticallyConfiguresCaptureDeviceForWideColor API_AVAILABLE(ios(10.0), macCatalyst(14.0), tvos(17.0)) API_UNAVAILABLE(macos, visionos);
| `- note: 'automaticallyConfiguresCaptureDeviceForWideColor' has been explicitly marked unavailable here
579 |
580 | /*!
/Users/admin/builder/spi-builder-workspace/Capturer/Basic/Outputs/PhotoOutput.swift:14:23: error: 'AVCapturePhoto' is unavailable in visionOS
12 | public struct CapturePhoto: Sendable {
13 |
14 | public let photo: AVCapturePhoto
| `- error: 'AVCapturePhoto' is unavailable in visionOS
15 |
16 | public var orientation: CGImagePropertyOrientation {
/Applications/Xcode-27.0.0-Release.Candidate.app/Contents/Developer/Platforms/XROS.platform/Developer/SDKs/XROS27.0.sdk/System/Library/Frameworks/AVFoundation.framework/Headers/AVCapturePhotoOutput.h:1979:12: note: 'AVCapturePhoto' has been explicitly marked unavailable here
1977 | */
1978 | API_AVAILABLE(macos(10.15), ios(11.0), macCatalyst(14.0), tvos(17.0)) API_UNAVAILABLE(visionos) API_UNAVAILABLE(watchos)
1979 | @interface AVCapturePhoto : NSObject
| `- note: 'AVCapturePhoto' has been explicitly marked unavailable here
1980 | {
1981 | @private
/Users/admin/builder/spi-builder-workspace/Capturer/Basic/Outputs/PhotoOutput.swift:34:25: error: 'AVCapturePhotoOutput' is unavailable in visionOS
32 | }
33 |
34 | private let _output = AVCapturePhotoOutput()
| `- error: 'AVCapturePhotoOutput' is unavailable in visionOS
35 |
36 | public init(quality: AVCapturePhotoOutput.QualityPrioritization = .balanced) {
/Applications/Xcode-27.0.0-Release.Candidate.app/Contents/Developer/Platforms/XROS.platform/Developer/SDKs/XROS27.0.sdk/System/Library/Frameworks/AVFoundation.framework/Headers/AVCapturePhotoOutput.h:50:12: note: 'AVCapturePhotoOutput' has been explicitly marked unavailable here
48 | */
49 | API_AVAILABLE(macos(10.15), ios(10.0), macCatalyst(14.0), tvos(17.0)) API_UNAVAILABLE(visionos) API_UNAVAILABLE(watchos)
50 | @interface AVCapturePhotoOutput : AVCaptureOutput
| `- note: 'AVCapturePhotoOutput' has been explicitly marked unavailable here
51 | {
52 | @private
/Users/admin/builder/spi-builder-workspace/Capturer/Basic/Outputs/PhotoOutput.swift:36:24: error: 'AVCapturePhotoOutput' is unavailable in visionOS
34 | private let _output = AVCapturePhotoOutput()
35 |
36 | public init(quality: AVCapturePhotoOutput.QualityPrioritization = .balanced) {
| `- error: 'AVCapturePhotoOutput' is unavailable in visionOS
37 | super.init()
38 |
/Applications/Xcode-27.0.0-Release.Candidate.app/Contents/Developer/Platforms/XROS.platform/Developer/SDKs/XROS27.0.sdk/System/Library/Frameworks/AVFoundation.framework/Headers/AVCapturePhotoOutput.h:50:12: note: 'AVCapturePhotoOutput' has been explicitly marked unavailable here
48 | */
49 | API_AVAILABLE(macos(10.15), ios(10.0), macCatalyst(14.0), tvos(17.0)) API_UNAVAILABLE(visionos) API_UNAVAILABLE(watchos)
50 | @interface AVCapturePhotoOutput : AVCaptureOutput
| `- note: 'AVCapturePhotoOutput' has been explicitly marked unavailable here
51 | {
52 | @private
/Users/admin/builder/spi-builder-workspace/Capturer/Basic/Outputs/PhotoOutput.swift:43:38: error: 'AVCapturePhotoSettings' is unavailable in visionOS
41 | }
42 |
43 | public func capture(with settings: AVCapturePhotoSettings, completion: @escaping (Result<CapturePhoto, Error>) -> Void) {
| `- error: 'AVCapturePhotoSettings' is unavailable in visionOS
44 |
45 | var completionWrapper: ((Result<CapturePhoto, Error>) -> Void)!
/Applications/Xcode-27.0.0-Release.Candidate.app/Contents/Developer/Platforms/XROS.platform/Developer/SDKs/XROS27.0.sdk/System/Library/Frameworks/AVFoundation.framework/Headers/AVCapturePhotoOutput.h:1192:12: note: 'AVCapturePhotoSettings' has been explicitly marked unavailable here
1190 | */
1191 | API_AVAILABLE(macos(10.15), ios(10.0), macCatalyst(14.0), tvos(17.0)) API_UNAVAILABLE(visionos) API_UNAVAILABLE(watchos)
1192 | @interface AVCapturePhotoSettings : NSObject <NSCopying>
| `- note: 'AVCapturePhotoSettings' has been explicitly marked unavailable here
1193 | {
1194 | @private
/Users/admin/builder/spi-builder-workspace/Capturer/Basic/Outputs/PhotoOutput.swift:64:38: error: 'AVCapturePhotoSettings' is unavailable in visionOS
62 | }
63 |
64 | public func capture(with settings: AVCapturePhotoSettings) async throws -> CapturePhoto {
| `- error: 'AVCapturePhotoSettings' is unavailable in visionOS
65 | guard AVCaptureDevice.authorizationStatus(for: .video).isAuthorized else { throw AVAuthorizationStatus.Error.notAuthorized }
66 | return try await withCheckedThrowingContinuation { continuation in
/Applications/Xcode-27.0.0-Release.Candidate.app/Contents/Developer/Platforms/XROS.platform/Developer/SDKs/XROS27.0.sdk/System/Library/Frameworks/AVFoundation.framework/Headers/AVCapturePhotoOutput.h:1192:12: note: 'AVCapturePhotoSettings' has been explicitly marked unavailable here
1190 | */
1191 | API_AVAILABLE(macos(10.15), ios(10.0), macCatalyst(14.0), tvos(17.0)) API_UNAVAILABLE(visionos) API_UNAVAILABLE(watchos)
1192 | @interface AVCapturePhotoSettings : NSObject <NSCopying>
| `- note: 'AVCapturePhotoSettings' has been explicitly marked unavailable here
1193 | {
1194 | @private
/Users/admin/builder/spi-builder-workspace/Capturer/Basic/Outputs/PhotoOutput.swift:97:38: error: 'AVCapturePhoto' is unavailable in visionOS
95 | private final class _AVCapturePhotoCaptureDelegateProxy: NSObject, AVCapturePhotoCaptureDelegate {
96 |
97 | var onDidFinishProcessingPhoto: (AVCapturePhoto, Error?) -> Void
| `- error: 'AVCapturePhoto' is unavailable in visionOS
98 |
99 | init(
/Applications/Xcode-27.0.0-Release.Candidate.app/Contents/Developer/Platforms/XROS.platform/Developer/SDKs/XROS27.0.sdk/System/Library/Frameworks/AVFoundation.framework/Headers/AVCapturePhotoOutput.h:1979:12: note: 'AVCapturePhoto' has been explicitly marked unavailable here
1977 | */
1978 | API_AVAILABLE(macos(10.15), ios(11.0), macCatalyst(14.0), tvos(17.0)) API_UNAVAILABLE(visionos) API_UNAVAILABLE(watchos)
1979 | @interface AVCapturePhoto : NSObject
| `- note: 'AVCapturePhoto' has been explicitly marked unavailable here
1980 | {
1981 | @private
/Users/admin/builder/spi-builder-workspace/Capturer/Basic/Outputs/PhotoOutput.swift:100:46: error: 'AVCapturePhoto' is unavailable in visionOS
98 |
99 | init(
100 | onDidFinishProcessingPhoto: @escaping (AVCapturePhoto, Error?) -> Void
| `- error: 'AVCapturePhoto' is unavailable in visionOS
101 | ) {
102 | self.onDidFinishProcessingPhoto = onDidFinishProcessingPhoto
/Applications/Xcode-27.0.0-Release.Candidate.app/Contents/Developer/Platforms/XROS.platform/Developer/SDKs/XROS27.0.sdk/System/Library/Frameworks/AVFoundation.framework/Headers/AVCapturePhotoOutput.h:1979:12: note: 'AVCapturePhoto' has been explicitly marked unavailable here
1977 | */
1978 | API_AVAILABLE(macos(10.15), ios(11.0), macCatalyst(14.0), tvos(17.0)) API_UNAVAILABLE(visionos) API_UNAVAILABLE(watchos)
1979 | @interface AVCapturePhoto : NSObject
| `- note: 'AVCapturePhoto' has been explicitly marked unavailable here
1980 | {
1981 | @private
/Users/admin/builder/spi-builder-workspace/Capturer/Basic/Outputs/PhotoOutput.swift:105:32: error: 'AVCapturePhotoOutput' is unavailable in visionOS
103 | }
104 |
105 | func photoOutput(_ output: AVCapturePhotoOutput, willBeginCaptureFor resolvedSettings: AVCaptureResolvedPhotoSettings) {
| `- error: 'AVCapturePhotoOutput' is unavailable in visionOS
106 |
107 | }
/Applications/Xcode-27.0.0-Release.Candidate.app/Contents/Developer/Platforms/XROS.platform/Developer/SDKs/XROS27.0.sdk/System/Library/Frameworks/AVFoundation.framework/Headers/AVCapturePhotoOutput.h:50:12: note: 'AVCapturePhotoOutput' has been explicitly marked unavailable here
48 | */
49 | API_AVAILABLE(macos(10.15), ios(10.0), macCatalyst(14.0), tvos(17.0)) API_UNAVAILABLE(visionos) API_UNAVAILABLE(watchos)
50 | @interface AVCapturePhotoOutput : AVCaptureOutput
| `- note: 'AVCapturePhotoOutput' has been explicitly marked unavailable here
51 | {
52 | @private
/Users/admin/builder/spi-builder-workspace/Capturer/Basic/Outputs/PhotoOutput.swift:105:92: error: 'AVCaptureResolvedPhotoSettings' is unavailable in visionOS
103 | }
104 |
105 | func photoOutput(_ output: AVCapturePhotoOutput, willBeginCaptureFor resolvedSettings: AVCaptureResolvedPhotoSettings) {
| `- error: 'AVCaptureResolvedPhotoSettings' is unavailable in visionOS
106 |
107 | }
/Applications/Xcode-27.0.0-Release.Candidate.app/Contents/Developer/Platforms/XROS.platform/Developer/SDKs/XROS27.0.sdk/System/Library/Frameworks/AVFoundation.framework/Headers/AVCapturePhotoOutput.h:1788:12: note: 'AVCaptureResolvedPhotoSettings' has been explicitly marked unavailable here
1786 | */
1787 | API_AVAILABLE(macos(10.15), ios(10.0), macCatalyst(14.0), tvos(17.0)) API_UNAVAILABLE(visionos) API_UNAVAILABLE(watchos)
1788 | @interface AVCaptureResolvedPhotoSettings : NSObject
| `- note: 'AVCaptureResolvedPhotoSettings' has been explicitly marked unavailable here
1789 | {
1790 | @private
/Users/admin/builder/spi-builder-workspace/Capturer/Basic/Outputs/PhotoOutput.swift:109:32: error: 'AVCapturePhotoOutput' is unavailable in visionOS
107 | }
108 |
109 | func photoOutput(_ output: AVCapturePhotoOutput, willCapturePhotoFor resolvedSettings: AVCaptureResolvedPhotoSettings) {
| `- error: 'AVCapturePhotoOutput' is unavailable in visionOS
110 |
111 | }
/Applications/Xcode-27.0.0-Release.Candidate.app/Contents/Developer/Platforms/XROS.platform/Developer/SDKs/XROS27.0.sdk/System/Library/Frameworks/AVFoundation.framework/Headers/AVCapturePhotoOutput.h:50:12: note: 'AVCapturePhotoOutput' has been explicitly marked unavailable here
48 | */
49 | API_AVAILABLE(macos(10.15), ios(10.0), macCatalyst(14.0), tvos(17.0)) API_UNAVAILABLE(visionos) API_UNAVAILABLE(watchos)
50 | @interface AVCapturePhotoOutput : AVCaptureOutput
| `- note: 'AVCapturePhotoOutput' has been explicitly marked unavailable here
51 | {
52 | @private
/Users/admin/builder/spi-builder-workspace/Capturer/Basic/Outputs/PhotoOutput.swift:109:92: error: 'AVCaptureResolvedPhotoSettings' is unavailable in visionOS
107 | }
108 |
109 | func photoOutput(_ output: AVCapturePhotoOutput, willCapturePhotoFor resolvedSettings: AVCaptureResolvedPhotoSettings) {
| `- error: 'AVCaptureResolvedPhotoSettings' is unavailable in visionOS
110 |
111 | }
/Applications/Xcode-27.0.0-Release.Candidate.app/Contents/Developer/Platforms/XROS.platform/Developer/SDKs/XROS27.0.sdk/System/Library/Frameworks/AVFoundation.framework/Headers/AVCapturePhotoOutput.h:1788:12: note: 'AVCaptureResolvedPhotoSettings' has been explicitly marked unavailable here
1786 | */
1787 | API_AVAILABLE(macos(10.15), ios(10.0), macCatalyst(14.0), tvos(17.0)) API_UNAVAILABLE(visionos) API_UNAVAILABLE(watchos)
1788 | @interface AVCaptureResolvedPhotoSettings : NSObject
| `- note: 'AVCaptureResolvedPhotoSettings' has been explicitly marked unavailable here
1789 | {
1790 | @private
/Users/admin/builder/spi-builder-workspace/Capturer/Basic/Outputs/PhotoOutput.swift:113:32: error: 'AVCapturePhotoOutput' is unavailable in visionOS
111 | }
112 |
113 | func photoOutput(_ output: AVCapturePhotoOutput, didCapturePhotoFor resolvedSettings: AVCaptureResolvedPhotoSettings) {
| `- error: 'AVCapturePhotoOutput' is unavailable in visionOS
114 |
115 | }
/Applications/Xcode-27.0.0-Release.Candidate.app/Contents/Developer/Platforms/XROS.platform/Developer/SDKs/XROS27.0.sdk/System/Library/Frameworks/AVFoundation.framework/Headers/AVCapturePhotoOutput.h:50:12: note: 'AVCapturePhotoOutput' has been explicitly marked unavailable here
48 | */
49 | API_AVAILABLE(macos(10.15), ios(10.0), macCatalyst(14.0), tvos(17.0)) API_UNAVAILABLE(visionos) API_UNAVAILABLE(watchos)
50 | @interface AVCapturePhotoOutput : AVCaptureOutput
| `- note: 'AVCapturePhotoOutput' has been explicitly marked unavailable here
51 | {
52 | @private
/Users/admin/builder/spi-builder-workspace/Capturer/Basic/Outputs/PhotoOutput.swift:113:91: error: 'AVCaptureResolvedPhotoSettings' is unavailable in visionOS
111 | }
112 |
113 | func photoOutput(_ output: AVCapturePhotoOutput, didCapturePhotoFor resolvedSettings: AVCaptureResolvedPhotoSettings) {
| `- error: 'AVCaptureResolvedPhotoSettings' is unavailable in visionOS
114 |
115 | }
/Applications/Xcode-27.0.0-Release.Candidate.app/Contents/Developer/Platforms/XROS.platform/Developer/SDKs/XROS27.0.sdk/System/Library/Frameworks/AVFoundation.framework/Headers/AVCapturePhotoOutput.h:1788:12: note: 'AVCaptureResolvedPhotoSettings' has been explicitly marked unavailable here
1786 | */
1787 | API_AVAILABLE(macos(10.15), ios(10.0), macCatalyst(14.0), tvos(17.0)) API_UNAVAILABLE(visionos) API_UNAVAILABLE(watchos)
1788 | @interface AVCaptureResolvedPhotoSettings : NSObject
| `- note: 'AVCaptureResolvedPhotoSettings' has been explicitly marked unavailable here
1789 | {
1790 | @private
/Users/admin/builder/spi-builder-workspace/Capturer/Basic/Outputs/PhotoOutput.swift:117:32: error: 'AVCapturePhotoOutput' is unavailable in visionOS
115 | }
116 |
117 | func photoOutput(_ output: AVCapturePhotoOutput, didFinishProcessingPhoto photo: AVCapturePhoto, error: Error?) {
| `- error: 'AVCapturePhotoOutput' is unavailable in visionOS
118 | onDidFinishProcessingPhoto(photo, error)
119 | }
/Applications/Xcode-27.0.0-Release.Candidate.app/Contents/Developer/Platforms/XROS.platform/Developer/SDKs/XROS27.0.sdk/System/Library/Frameworks/AVFoundation.framework/Headers/AVCapturePhotoOutput.h:50:12: note: 'AVCapturePhotoOutput' has been explicitly marked unavailable here
48 | */
49 | API_AVAILABLE(macos(10.15), ios(10.0), macCatalyst(14.0), tvos(17.0)) API_UNAVAILABLE(visionos) API_UNAVAILABLE(watchos)
50 | @interface AVCapturePhotoOutput : AVCaptureOutput
| `- note: 'AVCapturePhotoOutput' has been explicitly marked unavailable here
51 | {
52 | @private
/Users/admin/builder/spi-builder-workspace/Capturer/Basic/Outputs/PhotoOutput.swift:117:86: error: 'AVCapturePhoto' is unavailable in visionOS
115 | }
116 |
117 | func photoOutput(_ output: AVCapturePhotoOutput, didFinishProcessingPhoto photo: AVCapturePhoto, error: Error?) {
| `- error: 'AVCapturePhoto' is unavailable in visionOS
118 | onDidFinishProcessingPhoto(photo, error)
119 | }
/Applications/Xcode-27.0.0-Release.Candidate.app/Contents/Developer/Platforms/XROS.platform/Developer/SDKs/XROS27.0.sdk/System/Library/Frameworks/AVFoundation.framework/Headers/AVCapturePhotoOutput.h:1979:12: note: 'AVCapturePhoto' has been explicitly marked unavailable here
1977 | */
1978 | API_AVAILABLE(macos(10.15), ios(11.0), macCatalyst(14.0), tvos(17.0)) API_UNAVAILABLE(visionos) API_UNAVAILABLE(watchos)
1979 | @interface AVCapturePhoto : NSObject
| `- note: 'AVCapturePhoto' has been explicitly marked unavailable here
1980 | {
1981 | @private
/Users/admin/builder/spi-builder-workspace/Capturer/Basic/Outputs/PhotoOutput.swift:121:32: error: 'AVCapturePhotoOutput' is unavailable in visionOS
119 | }
120 |
121 | func photoOutput(_ output: AVCapturePhotoOutput, didFinishCaptureFor resolvedSettings: AVCaptureResolvedPhotoSettings, error: Error?) {
| `- error: 'AVCapturePhotoOutput' is unavailable in visionOS
122 |
123 | }
/Applications/Xcode-27.0.0-Release.Candidate.app/Contents/Developer/Platforms/XROS.platform/Developer/SDKs/XROS27.0.sdk/System/Library/Frameworks/AVFoundation.framework/Headers/AVCapturePhotoOutput.h:50:12: note: 'AVCapturePhotoOutput' has been explicitly marked unavailable here
48 | */
49 | API_AVAILABLE(macos(10.15), ios(10.0), macCatalyst(14.0), tvos(17.0)) API_UNAVAILABLE(visionos) API_UNAVAILABLE(watchos)
50 | @interface AVCapturePhotoOutput : AVCaptureOutput
| `- note: 'AVCapturePhotoOutput' has been explicitly marked unavailable here
51 | {
52 | @private
/Users/admin/builder/spi-builder-workspace/Capturer/Basic/Outputs/PhotoOutput.swift:121:92: error: 'AVCaptureResolvedPhotoSettings' is unavailable in visionOS
119 | }
120 |
121 | func photoOutput(_ output: AVCapturePhotoOutput, didFinishCaptureFor resolvedSettings: AVCaptureResolvedPhotoSettings, error: Error?) {
| `- error: 'AVCaptureResolvedPhotoSettings' is unavailable in visionOS
122 |
123 | }
/Applications/Xcode-27.0.0-Release.Candidate.app/Contents/Developer/Platforms/XROS.platform/Developer/SDKs/XROS27.0.sdk/System/Library/Frameworks/AVFoundation.framework/Headers/AVCapturePhotoOutput.h:1788:12: note: 'AVCaptureResolvedPhotoSettings' has been explicitly marked unavailable here
1786 | */
1787 | API_AVAILABLE(macos(10.15), ios(10.0), macCatalyst(14.0), tvos(17.0)) API_UNAVAILABLE(visionos) API_UNAVAILABLE(watchos)
1788 | @interface AVCaptureResolvedPhotoSettings : NSObject
| `- note: 'AVCaptureResolvedPhotoSettings' has been explicitly marked unavailable here
1789 | {
1790 | @private
/Users/admin/builder/spi-builder-workspace/Capturer/Basic/Outputs/PhotoOutput.swift:125:32: error: 'AVCapturePhotoOutput' is unavailable in visionOS
123 | }
124 |
125 | func photoOutput(_ output: AVCapturePhotoOutput, didFinishRecordingLivePhotoMovieForEventualFileAt outputFileURL: URL, resolvedSettings: AVCaptureResolvedPhotoSettings) {
| `- error: 'AVCapturePhotoOutput' is unavailable in visionOS
126 |
127 | }
/Applications/Xcode-27.0.0-Release.Candidate.app/Contents/Developer/Platforms/XROS.platform/Developer/SDKs/XROS27.0.sdk/System/Library/Frameworks/AVFoundation.framework/Headers/AVCapturePhotoOutput.h:50:12: note: 'AVCapturePhotoOutput' has been explicitly marked unavailable here
48 | */
49 | API_AVAILABLE(macos(10.15), ios(10.0), macCatalyst(14.0), tvos(17.0)) API_UNAVAILABLE(visionos) API_UNAVAILABLE(watchos)
50 | @interface AVCapturePhotoOutput : AVCaptureOutput
| `- note: 'AVCapturePhotoOutput' has been explicitly marked unavailable here
51 | {
52 | @private
/Users/admin/builder/spi-builder-workspace/Capturer/Basic/Outputs/PhotoOutput.swift:125:142: error: 'AVCaptureResolvedPhotoSettings' is unavailable in visionOS
123 | }
124 |
125 | func photoOutput(_ output: AVCapturePhotoOutput, didFinishRecordingLivePhotoMovieForEventualFileAt outputFileURL: URL, resolvedSettings: AVCaptureResolvedPhotoSettings) {
| `- error: 'AVCaptureResolvedPhotoSettings' is unavailable in visionOS
126 |
127 | }
/Applications/Xcode-27.0.0-Release.Candidate.app/Contents/Developer/Platforms/XROS.platform/Developer/SDKs/XROS27.0.sdk/System/Library/Frameworks/AVFoundation.framework/Headers/AVCapturePhotoOutput.h:1788:12: note: 'AVCaptureResolvedPhotoSettings' has been explicitly marked unavailable here
1786 | */
1787 | API_AVAILABLE(macos(10.15), ios(10.0), macCatalyst(14.0), tvos(17.0)) API_UNAVAILABLE(visionos) API_UNAVAILABLE(watchos)
1788 | @interface AVCaptureResolvedPhotoSettings : NSObject
| `- note: 'AVCaptureResolvedPhotoSettings' has been explicitly marked unavailable here
1789 | {
1790 | @private
/Users/admin/builder/spi-builder-workspace/Capturer/Basic/Outputs/PhotoOutput.swift:129:32: error: 'AVCapturePhotoOutput' is unavailable in visionOS
127 | }
128 |
129 | func photoOutput(_ output: AVCapturePhotoOutput, didFinishProcessingLivePhotoToMovieFileAt outputFileURL: URL, duration: CMTime, photoDisplayTime: CMTime, resolvedSettings: AVCaptureResolvedPhotoSettings, error: Error?) {
| `- error: 'AVCapturePhotoOutput' is unavailable in visionOS
130 |
131 | }
/Applications/Xcode-27.0.0-Release.Candidate.app/Contents/Developer/Platforms/XROS.platform/Developer/SDKs/XROS27.0.sdk/System/Library/Frameworks/AVFoundation.framework/Headers/AVCapturePhotoOutput.h:50:12: note: 'AVCapturePhotoOutput' has been explicitly marked unavailable here
48 | */
49 | API_AVAILABLE(macos(10.15), ios(10.0), macCatalyst(14.0), tvos(17.0)) API_UNAVAILABLE(visionos) API_UNAVAILABLE(watchos)
50 | @interface AVCapturePhotoOutput : AVCaptureOutput
| `- note: 'AVCapturePhotoOutput' has been explicitly marked unavailable here
51 | {
52 | @private
/Users/admin/builder/spi-builder-workspace/Capturer/Basic/Outputs/PhotoOutput.swift:129:178: error: 'AVCaptureResolvedPhotoSettings' is unavailable in visionOS
127 | }
128 |
129 | func photoOutput(_ output: AVCapturePhotoOutput, didFinishProcessingLivePhotoToMovieFileAt outputFileURL: URL, duration: CMTime, photoDisplayTime: CMTime, resolvedSettings: AVCaptureResolvedPhotoSettings, error: Error?) {
| `- error: 'AVCaptureResolvedPhotoSettings' is unavailable in visionOS
130 |
131 | }
/Applications/Xcode-27.0.0-Release.Candidate.app/Contents/Developer/Platforms/XROS.platform/Developer/SDKs/XROS27.0.sdk/System/Library/Frameworks/AVFoundation.framework/Headers/AVCapturePhotoOutput.h:1788:12: note: 'AVCaptureResolvedPhotoSettings' has been explicitly marked unavailable here
1786 | */
1787 | API_AVAILABLE(macos(10.15), ios(10.0), macCatalyst(14.0), tvos(17.0)) API_UNAVAILABLE(visionos) API_UNAVAILABLE(watchos)
1788 | @interface AVCaptureResolvedPhotoSettings : NSObject
| `- note: 'AVCaptureResolvedPhotoSettings' has been explicitly marked unavailable here
1789 | {
1790 | @private
/Users/admin/builder/spi-builder-workspace/Capturer/Basic/Outputs/PhotoOutput.swift:95:70: error: 'AVCapturePhotoCaptureDelegate' is unavailable in visionOS
93 | }
94 |
95 | private final class _AVCapturePhotoCaptureDelegateProxy: NSObject, AVCapturePhotoCaptureDelegate {
| `- error: 'AVCapturePhotoCaptureDelegate' is unavailable in visionOS
96 |
97 | var onDidFinishProcessingPhoto: (AVCapturePhoto, Error?) -> Void
/Applications/Xcode-27.0.0-Release.Candidate.app/Contents/Developer/Platforms/XROS.platform/Developer/SDKs/XROS27.0.sdk/System/Library/Frameworks/AVFoundation.framework/Headers/AVCapturePhotoOutput.h:990:11: note: 'AVCapturePhotoCaptureDelegate' has been explicitly marked unavailable here
988 | */
989 | API_AVAILABLE(macos(10.15), ios(10.0), macCatalyst(14.0), tvos(17.0)) API_UNAVAILABLE(visionos) API_UNAVAILABLE(watchos)
990 | @protocol AVCapturePhotoCaptureDelegate <NSObject>
| `- note: 'AVCapturePhotoCaptureDelegate' has been explicitly marked unavailable here
991 |
992 | @optional
/Users/admin/builder/spi-builder-workspace/Capturer/Basic/Outputs/PhotoOutput.swift:117:10: error: cannot override 'photoOutput' which has been marked unavailable
115 | }
116 |
117 | func photoOutput(_ output: AVCapturePhotoOutput, didFinishProcessingPhoto photo: AVCapturePhoto, error: Error?) {
| `- error: cannot override 'photoOutput' which has been marked unavailable
118 | onDidFinishProcessingPhoto(photo, error)
119 | }
/Applications/Xcode-27.0.0-Release.Candidate.app/Contents/Developer/Platforms/XROS.platform/Developer/SDKs/XROS27.0.sdk/System/Library/Frameworks/AVFoundation.framework/Headers/AVCapturePhotoOutput.h:1053:1: note: 'photoOutput(_:didFinishProcessingPhoto:error:)' has been explicitly marked unavailable here
1051 | This callback fires resolvedSettings.expectedPhotoCount number of times for a given capture request. Note that the photo parameter is always non nil, even if an error is returned. The delivered AVCapturePhoto's rawPhoto property can be queried to know if it's a RAW image or processed image.
1052 | */
1053 | - (void)captureOutput:(AVCapturePhotoOutput *)output didFinishProcessingPhoto:(AVCapturePhoto *)photo error:(nullable NSError *)error API_AVAILABLE(ios(11.0), macCatalyst(14.0), tvos(17.0)) API_UNAVAILABLE(visionos);
| `- note: 'photoOutput(_:didFinishProcessingPhoto:error:)' has been explicitly marked unavailable here
1054 |
1055 | /*!
/Users/admin/builder/spi-builder-workspace/Capturer/Basic/Outputs/PreviewOutput.swift:10:36: error: 'AVCaptureVideoOrientation' is unavailable in visionOS
8 |
9 | public let activeFormat: AVCaptureDevice.Format
10 | public let videoOrientation: AVCaptureVideoOrientation
| `- error: 'AVCaptureVideoOrientation' is unavailable in visionOS
11 |
12 | public var aspectRatio: CGSize {
/Applications/Xcode-27.0.0-Release.Candidate.app/Contents/Developer/Platforms/XROS.platform/Developer/SDKs/XROS27.0.sdk/System/Library/Frameworks/AVFoundation.framework/Headers/AVCaptureDevice.h:104:28: note: 'AVCaptureVideoOrientation' has been explicitly marked unavailable here
102 |
103 | /// Constants indicating video orientation, for use with AVCaptureDeviceRotationCoordinator.
104 | typedef NS_ENUM(NSInteger, AVCaptureVideoOrientation) {
| `- note: 'AVCaptureVideoOrientation' has been explicitly marked unavailable here
105 | /// Indicates that video should be oriented vertically, port on the bottom.
106 | AVCaptureVideoOrientationPortrait = 1,
/Users/admin/builder/spi-builder-workspace/Capturer/Basic/Utils.swift:36:11: error: 'AVCaptureVideoOrientation' is unavailable in visionOS
34 | }
35 |
36 | extension AVCaptureVideoOrientation {
| `- error: 'AVCaptureVideoOrientation' is unavailable in visionOS
37 |
38 | func _capturer_localizedDescription() -> String {
/Applications/Xcode-27.0.0-Release.Candidate.app/Contents/Developer/Platforms/XROS.platform/Developer/SDKs/XROS27.0.sdk/System/Library/Frameworks/AVFoundation.framework/Headers/AVCaptureDevice.h:104:28: note: 'AVCaptureVideoOrientation' has been explicitly marked unavailable here
102 |
103 | /// Constants indicating video orientation, for use with AVCaptureDeviceRotationCoordinator.
104 | typedef NS_ENUM(NSInteger, AVCaptureVideoOrientation) {
| `- note: 'AVCaptureVideoOrientation' has been explicitly marked unavailable here
105 | /// Indicates that video should be oriented vertically, port on the bottom.
106 | AVCaptureVideoOrientationPortrait = 1,
/Users/admin/builder/spi-builder-workspace/Capturer/Extended/Orientations.swift:8:25: error: 'AVCaptureVideoOrientation' is unavailable in visionOS
6 |
7 | init(
8 | _ videoOrientation: AVCaptureVideoOrientation
| `- error: 'AVCaptureVideoOrientation' is unavailable in visionOS
9 | ) {
10 | switch videoOrientation {
/Applications/Xcode-27.0.0-Release.Candidate.app/Contents/Developer/Platforms/XROS.platform/Developer/SDKs/XROS27.0.sdk/System/Library/Frameworks/AVFoundation.framework/Headers/AVCaptureDevice.h:104:28: note: 'AVCaptureVideoOrientation' has been explicitly marked unavailable here
102 |
103 | /// Constants indicating video orientation, for use with AVCaptureDeviceRotationCoordinator.
104 | typedef NS_ENUM(NSInteger, AVCaptureVideoOrientation) {
| `- note: 'AVCaptureVideoOrientation' has been explicitly marked unavailable here
105 | /// Indicates that video should be oriented vertically, port on the bottom.
106 | AVCaptureVideoOrientationPortrait = 1,
Failed frontend command:
SwiftCompile normal arm64 (in target 'Capturer' from project 'Capturer')
cd /Users/admin/builder/spi-builder-workspace/.swiftpm/xcode
/Applications/Xcode-27.0.0-Release.Candidate.app/Contents/Developer/Toolchains/XcodeDefault.xctoolchain/usr/bin/swift-frontend -frontend -emit-module -experimental-skip-non-inlinable-function-bodies-without-types /Users/admin/builder/spi-builder-workspace/Capturer/Basic/CaptureBody.swift /Users/admin/builder/spi-builder-workspace/Capturer/Basic/ComponentBase.swift /Users/admin/builder/spi-builder-workspace/Capturer/Basic/EventBus.swift /Users/admin/builder/spi-builder-workspace/Capturer/Basic/Inputs/CameraInput.swift /Users/admin/builder/spi-builder-workspace/Capturer/Basic/Inputs/InputNodeType.swift /Users/admin/builder/spi-builder-workspace/Capturer/Basic/Logger.swift /Users/admin/builder/spi-builder-workspace/Capturer/Basic/Outputs/AnyCVPixelBufferOutput.swift /Users/admin/builder/spi-builder-workspace/Capturer/Basic/Outputs/AnyOutput.swift /Users/admin/builder/spi-builder-workspace/Capturer/Basic/Outputs/CVPixelBufferModifying.swift /Users/admin/builder/spi-builder-workspace/Capturer/Basic/Outputs/OutputNodeType.swift /Users/admin/builder/spi-builder-workspace/Capturer/Basic/Outputs/PhotoOutput.swift /Users/admin/builder/spi-builder-workspace/Capturer/Basic/Outputs/PreviewOutput.swift /Users/admin/builder/spi-builder-workspace/Capturer/Basic/Outputs/VideoDataOutput.swift /Users/admin/builder/spi-builder-workspace/Capturer/Basic/Utils.swift /Users/admin/builder/spi-builder-workspace/Capturer/Basic/Views/PixelBufferDisplaying.swift /Users/admin/builder/spi-builder-workspace/Capturer/Basic/Views/PixelBufferView.swift /Users/admin/builder/spi-builder-workspace/Capturer/Basic/export.swift /Users/admin/builder/spi-builder-workspace/Capturer/Extended/AnyCMSampleBufferOutput.swift /Users/admin/builder/spi-builder-workspace/Capturer/Extended/CoreImagePixelBufferView.swift /Users/admin/builder/spi-builder-workspace/Capturer/Extended/Filters/CoreImageFilter.swift /Users/admin/builder/spi-builder-workspace/Capturer/Extended/MapOutput.swift /Users/admin/builder/spi-builder-workspace/Capturer/Extended/Orientations.swift /Users/admin/builder/spi-builder-workspace/Capturer/Extended/PixelBufferTransform.swift -target arm64-apple-xros1.0 -disable-cross-import-overlay-search -load-resolved-plugin /Applications/Xcode-27.0.0-Release.Candidate.app/Contents/Developer/Platforms/XROS.platform/Developer/usr/lib/swift/host/plugins/libFoundationMacros.dylib\#/Applications/Xcode-27.0.0-Release.Candidate.app/Contents/Developer/Platforms/XROS.platform/Developer/usr/bin/swift-plugin-server\#FoundationMacros -load-resolved-plugin /Applications/Xcode-27.0.0-Release.Candidate.app/Contents/Developer/Platforms/XROS.platform/Developer/usr/lib/swift/host/plugins/libObservationMacros.dylib\#/Applications/Xcode-27.0.0-Release.Candidate.app/Contents/Developer/Platforms/XROS.platform/Developer/usr/bin/swift-plugin-server\#ObservationMacros -load-resolved-plugin /Applications/Xcode-27.0.0-Release.Candidate.app/Contents/Developer/Platforms/XROS.platform/Developer/usr/lib/swift/host/plugins/libPreviewsMacros.dylib\#/Applications/Xcode-27.0.0-Release.Candidate.app/Contents/Developer/Platforms/XROS.platform/Developer/usr/bin/swift-plugin-server\#PreviewsMacros -load-resolved-plugin /Applications/Xcode-27.0.0-Release.Candidate.app/Contents/Developer/Platforms/XROS.platform/Developer/usr/lib/swift/host/plugins/libSwiftMacros.dylib\#/Applications/Xcode-27.0.0-Release.Candidate.app/Contents/Developer/Platforms/XROS.platform/Developer/usr/bin/swift-plugin-server\#SwiftMacros -load-resolved-plugin /Applications/Xcode-27.0.0-Release.Candidate.app/Contents/Developer/Platforms/XROS.platform/Developer/usr/lib/swift/host/plugins/libSwiftUIMacros.dylib\#/Applications/Xcode-27.0.0-Release.Candidate.app/Contents/Developer/Platforms/XROS.platform/Developer/usr/bin/swift-plugin-server\#SwiftUIMacros -disable-implicit-swift-modules -Xcc -fno-implicit-modules -Xcc -fno-implicit-module-maps -explicit-swift-module-map-file /Users/admin/builder/spi-builder-workspace/.derivedData/Build/Intermediates.noindex/Capturer.build/Debug-xros/Capturer-t.build/Objects-normal/arm64/Capturer-dependencies-1.json -Xllvm -aarch64-use-tbi -enable-objc-interop -stack-check -sdk /Applications/Xcode-27.0.0-Release.Candidate.app/Contents/Developer/Platforms/XROS.platform/Developer/SDKs/XROS27.0.sdk -I /Users/admin/builder/spi-builder-workspace/.derivedData/Build/Products/Debug-xros -Isystem /Applications/Xcode-27.0.0-Release.Candidate.app/Contents/Developer/Platforms/XROS.platform/Developer/usr/lib -F /Users/admin/builder/spi-builder-workspace/.derivedData/Build/Products/Debug-xros -F /Applications/Xcode-27.0.0-Release.Candidate.app/Contents/Developer/Platforms/XROS.platform/Developer/Library/Frameworks -F /Applications/Xcode-27.0.0-Release.Candidate.app/Contents/Developer/Platforms/XROS.platform/Developer/SDKs/XROS27.0.sdk/Developer/Library/Frameworks -module-cache-path /Users/admin/builder/spi-builder-workspace/.derivedData/Build/Intermediates.noindex/SwiftExplicitPrecompiledModules -no-color-diagnostics -Xcc -fno-color-diagnostics -enable-testing -g -debug-info-format\=dwarf -dwarf-version\=4 -swift-version 6 -Onone -D SWIFT_PACKAGE -D DEBUG -D SWIFT_MODULE_RESOURCE_BUNDLE_UNAVAILABLE -D Xcode -serialize-debugging-options -enable-experimental-feature DebugDescriptionMacro -empty-abi-descriptor -validate-clang-modules-once -clang-build-session-file /Users/admin/builder/spi-builder-workspace/.derivedData/ModuleCache.noindex/Session.modulevalidation -Xcc -working-directory -Xcc /Users/admin/builder/spi-builder-workspace/.swiftpm/xcode -enable-anonymous-context-mangled-names -file-compilation-dir /Users/admin/builder/spi-builder-workspace/.swiftpm/xcode -Xcc -D_LIBCPP_HARDENING_MODE\=_LIBCPP_HARDENING_MODE_DEBUG -Xcc -ivfsstatcache -Xcc /Users/admin/builder/spi-builder-workspace/.derivedData/SDKStatCaches.noindex/xros27.0-24M361-e829b21a6f8c9b70876ba0858053c044735bd543db762f57723cac368afd1ce4.sdkstatcache -Xcc -fmodules-prune-interval\=86400 -Xcc -fmodules-prune-after\=345600 -Xcc -I/Users/admin/builder/spi-builder-workspace/.derivedData/Build/Products/Debug-xros/include -Xcc -I/Users/admin/builder/spi-builder-workspace/.derivedData/Build/Intermediates.noindex/Capturer.build/Debug-xros/Capturer-t.build/DerivedSources-normal/arm64 -Xcc -I/Users/admin/builder/spi-builder-workspace/.derivedData/Build/Intermediates.noindex/Capturer.build/Debug-xros/Capturer-t.build/DerivedSources/arm64 -Xcc -I/Users/admin/builder/spi-builder-workspace/.derivedData/Build/Intermediates.noindex/Capturer.build/Debug-xros/Capturer-t.build/DerivedSources -Xcc -DSWIFT_PACKAGE -Xcc -DDEBUG\=1 -no-auto-bridging-header-chaining -module-name Capturer -package-name spi_builder_workspace -const-gather-protocols-file /Users/admin/builder/spi-builder-workspace/.derivedData/Build/Intermediates.noindex/Capturer.build/Debug-xros/Capturer-t.build/Objects-normal/arm64/Capturer_const_extract_protocols.json -disable-clang-spi -clang-target arm64-apple-xros27.0 -target-sdk-version 27.0 -target-sdk-name xros27.0 -in-process-plugin-server-path /Applications/Xcode-27.0.0-Release.Candidate.app/Contents/Developer/Toolchains/XcodeDefault.xctoolchain/usr/lib/swift/host/libSwiftInProcPluginServer.dylib -emit-module-doc-path /Users/admin/builder/spi-builder-workspace/.derivedData/Build/Intermediates.noindex/Capturer.build/Debug-xros/Capturer-t.build/Objects-normal/arm64/Capturer.swiftdoc -emit-module-source-info-path /Users/admin/builder/spi-builder-workspace/.derivedData/Build/Intermediates.noindex/Capturer.build/Debug-xros/Capturer-t.build/Objects-normal/arm64/Capturer.swiftsourceinfo -emit-objc-header-path /Users/admin/builder/spi-builder-workspace/.derivedData/Build/Intermediates.noindex/Capturer.build/Debug-xros/Capturer-t.build/Objects-normal/arm64/Capturer-Swift.h -serialize-diagnostics-path /Users/admin/builder/spi-builder-workspace/.derivedData/Build/Intermediates.noindex/Capturer.build/Debug-xros/Capturer-t.build/Objects-normal/arm64/Capturer-primary-emit-module.dia -emit-dependencies-path /Users/admin/builder/spi-builder-workspace/.derivedData/Build/Intermediates.noindex/Capturer.build/Debug-xros/Capturer-t.build/Objects-normal/arm64/Capturer-primary-emit-module.d -parse-as-library -o /Users/admin/builder/spi-builder-workspace/.derivedData/Build/Intermediates.noindex/Capturer.build/Debug-xros/Capturer-t.build/Objects-normal/arm64/Capturer.swiftmodule -emit-abi-descriptor-path /Users/admin/builder/spi-builder-workspace/.derivedData/Build/Intermediates.noindex/Capturer.build/Debug-xros/Capturer-t.build/Objects-normal/arm64/Capturer.abi.json
SwiftCompile normal arm64 Compiling\ CoreImageFilter.swift,\ MapOutput.swift /Users/admin/builder/spi-builder-workspace/Capturer/Extended/Filters/CoreImageFilter.swift /Users/admin/builder/spi-builder-workspace/Capturer/Extended/MapOutput.swift (in target 'Capturer' from project 'Capturer')
SwiftCompile normal arm64 /Users/admin/builder/spi-builder-workspace/Capturer/Extended/Filters/CoreImageFilter.swift (in target 'Capturer' from project 'Capturer')
cd /Users/admin/builder/spi-builder-workspace/.swiftpm/xcode
builtin-SwiftPerFileCompile CoreImageFilter.swift
SwiftCompile normal arm64 /Users/admin/builder/spi-builder-workspace/Capturer/Extended/MapOutput.swift (in target 'Capturer' from project 'Capturer')
cd /Users/admin/builder/spi-builder-workspace/.swiftpm/xcode
builtin-SwiftPerFileCompile MapOutput.swift
SwiftCompile normal arm64 Compiling\ PixelBufferView.swift,\ export.swift /Users/admin/builder/spi-builder-workspace/Capturer/Basic/Views/PixelBufferView.swift /Users/admin/builder/spi-builder-workspace/Capturer/Basic/export.swift (in target 'Capturer' from project 'Capturer')
SwiftCompile normal arm64 /Users/admin/builder/spi-builder-workspace/Capturer/Basic/Views/PixelBufferView.swift (in target 'Capturer' from project 'Capturer')
cd /Users/admin/builder/spi-builder-workspace/.swiftpm/xcode
builtin-SwiftPerFileCompile PixelBufferView.swift
SwiftCompile normal arm64 /Users/admin/builder/spi-builder-workspace/Capturer/Basic/export.swift (in target 'Capturer' from project 'Capturer')
cd /Users/admin/builder/spi-builder-workspace/.swiftpm/xcode
builtin-SwiftPerFileCompile export.swift
SwiftCompile normal arm64 Compiling\ PreviewOutput.swift,\ VideoDataOutput.swift /Users/admin/builder/spi-builder-workspace/Capturer/Basic/Outputs/PreviewOutput.swift /Users/admin/builder/spi-builder-workspace/Capturer/Basic/Outputs/VideoDataOutput.swift (in target 'Capturer' from project 'Capturer')
/Users/admin/builder/spi-builder-workspace/Capturer/Basic/Outputs/PreviewOutput.swift:10:36: error: 'AVCaptureVideoOrientation' is unavailable in visionOS
8 |
9 | public let activeFormat: AVCaptureDevice.Format
10 | public let videoOrientation: AVCaptureVideoOrientation
| `- error: 'AVCaptureVideoOrientation' is unavailable in visionOS
11 |
12 | public var aspectRatio: CGSize {
/Applications/Xcode-27.0.0-Release.Candidate.app/Contents/Developer/Platforms/XROS.platform/Developer/SDKs/XROS27.0.sdk/System/Library/Frameworks/AVFoundation.framework/Headers/AVCaptureDevice.h:104:28: note: 'AVCaptureVideoOrientation' has been explicitly marked unavailable here
102 |
103 | /// Constants indicating video orientation, for use with AVCaptureDeviceRotationCoordinator.
104 | typedef NS_ENUM(NSInteger, AVCaptureVideoOrientation) {
| `- note: 'AVCaptureVideoOrientation' has been explicitly marked unavailable here
105 | /// Indicates that video should be oriented vertically, port on the bottom.
106 | AVCaptureVideoOrientationPortrait = 1,
/Users/admin/builder/spi-builder-workspace/Capturer/Basic/Outputs/PreviewOutput.swift:54:12: error: 'inputPorts' is only available in visionOS 2.1 or newer
1 | import AVFoundation
2 |
3 | open class PreviewOutput: VideoDataOutput, @unchecked Sendable {
| `- note: add '@available' attribute to enclosing class
4 |
5 | public struct State: Equatable {
:
37 | public private(set) var state: State = .init()
38 |
39 | open override func didChange(connections: [AVCaptureConnection]) {
| `- note: add '@available' attribute to enclosing instance method
40 |
41 | assert(connections.count <= 1)
:
52 | .lazy
53 | .filter {
54 | $0.inputPorts.contains {
| |- error: 'inputPorts' is only available in visionOS 2.1 or newer
| `- note: add 'if #available' version check
55 | $0.mediaType == .video
56 | }
/Users/admin/builder/spi-builder-workspace/Capturer/Basic/Outputs/PreviewOutput.swift:63:18: error: 'videoOrientation' is unavailable in visionOS
61 | if let connection = proposedConnection {
62 |
63 | connection.videoOrientation = .portrait
| `- error: 'videoOrientation' is unavailable in visionOS
64 |
65 | let activeFormat = (connection.inputPorts.first!.input as! AVCaptureDeviceInput).device.activeFormat
/Applications/Xcode-27.0.0-Release.Candidate.app/Contents/Developer/Platforms/XROS.platform/Developer/SDKs/XROS27.0.sdk/System/Library/Frameworks/AVFoundation.framework/Headers/AVCaptureSession.h:1111:48: note: 'videoOrientation' has been explicitly marked unavailable here
1109 | This property is deprecated. Use -videoRotationAngle instead. This property may only be set if -isVideoOrientationSupported returns YES, otherwise an NSInvalidArgumentException is thrown.
1110 | */
1111 | @property(nonatomic) AVCaptureVideoOrientation videoOrientation API_DEPRECATED("Use -videoRotationAngle instead", macos(10.7, 14.0), ios(4.0, 17.0), macCatalyst(14.0, 17.0)) API_UNAVAILABLE(tvos, visionos);
| `- note: 'videoOrientation' has been explicitly marked unavailable here
1112 |
1113 | /*!
/Users/admin/builder/spi-builder-workspace/Capturer/Basic/Outputs/PreviewOutput.swift:65:38: error: 'inputPorts' is only available in visionOS 2.1 or newer
1 | import AVFoundation
2 |
3 | open class PreviewOutput: VideoDataOutput, @unchecked Sendable {
| `- note: add '@available' attribute to enclosing class
4 |
5 | public struct State: Equatable {
:
37 | public private(set) var state: State = .init()
38 |
39 | open override func didChange(connections: [AVCaptureConnection]) {
| `- note: add '@available' attribute to enclosing instance method
40 |
41 | assert(connections.count <= 1)
:
63 | connection.videoOrientation = .portrait
64 |
65 | let activeFormat = (connection.inputPorts.first!.input as! AVCaptureDeviceInput).device.activeFormat
| |- error: 'inputPorts' is only available in visionOS 2.1 or newer
| `- note: add 'if #available' version check
66 |
67 | self.state.inputInfo = .init(
/Users/admin/builder/spi-builder-workspace/Capturer/Basic/Outputs/PreviewOutput.swift:69:38: error: 'videoOrientation' is unavailable in visionOS
67 | self.state.inputInfo = .init(
68 | activeFormat: activeFormat,
69 | videoOrientation: connection.videoOrientation
| `- error: 'videoOrientation' is unavailable in visionOS
70 | )
71 | } else {
/Applications/Xcode-27.0.0-Release.Candidate.app/Contents/Developer/Platforms/XROS.platform/Developer/SDKs/XROS27.0.sdk/System/Library/Frameworks/AVFoundation.framework/Headers/AVCaptureSession.h:1111:48: note: 'videoOrientation' has been explicitly marked unavailable here
1109 | This property is deprecated. Use -videoRotationAngle instead. This property may only be set if -isVideoOrientationSupported returns YES, otherwise an NSInvalidArgumentException is thrown.
1110 | */
1111 | @property(nonatomic) AVCaptureVideoOrientation videoOrientation API_DEPRECATED("Use -videoRotationAngle instead", macos(10.7, 14.0), ios(4.0, 17.0), macCatalyst(14.0, 17.0)) API_UNAVAILABLE(tvos, visionos);
| `- note: 'videoOrientation' has been explicitly marked unavailable here
1112 |
1113 | /*!
/Users/admin/builder/spi-builder-workspace/Capturer/Basic/Outputs/VideoDataOutput.swift:62:36: error: 'connections' is unavailable in visionOS
60 | }
61 |
62 | observation = output.observe(\.connections, options: [.initial, .new]) { [weak self] output, _ in
| `- error: 'connections' is unavailable in visionOS
63 | guard let self = self else { return }
64 | self.didChange(connections: output.connections)
/Applications/Xcode-27.0.0-Release.Candidate.app/Contents/Developer/Platforms/XROS.platform/Developer/SDKs/XROS27.0.sdk/System/Library/Frameworks/AVFoundation.framework/Headers/AVCaptureOutputBase.h:51:64: note: 'connections' has been explicitly marked unavailable here
49 | The value of this property is an NSArray of AVCaptureConnection objects, each describing the mapping between the receiver and the AVCaptureInputPorts of one or more AVCaptureInputs.
50 | */
51 | @property(nonatomic, readonly) NSArray<AVCaptureConnection *> *connections API_UNAVAILABLE(visionos);
| `- note: 'connections' has been explicitly marked unavailable here
52 |
53 | /*!
/Users/admin/builder/spi-builder-workspace/Capturer/Basic/Outputs/VideoDataOutput.swift:64:42: error: 'connections' is unavailable in visionOS
62 | observation = output.observe(\.connections, options: [.initial, .new]) { [weak self] output, _ in
63 | guard let self = self else { return }
64 | self.didChange(connections: output.connections)
| `- error: 'connections' is unavailable in visionOS
65 | }
66 |
/Applications/Xcode-27.0.0-Release.Candidate.app/Contents/Developer/Platforms/XROS.platform/Developer/SDKs/XROS27.0.sdk/System/Library/Frameworks/AVFoundation.framework/Headers/AVCaptureOutputBase.h:51:64: note: 'connections' has been explicitly marked unavailable here
49 | The value of this property is an NSArray of AVCaptureConnection objects, each describing the mapping between the receiver and the AVCaptureInputPorts of one or more AVCaptureInputs.
50 | */
51 | @property(nonatomic, readonly) NSArray<AVCaptureConnection *> *connections API_UNAVAILABLE(visionos);
| `- note: 'connections' has been explicitly marked unavailable here
52 |
53 | /*!
SwiftCompile normal arm64 /Users/admin/builder/spi-builder-workspace/Capturer/Basic/Outputs/PreviewOutput.swift (in target 'Capturer' from project 'Capturer')
cd /Users/admin/builder/spi-builder-workspace/.swiftpm/xcode
builtin-SwiftPerFileCompile PreviewOutput.swift
SwiftCompile normal arm64 /Users/admin/builder/spi-builder-workspace/Capturer/Basic/Outputs/VideoDataOutput.swift (in target 'Capturer' from project 'Capturer')
cd /Users/admin/builder/spi-builder-workspace/.swiftpm/xcode
builtin-SwiftPerFileCompile VideoDataOutput.swift
SwiftCompile normal arm64 Compiling\ AnyCVPixelBufferOutput.swift,\ AnyOutput.swift,\ CVPixelBufferModifying.swift /Users/admin/builder/spi-builder-workspace/Capturer/Basic/Outputs/AnyCVPixelBufferOutput.swift /Users/admin/builder/spi-builder-workspace/Capturer/Basic/Outputs/AnyOutput.swift /Users/admin/builder/spi-builder-workspace/Capturer/Basic/Outputs/CVPixelBufferModifying.swift (in target 'Capturer' from project 'Capturer')
SwiftCompile normal arm64 /Users/admin/builder/spi-builder-workspace/Capturer/Basic/Outputs/AnyCVPixelBufferOutput.swift (in target 'Capturer' from project 'Capturer')
cd /Users/admin/builder/spi-builder-workspace/.swiftpm/xcode
builtin-SwiftPerFileCompile AnyCVPixelBufferOutput.swift
SwiftCompile normal arm64 /Users/admin/builder/spi-builder-workspace/Capturer/Basic/Outputs/AnyOutput.swift (in target 'Capturer' from project 'Capturer')
cd /Users/admin/builder/spi-builder-workspace/.swiftpm/xcode
builtin-SwiftPerFileCompile AnyOutput.swift
SwiftCompile normal arm64 /Users/admin/builder/spi-builder-workspace/Capturer/Basic/Outputs/CVPixelBufferModifying.swift (in target 'Capturer' from project 'Capturer')
cd /Users/admin/builder/spi-builder-workspace/.swiftpm/xcode
builtin-SwiftPerFileCompile CVPixelBufferModifying.swift
SwiftCompile normal arm64 Compiling\ CameraInput.swift,\ InputNodeType.swift,\ Logger.swift /Users/admin/builder/spi-builder-workspace/Capturer/Basic/Inputs/CameraInput.swift /Users/admin/builder/spi-builder-workspace/Capturer/Basic/Inputs/InputNodeType.swift /Users/admin/builder/spi-builder-workspace/Capturer/Basic/Logger.swift (in target 'Capturer' from project 'Capturer')
/Users/admin/builder/spi-builder-workspace/Capturer/Basic/Inputs/CameraInput.swift:39:44: error: 'DiscoverySession' is only available in visionOS 2.1 or newer
25 | }
26 |
27 | extension CameraInput {
| `- note: add '@available' attribute to enclosing extension
28 |
29 | public enum CameraPosition {
:
36 | }
37 |
38 | public static func bestBuiltInDevice(position: CameraPosition) throws -> CameraInput {
| `- note: add '@available' attribute to enclosing static method
39 | let discoverySession = AVCaptureDevice.DiscoverySession(
| |- error: 'DiscoverySession' is only available in visionOS 2.1 or newer
| `- note: add 'if #available' version check
40 | deviceTypes:
41 | [
/Users/admin/builder/spi-builder-workspace/Capturer/Basic/Inputs/CameraInput.swift:42:12: error: 'builtInWideAngleCamera' is only available in visionOS 2.1 or newer
25 | }
26 |
27 | extension CameraInput {
| `- note: add '@available' attribute to enclosing extension
28 |
29 | public enum CameraPosition {
:
36 | }
37 |
38 | public static func bestBuiltInDevice(position: CameraPosition) throws -> CameraInput {
| `- note: add '@available' attribute to enclosing static method
39 | let discoverySession = AVCaptureDevice.DiscoverySession(
40 | deviceTypes:
41 | [
42 | .builtInWideAngleCamera,
| |- error: 'builtInWideAngleCamera' is only available in visionOS 2.1 or newer
| `- note: add 'if #available' version check
43 | .builtInUltraWideCamera,
44 | .builtInTelephotoCamera
/Users/admin/builder/spi-builder-workspace/Capturer/Basic/Inputs/CameraInput.swift:43:12: error: 'builtInUltraWideCamera' is unavailable in visionOS
41 | [
42 | .builtInWideAngleCamera,
43 | .builtInUltraWideCamera,
| `- error: 'builtInUltraWideCamera' is unavailable in visionOS
44 | .builtInTelephotoCamera
45 | ],
/Applications/Xcode-27.0.0-Release.Candidate.app/Contents/Developer/Platforms/XROS.platform/Developer/SDKs/XROS27.0.sdk/System/Library/Frameworks/AVFoundation.framework/Headers/AVCaptureDevice.h:574:38: note: 'builtInUltraWideCamera' has been explicitly marked unavailable here
572 | A built-in camera device with a shorter focal length than a wide angle camera. Note that devices of this type may only be discovered using an AVCaptureDeviceDiscoverySession.
573 | */
574 | AVF_EXPORT AVCaptureDeviceType const AVCaptureDeviceTypeBuiltInUltraWideCamera API_AVAILABLE(ios(13.0), macCatalyst(14.0), tvos(17.0)) API_UNAVAILABLE(macos, visionos) API_UNAVAILABLE(watchos);
| `- note: 'builtInUltraWideCamera' has been explicitly marked unavailable here
575 |
576 | /*!
SwiftCompile normal arm64 /Users/admin/builder/spi-builder-workspace/Capturer/Basic/Inputs/CameraInput.swift (in target 'Capturer' from project 'Capturer')
cd /Users/admin/builder/spi-builder-workspace/.swiftpm/xcode
builtin-SwiftPerFileCompile CameraInput.swift
SwiftCompile normal arm64 /Users/admin/builder/spi-builder-workspace/Capturer/Basic/Inputs/InputNodeType.swift (in target 'Capturer' from project 'Capturer')
cd /Users/admin/builder/spi-builder-workspace/.swiftpm/xcode
builtin-SwiftPerFileCompile InputNodeType.swift
SwiftCompile normal arm64 /Users/admin/builder/spi-builder-workspace/Capturer/Basic/Logger.swift (in target 'Capturer' from project 'Capturer')
cd /Users/admin/builder/spi-builder-workspace/.swiftpm/xcode
builtin-SwiftPerFileCompile Logger.swift
SwiftCompile normal arm64 Compiling\ Utils.swift,\ PixelBufferDisplaying.swift /Users/admin/builder/spi-builder-workspace/Capturer/Basic/Utils.swift /Users/admin/builder/spi-builder-workspace/Capturer/Basic/Views/PixelBufferDisplaying.swift (in target 'Capturer' from project 'Capturer')
/Users/admin/builder/spi-builder-workspace/Capturer/Basic/Utils.swift:36:11: error: 'AVCaptureVideoOrientation' is unavailable in visionOS
34 | }
35 |
36 | extension AVCaptureVideoOrientation {
| `- error: 'AVCaptureVideoOrientation' is unavailable in visionOS
37 |
38 | func _capturer_localizedDescription() -> String {
/Applications/Xcode-27.0.0-Release.Candidate.app/Contents/Developer/Platforms/XROS.platform/Developer/SDKs/XROS27.0.sdk/System/Library/Frameworks/AVFoundation.framework/Headers/AVCaptureDevice.h:104:28: note: 'AVCaptureVideoOrientation' has been explicitly marked unavailable here
102 |
103 | /// Constants indicating video orientation, for use with AVCaptureDeviceRotationCoordinator.
104 | typedef NS_ENUM(NSInteger, AVCaptureVideoOrientation) {
| `- note: 'AVCaptureVideoOrientation' has been explicitly marked unavailable here
105 | /// Indicates that video should be oriented vertically, port on the bottom.
106 | AVCaptureVideoOrientationPortrait = 1,
/Users/admin/builder/spi-builder-workspace/Capturer/Basic/Utils.swift:26:20: error: 'isActive' is unavailable in visionOS
24 |
25 | return [
26 | "isActive" : isActive,
| `- error: 'isActive' is unavailable in visionOS
27 | "orientation": videoOrientation._capturer_localizedDescription(),
28 | "isVideoMirrored" : isVideoMirrored,
/Applications/Xcode-27.0.0-Release.Candidate.app/Contents/Developer/Platforms/XROS.platform/Developer/SDKs/XROS27.0.sdk/System/Library/Frameworks/AVFoundation.framework/Headers/AVCaptureSession.h:1021:54: note: 'isActive' has been explicitly marked unavailable here
1019 | Prior to iOS 11, the audio connection feeding an AVCaptureAudioDataOutput is made inactive when using AVCaptureSessionPresetPhoto or the equivalent photo format using -[AVCaptureDevice activeFormat]. On iOS 11 and later, the audio connection feeding AVCaptureAudioDataOutput is active for all presets and device formats.
1020 | */
1021 | @property(nonatomic, readonly, getter=isActive) BOOL active API_UNAVAILABLE(visionos);
| `- note: 'isActive' has been explicitly marked unavailable here
1022 |
1023 | /*!
/Users/admin/builder/spi-builder-workspace/Capturer/Basic/Utils.swift:27:22: error: 'videoOrientation' is unavailable in visionOS
25 | return [
26 | "isActive" : isActive,
27 | "orientation": videoOrientation._capturer_localizedDescription(),
| `- error: 'videoOrientation' is unavailable in visionOS
28 | "isVideoMirrored" : isVideoMirrored,
29 | "automaticallyAdjustsVideoMirroring" : automaticallyAdjustsVideoMirroring,
/Applications/Xcode-27.0.0-Release.Candidate.app/Contents/Developer/Platforms/XROS.platform/Developer/SDKs/XROS27.0.sdk/System/Library/Frameworks/AVFoundation.framework/Headers/AVCaptureSession.h:1111:48: note: 'videoOrientation' has been explicitly marked unavailable here
1109 | This property is deprecated. Use -videoRotationAngle instead. This property may only be set if -isVideoOrientationSupported returns YES, otherwise an NSInvalidArgumentException is thrown.
1110 | */
1111 | @property(nonatomic) AVCaptureVideoOrientation videoOrientation API_DEPRECATED("Use -videoRotationAngle instead", macos(10.7, 14.0), ios(4.0, 17.0), macCatalyst(14.0, 17.0)) API_UNAVAILABLE(tvos, visionos);
| `- note: 'videoOrientation' has been explicitly marked unavailable here
1112 |
1113 | /*!
/Users/admin/builder/spi-builder-workspace/Capturer/Basic/Utils.swift:29:46: error: 'automaticallyAdjustsVideoMirroring' is unavailable in visionOS
27 | "orientation": videoOrientation._capturer_localizedDescription(),
28 | "isVideoMirrored" : isVideoMirrored,
29 | "automaticallyAdjustsVideoMirroring" : automaticallyAdjustsVideoMirroring,
| `- error: 'automaticallyAdjustsVideoMirroring' is unavailable in visionOS
30 | "inputPorts" : inputPorts
31 | ]
/Applications/Xcode-27.0.0-Release.Candidate.app/Contents/Developer/Platforms/XROS.platform/Developer/SDKs/XROS27.0.sdk/System/Library/Frameworks/AVFoundation.framework/Headers/AVCaptureSession.h:1062:27: note: 'automaticallyAdjustsVideoMirroring' has been explicitly marked unavailable here
1060 | For some session configurations, video data flowing through the connection will be mirrored by default. When the value of this property is YES, the value of @"videoMirrored" may change depending on the configuration of the session, for example after switching to a different AVCaptureDeviceInput. The default value is YES.
1061 | */
1062 | @property(nonatomic) BOOL automaticallyAdjustsVideoMirroring API_AVAILABLE(ios(6.0), macCatalyst(14.0), tvos(17.0)) API_UNAVAILABLE(visionos);
| `- note: 'automaticallyAdjustsVideoMirroring' has been explicitly marked unavailable here
1063 |
1064 | /*!
SwiftCompile normal arm64 /Users/admin/builder/spi-builder-workspace/Capturer/Basic/Utils.swift (in target 'Capturer' from project 'Capturer')
cd /Users/admin/builder/spi-builder-workspace/.swiftpm/xcode
builtin-SwiftPerFileCompile Utils.swift
SwiftCompile normal arm64 /Users/admin/builder/spi-builder-workspace/Capturer/Basic/Views/PixelBufferDisplaying.swift (in target 'Capturer' from project 'Capturer')
cd /Users/admin/builder/spi-builder-workspace/.swiftpm/xcode
builtin-SwiftPerFileCompile PixelBufferDisplaying.swift
SwiftCompile normal arm64 Compiling\ CaptureBody.swift,\ ComponentBase.swift,\ EventBus.swift /Users/admin/builder/spi-builder-workspace/Capturer/Basic/CaptureBody.swift /Users/admin/builder/spi-builder-workspace/Capturer/Basic/ComponentBase.swift /Users/admin/builder/spi-builder-workspace/Capturer/Basic/EventBus.swift (in target 'Capturer' from project 'Capturer')
/Users/admin/builder/spi-builder-workspace/Capturer/Basic/CaptureBody.swift:15:50: error: 'Preset' is unavailable in visionOS
13 | public struct Configuration: Sendable {
14 |
15 | public var sessionPreset: AVCaptureSession.Preset = .photo
| `- error: 'Preset' is unavailable in visionOS
16 |
17 | public init() {
/Applications/Xcode-27.0.0-Release.Candidate.app/Contents/Developer/Platforms/XROS.platform/Developer/SDKs/XROS27.0.sdk/System/Library/Frameworks/AVFoundation.framework/Headers/AVCaptureSessionPreset.h:21:20: note: 'Preset' has been explicitly marked unavailable here
19 | Clients may use an AVCaptureSessionPreset to set the format for output on an AVCaptureSession.
20 | */
21 | typedef NSString * AVCaptureSessionPreset NS_TYPED_ENUM API_AVAILABLE(macos(10.7), ios(4.0), macCatalyst(14.0), tvos(17.0)) API_UNAVAILABLE(visionos) API_UNAVAILABLE(watchos);
| `- note: 'Preset' has been explicitly marked unavailable here
22 |
23 | /*!
/Users/admin/builder/spi-builder-workspace/Capturer/Basic/CaptureBody.swift:15:60: error: 'photo' is unavailable in visionOS
13 | public struct Configuration: Sendable {
14 |
15 | public var sessionPreset: AVCaptureSession.Preset = .photo
| `- error: 'photo' is unavailable in visionOS
16 |
17 | public init() {
/Applications/Xcode-27.0.0-Release.Candidate.app/Contents/Developer/Platforms/XROS.platform/Developer/SDKs/XROS27.0.sdk/System/Library/Frameworks/AVFoundation.framework/Headers/AVCaptureSessionPreset.h:31:41: note: 'photo' has been explicitly marked unavailable here
29 | Clients may set an AVCaptureSession instance's sessionPreset to AVCaptureSessionPresetPhoto for full resolution photo quality output.
30 | */
31 | AVF_EXPORT AVCaptureSessionPreset const AVCaptureSessionPresetPhoto API_AVAILABLE(macos(10.7), ios(4.0), macCatalyst(14.0), tvos(17.0)) API_UNAVAILABLE(visionos) API_UNAVAILABLE(watchos);
| `- note: 'photo' has been explicitly marked unavailable here
32 |
33 | /*!
/Users/admin/builder/spi-builder-workspace/Capturer/Basic/CaptureBody.swift:64:12: error: 'sessionPreset' is unavailable in visionOS
62 |
63 | self.session.performConfiguration {
64 | $0.sessionPreset = configuration.sessionPreset
| `- error: 'sessionPreset' is unavailable in visionOS
65 | $0.automaticallyConfiguresCaptureDeviceForWideColor = true
66 | }
/Applications/Xcode-27.0.0-Release.Candidate.app/Contents/Developer/Platforms/XROS.platform/Developer/SDKs/XROS27.0.sdk/System/Library/Frameworks/AVFoundation.framework/Headers/AVCaptureSession.h:166:51: note: 'sessionPreset' has been explicitly marked unavailable here
164 | The value of this property is an AVCaptureSessionPreset indicating the current session preset in use by the receiver. The sessionPreset property may be set while the receiver is running.
165 | */
166 | @property(nonatomic, copy) AVCaptureSessionPreset sessionPreset API_UNAVAILABLE(visionos);
| `- note: 'sessionPreset' has been explicitly marked unavailable here
167 |
168 | /*!
SwiftCompile normal arm64 /Users/admin/builder/spi-builder-workspace/Capturer/Basic/CaptureBody.swift (in target 'Capturer' from project 'Capturer')
cd /Users/admin/builder/spi-builder-workspace/.swiftpm/xcode
builtin-SwiftPerFileCompile CaptureBody.swift
SwiftCompile normal arm64 /Users/admin/builder/spi-builder-workspace/Capturer/Basic/ComponentBase.swift (in target 'Capturer' from project 'Capturer')
cd /Users/admin/builder/spi-builder-workspace/.swiftpm/xcode
builtin-SwiftPerFileCompile ComponentBase.swift
SwiftCompile normal arm64 /Users/admin/builder/spi-builder-workspace/Capturer/Basic/EventBus.swift (in target 'Capturer' from project 'Capturer')
cd /Users/admin/builder/spi-builder-workspace/.swiftpm/xcode
builtin-SwiftPerFileCompile EventBus.swift
SwiftCompile normal arm64 Compiling\ Orientations.swift,\ PixelBufferTransform.swift /Users/admin/builder/spi-builder-workspace/Capturer/Extended/Orientations.swift /Users/admin/builder/spi-builder-workspace/Capturer/Extended/PixelBufferTransform.swift (in target 'Capturer' from project 'Capturer')
SwiftCompile normal arm64 /Users/admin/builder/spi-builder-workspace/Capturer/Extended/Orientations.swift (in target 'Capturer' from project 'Capturer')
cd /Users/admin/builder/spi-builder-workspace/.swiftpm/xcode
builtin-SwiftPerFileCompile Orientations.swift
SwiftCompile normal arm64 /Users/admin/builder/spi-builder-workspace/Capturer/Extended/PixelBufferTransform.swift (in target 'Capturer' from project 'Capturer')
cd /Users/admin/builder/spi-builder-workspace/.swiftpm/xcode
builtin-SwiftPerFileCompile PixelBufferTransform.swift
SwiftCompile normal arm64 Compiling\ AnyCMSampleBufferOutput.swift,\ CoreImagePixelBufferView.swift /Users/admin/builder/spi-builder-workspace/Capturer/Extended/AnyCMSampleBufferOutput.swift /Users/admin/builder/spi-builder-workspace/Capturer/Extended/CoreImagePixelBufferView.swift (in target 'Capturer' from project 'Capturer')
SwiftCompile normal arm64 /Users/admin/builder/spi-builder-workspace/Capturer/Extended/AnyCMSampleBufferOutput.swift (in target 'Capturer' from project 'Capturer')
cd /Users/admin/builder/spi-builder-workspace/.swiftpm/xcode
builtin-SwiftPerFileCompile AnyCMSampleBufferOutput.swift
SwiftCompile normal arm64 /Users/admin/builder/spi-builder-workspace/Capturer/Extended/CoreImagePixelBufferView.swift (in target 'Capturer' from project 'Capturer')
cd /Users/admin/builder/spi-builder-workspace/.swiftpm/xcode
builtin-SwiftPerFileCompile CoreImagePixelBufferView.swift
SwiftCompile normal arm64 Compiling\ OutputNodeType.swift,\ PhotoOutput.swift /Users/admin/builder/spi-builder-workspace/Capturer/Basic/Outputs/OutputNodeType.swift /Users/admin/builder/spi-builder-workspace/Capturer/Basic/Outputs/PhotoOutput.swift (in target 'Capturer' from project 'Capturer')
SwiftCompile normal arm64 /Users/admin/builder/spi-builder-workspace/Capturer/Basic/Outputs/OutputNodeType.swift (in target 'Capturer' from project 'Capturer')
cd /Users/admin/builder/spi-builder-workspace/.swiftpm/xcode
builtin-SwiftPerFileCompile OutputNodeType.swift
SwiftCompile normal arm64 /Users/admin/builder/spi-builder-workspace/Capturer/Basic/Outputs/PhotoOutput.swift (in target 'Capturer' from project 'Capturer')
cd /Users/admin/builder/spi-builder-workspace/.swiftpm/xcode
builtin-SwiftPerFileCompile PhotoOutput.swift
PruneExplicitPrecompiledModules /Users/admin/builder/spi-builder-workspace/.derivedData/Build/Intermediates.noindex/SwiftExplicitPrecompiledModules
PruneExplicitPrecompiledModules /Users/admin/builder/spi-builder-workspace/.derivedData/SDKExplicitPrecompiledModules
PruneExplicitPrecompiledModules /Users/admin/builder/spi-builder-workspace/.derivedData/Build/Intermediates.noindex/ExplicitPrecompiledModules
2026-09-24 14:49:09.324 xcodebuild[625:3937] [MT] IDERunDestination: Supported platforms for the buildables in the current scheme is empty.
** BUILD FAILED **
The following build commands failed:
SwiftCompile normal arm64 (in target 'Capturer' from project 'Capturer')
SwiftEmitModule normal arm64 Emitting\ module\ for\ Capturer (in target 'Capturer' from project 'Capturer')
Building workspace Capturer with scheme Capturer
(3 failures)
Command line invocation:
/Applications/Xcode-27.0.0-Release.Candidate.app/Contents/Developer/usr/bin/xcodebuild -IDEClonedSourcePackagesDirPathOverride=/Users/admin/builder/spi-builder-workspace/.dependencies -resolvePackageDependencies
Resolve Package Graph
Resolved source packages:
Capturer: /Users/admin/builder/spi-builder-workspace
resolved source packages: Capturer
2026-09-24 14:49:17.825 xcodebuild[759:4594] [MT] IDERunDestination: Supported platforms for the buildables in the current scheme is empty.
{
"dependencies" : [
],
"manifest_display_name" : "Capturer",
"name" : "Capturer",
"path" : "/Users/admin/builder/spi-builder-workspace",
"platforms" : [
{
"name" : "ios",
"version" : "16.0"
}
],
"products" : [
{
"name" : "Capturer",
"targets" : [
"Capturer"
],
"type" : {
"library" : [
"automatic"
]
}
}
],
"targets" : [
{
"c99name" : "Capturer",
"module_type" : "SwiftTarget",
"name" : "Capturer",
"path" : "Capturer",
"product_memberships" : [
"Capturer"
],
"sources" : [
"Basic/CaptureBody.swift",
"Basic/ComponentBase.swift",
"Basic/EventBus.swift",
"Basic/Inputs/CameraInput.swift",
"Basic/Inputs/InputNodeType.swift",
"Basic/Logger.swift",
"Basic/Outputs/AnyCVPixelBufferOutput.swift",
"Basic/Outputs/AnyOutput.swift",
"Basic/Outputs/CVPixelBufferModifying.swift",
"Basic/Outputs/OutputNodeType.swift",
"Basic/Outputs/PhotoOutput.swift",
"Basic/Outputs/PreviewOutput.swift",
"Basic/Outputs/VideoDataOutput.swift",
"Basic/Utils.swift",
"Basic/Views/PixelBufferDisplaying.swift",
"Basic/Views/PixelBufferView.swift",
"Basic/export.swift",
"Extended/AnyCMSampleBufferOutput.swift",
"Extended/CoreImagePixelBufferView.swift",
"Extended/Filters/CoreImageFilter.swift",
"Extended/MapOutput.swift",
"Extended/Orientations.swift",
"Extended/PixelBufferTransform.swift"
],
"type" : "library"
}
],
"tools_version" : "6.3"
}
{
"workspace" : {
"name" : "Capturer",
"schemes" : [
"Capturer"
]
}
}
2026-09-24 14:49:19.055 xcodebuild[767:4665] [MT] IDERunDestination: Supported platforms for the buildables in the current scheme is empty.
Running build ...
env DEVELOPER_DIR=/Applications/Xcode-27.0.0-Release.Candidate.app xcrun xcodebuild -IDEClonedSourcePackagesDirPathOverride=$PWD/.dependencies -skipMacroValidation -skipPackagePluginValidation -derivedDataPath $PWD/.derivedData build -scheme Capturer -destination generic/platform=xrOS
Command line invocation:
/Applications/Xcode-27.0.0-Release.Candidate.app/Contents/Developer/usr/bin/xcodebuild -IDEClonedSourcePackagesDirPathOverride=/Users/admin/builder/spi-builder-workspace/.dependencies -skipMacroValidation -skipPackagePluginValidation -derivedDataPath /Users/admin/builder/spi-builder-workspace/.derivedData build -scheme Capturer -destination generic/platform=xrOS
Resolve Package Graph
Resolved source packages:
Capturer: /Users/admin/builder/spi-builder-workspace
ComputePackagePrebuildTargetDependencyGraph
Prepare packages
CreateBuildRequest
SendProjectDescription
CreateBuildOperation
ComputeTargetDependencyGraph
note: Building targets in dependency order
note: Target dependency graph (2 targets)
Target 'Capturer-product' in project 'Capturer'
➜ Explicit dependency on target 'Capturer' in project 'Capturer'
Target 'Capturer' in project 'Capturer' (no dependencies)
GatherProvisioningInputs
CreateBuildDescription
ClangStatCache /Applications/Xcode-27.0.0-Release.Candidate.app/Contents/Developer/Toolchains/XcodeDefault.xctoolchain/usr/bin/clang-stat-cache /Applications/Xcode-27.0.0-Release.Candidate.app/Contents/Developer/Platforms/XROS.platform/Developer/SDKs/XROS27.0.sdk /Users/admin/builder/spi-builder-workspace/.derivedData/SDKStatCaches.noindex/xros27.0-24M361-e829b21a6f8c9b70876ba0858053c044735bd543db762f57723cac368afd1ce4.sdkstatcache
cd /Users/admin/builder/spi-builder-workspace/.swiftpm/xcode
/Applications/Xcode-27.0.0-Release.Candidate.app/Contents/Developer/Toolchains/XcodeDefault.xctoolchain/usr/bin/clang-stat-cache /Applications/Xcode-27.0.0-Release.Candidate.app/Contents/Developer/Platforms/XROS.platform/Developer/SDKs/XROS27.0.sdk -o /Users/admin/builder/spi-builder-workspace/.derivedData/SDKStatCaches.noindex/xros27.0-24M361-e829b21a6f8c9b70876ba0858053c044735bd543db762f57723cac368afd1ce4.sdkstatcache
SwiftDriver Capturer normal arm64 com.apple.xcode.tools.swift.compiler (in target 'Capturer' from project 'Capturer')
cd /Users/admin/builder/spi-builder-workspace/.swiftpm/xcode
builtin-SwiftDriver -- /Applications/Xcode-27.0.0-Release.Candidate.app/Contents/Developer/Toolchains/XcodeDefault.xctoolchain/usr/bin/swiftc -parse-as-library -module-name Capturer -Onone @/Users/admin/builder/spi-builder-workspace/.derivedData/Build/Intermediates.noindex/Capturer.build/Debug-xros/Capturer-t.build/Objects-normal/arm64/Capturer.SwiftFileList -DSWIFT_PACKAGE -DDEBUG -DSWIFT_MODULE_RESOURCE_BUNDLE_UNAVAILABLE -DXcode -plugin-path /Applications/Xcode-27.0.0-Release.Candidate.app/Contents/Developer/Toolchains/XcodeDefault.xctoolchain/usr/lib/swift/host/plugins/testing -enable-experimental-feature DebugDescriptionMacro -sdk /Applications/Xcode-27.0.0-Release.Candidate.app/Contents/Developer/Platforms/XROS.platform/Developer/SDKs/XROS27.0.sdk -target arm64-apple-xros1.0 -g -module-cache-path /Users/admin/builder/spi-builder-workspace/.derivedData/ModuleCache.noindex -Xfrontend -serialize-debugging-options -enable-testing -index-store-path /Users/admin/builder/spi-builder-workspace/.derivedData/Index.noindex/DataStore -Xcc -D_LIBCPP_HARDENING_MODE\=_LIBCPP_HARDENING_MODE_DEBUG -swift-version 6 -I /Users/admin/builder/spi-builder-workspace/.derivedData/Build/Products/Debug-xros -Isystem /Applications/Xcode-27.0.0-Release.Candidate.app/Contents/Developer/Platforms/XROS.platform/Developer/usr/lib -F /Users/admin/builder/spi-builder-workspace/.derivedData/Build/Products/Debug-xros -F /Applications/Xcode-27.0.0-Release.Candidate.app/Contents/Developer/Platforms/XROS.platform/Developer/Library/Frameworks -F /Applications/Xcode-27.0.0-Release.Candidate.app/Contents/Developer/Platforms/XROS.platform/Developer/SDKs/XROS27.0.sdk/Developer/Library/Frameworks -c -j10 -enable-batch-mode -incremental -Xcc -ivfsstatcache -Xcc /Users/admin/builder/spi-builder-workspace/.derivedData/SDKStatCaches.noindex/xros27.0-24M361-e829b21a6f8c9b70876ba0858053c044735bd543db762f57723cac368afd1ce4.sdkstatcache -output-file-map /Users/admin/builder/spi-builder-workspace/.derivedData/Build/Intermediates.noindex/Capturer.build/Debug-xros/Capturer-t.build/Objects-normal/arm64/Capturer-OutputFileMap.json -save-temps -no-color-diagnostics -explicit-module-build -module-cache-path /Users/admin/builder/spi-builder-workspace/.derivedData/Build/Intermediates.noindex/SwiftExplicitPrecompiledModules -clang-scanner-module-cache-path /Users/admin/builder/spi-builder-workspace/.derivedData/ModuleCache.noindex -sdk-module-cache-path /Users/admin/builder/spi-builder-workspace/.derivedData/SDKExplicitPrecompiledModules -emit-dependencies -emit-module -emit-module-path /Users/admin/builder/spi-builder-workspace/.derivedData/Build/Intermediates.noindex/Capturer.build/Debug-xros/Capturer-t.build/Objects-normal/arm64/Capturer.swiftmodule -serialize-diagnostics -dependency-scan-serialize-diagnostics-path /Users/admin/builder/spi-builder-workspace/.derivedData/Build/Intermediates.noindex/Capturer.build/Debug-xros/Capturer-t.build/Objects-normal/arm64/Capturer-dependency-scan.dia -validate-clang-modules-once -clang-build-session-file /Users/admin/builder/spi-builder-workspace/.derivedData/ModuleCache.noindex/Session.modulevalidation -Xcc -fmodules-prune-interval\=86400 -Xcc -fmodules-prune-after\=345600 -package-name spi_builder_workspace -emit-const-values -const-gather-protocols-list /Users/admin/builder/spi-builder-workspace/.derivedData/Build/Intermediates.noindex/Capturer.build/Debug-xros/Capturer-t.build/Objects-normal/arm64/Capturer_const_extract_protocols.json -Xcc -I/Users/admin/builder/spi-builder-workspace/.derivedData/Build/Products/Debug-xros/include -Xcc -I/Users/admin/builder/spi-builder-workspace/.derivedData/Build/Intermediates.noindex/Capturer.build/Debug-xros/Capturer-t.build/DerivedSources-normal/arm64 -Xcc -I/Users/admin/builder/spi-builder-workspace/.derivedData/Build/Intermediates.noindex/Capturer.build/Debug-xros/Capturer-t.build/DerivedSources/arm64 -Xcc -I/Users/admin/builder/spi-builder-workspace/.derivedData/Build/Intermediates.noindex/Capturer.build/Debug-xros/Capturer-t.build/DerivedSources -Xcc -DSWIFT_PACKAGE -Xcc -DDEBUG\=1 -emit-objc-header -emit-objc-header-path /Users/admin/builder/spi-builder-workspace/.derivedData/Build/Intermediates.noindex/Capturer.build/Debug-xros/Capturer-t.build/Objects-normal/arm64/Capturer-Swift.h -working-directory /Users/admin/builder/spi-builder-workspace/.swiftpm/xcode -experimental-emit-module-separately -disable-cmo
SwiftCompile normal arm64 Compiling\ CaptureBody.swift,\ ComponentBase.swift,\ EventBus.swift /Users/admin/builder/spi-builder-workspace/Capturer/Basic/CaptureBody.swift /Users/admin/builder/spi-builder-workspace/Capturer/Basic/ComponentBase.swift /Users/admin/builder/spi-builder-workspace/Capturer/Basic/EventBus.swift (in target 'Capturer' from project 'Capturer')
SwiftCompile normal arm64 /Users/admin/builder/spi-builder-workspace/Capturer/Basic/CaptureBody.swift (in target 'Capturer' from project 'Capturer')
cd /Users/admin/builder/spi-builder-workspace/.swiftpm/xcode
builtin-SwiftPerFileCompile CaptureBody.swift
SwiftCompile normal arm64 /Users/admin/builder/spi-builder-workspace/Capturer/Basic/ComponentBase.swift (in target 'Capturer' from project 'Capturer')
cd /Users/admin/builder/spi-builder-workspace/.swiftpm/xcode
builtin-SwiftPerFileCompile ComponentBase.swift
SwiftCompile normal arm64 /Users/admin/builder/spi-builder-workspace/Capturer/Basic/EventBus.swift (in target 'Capturer' from project 'Capturer')
cd /Users/admin/builder/spi-builder-workspace/.swiftpm/xcode
builtin-SwiftPerFileCompile EventBus.swift
/Users/admin/builder/spi-builder-workspace/Capturer/Basic/CaptureBody.swift:15:50: error: 'Preset' is unavailable in visionOS
13 | public struct Configuration: Sendable {
14 |
15 | public var sessionPreset: AVCaptureSession.Preset = .photo
| `- error: 'Preset' is unavailable in visionOS
16 |
17 | public init() {
/Applications/Xcode-27.0.0-Release.Candidate.app/Contents/Developer/Platforms/XROS.platform/Developer/SDKs/XROS27.0.sdk/System/Library/Frameworks/AVFoundation.framework/Headers/AVCaptureSessionPreset.h:21:20: note: 'Preset' has been explicitly marked unavailable here
19 | Clients may use an AVCaptureSessionPreset to set the format for output on an AVCaptureSession.
20 | */
21 | typedef NSString * AVCaptureSessionPreset NS_TYPED_ENUM API_AVAILABLE(macos(10.7), ios(4.0), macCatalyst(14.0), tvos(17.0)) API_UNAVAILABLE(visionos) API_UNAVAILABLE(watchos);
| `- note: 'Preset' has been explicitly marked unavailable here
22 |
23 | /*!
/Users/admin/builder/spi-builder-workspace/Capturer/Basic/CaptureBody.swift:15:60: error: 'photo' is unavailable in visionOS
13 | public struct Configuration: Sendable {
14 |
15 | public var sessionPreset: AVCaptureSession.Preset = .photo
| `- error: 'photo' is unavailable in visionOS
16 |
17 | public init() {
/Applications/Xcode-27.0.0-Release.Candidate.app/Contents/Developer/Platforms/XROS.platform/Developer/SDKs/XROS27.0.sdk/System/Library/Frameworks/AVFoundation.framework/Headers/AVCaptureSessionPreset.h:31:41: note: 'photo' has been explicitly marked unavailable here
29 | Clients may set an AVCaptureSession instance's sessionPreset to AVCaptureSessionPresetPhoto for full resolution photo quality output.
30 | */
31 | AVF_EXPORT AVCaptureSessionPreset const AVCaptureSessionPresetPhoto API_AVAILABLE(macos(10.7), ios(4.0), macCatalyst(14.0), tvos(17.0)) API_UNAVAILABLE(visionos) API_UNAVAILABLE(watchos);
| `- note: 'photo' has been explicitly marked unavailable here
32 |
33 | /*!
/Users/admin/builder/spi-builder-workspace/Capturer/Basic/CaptureBody.swift:64:12: error: 'sessionPreset' is unavailable in visionOS
62 |
63 | self.session.performConfiguration {
64 | $0.sessionPreset = configuration.sessionPreset
| `- error: 'sessionPreset' is unavailable in visionOS
65 | $0.automaticallyConfiguresCaptureDeviceForWideColor = true
66 | }
/Applications/Xcode-27.0.0-Release.Candidate.app/Contents/Developer/Platforms/XROS.platform/Developer/SDKs/XROS27.0.sdk/System/Library/Frameworks/AVFoundation.framework/Headers/AVCaptureSession.h:166:51: note: 'sessionPreset' has been explicitly marked unavailable here
164 | The value of this property is an AVCaptureSessionPreset indicating the current session preset in use by the receiver. The sessionPreset property may be set while the receiver is running.
165 | */
166 | @property(nonatomic, copy) AVCaptureSessionPreset sessionPreset API_UNAVAILABLE(visionos);
| `- note: 'sessionPreset' has been explicitly marked unavailable here
167 |
168 | /*!
SwiftCompile normal arm64 Compiling\ PreviewOutput.swift,\ VideoDataOutput.swift /Users/admin/builder/spi-builder-workspace/Capturer/Basic/Outputs/PreviewOutput.swift /Users/admin/builder/spi-builder-workspace/Capturer/Basic/Outputs/VideoDataOutput.swift (in target 'Capturer' from project 'Capturer')
SwiftCompile normal arm64 /Users/admin/builder/spi-builder-workspace/Capturer/Basic/Outputs/PreviewOutput.swift (in target 'Capturer' from project 'Capturer')
cd /Users/admin/builder/spi-builder-workspace/.swiftpm/xcode
builtin-SwiftPerFileCompile PreviewOutput.swift
SwiftCompile normal arm64 /Users/admin/builder/spi-builder-workspace/Capturer/Basic/Outputs/VideoDataOutput.swift (in target 'Capturer' from project 'Capturer')
cd /Users/admin/builder/spi-builder-workspace/.swiftpm/xcode
builtin-SwiftPerFileCompile VideoDataOutput.swift
/Users/admin/builder/spi-builder-workspace/Capturer/Basic/Outputs/PreviewOutput.swift:10:36: error: 'AVCaptureVideoOrientation' is unavailable in visionOS
8 |
9 | public let activeFormat: AVCaptureDevice.Format
10 | public let videoOrientation: AVCaptureVideoOrientation
| `- error: 'AVCaptureVideoOrientation' is unavailable in visionOS
11 |
12 | public var aspectRatio: CGSize {
/Applications/Xcode-27.0.0-Release.Candidate.app/Contents/Developer/Platforms/XROS.platform/Developer/SDKs/XROS27.0.sdk/System/Library/Frameworks/AVFoundation.framework/Headers/AVCaptureDevice.h:104:28: note: 'AVCaptureVideoOrientation' has been explicitly marked unavailable here
102 |
103 | /// Constants indicating video orientation, for use with AVCaptureDeviceRotationCoordinator.
104 | typedef NS_ENUM(NSInteger, AVCaptureVideoOrientation) {
| `- note: 'AVCaptureVideoOrientation' has been explicitly marked unavailable here
105 | /// Indicates that video should be oriented vertically, port on the bottom.
106 | AVCaptureVideoOrientationPortrait = 1,
/Users/admin/builder/spi-builder-workspace/Capturer/Basic/Outputs/PreviewOutput.swift:54:12: error: 'inputPorts' is only available in visionOS 2.1 or newer
1 | import AVFoundation
2 |
3 | open class PreviewOutput: VideoDataOutput, @unchecked Sendable {
| `- note: add '@available' attribute to enclosing class
4 |
5 | public struct State: Equatable {
:
37 | public private(set) var state: State = .init()
38 |
39 | open override func didChange(connections: [AVCaptureConnection]) {
| `- note: add '@available' attribute to enclosing instance method
40 |
41 | assert(connections.count <= 1)
:
52 | .lazy
53 | .filter {
54 | $0.inputPorts.contains {
| |- error: 'inputPorts' is only available in visionOS 2.1 or newer
| `- note: add 'if #available' version check
55 | $0.mediaType == .video
56 | }
/Users/admin/builder/spi-builder-workspace/Capturer/Basic/Outputs/PreviewOutput.swift:63:18: error: 'videoOrientation' is unavailable in visionOS
61 | if let connection = proposedConnection {
62 |
63 | connection.videoOrientation = .portrait
| `- error: 'videoOrientation' is unavailable in visionOS
64 |
65 | let activeFormat = (connection.inputPorts.first!.input as! AVCaptureDeviceInput).device.activeFormat
/Applications/Xcode-27.0.0-Release.Candidate.app/Contents/Developer/Platforms/XROS.platform/Developer/SDKs/XROS27.0.sdk/System/Library/Frameworks/AVFoundation.framework/Headers/AVCaptureSession.h:1111:48: note: 'videoOrientation' has been explicitly marked unavailable here
1109 | This property is deprecated. Use -videoRotationAngle instead. This property may only be set if -isVideoOrientationSupported returns YES, otherwise an NSInvalidArgumentException is thrown.
1110 | */
1111 | @property(nonatomic) AVCaptureVideoOrientation videoOrientation API_DEPRECATED("Use -videoRotationAngle instead", macos(10.7, 14.0), ios(4.0, 17.0), macCatalyst(14.0, 17.0)) API_UNAVAILABLE(tvos, visionos);
| `- note: 'videoOrientation' has been explicitly marked unavailable here
1112 |
1113 | /*!
/Users/admin/builder/spi-builder-workspace/Capturer/Basic/Outputs/PreviewOutput.swift:65:38: error: 'inputPorts' is only available in visionOS 2.1 or newer
1 | import AVFoundation
2 |
3 | open class PreviewOutput: VideoDataOutput, @unchecked Sendable {
| `- note: add '@available' attribute to enclosing class
4 |
5 | public struct State: Equatable {
:
37 | public private(set) var state: State = .init()
38 |
39 | open override func didChange(connections: [AVCaptureConnection]) {
| `- note: add '@available' attribute to enclosing instance method
40 |
41 | assert(connections.count <= 1)
:
63 | connection.videoOrientation = .portrait
64 |
65 | let activeFormat = (connection.inputPorts.first!.input as! AVCaptureDeviceInput).device.activeFormat
| |- error: 'inputPorts' is only available in visionOS 2.1 or newer
| `- note: add 'if #available' version check
66 |
67 | self.state.inputInfo = .init(
/Users/admin/builder/spi-builder-workspace/Capturer/Basic/Outputs/PreviewOutput.swift:69:38: error: 'videoOrientation' is unavailable in visionOS
67 | self.state.inputInfo = .init(
68 | activeFormat: activeFormat,
69 | videoOrientation: connection.videoOrientation
| `- error: 'videoOrientation' is unavailable in visionOS
70 | )
71 | } else {
/Applications/Xcode-27.0.0-Release.Candidate.app/Contents/Developer/Platforms/XROS.platform/Developer/SDKs/XROS27.0.sdk/System/Library/Frameworks/AVFoundation.framework/Headers/AVCaptureSession.h:1111:48: note: 'videoOrientation' has been explicitly marked unavailable here
1109 | This property is deprecated. Use -videoRotationAngle instead. This property may only be set if -isVideoOrientationSupported returns YES, otherwise an NSInvalidArgumentException is thrown.
1110 | */
1111 | @property(nonatomic) AVCaptureVideoOrientation videoOrientation API_DEPRECATED("Use -videoRotationAngle instead", macos(10.7, 14.0), ios(4.0, 17.0), macCatalyst(14.0, 17.0)) API_UNAVAILABLE(tvos, visionos);
| `- note: 'videoOrientation' has been explicitly marked unavailable here
1112 |
1113 | /*!
/Users/admin/builder/spi-builder-workspace/Capturer/Basic/Outputs/VideoDataOutput.swift:62:36: error: 'connections' is unavailable in visionOS
60 | }
61 |
62 | observation = output.observe(\.connections, options: [.initial, .new]) { [weak self] output, _ in
| `- error: 'connections' is unavailable in visionOS
63 | guard let self = self else { return }
64 | self.didChange(connections: output.connections)
/Applications/Xcode-27.0.0-Release.Candidate.app/Contents/Developer/Platforms/XROS.platform/Developer/SDKs/XROS27.0.sdk/System/Library/Frameworks/AVFoundation.framework/Headers/AVCaptureOutputBase.h:51:64: note: 'connections' has been explicitly marked unavailable here
49 | The value of this property is an NSArray of AVCaptureConnection objects, each describing the mapping between the receiver and the AVCaptureInputPorts of one or more AVCaptureInputs.
50 | */
51 | @property(nonatomic, readonly) NSArray<AVCaptureConnection *> *connections API_UNAVAILABLE(visionos);
| `- note: 'connections' has been explicitly marked unavailable here
52 |
53 | /*!
/Users/admin/builder/spi-builder-workspace/Capturer/Basic/Outputs/VideoDataOutput.swift:64:42: error: 'connections' is unavailable in visionOS
62 | observation = output.observe(\.connections, options: [.initial, .new]) { [weak self] output, _ in
63 | guard let self = self else { return }
64 | self.didChange(connections: output.connections)
| `- error: 'connections' is unavailable in visionOS
65 | }
66 |
/Applications/Xcode-27.0.0-Release.Candidate.app/Contents/Developer/Platforms/XROS.platform/Developer/SDKs/XROS27.0.sdk/System/Library/Frameworks/AVFoundation.framework/Headers/AVCaptureOutputBase.h:51:64: note: 'connections' has been explicitly marked unavailable here
49 | The value of this property is an NSArray of AVCaptureConnection objects, each describing the mapping between the receiver and the AVCaptureInputPorts of one or more AVCaptureInputs.
50 | */
51 | @property(nonatomic, readonly) NSArray<AVCaptureConnection *> *connections API_UNAVAILABLE(visionos);
| `- note: 'connections' has been explicitly marked unavailable here
52 |
53 | /*!
SwiftCompile normal arm64 Compiling\ PixelBufferView.swift,\ export.swift /Users/admin/builder/spi-builder-workspace/Capturer/Basic/Views/PixelBufferView.swift /Users/admin/builder/spi-builder-workspace/Capturer/Basic/export.swift (in target 'Capturer' from project 'Capturer')
SwiftCompile normal arm64 /Users/admin/builder/spi-builder-workspace/Capturer/Basic/Views/PixelBufferView.swift (in target 'Capturer' from project 'Capturer')
cd /Users/admin/builder/spi-builder-workspace/.swiftpm/xcode
builtin-SwiftPerFileCompile PixelBufferView.swift
SwiftCompile normal arm64 /Users/admin/builder/spi-builder-workspace/Capturer/Basic/export.swift (in target 'Capturer' from project 'Capturer')
cd /Users/admin/builder/spi-builder-workspace/.swiftpm/xcode
builtin-SwiftPerFileCompile export.swift
SwiftCompile normal arm64 Compiling\ AnyCMSampleBufferOutput.swift,\ CoreImagePixelBufferView.swift /Users/admin/builder/spi-builder-workspace/Capturer/Extended/AnyCMSampleBufferOutput.swift /Users/admin/builder/spi-builder-workspace/Capturer/Extended/CoreImagePixelBufferView.swift (in target 'Capturer' from project 'Capturer')
SwiftCompile normal arm64 /Users/admin/builder/spi-builder-workspace/Capturer/Extended/AnyCMSampleBufferOutput.swift (in target 'Capturer' from project 'Capturer')
cd /Users/admin/builder/spi-builder-workspace/.swiftpm/xcode
builtin-SwiftPerFileCompile AnyCMSampleBufferOutput.swift
SwiftCompile normal arm64 /Users/admin/builder/spi-builder-workspace/Capturer/Extended/CoreImagePixelBufferView.swift (in target 'Capturer' from project 'Capturer')
cd /Users/admin/builder/spi-builder-workspace/.swiftpm/xcode
builtin-SwiftPerFileCompile CoreImagePixelBufferView.swift
SwiftCompile normal arm64 Compiling\ CameraInput.swift,\ InputNodeType.swift,\ Logger.swift /Users/admin/builder/spi-builder-workspace/Capturer/Basic/Inputs/CameraInput.swift /Users/admin/builder/spi-builder-workspace/Capturer/Basic/Inputs/InputNodeType.swift /Users/admin/builder/spi-builder-workspace/Capturer/Basic/Logger.swift (in target 'Capturer' from project 'Capturer')
/Users/admin/builder/spi-builder-workspace/Capturer/Basic/Inputs/CameraInput.swift:39:44: error: 'DiscoverySession' is only available in visionOS 2.1 or newer
25 | }
26 |
27 | extension CameraInput {
| `- note: add '@available' attribute to enclosing extension
28 |
29 | public enum CameraPosition {
:
36 | }
37 |
38 | public static func bestBuiltInDevice(position: CameraPosition) throws -> CameraInput {
| `- note: add '@available' attribute to enclosing static method
39 | let discoverySession = AVCaptureDevice.DiscoverySession(
| |- error: 'DiscoverySession' is only available in visionOS 2.1 or newer
| `- note: add 'if #available' version check
40 | deviceTypes:
41 | [
/Users/admin/builder/spi-builder-workspace/Capturer/Basic/Inputs/CameraInput.swift:42:12: error: 'builtInWideAngleCamera' is only available in visionOS 2.1 or newer
25 | }
26 |
27 | extension CameraInput {
| `- note: add '@available' attribute to enclosing extension
28 |
29 | public enum CameraPosition {
:
36 | }
37 |
38 | public static func bestBuiltInDevice(position: CameraPosition) throws -> CameraInput {
| `- note: add '@available' attribute to enclosing static method
39 | let discoverySession = AVCaptureDevice.DiscoverySession(
40 | deviceTypes:
41 | [
42 | .builtInWideAngleCamera,
| |- error: 'builtInWideAngleCamera' is only available in visionOS 2.1 or newer
| `- note: add 'if #available' version check
43 | .builtInUltraWideCamera,
44 | .builtInTelephotoCamera
/Users/admin/builder/spi-builder-workspace/Capturer/Basic/Inputs/CameraInput.swift:43:12: error: 'builtInUltraWideCamera' is unavailable in visionOS
41 | [
42 | .builtInWideAngleCamera,
43 | .builtInUltraWideCamera,
| `- error: 'builtInUltraWideCamera' is unavailable in visionOS
44 | .builtInTelephotoCamera
45 | ],
/Applications/Xcode-27.0.0-Release.Candidate.app/Contents/Developer/Platforms/XROS.platform/Developer/SDKs/XROS27.0.sdk/System/Library/Frameworks/AVFoundation.framework/Headers/AVCaptureDevice.h:574:38: note: 'builtInUltraWideCamera' has been explicitly marked unavailable here
572 | A built-in camera device with a shorter focal length than a wide angle camera. Note that devices of this type may only be discovered using an AVCaptureDeviceDiscoverySession.
573 | */
574 | AVF_EXPORT AVCaptureDeviceType const AVCaptureDeviceTypeBuiltInUltraWideCamera API_AVAILABLE(ios(13.0), macCatalyst(14.0), tvos(17.0)) API_UNAVAILABLE(macos, visionos) API_UNAVAILABLE(watchos);
| `- note: 'builtInUltraWideCamera' has been explicitly marked unavailable here
575 |
576 | /*!
SwiftCompile normal arm64 /Users/admin/builder/spi-builder-workspace/Capturer/Basic/Inputs/CameraInput.swift (in target 'Capturer' from project 'Capturer')
cd /Users/admin/builder/spi-builder-workspace/.swiftpm/xcode
builtin-SwiftPerFileCompile CameraInput.swift
SwiftCompile normal arm64 /Users/admin/builder/spi-builder-workspace/Capturer/Basic/Inputs/InputNodeType.swift (in target 'Capturer' from project 'Capturer')
cd /Users/admin/builder/spi-builder-workspace/.swiftpm/xcode
builtin-SwiftPerFileCompile InputNodeType.swift
SwiftCompile normal arm64 /Users/admin/builder/spi-builder-workspace/Capturer/Basic/Logger.swift (in target 'Capturer' from project 'Capturer')
cd /Users/admin/builder/spi-builder-workspace/.swiftpm/xcode
builtin-SwiftPerFileCompile Logger.swift
SwiftCompile normal arm64 Compiling\ OutputNodeType.swift,\ PhotoOutput.swift /Users/admin/builder/spi-builder-workspace/Capturer/Basic/Outputs/OutputNodeType.swift /Users/admin/builder/spi-builder-workspace/Capturer/Basic/Outputs/PhotoOutput.swift (in target 'Capturer' from project 'Capturer')
/Users/admin/builder/spi-builder-workspace/Capturer/Basic/Outputs/PhotoOutput.swift:14:23: error: 'AVCapturePhoto' is unavailable in visionOS
12 | public struct CapturePhoto: Sendable {
13 |
14 | public let photo: AVCapturePhoto
| `- error: 'AVCapturePhoto' is unavailable in visionOS
15 |
16 | public var orientation: CGImagePropertyOrientation {
/Applications/Xcode-27.0.0-Release.Candidate.app/Contents/Developer/Platforms/XROS.platform/Developer/SDKs/XROS27.0.sdk/System/Library/Frameworks/AVFoundation.framework/Headers/AVCapturePhotoOutput.h:1979:12: note: 'AVCapturePhoto' has been explicitly marked unavailable here
1977 | */
1978 | API_AVAILABLE(macos(10.15), ios(11.0), macCatalyst(14.0), tvos(17.0)) API_UNAVAILABLE(visionos) API_UNAVAILABLE(watchos)
1979 | @interface AVCapturePhoto : NSObject
| `- note: 'AVCapturePhoto' has been explicitly marked unavailable here
1980 | {
1981 | @private
/Users/admin/builder/spi-builder-workspace/Capturer/Basic/Outputs/PhotoOutput.swift:34:25: error: 'AVCapturePhotoOutput' is unavailable in visionOS
32 | }
33 |
34 | private let _output = AVCapturePhotoOutput()
| `- error: 'AVCapturePhotoOutput' is unavailable in visionOS
35 |
36 | public init(quality: AVCapturePhotoOutput.QualityPrioritization = .balanced) {
/Applications/Xcode-27.0.0-Release.Candidate.app/Contents/Developer/Platforms/XROS.platform/Developer/SDKs/XROS27.0.sdk/System/Library/Frameworks/AVFoundation.framework/Headers/AVCapturePhotoOutput.h:50:12: note: 'AVCapturePhotoOutput' has been explicitly marked unavailable here
48 | */
49 | API_AVAILABLE(macos(10.15), ios(10.0), macCatalyst(14.0), tvos(17.0)) API_UNAVAILABLE(visionos) API_UNAVAILABLE(watchos)
50 | @interface AVCapturePhotoOutput : AVCaptureOutput
| `- note: 'AVCapturePhotoOutput' has been explicitly marked unavailable here
51 | {
52 | @private
/Users/admin/builder/spi-builder-workspace/Capturer/Basic/Outputs/PhotoOutput.swift:36:24: error: 'AVCapturePhotoOutput' is unavailable in visionOS
34 | private let _output = AVCapturePhotoOutput()
35 |
36 | public init(quality: AVCapturePhotoOutput.QualityPrioritization = .balanced) {
| `- error: 'AVCapturePhotoOutput' is unavailable in visionOS
37 | super.init()
38 |
/Applications/Xcode-27.0.0-Release.Candidate.app/Contents/Developer/Platforms/XROS.platform/Developer/SDKs/XROS27.0.sdk/System/Library/Frameworks/AVFoundation.framework/Headers/AVCapturePhotoOutput.h:50:12: note: 'AVCapturePhotoOutput' has been explicitly marked unavailable here
48 | */
49 | API_AVAILABLE(macos(10.15), ios(10.0), macCatalyst(14.0), tvos(17.0)) API_UNAVAILABLE(visionos) API_UNAVAILABLE(watchos)
50 | @interface AVCapturePhotoOutput : AVCaptureOutput
| `- note: 'AVCapturePhotoOutput' has been explicitly marked unavailable here
51 | {
52 | @private
/Users/admin/builder/spi-builder-workspace/Capturer/Basic/Outputs/PhotoOutput.swift:43:38: error: 'AVCapturePhotoSettings' is unavailable in visionOS
41 | }
42 |
43 | public func capture(with settings: AVCapturePhotoSettings, completion: @escaping (Result<CapturePhoto, Error>) -> Void) {
| `- error: 'AVCapturePhotoSettings' is unavailable in visionOS
44 |
45 | var completionWrapper: ((Result<CapturePhoto, Error>) -> Void)!
/Applications/Xcode-27.0.0-Release.Candidate.app/Contents/Developer/Platforms/XROS.platform/Developer/SDKs/XROS27.0.sdk/System/Library/Frameworks/AVFoundation.framework/Headers/AVCapturePhotoOutput.h:1192:12: note: 'AVCapturePhotoSettings' has been explicitly marked unavailable here
1190 | */
1191 | API_AVAILABLE(macos(10.15), ios(10.0), macCatalyst(14.0), tvos(17.0)) API_UNAVAILABLE(visionos) API_UNAVAILABLE(watchos)
1192 | @interface AVCapturePhotoSettings : NSObject <NSCopying>
| `- note: 'AVCapturePhotoSettings' has been explicitly marked unavailable here
1193 | {
1194 | @private
/Users/admin/builder/spi-builder-workspace/Capturer/Basic/Outputs/PhotoOutput.swift:64:38: error: 'AVCapturePhotoSettings' is unavailable in visionOS
62 | }
63 |
64 | public func capture(with settings: AVCapturePhotoSettings) async throws -> CapturePhoto {
| `- error: 'AVCapturePhotoSettings' is unavailable in visionOS
65 | guard AVCaptureDevice.authorizationStatus(for: .video).isAuthorized else { throw AVAuthorizationStatus.Error.notAuthorized }
66 | return try await withCheckedThrowingContinuation { continuation in
/Applications/Xcode-27.0.0-Release.Candidate.app/Contents/Developer/Platforms/XROS.platform/Developer/SDKs/XROS27.0.sdk/System/Library/Frameworks/AVFoundation.framework/Headers/AVCapturePhotoOutput.h:1192:12: note: 'AVCapturePhotoSettings' has been explicitly marked unavailable here
1190 | */
1191 | API_AVAILABLE(macos(10.15), ios(10.0), macCatalyst(14.0), tvos(17.0)) API_UNAVAILABLE(visionos) API_UNAVAILABLE(watchos)
1192 | @interface AVCapturePhotoSettings : NSObject <NSCopying>
| `- note: 'AVCapturePhotoSettings' has been explicitly marked unavailable here
1193 | {
1194 | @private
/Users/admin/builder/spi-builder-workspace/Capturer/Basic/Outputs/PhotoOutput.swift:97:38: error: 'AVCapturePhoto' is unavailable in visionOS
95 | private final class _AVCapturePhotoCaptureDelegateProxy: NSObject, AVCapturePhotoCaptureDelegate {
96 |
97 | var onDidFinishProcessingPhoto: (AVCapturePhoto, Error?) -> Void
| `- error: 'AVCapturePhoto' is unavailable in visionOS
98 |
99 | init(
/Applications/Xcode-27.0.0-Release.Candidate.app/Contents/Developer/Platforms/XROS.platform/Developer/SDKs/XROS27.0.sdk/System/Library/Frameworks/AVFoundation.framework/Headers/AVCapturePhotoOutput.h:1979:12: note: 'AVCapturePhoto' has been explicitly marked unavailable here
1977 | */
1978 | API_AVAILABLE(macos(10.15), ios(11.0), macCatalyst(14.0), tvos(17.0)) API_UNAVAILABLE(visionos) API_UNAVAILABLE(watchos)
1979 | @interface AVCapturePhoto : NSObject
| `- note: 'AVCapturePhoto' has been explicitly marked unavailable here
1980 | {
1981 | @private
/Users/admin/builder/spi-builder-workspace/Capturer/Basic/Outputs/PhotoOutput.swift:100:46: error: 'AVCapturePhoto' is unavailable in visionOS
98 |
99 | init(
100 | onDidFinishProcessingPhoto: @escaping (AVCapturePhoto, Error?) -> Void
| `- error: 'AVCapturePhoto' is unavailable in visionOS
101 | ) {
102 | self.onDidFinishProcessingPhoto = onDidFinishProcessingPhoto
/Applications/Xcode-27.0.0-Release.Candidate.app/Contents/Developer/Platforms/XROS.platform/Developer/SDKs/XROS27.0.sdk/System/Library/Frameworks/AVFoundation.framework/Headers/AVCapturePhotoOutput.h:1979:12: note: 'AVCapturePhoto' has been explicitly marked unavailable here
1977 | */
1978 | API_AVAILABLE(macos(10.15), ios(11.0), macCatalyst(14.0), tvos(17.0)) API_UNAVAILABLE(visionos) API_UNAVAILABLE(watchos)
1979 | @interface AVCapturePhoto : NSObject
| `- note: 'AVCapturePhoto' has been explicitly marked unavailable here
1980 | {
1981 | @private
/Users/admin/builder/spi-builder-workspace/Capturer/Basic/Outputs/PhotoOutput.swift:105:32: error: 'AVCapturePhotoOutput' is unavailable in visionOS
103 | }
104 |
105 | func photoOutput(_ output: AVCapturePhotoOutput, willBeginCaptureFor resolvedSettings: AVCaptureResolvedPhotoSettings) {
| `- error: 'AVCapturePhotoOutput' is unavailable in visionOS
106 |
107 | }
/Applications/Xcode-27.0.0-Release.Candidate.app/Contents/Developer/Platforms/XROS.platform/Developer/SDKs/XROS27.0.sdk/System/Library/Frameworks/AVFoundation.framework/Headers/AVCapturePhotoOutput.h:50:12: note: 'AVCapturePhotoOutput' has been explicitly marked unavailable here
48 | */
49 | API_AVAILABLE(macos(10.15), ios(10.0), macCatalyst(14.0), tvos(17.0)) API_UNAVAILABLE(visionos) API_UNAVAILABLE(watchos)
50 | @interface AVCapturePhotoOutput : AVCaptureOutput
| `- note: 'AVCapturePhotoOutput' has been explicitly marked unavailable here
51 | {
52 | @private
/Users/admin/builder/spi-builder-workspace/Capturer/Basic/Outputs/PhotoOutput.swift:105:92: error: 'AVCaptureResolvedPhotoSettings' is unavailable in visionOS
103 | }
104 |
105 | func photoOutput(_ output: AVCapturePhotoOutput, willBeginCaptureFor resolvedSettings: AVCaptureResolvedPhotoSettings) {
| `- error: 'AVCaptureResolvedPhotoSettings' is unavailable in visionOS
106 |
107 | }
/Applications/Xcode-27.0.0-Release.Candidate.app/Contents/Developer/Platforms/XROS.platform/Developer/SDKs/XROS27.0.sdk/System/Library/Frameworks/AVFoundation.framework/Headers/AVCapturePhotoOutput.h:1788:12: note: 'AVCaptureResolvedPhotoSettings' has been explicitly marked unavailable here
1786 | */
1787 | API_AVAILABLE(macos(10.15), ios(10.0), macCatalyst(14.0), tvos(17.0)) API_UNAVAILABLE(visionos) API_UNAVAILABLE(watchos)
1788 | @interface AVCaptureResolvedPhotoSettings : NSObject
| `- note: 'AVCaptureResolvedPhotoSettings' has been explicitly marked unavailable here
1789 | {
1790 | @private
/Users/admin/builder/spi-builder-workspace/Capturer/Basic/Outputs/PhotoOutput.swift:109:32: error: 'AVCapturePhotoOutput' is unavailable in visionOS
107 | }
108 |
109 | func photoOutput(_ output: AVCapturePhotoOutput, willCapturePhotoFor resolvedSettings: AVCaptureResolvedPhotoSettings) {
| `- error: 'AVCapturePhotoOutput' is unavailable in visionOS
110 |
111 | }
/Applications/Xcode-27.0.0-Release.Candidate.app/Contents/Developer/Platforms/XROS.platform/Developer/SDKs/XROS27.0.sdk/System/Library/Frameworks/AVFoundation.framework/Headers/AVCapturePhotoOutput.h:50:12: note: 'AVCapturePhotoOutput' has been explicitly marked unavailable here
48 | */
49 | API_AVAILABLE(macos(10.15), ios(10.0), macCatalyst(14.0), tvos(17.0)) API_UNAVAILABLE(visionos) API_UNAVAILABLE(watchos)
50 | @interface AVCapturePhotoOutput : AVCaptureOutput
| `- note: 'AVCapturePhotoOutput' has been explicitly marked unavailable here
51 | {
52 | @private
/Users/admin/builder/spi-builder-workspace/Capturer/Basic/Outputs/PhotoOutput.swift:109:92: error: 'AVCaptureResolvedPhotoSettings' is unavailable in visionOS
107 | }
108 |
109 | func photoOutput(_ output: AVCapturePhotoOutput, willCapturePhotoFor resolvedSettings: AVCaptureResolvedPhotoSettings) {
| `- error: 'AVCaptureResolvedPhotoSettings' is unavailable in visionOS
110 |
111 | }
/Applications/Xcode-27.0.0-Release.Candidate.app/Contents/Developer/Platforms/XROS.platform/Developer/SDKs/XROS27.0.sdk/System/Library/Frameworks/AVFoundation.framework/Headers/AVCapturePhotoOutput.h:1788:12: note: 'AVCaptureResolvedPhotoSettings' has been explicitly marked unavailable here
1786 | */
1787 | API_AVAILABLE(macos(10.15), ios(10.0), macCatalyst(14.0), tvos(17.0)) API_UNAVAILABLE(visionos) API_UNAVAILABLE(watchos)
1788 | @interface AVCaptureResolvedPhotoSettings : NSObject
| `- note: 'AVCaptureResolvedPhotoSettings' has been explicitly marked unavailable here
1789 | {
1790 | @private
/Users/admin/builder/spi-builder-workspace/Capturer/Basic/Outputs/PhotoOutput.swift:113:32: error: 'AVCapturePhotoOutput' is unavailable in visionOS
111 | }
112 |
113 | func photoOutput(_ output: AVCapturePhotoOutput, didCapturePhotoFor resolvedSettings: AVCaptureResolvedPhotoSettings) {
| `- error: 'AVCapturePhotoOutput' is unavailable in visionOS
114 |
115 | }
/Applications/Xcode-27.0.0-Release.Candidate.app/Contents/Developer/Platforms/XROS.platform/Developer/SDKs/XROS27.0.sdk/System/Library/Frameworks/AVFoundation.framework/Headers/AVCapturePhotoOutput.h:50:12: note: 'AVCapturePhotoOutput' has been explicitly marked unavailable here
48 | */
49 | API_AVAILABLE(macos(10.15), ios(10.0), macCatalyst(14.0), tvos(17.0)) API_UNAVAILABLE(visionos) API_UNAVAILABLE(watchos)
50 | @interface AVCapturePhotoOutput : AVCaptureOutput
| `- note: 'AVCapturePhotoOutput' has been explicitly marked unavailable here
51 | {
52 | @private
/Users/admin/builder/spi-builder-workspace/Capturer/Basic/Outputs/PhotoOutput.swift:113:91: error: 'AVCaptureResolvedPhotoSettings' is unavailable in visionOS
111 | }
112 |
113 | func photoOutput(_ output: AVCapturePhotoOutput, didCapturePhotoFor resolvedSettings: AVCaptureResolvedPhotoSettings) {
| `- error: 'AVCaptureResolvedPhotoSettings' is unavailable in visionOS
114 |
115 | }
/Applications/Xcode-27.0.0-Release.Candidate.app/Contents/Developer/Platforms/XROS.platform/Developer/SDKs/XROS27.0.sdk/System/Library/Frameworks/AVFoundation.framework/Headers/AVCapturePhotoOutput.h:1788:12: note: 'AVCaptureResolvedPhotoSettings' has been explicitly marked unavailable here
1786 | */
1787 | API_AVAILABLE(macos(10.15), ios(10.0), macCatalyst(14.0), tvos(17.0)) API_UNAVAILABLE(visionos) API_UNAVAILABLE(watchos)
1788 | @interface AVCaptureResolvedPhotoSettings : NSObject
| `- note: 'AVCaptureResolvedPhotoSettings' has been explicitly marked unavailable here
1789 | {
1790 | @private
/Users/admin/builder/spi-builder-workspace/Capturer/Basic/Outputs/PhotoOutput.swift:117:32: error: 'AVCapturePhotoOutput' is unavailable in visionOS
115 | }
116 |
117 | func photoOutput(_ output: AVCapturePhotoOutput, didFinishProcessingPhoto photo: AVCapturePhoto, error: Error?) {
| `- error: 'AVCapturePhotoOutput' is unavailable in visionOS
118 | onDidFinishProcessingPhoto(photo, error)
119 | }
/Applications/Xcode-27.0.0-Release.Candidate.app/Contents/Developer/Platforms/XROS.platform/Developer/SDKs/XROS27.0.sdk/System/Library/Frameworks/AVFoundation.framework/Headers/AVCapturePhotoOutput.h:50:12: note: 'AVCapturePhotoOutput' has been explicitly marked unavailable here
48 | */
49 | API_AVAILABLE(macos(10.15), ios(10.0), macCatalyst(14.0), tvos(17.0)) API_UNAVAILABLE(visionos) API_UNAVAILABLE(watchos)
50 | @interface AVCapturePhotoOutput : AVCaptureOutput
| `- note: 'AVCapturePhotoOutput' has been explicitly marked unavailable here
51 | {
52 | @private
/Users/admin/builder/spi-builder-workspace/Capturer/Basic/Outputs/PhotoOutput.swift:117:86: error: 'AVCapturePhoto' is unavailable in visionOS
115 | }
116 |
117 | func photoOutput(_ output: AVCapturePhotoOutput, didFinishProcessingPhoto photo: AVCapturePhoto, error: Error?) {
| `- error: 'AVCapturePhoto' is unavailable in visionOS
118 | onDidFinishProcessingPhoto(photo, error)
119 | }
/Applications/Xcode-27.0.0-Release.Candidate.app/Contents/Developer/Platforms/XROS.platform/Developer/SDKs/XROS27.0.sdk/System/Library/Frameworks/AVFoundation.framework/Headers/AVCapturePhotoOutput.h:1979:12: note: 'AVCapturePhoto' has been explicitly marked unavailable here
1977 | */
1978 | API_AVAILABLE(macos(10.15), ios(11.0), macCatalyst(14.0), tvos(17.0)) API_UNAVAILABLE(visionos) API_UNAVAILABLE(watchos)
1979 | @interface AVCapturePhoto : NSObject
| `- note: 'AVCapturePhoto' has been explicitly marked unavailable here
1980 | {
1981 | @private
/Users/admin/builder/spi-builder-workspace/Capturer/Basic/Outputs/PhotoOutput.swift:121:32: error: 'AVCapturePhotoOutput' is unavailable in visionOS
119 | }
120 |
121 | func photoOutput(_ output: AVCapturePhotoOutput, didFinishCaptureFor resolvedSettings: AVCaptureResolvedPhotoSettings, error: Error?) {
| `- error: 'AVCapturePhotoOutput' is unavailable in visionOS
122 |
123 | }
/Applications/Xcode-27.0.0-Release.Candidate.app/Contents/Developer/Platforms/XROS.platform/Developer/SDKs/XROS27.0.sdk/System/Library/Frameworks/AVFoundation.framework/Headers/AVCapturePhotoOutput.h:50:12: note: 'AVCapturePhotoOutput' has been explicitly marked unavailable here
48 | */
49 | API_AVAILABLE(macos(10.15), ios(10.0), macCatalyst(14.0), tvos(17.0)) API_UNAVAILABLE(visionos) API_UNAVAILABLE(watchos)
50 | @interface AVCapturePhotoOutput : AVCaptureOutput
| `- note: 'AVCapturePhotoOutput' has been explicitly marked unavailable here
51 | {
52 | @private
/Users/admin/builder/spi-builder-workspace/Capturer/Basic/Outputs/PhotoOutput.swift:121:92: error: 'AVCaptureResolvedPhotoSettings' is unavailable in visionOS
119 | }
120 |
121 | func photoOutput(_ output: AVCapturePhotoOutput, didFinishCaptureFor resolvedSettings: AVCaptureResolvedPhotoSettings, error: Error?) {
| `- error: 'AVCaptureResolvedPhotoSettings' is unavailable in visionOS
122 |
123 | }
/Applications/Xcode-27.0.0-Release.Candidate.app/Contents/Developer/Platforms/XROS.platform/Developer/SDKs/XROS27.0.sdk/System/Library/Frameworks/AVFoundation.framework/Headers/AVCapturePhotoOutput.h:1788:12: note: 'AVCaptureResolvedPhotoSettings' has been explicitly marked unavailable here
1786 | */
1787 | API_AVAILABLE(macos(10.15), ios(10.0), macCatalyst(14.0), tvos(17.0)) API_UNAVAILABLE(visionos) API_UNAVAILABLE(watchos)
1788 | @interface AVCaptureResolvedPhotoSettings : NSObject
| `- note: 'AVCaptureResolvedPhotoSettings' has been explicitly marked unavailable here
1789 | {
1790 | @private
/Users/admin/builder/spi-builder-workspace/Capturer/Basic/Outputs/PhotoOutput.swift:125:32: error: 'AVCapturePhotoOutput' is unavailable in visionOS
123 | }
124 |
125 | func photoOutput(_ output: AVCapturePhotoOutput, didFinishRecordingLivePhotoMovieForEventualFileAt outputFileURL: URL, resolvedSettings: AVCaptureResolvedPhotoSettings) {
| `- error: 'AVCapturePhotoOutput' is unavailable in visionOS
126 |
127 | }
/Applications/Xcode-27.0.0-Release.Candidate.app/Contents/Developer/Platforms/XROS.platform/Developer/SDKs/XROS27.0.sdk/System/Library/Frameworks/AVFoundation.framework/Headers/AVCapturePhotoOutput.h:50:12: note: 'AVCapturePhotoOutput' has been explicitly marked unavailable here
48 | */
49 | API_AVAILABLE(macos(10.15), ios(10.0), macCatalyst(14.0), tvos(17.0)) API_UNAVAILABLE(visionos) API_UNAVAILABLE(watchos)
50 | @interface AVCapturePhotoOutput : AVCaptureOutput
| `- note: 'AVCapturePhotoOutput' has been explicitly marked unavailable here
51 | {
52 | @private
/Users/admin/builder/spi-builder-workspace/Capturer/Basic/Outputs/PhotoOutput.swift:125:142: error: 'AVCaptureResolvedPhotoSettings' is unavailable in visionOS
123 | }
124 |
125 | func photoOutput(_ output: AVCapturePhotoOutput, didFinishRecordingLivePhotoMovieForEventualFileAt outputFileURL: URL, resolvedSettings: AVCaptureResolvedPhotoSettings) {
| `- error: 'AVCaptureResolvedPhotoSettings' is unavailable in visionOS
126 |
127 | }
/Applications/Xcode-27.0.0-Release.Candidate.app/Contents/Developer/Platforms/XROS.platform/Developer/SDKs/XROS27.0.sdk/System/Library/Frameworks/AVFoundation.framework/Headers/AVCapturePhotoOutput.h:1788:12: note: 'AVCaptureResolvedPhotoSettings' has been explicitly marked unavailable here
1786 | */
1787 | API_AVAILABLE(macos(10.15), ios(10.0), macCatalyst(14.0), tvos(17.0)) API_UNAVAILABLE(visionos) API_UNAVAILABLE(watchos)
1788 | @interface AVCaptureResolvedPhotoSettings : NSObject
| `- note: 'AVCaptureResolvedPhotoSettings' has been explicitly marked unavailable here
1789 | {
1790 | @private
/Users/admin/builder/spi-builder-workspace/Capturer/Basic/Outputs/PhotoOutput.swift:129:32: error: 'AVCapturePhotoOutput' is unavailable in visionOS
127 | }
128 |
129 | func photoOutput(_ output: AVCapturePhotoOutput, didFinishProcessingLivePhotoToMovieFileAt outputFileURL: URL, duration: CMTime, photoDisplayTime: CMTime, resolvedSettings: AVCaptureResolvedPhotoSettings, error: Error?) {
| `- error: 'AVCapturePhotoOutput' is unavailable in visionOS
130 |
131 | }
/Applications/Xcode-27.0.0-Release.Candidate.app/Contents/Developer/Platforms/XROS.platform/Developer/SDKs/XROS27.0.sdk/System/Library/Frameworks/AVFoundation.framework/Headers/AVCapturePhotoOutput.h:50:12: note: 'AVCapturePhotoOutput' has been explicitly marked unavailable here
48 | */
49 | API_AVAILABLE(macos(10.15), ios(10.0), macCatalyst(14.0), tvos(17.0)) API_UNAVAILABLE(visionos) API_UNAVAILABLE(watchos)
50 | @interface AVCapturePhotoOutput : AVCaptureOutput
| `- note: 'AVCapturePhotoOutput' has been explicitly marked unavailable here
51 | {
52 | @private
/Users/admin/builder/spi-builder-workspace/Capturer/Basic/Outputs/PhotoOutput.swift:129:178: error: 'AVCaptureResolvedPhotoSettings' is unavailable in visionOS
127 | }
128 |
129 | func photoOutput(_ output: AVCapturePhotoOutput, didFinishProcessingLivePhotoToMovieFileAt outputFileURL: URL, duration: CMTime, photoDisplayTime: CMTime, resolvedSettings: AVCaptureResolvedPhotoSettings, error: Error?) {
| `- error: 'AVCaptureResolvedPhotoSettings' is unavailable in visionOS
130 |
131 | }
/Applications/Xcode-27.0.0-Release.Candidate.app/Contents/Developer/Platforms/XROS.platform/Developer/SDKs/XROS27.0.sdk/System/Library/Frameworks/AVFoundation.framework/Headers/AVCapturePhotoOutput.h:1788:12: note: 'AVCaptureResolvedPhotoSettings' has been explicitly marked unavailable here
1786 | */
1787 | API_AVAILABLE(macos(10.15), ios(10.0), macCatalyst(14.0), tvos(17.0)) API_UNAVAILABLE(visionos) API_UNAVAILABLE(watchos)
1788 | @interface AVCaptureResolvedPhotoSettings : NSObject
| `- note: 'AVCaptureResolvedPhotoSettings' has been explicitly marked unavailable here
1789 | {
1790 | @private
/Users/admin/builder/spi-builder-workspace/Capturer/Basic/Outputs/PhotoOutput.swift:95:70: error: 'AVCapturePhotoCaptureDelegate' is unavailable in visionOS
93 | }
94 |
95 | private final class _AVCapturePhotoCaptureDelegateProxy: NSObject, AVCapturePhotoCaptureDelegate {
| `- error: 'AVCapturePhotoCaptureDelegate' is unavailable in visionOS
96 |
97 | var onDidFinishProcessingPhoto: (AVCapturePhoto, Error?) -> Void
/Applications/Xcode-27.0.0-Release.Candidate.app/Contents/Developer/Platforms/XROS.platform/Developer/SDKs/XROS27.0.sdk/System/Library/Frameworks/AVFoundation.framework/Headers/AVCapturePhotoOutput.h:990:11: note: 'AVCapturePhotoCaptureDelegate' has been explicitly marked unavailable here
988 | */
989 | API_AVAILABLE(macos(10.15), ios(10.0), macCatalyst(14.0), tvos(17.0)) API_UNAVAILABLE(visionos) API_UNAVAILABLE(watchos)
990 | @protocol AVCapturePhotoCaptureDelegate <NSObject>
| `- note: 'AVCapturePhotoCaptureDelegate' has been explicitly marked unavailable here
991 |
992 | @optional
/Users/admin/builder/spi-builder-workspace/Capturer/Basic/Outputs/PhotoOutput.swift:117:10: error: cannot override 'photoOutput' which has been marked unavailable
115 | }
116 |
117 | func photoOutput(_ output: AVCapturePhotoOutput, didFinishProcessingPhoto photo: AVCapturePhoto, error: Error?) {
| `- error: cannot override 'photoOutput' which has been marked unavailable
118 | onDidFinishProcessingPhoto(photo, error)
119 | }
/Applications/Xcode-27.0.0-Release.Candidate.app/Contents/Developer/Platforms/XROS.platform/Developer/SDKs/XROS27.0.sdk/System/Library/Frameworks/AVFoundation.framework/Headers/AVCapturePhotoOutput.h:1053:1: note: 'photoOutput(_:didFinishProcessingPhoto:error:)' has been explicitly marked unavailable here
1051 | This callback fires resolvedSettings.expectedPhotoCount number of times for a given capture request. Note that the photo parameter is always non nil, even if an error is returned. The delivered AVCapturePhoto's rawPhoto property can be queried to know if it's a RAW image or processed image.
1052 | */
1053 | - (void)captureOutput:(AVCapturePhotoOutput *)output didFinishProcessingPhoto:(AVCapturePhoto *)photo error:(nullable NSError *)error API_AVAILABLE(ios(11.0), macCatalyst(14.0), tvos(17.0)) API_UNAVAILABLE(visionos);
| `- note: 'photoOutput(_:didFinishProcessingPhoto:error:)' has been explicitly marked unavailable here
1054 |
1055 | /*!
/Users/admin/builder/spi-builder-workspace/Capturer/Basic/Outputs/PhotoOutput.swift:26:24: error: 'cgImageRepresentation()' is unavailable in visionOS
24 | public func makeImage(isMirrored: Bool) -> UIImage {
25 | .init(
26 | cgImage: photo.cgImageRepresentation()!,
| `- error: 'cgImageRepresentation()' is unavailable in visionOS
27 | scale: 1,
28 | orientation: isMirrored ? orientation.uiImageOrientation.mirrored : orientation.uiImageOrientation
/Applications/Xcode-27.0.0-Release.Candidate.app/Contents/Developer/Platforms/XROS.platform/Developer/SDKs/XROS27.0.sdk/System/Library/Frameworks/AVFoundation.framework/Headers/AVCapturePhotoOutput.h:2211:1: note: 'cgImageRepresentation()' has been explicitly marked unavailable here
2209 | Each time you access this method, AVCapturePhoto generates a new CGImageRef. When backed by a compressed container (such as HEIC), the CGImageRepresentation is decoded lazily as needed. When backed by an uncompressed format such as BGRA, it is copied into a separate backing buffer whose lifetime is not tied to that of the AVCapturePhoto. For a 12 megapixel image, a BGRA CGImage represents ~48 megabytes per call. If you only intend to use the CGImage for on-screen rendering, use the previewCGImageRepresentation instead. Note that the physical rotation of the CGImageRef matches that of the main image. Exif orientation has not been applied. If you wish to apply rotation when working with UIImage, you can do so by querying the photo's metadata[kCGImagePropertyOrientation] value, and passing it as the orientation parameter to +[UIImage imageWithCGImage:scale:orientation:]. RAW images always return a CGImageRepresentation of nil. If you wish to make a CGImageRef from a RAW image, use CIRAWFilter in the CoreImage framework.
2210 | */
2211 | - (nullable CGImageRef)CGImageRepresentation API_AVAILABLE(ios(11.0), macCatalyst(14.0), tvos(17.0)) API_UNAVAILABLE(visionos) CF_RETURNS_NOT_RETAINED;
| `- note: 'cgImageRepresentation()' has been explicitly marked unavailable here
2212 |
2213 | /*!
/Users/admin/builder/spi-builder-workspace/Capturer/Basic/Outputs/PhotoOutput.swift:39:13: error: 'isHighResolutionCaptureEnabled' is unavailable in visionOS
37 | super.init()
38 |
39 | _output.isHighResolutionCaptureEnabled = true
| `- error: 'isHighResolutionCaptureEnabled' is unavailable in visionOS
40 | _output.maxPhotoQualityPrioritization = quality
41 | }
/Applications/Xcode-27.0.0-Release.Candidate.app/Contents/Developer/Platforms/XROS.platform/Developer/SDKs/XROS27.0.sdk/System/Library/Frameworks/AVFoundation.framework/Headers/AVCapturePhotoOutput.h:536:66: note: 'isHighResolutionCaptureEnabled' has been explicitly marked unavailable here
534 | Some AVCaptureDeviceFormats support outputting higher resolution stills than their streaming resolution (See AVCaptureDeviceFormat.highResolutionStillImageDimensions). Under some conditions, AVCaptureSession needs to set up the photo render pipeline differently to support high resolution still image capture. If you intend to take high resolution still images at all, you should set this property to YES before calling -[AVCaptureSession startRunning]. Once you've opted in for high resolution capture, you are free to issue photo capture requests with or without highResolutionCaptureEnabled in the AVCapturePhotoSettings. If you have not set this property to YES and call capturePhotoWithSettings:delegate: with settings.highResolutionCaptureEnabled set to YES, an NSInvalidArgumentException will be thrown.
535 | */
536 | @property(nonatomic, getter=isHighResolutionCaptureEnabled) BOOL highResolutionCaptureEnabled API_DEPRECATED("Use maxPhotoDimensions instead.", macos(10.15, 13.0), ios(10.0, 16.0), macCatalyst(14.0, 16.0)) API_UNAVAILABLE(tvos, visionos);
| `- note: 'isHighResolutionCaptureEnabled' has been explicitly marked unavailable here
537 |
538 | /*!
SwiftCompile normal arm64 /Users/admin/builder/spi-builder-workspace/Capturer/Basic/Outputs/OutputNodeType.swift (in target 'Capturer' from project 'Capturer')
cd /Users/admin/builder/spi-builder-workspace/.swiftpm/xcode
builtin-SwiftPerFileCompile OutputNodeType.swift
SwiftCompile normal arm64 /Users/admin/builder/spi-builder-workspace/Capturer/Basic/Outputs/PhotoOutput.swift (in target 'Capturer' from project 'Capturer')
cd /Users/admin/builder/spi-builder-workspace/.swiftpm/xcode
builtin-SwiftPerFileCompile PhotoOutput.swift
SwiftCompile normal arm64 Compiling\ CoreImageFilter.swift,\ MapOutput.swift /Users/admin/builder/spi-builder-workspace/Capturer/Extended/Filters/CoreImageFilter.swift /Users/admin/builder/spi-builder-workspace/Capturer/Extended/MapOutput.swift (in target 'Capturer' from project 'Capturer')
SwiftCompile normal arm64 /Users/admin/builder/spi-builder-workspace/Capturer/Extended/Filters/CoreImageFilter.swift (in target 'Capturer' from project 'Capturer')
cd /Users/admin/builder/spi-builder-workspace/.swiftpm/xcode
builtin-SwiftPerFileCompile CoreImageFilter.swift
SwiftCompile normal arm64 /Users/admin/builder/spi-builder-workspace/Capturer/Extended/MapOutput.swift (in target 'Capturer' from project 'Capturer')
cd /Users/admin/builder/spi-builder-workspace/.swiftpm/xcode
builtin-SwiftPerFileCompile MapOutput.swift
SwiftCompile normal arm64 Compiling\ Orientations.swift,\ PixelBufferTransform.swift /Users/admin/builder/spi-builder-workspace/Capturer/Extended/Orientations.swift /Users/admin/builder/spi-builder-workspace/Capturer/Extended/PixelBufferTransform.swift (in target 'Capturer' from project 'Capturer')
SwiftCompile normal arm64 /Users/admin/builder/spi-builder-workspace/Capturer/Extended/Orientations.swift (in target 'Capturer' from project 'Capturer')
cd /Users/admin/builder/spi-builder-workspace/.swiftpm/xcode
builtin-SwiftPerFileCompile Orientations.swift
SwiftCompile normal arm64 /Users/admin/builder/spi-builder-workspace/Capturer/Extended/PixelBufferTransform.swift (in target 'Capturer' from project 'Capturer')
cd /Users/admin/builder/spi-builder-workspace/.swiftpm/xcode
builtin-SwiftPerFileCompile PixelBufferTransform.swift
SwiftCompile normal arm64 Compiling\ Utils.swift,\ PixelBufferDisplaying.swift /Users/admin/builder/spi-builder-workspace/Capturer/Basic/Utils.swift /Users/admin/builder/spi-builder-workspace/Capturer/Basic/Views/PixelBufferDisplaying.swift (in target 'Capturer' from project 'Capturer')
/Users/admin/builder/spi-builder-workspace/Capturer/Basic/Utils.swift:36:11: error: 'AVCaptureVideoOrientation' is unavailable in visionOS
34 | }
35 |
36 | extension AVCaptureVideoOrientation {
| `- error: 'AVCaptureVideoOrientation' is unavailable in visionOS
37 |
38 | func _capturer_localizedDescription() -> String {
/Applications/Xcode-27.0.0-Release.Candidate.app/Contents/Developer/Platforms/XROS.platform/Developer/SDKs/XROS27.0.sdk/System/Library/Frameworks/AVFoundation.framework/Headers/AVCaptureDevice.h:104:28: note: 'AVCaptureVideoOrientation' has been explicitly marked unavailable here
102 |
103 | /// Constants indicating video orientation, for use with AVCaptureDeviceRotationCoordinator.
104 | typedef NS_ENUM(NSInteger, AVCaptureVideoOrientation) {
| `- note: 'AVCaptureVideoOrientation' has been explicitly marked unavailable here
105 | /// Indicates that video should be oriented vertically, port on the bottom.
106 | AVCaptureVideoOrientationPortrait = 1,
/Users/admin/builder/spi-builder-workspace/Capturer/Basic/Utils.swift:26:20: error: 'isActive' is unavailable in visionOS
24 |
25 | return [
26 | "isActive" : isActive,
| `- error: 'isActive' is unavailable in visionOS
27 | "orientation": videoOrientation._capturer_localizedDescription(),
28 | "isVideoMirrored" : isVideoMirrored,
/Applications/Xcode-27.0.0-Release.Candidate.app/Contents/Developer/Platforms/XROS.platform/Developer/SDKs/XROS27.0.sdk/System/Library/Frameworks/AVFoundation.framework/Headers/AVCaptureSession.h:1021:54: note: 'isActive' has been explicitly marked unavailable here
1019 | Prior to iOS 11, the audio connection feeding an AVCaptureAudioDataOutput is made inactive when using AVCaptureSessionPresetPhoto or the equivalent photo format using -[AVCaptureDevice activeFormat]. On iOS 11 and later, the audio connection feeding AVCaptureAudioDataOutput is active for all presets and device formats.
1020 | */
1021 | @property(nonatomic, readonly, getter=isActive) BOOL active API_UNAVAILABLE(visionos);
| `- note: 'isActive' has been explicitly marked unavailable here
1022 |
1023 | /*!
/Users/admin/builder/spi-builder-workspace/Capturer/Basic/Utils.swift:27:22: error: 'videoOrientation' is unavailable in visionOS
25 | return [
26 | "isActive" : isActive,
27 | "orientation": videoOrientation._capturer_localizedDescription(),
| `- error: 'videoOrientation' is unavailable in visionOS
28 | "isVideoMirrored" : isVideoMirrored,
29 | "automaticallyAdjustsVideoMirroring" : automaticallyAdjustsVideoMirroring,
/Applications/Xcode-27.0.0-Release.Candidate.app/Contents/Developer/Platforms/XROS.platform/Developer/SDKs/XROS27.0.sdk/System/Library/Frameworks/AVFoundation.framework/Headers/AVCaptureSession.h:1111:48: note: 'videoOrientation' has been explicitly marked unavailable here
1109 | This property is deprecated. Use -videoRotationAngle instead. This property may only be set if -isVideoOrientationSupported returns YES, otherwise an NSInvalidArgumentException is thrown.
1110 | */
1111 | @property(nonatomic) AVCaptureVideoOrientation videoOrientation API_DEPRECATED("Use -videoRotationAngle instead", macos(10.7, 14.0), ios(4.0, 17.0), macCatalyst(14.0, 17.0)) API_UNAVAILABLE(tvos, visionos);
| `- note: 'videoOrientation' has been explicitly marked unavailable here
1112 |
1113 | /*!
/Users/admin/builder/spi-builder-workspace/Capturer/Basic/Utils.swift:29:46: error: 'automaticallyAdjustsVideoMirroring' is unavailable in visionOS
27 | "orientation": videoOrientation._capturer_localizedDescription(),
28 | "isVideoMirrored" : isVideoMirrored,
29 | "automaticallyAdjustsVideoMirroring" : automaticallyAdjustsVideoMirroring,
| `- error: 'automaticallyAdjustsVideoMirroring' is unavailable in visionOS
30 | "inputPorts" : inputPorts
31 | ]
/Applications/Xcode-27.0.0-Release.Candidate.app/Contents/Developer/Platforms/XROS.platform/Developer/SDKs/XROS27.0.sdk/System/Library/Frameworks/AVFoundation.framework/Headers/AVCaptureSession.h:1062:27: note: 'automaticallyAdjustsVideoMirroring' has been explicitly marked unavailable here
1060 | For some session configurations, video data flowing through the connection will be mirrored by default. When the value of this property is YES, the value of @"videoMirrored" may change depending on the configuration of the session, for example after switching to a different AVCaptureDeviceInput. The default value is YES.
1061 | */
1062 | @property(nonatomic) BOOL automaticallyAdjustsVideoMirroring API_AVAILABLE(ios(6.0), macCatalyst(14.0), tvos(17.0)) API_UNAVAILABLE(visionos);
| `- note: 'automaticallyAdjustsVideoMirroring' has been explicitly marked unavailable here
1063 |
1064 | /*!
SwiftCompile normal arm64 /Users/admin/builder/spi-builder-workspace/Capturer/Basic/Utils.swift (in target 'Capturer' from project 'Capturer')
cd /Users/admin/builder/spi-builder-workspace/.swiftpm/xcode
builtin-SwiftPerFileCompile Utils.swift
SwiftCompile normal arm64 /Users/admin/builder/spi-builder-workspace/Capturer/Basic/Views/PixelBufferDisplaying.swift (in target 'Capturer' from project 'Capturer')
cd /Users/admin/builder/spi-builder-workspace/.swiftpm/xcode
builtin-SwiftPerFileCompile PixelBufferDisplaying.swift
SwiftEmitModule normal arm64 Emitting\ module\ for\ Capturer (in target 'Capturer' from project 'Capturer')
/Users/admin/builder/spi-builder-workspace/Capturer/Basic/CaptureBody.swift:15:50: error: 'Preset' is unavailable in visionOS
13 | public struct Configuration: Sendable {
14 |
15 | public var sessionPreset: AVCaptureSession.Preset = .photo
| `- error: 'Preset' is unavailable in visionOS
16 |
17 | public init() {
/Applications/Xcode-27.0.0-Release.Candidate.app/Contents/Developer/Platforms/XROS.platform/Developer/SDKs/XROS27.0.sdk/System/Library/Frameworks/AVFoundation.framework/Headers/AVCaptureSessionPreset.h:21:20: note: 'Preset' has been explicitly marked unavailable here
19 | Clients may use an AVCaptureSessionPreset to set the format for output on an AVCaptureSession.
20 | */
21 | typedef NSString * AVCaptureSessionPreset NS_TYPED_ENUM API_AVAILABLE(macos(10.7), ios(4.0), macCatalyst(14.0), tvos(17.0)) API_UNAVAILABLE(visionos) API_UNAVAILABLE(watchos);
| `- note: 'Preset' has been explicitly marked unavailable here
22 |
23 | /*!
/Users/admin/builder/spi-builder-workspace/Capturer/Basic/CaptureBody.swift:15:60: error: 'photo' is unavailable in visionOS
13 | public struct Configuration: Sendable {
14 |
15 | public var sessionPreset: AVCaptureSession.Preset = .photo
| `- error: 'photo' is unavailable in visionOS
16 |
17 | public init() {
/Applications/Xcode-27.0.0-Release.Candidate.app/Contents/Developer/Platforms/XROS.platform/Developer/SDKs/XROS27.0.sdk/System/Library/Frameworks/AVFoundation.framework/Headers/AVCaptureSessionPreset.h:31:41: note: 'photo' has been explicitly marked unavailable here
29 | Clients may set an AVCaptureSession instance's sessionPreset to AVCaptureSessionPresetPhoto for full resolution photo quality output.
30 | */
31 | AVF_EXPORT AVCaptureSessionPreset const AVCaptureSessionPresetPhoto API_AVAILABLE(macos(10.7), ios(4.0), macCatalyst(14.0), tvos(17.0)) API_UNAVAILABLE(visionos) API_UNAVAILABLE(watchos);
| `- note: 'photo' has been explicitly marked unavailable here
32 |
33 | /*!
/Users/admin/builder/spi-builder-workspace/Capturer/Basic/CaptureBody.swift:64:12: error: 'sessionPreset' is unavailable in visionOS
62 |
63 | self.session.performConfiguration {
64 | $0.sessionPreset = configuration.sessionPreset
| `- error: 'sessionPreset' is unavailable in visionOS
65 | $0.automaticallyConfiguresCaptureDeviceForWideColor = true
66 | }
/Applications/Xcode-27.0.0-Release.Candidate.app/Contents/Developer/Platforms/XROS.platform/Developer/SDKs/XROS27.0.sdk/System/Library/Frameworks/AVFoundation.framework/Headers/AVCaptureSession.h:166:51: note: 'sessionPreset' has been explicitly marked unavailable here
164 | The value of this property is an AVCaptureSessionPreset indicating the current session preset in use by the receiver. The sessionPreset property may be set while the receiver is running.
165 | */
166 | @property(nonatomic, copy) AVCaptureSessionPreset sessionPreset API_UNAVAILABLE(visionos);
| `- note: 'sessionPreset' has been explicitly marked unavailable here
167 |
168 | /*!
/Users/admin/builder/spi-builder-workspace/Capturer/Basic/CaptureBody.swift:65:12: error: 'automaticallyConfiguresCaptureDeviceForWideColor' is unavailable in visionOS
63 | self.session.performConfiguration {
64 | $0.sessionPreset = configuration.sessionPreset
65 | $0.automaticallyConfiguresCaptureDeviceForWideColor = true
| `- error: 'automaticallyConfiguresCaptureDeviceForWideColor' is unavailable in visionOS
66 | }
67 |
/Applications/Xcode-27.0.0-Release.Candidate.app/Contents/Developer/Platforms/XROS.platform/Developer/SDKs/XROS27.0.sdk/System/Library/Frameworks/AVFoundation.framework/Headers/AVCaptureSession.h:578:27: note: 'automaticallyConfiguresCaptureDeviceForWideColor' has been explicitly marked unavailable here
576 | The default value is YES. By default, the receiver automatically adjusts its source video AVCaptureDevice's activeFormat and activeColorSpace properties based on the supportedColorSpaces of the device's formats and the current AVCaptureSession topology. Wide color spaces are preferred over sRGB if an AVCapturePhotoOutput is present in the session. If you wish to set AVCaptureDevice's activeColorSpace manually, and prevent the AVCaptureSession from undoing your work, you must set automaticallyConfiguresCaptureDeviceForWideColor to NO. If the receiver's sessionPreset is set to AVCaptureSessionPresetInputPriority, the session will not alter the capture device's activeFormat, but might still alter its activeColorSpace.
577 | */
578 | @property(nonatomic) BOOL automaticallyConfiguresCaptureDeviceForWideColor API_AVAILABLE(ios(10.0), macCatalyst(14.0), tvos(17.0)) API_UNAVAILABLE(macos, visionos);
| `- note: 'automaticallyConfiguresCaptureDeviceForWideColor' has been explicitly marked unavailable here
579 |
580 | /*!
/Users/admin/builder/spi-builder-workspace/Capturer/Basic/Outputs/PhotoOutput.swift:14:23: error: 'AVCapturePhoto' is unavailable in visionOS
12 | public struct CapturePhoto: Sendable {
13 |
14 | public let photo: AVCapturePhoto
| `- error: 'AVCapturePhoto' is unavailable in visionOS
15 |
16 | public var orientation: CGImagePropertyOrientation {
/Applications/Xcode-27.0.0-Release.Candidate.app/Contents/Developer/Platforms/XROS.platform/Developer/SDKs/XROS27.0.sdk/System/Library/Frameworks/AVFoundation.framework/Headers/AVCapturePhotoOutput.h:1979:12: note: 'AVCapturePhoto' has been explicitly marked unavailable here
1977 | */
1978 | API_AVAILABLE(macos(10.15), ios(11.0), macCatalyst(14.0), tvos(17.0)) API_UNAVAILABLE(visionos) API_UNAVAILABLE(watchos)
1979 | @interface AVCapturePhoto : NSObject
| `- note: 'AVCapturePhoto' has been explicitly marked unavailable here
1980 | {
1981 | @private
/Users/admin/builder/spi-builder-workspace/Capturer/Basic/Outputs/PhotoOutput.swift:34:25: error: 'AVCapturePhotoOutput' is unavailable in visionOS
32 | }
33 |
34 | private let _output = AVCapturePhotoOutput()
| `- error: 'AVCapturePhotoOutput' is unavailable in visionOS
35 |
36 | public init(quality: AVCapturePhotoOutput.QualityPrioritization = .balanced) {
/Applications/Xcode-27.0.0-Release.Candidate.app/Contents/Developer/Platforms/XROS.platform/Developer/SDKs/XROS27.0.sdk/System/Library/Frameworks/AVFoundation.framework/Headers/AVCapturePhotoOutput.h:50:12: note: 'AVCapturePhotoOutput' has been explicitly marked unavailable here
48 | */
49 | API_AVAILABLE(macos(10.15), ios(10.0), macCatalyst(14.0), tvos(17.0)) API_UNAVAILABLE(visionos) API_UNAVAILABLE(watchos)
50 | @interface AVCapturePhotoOutput : AVCaptureOutput
| `- note: 'AVCapturePhotoOutput' has been explicitly marked unavailable here
51 | {
52 | @private
/Users/admin/builder/spi-builder-workspace/Capturer/Basic/Outputs/PhotoOutput.swift:36:24: error: 'AVCapturePhotoOutput' is unavailable in visionOS
34 | private let _output = AVCapturePhotoOutput()
35 |
36 | public init(quality: AVCapturePhotoOutput.QualityPrioritization = .balanced) {
| `- error: 'AVCapturePhotoOutput' is unavailable in visionOS
37 | super.init()
38 |
/Applications/Xcode-27.0.0-Release.Candidate.app/Contents/Developer/Platforms/XROS.platform/Developer/SDKs/XROS27.0.sdk/System/Library/Frameworks/AVFoundation.framework/Headers/AVCapturePhotoOutput.h:50:12: note: 'AVCapturePhotoOutput' has been explicitly marked unavailable here
48 | */
49 | API_AVAILABLE(macos(10.15), ios(10.0), macCatalyst(14.0), tvos(17.0)) API_UNAVAILABLE(visionos) API_UNAVAILABLE(watchos)
50 | @interface AVCapturePhotoOutput : AVCaptureOutput
| `- note: 'AVCapturePhotoOutput' has been explicitly marked unavailable here
51 | {
52 | @private
/Users/admin/builder/spi-builder-workspace/Capturer/Basic/Outputs/PhotoOutput.swift:43:38: error: 'AVCapturePhotoSettings' is unavailable in visionOS
41 | }
42 |
43 | public func capture(with settings: AVCapturePhotoSettings, completion: @escaping (Result<CapturePhoto, Error>) -> Void) {
| `- error: 'AVCapturePhotoSettings' is unavailable in visionOS
44 |
45 | var completionWrapper: ((Result<CapturePhoto, Error>) -> Void)!
/Applications/Xcode-27.0.0-Release.Candidate.app/Contents/Developer/Platforms/XROS.platform/Developer/SDKs/XROS27.0.sdk/System/Library/Frameworks/AVFoundation.framework/Headers/AVCapturePhotoOutput.h:1192:12: note: 'AVCapturePhotoSettings' has been explicitly marked unavailable here
1190 | */
1191 | API_AVAILABLE(macos(10.15), ios(10.0), macCatalyst(14.0), tvos(17.0)) API_UNAVAILABLE(visionos) API_UNAVAILABLE(watchos)
1192 | @interface AVCapturePhotoSettings : NSObject <NSCopying>
| `- note: 'AVCapturePhotoSettings' has been explicitly marked unavailable here
1193 | {
1194 | @private
/Users/admin/builder/spi-builder-workspace/Capturer/Basic/Outputs/PhotoOutput.swift:64:38: error: 'AVCapturePhotoSettings' is unavailable in visionOS
62 | }
63 |
64 | public func capture(with settings: AVCapturePhotoSettings) async throws -> CapturePhoto {
| `- error: 'AVCapturePhotoSettings' is unavailable in visionOS
65 | guard AVCaptureDevice.authorizationStatus(for: .video).isAuthorized else { throw AVAuthorizationStatus.Error.notAuthorized }
66 | return try await withCheckedThrowingContinuation { continuation in
/Applications/Xcode-27.0.0-Release.Candidate.app/Contents/Developer/Platforms/XROS.platform/Developer/SDKs/XROS27.0.sdk/System/Library/Frameworks/AVFoundation.framework/Headers/AVCapturePhotoOutput.h:1192:12: note: 'AVCapturePhotoSettings' has been explicitly marked unavailable here
1190 | */
1191 | API_AVAILABLE(macos(10.15), ios(10.0), macCatalyst(14.0), tvos(17.0)) API_UNAVAILABLE(visionos) API_UNAVAILABLE(watchos)
1192 | @interface AVCapturePhotoSettings : NSObject <NSCopying>
| `- note: 'AVCapturePhotoSettings' has been explicitly marked unavailable here
1193 | {
1194 | @private
/Users/admin/builder/spi-builder-workspace/Capturer/Basic/Outputs/PhotoOutput.swift:97:38: error: 'AVCapturePhoto' is unavailable in visionOS
95 | private final class _AVCapturePhotoCaptureDelegateProxy: NSObject, AVCapturePhotoCaptureDelegate {
96 |
97 | var onDidFinishProcessingPhoto: (AVCapturePhoto, Error?) -> Void
| `- error: 'AVCapturePhoto' is unavailable in visionOS
98 |
99 | init(
/Applications/Xcode-27.0.0-Release.Candidate.app/Contents/Developer/Platforms/XROS.platform/Developer/SDKs/XROS27.0.sdk/System/Library/Frameworks/AVFoundation.framework/Headers/AVCapturePhotoOutput.h:1979:12: note: 'AVCapturePhoto' has been explicitly marked unavailable here
1977 | */
1978 | API_AVAILABLE(macos(10.15), ios(11.0), macCatalyst(14.0), tvos(17.0)) API_UNAVAILABLE(visionos) API_UNAVAILABLE(watchos)
1979 | @interface AVCapturePhoto : NSObject
| `- note: 'AVCapturePhoto' has been explicitly marked unavailable here
1980 | {
1981 | @private
/Users/admin/builder/spi-builder-workspace/Capturer/Basic/Outputs/PhotoOutput.swift:100:46: error: 'AVCapturePhoto' is unavailable in visionOS
98 |
99 | init(
100 | onDidFinishProcessingPhoto: @escaping (AVCapturePhoto, Error?) -> Void
| `- error: 'AVCapturePhoto' is unavailable in visionOS
101 | ) {
102 | self.onDidFinishProcessingPhoto = onDidFinishProcessingPhoto
/Applications/Xcode-27.0.0-Release.Candidate.app/Contents/Developer/Platforms/XROS.platform/Developer/SDKs/XROS27.0.sdk/System/Library/Frameworks/AVFoundation.framework/Headers/AVCapturePhotoOutput.h:1979:12: note: 'AVCapturePhoto' has been explicitly marked unavailable here
1977 | */
1978 | API_AVAILABLE(macos(10.15), ios(11.0), macCatalyst(14.0), tvos(17.0)) API_UNAVAILABLE(visionos) API_UNAVAILABLE(watchos)
1979 | @interface AVCapturePhoto : NSObject
| `- note: 'AVCapturePhoto' has been explicitly marked unavailable here
1980 | {
1981 | @private
/Users/admin/builder/spi-builder-workspace/Capturer/Basic/Outputs/PhotoOutput.swift:105:32: error: 'AVCapturePhotoOutput' is unavailable in visionOS
103 | }
104 |
105 | func photoOutput(_ output: AVCapturePhotoOutput, willBeginCaptureFor resolvedSettings: AVCaptureResolvedPhotoSettings) {
| `- error: 'AVCapturePhotoOutput' is unavailable in visionOS
106 |
107 | }
/Applications/Xcode-27.0.0-Release.Candidate.app/Contents/Developer/Platforms/XROS.platform/Developer/SDKs/XROS27.0.sdk/System/Library/Frameworks/AVFoundation.framework/Headers/AVCapturePhotoOutput.h:50:12: note: 'AVCapturePhotoOutput' has been explicitly marked unavailable here
48 | */
49 | API_AVAILABLE(macos(10.15), ios(10.0), macCatalyst(14.0), tvos(17.0)) API_UNAVAILABLE(visionos) API_UNAVAILABLE(watchos)
50 | @interface AVCapturePhotoOutput : AVCaptureOutput
| `- note: 'AVCapturePhotoOutput' has been explicitly marked unavailable here
51 | {
52 | @private
/Users/admin/builder/spi-builder-workspace/Capturer/Basic/Outputs/PhotoOutput.swift:105:92: error: 'AVCaptureResolvedPhotoSettings' is unavailable in visionOS
103 | }
104 |
105 | func photoOutput(_ output: AVCapturePhotoOutput, willBeginCaptureFor resolvedSettings: AVCaptureResolvedPhotoSettings) {
| `- error: 'AVCaptureResolvedPhotoSettings' is unavailable in visionOS
106 |
107 | }
/Applications/Xcode-27.0.0-Release.Candidate.app/Contents/Developer/Platforms/XROS.platform/Developer/SDKs/XROS27.0.sdk/System/Library/Frameworks/AVFoundation.framework/Headers/AVCapturePhotoOutput.h:1788:12: note: 'AVCaptureResolvedPhotoSettings' has been explicitly marked unavailable here
1786 | */
1787 | API_AVAILABLE(macos(10.15), ios(10.0), macCatalyst(14.0), tvos(17.0)) API_UNAVAILABLE(visionos) API_UNAVAILABLE(watchos)
1788 | @interface AVCaptureResolvedPhotoSettings : NSObject
| `- note: 'AVCaptureResolvedPhotoSettings' has been explicitly marked unavailable here
1789 | {
1790 | @private
/Users/admin/builder/spi-builder-workspace/Capturer/Basic/Outputs/PhotoOutput.swift:109:32: error: 'AVCapturePhotoOutput' is unavailable in visionOS
107 | }
108 |
109 | func photoOutput(_ output: AVCapturePhotoOutput, willCapturePhotoFor resolvedSettings: AVCaptureResolvedPhotoSettings) {
| `- error: 'AVCapturePhotoOutput' is unavailable in visionOS
110 |
111 | }
/Applications/Xcode-27.0.0-Release.Candidate.app/Contents/Developer/Platforms/XROS.platform/Developer/SDKs/XROS27.0.sdk/System/Library/Frameworks/AVFoundation.framework/Headers/AVCapturePhotoOutput.h:50:12: note: 'AVCapturePhotoOutput' has been explicitly marked unavailable here
48 | */
49 | API_AVAILABLE(macos(10.15), ios(10.0), macCatalyst(14.0), tvos(17.0)) API_UNAVAILABLE(visionos) API_UNAVAILABLE(watchos)
50 | @interface AVCapturePhotoOutput : AVCaptureOutput
| `- note: 'AVCapturePhotoOutput' has been explicitly marked unavailable here
51 | {
52 | @private
/Users/admin/builder/spi-builder-workspace/Capturer/Basic/Outputs/PhotoOutput.swift:109:92: error: 'AVCaptureResolvedPhotoSettings' is unavailable in visionOS
107 | }
108 |
109 | func photoOutput(_ output: AVCapturePhotoOutput, willCapturePhotoFor resolvedSettings: AVCaptureResolvedPhotoSettings) {
| `- error: 'AVCaptureResolvedPhotoSettings' is unavailable in visionOS
110 |
111 | }
/Applications/Xcode-27.0.0-Release.Candidate.app/Contents/Developer/Platforms/XROS.platform/Developer/SDKs/XROS27.0.sdk/System/Library/Frameworks/AVFoundation.framework/Headers/AVCapturePhotoOutput.h:1788:12: note: 'AVCaptureResolvedPhotoSettings' has been explicitly marked unavailable here
1786 | */
1787 | API_AVAILABLE(macos(10.15), ios(10.0), macCatalyst(14.0), tvos(17.0)) API_UNAVAILABLE(visionos) API_UNAVAILABLE(watchos)
1788 | @interface AVCaptureResolvedPhotoSettings : NSObject
| `- note: 'AVCaptureResolvedPhotoSettings' has been explicitly marked unavailable here
1789 | {
1790 | @private
/Users/admin/builder/spi-builder-workspace/Capturer/Basic/Outputs/PhotoOutput.swift:113:32: error: 'AVCapturePhotoOutput' is unavailable in visionOS
111 | }
112 |
113 | func photoOutput(_ output: AVCapturePhotoOutput, didCapturePhotoFor resolvedSettings: AVCaptureResolvedPhotoSettings) {
| `- error: 'AVCapturePhotoOutput' is unavailable in visionOS
114 |
115 | }
/Applications/Xcode-27.0.0-Release.Candidate.app/Contents/Developer/Platforms/XROS.platform/Developer/SDKs/XROS27.0.sdk/System/Library/Frameworks/AVFoundation.framework/Headers/AVCapturePhotoOutput.h:50:12: note: 'AVCapturePhotoOutput' has been explicitly marked unavailable here
48 | */
49 | API_AVAILABLE(macos(10.15), ios(10.0), macCatalyst(14.0), tvos(17.0)) API_UNAVAILABLE(visionos) API_UNAVAILABLE(watchos)
50 | @interface AVCapturePhotoOutput : AVCaptureOutput
| `- note: 'AVCapturePhotoOutput' has been explicitly marked unavailable here
51 | {
52 | @private
/Users/admin/builder/spi-builder-workspace/Capturer/Basic/Outputs/PhotoOutput.swift:113:91: error: 'AVCaptureResolvedPhotoSettings' is unavailable in visionOS
111 | }
112 |
113 | func photoOutput(_ output: AVCapturePhotoOutput, didCapturePhotoFor resolvedSettings: AVCaptureResolvedPhotoSettings) {
| `- error: 'AVCaptureResolvedPhotoSettings' is unavailable in visionOS
114 |
115 | }
/Applications/Xcode-27.0.0-Release.Candidate.app/Contents/Developer/Platforms/XROS.platform/Developer/SDKs/XROS27.0.sdk/System/Library/Frameworks/AVFoundation.framework/Headers/AVCapturePhotoOutput.h:1788:12: note: 'AVCaptureResolvedPhotoSettings' has been explicitly marked unavailable here
1786 | */
1787 | API_AVAILABLE(macos(10.15), ios(10.0), macCatalyst(14.0), tvos(17.0)) API_UNAVAILABLE(visionos) API_UNAVAILABLE(watchos)
1788 | @interface AVCaptureResolvedPhotoSettings : NSObject
| `- note: 'AVCaptureResolvedPhotoSettings' has been explicitly marked unavailable here
1789 | {
1790 | @private
/Users/admin/builder/spi-builder-workspace/Capturer/Basic/Outputs/PhotoOutput.swift:117:32: error: 'AVCapturePhotoOutput' is unavailable in visionOS
115 | }
116 |
117 | func photoOutput(_ output: AVCapturePhotoOutput, didFinishProcessingPhoto photo: AVCapturePhoto, error: Error?) {
| `- error: 'AVCapturePhotoOutput' is unavailable in visionOS
118 | onDidFinishProcessingPhoto(photo, error)
119 | }
/Applications/Xcode-27.0.0-Release.Candidate.app/Contents/Developer/Platforms/XROS.platform/Developer/SDKs/XROS27.0.sdk/System/Library/Frameworks/AVFoundation.framework/Headers/AVCapturePhotoOutput.h:50:12: note: 'AVCapturePhotoOutput' has been explicitly marked unavailable here
48 | */
49 | API_AVAILABLE(macos(10.15), ios(10.0), macCatalyst(14.0), tvos(17.0)) API_UNAVAILABLE(visionos) API_UNAVAILABLE(watchos)
50 | @interface AVCapturePhotoOutput : AVCaptureOutput
| `- note: 'AVCapturePhotoOutput' has been explicitly marked unavailable here
51 | {
52 | @private
/Users/admin/builder/spi-builder-workspace/Capturer/Basic/Outputs/PhotoOutput.swift:117:86: error: 'AVCapturePhoto' is unavailable in visionOS
115 | }
116 |
117 | func photoOutput(_ output: AVCapturePhotoOutput, didFinishProcessingPhoto photo: AVCapturePhoto, error: Error?) {
| `- error: 'AVCapturePhoto' is unavailable in visionOS
118 | onDidFinishProcessingPhoto(photo, error)
119 | }
/Applications/Xcode-27.0.0-Release.Candidate.app/Contents/Developer/Platforms/XROS.platform/Developer/SDKs/XROS27.0.sdk/System/Library/Frameworks/AVFoundation.framework/Headers/AVCapturePhotoOutput.h:1979:12: note: 'AVCapturePhoto' has been explicitly marked unavailable here
1977 | */
1978 | API_AVAILABLE(macos(10.15), ios(11.0), macCatalyst(14.0), tvos(17.0)) API_UNAVAILABLE(visionos) API_UNAVAILABLE(watchos)
1979 | @interface AVCapturePhoto : NSObject
| `- note: 'AVCapturePhoto' has been explicitly marked unavailable here
1980 | {
1981 | @private
/Users/admin/builder/spi-builder-workspace/Capturer/Basic/Outputs/PhotoOutput.swift:121:32: error: 'AVCapturePhotoOutput' is unavailable in visionOS
119 | }
120 |
121 | func photoOutput(_ output: AVCapturePhotoOutput, didFinishCaptureFor resolvedSettings: AVCaptureResolvedPhotoSettings, error: Error?) {
| `- error: 'AVCapturePhotoOutput' is unavailable in visionOS
122 |
123 | }
/Applications/Xcode-27.0.0-Release.Candidate.app/Contents/Developer/Platforms/XROS.platform/Developer/SDKs/XROS27.0.sdk/System/Library/Frameworks/AVFoundation.framework/Headers/AVCapturePhotoOutput.h:50:12: note: 'AVCapturePhotoOutput' has been explicitly marked unavailable here
48 | */
49 | API_AVAILABLE(macos(10.15), ios(10.0), macCatalyst(14.0), tvos(17.0)) API_UNAVAILABLE(visionos) API_UNAVAILABLE(watchos)
50 | @interface AVCapturePhotoOutput : AVCaptureOutput
| `- note: 'AVCapturePhotoOutput' has been explicitly marked unavailable here
51 | {
52 | @private
/Users/admin/builder/spi-builder-workspace/Capturer/Basic/Outputs/PhotoOutput.swift:121:92: error: 'AVCaptureResolvedPhotoSettings' is unavailable in visionOS
119 | }
120 |
121 | func photoOutput(_ output: AVCapturePhotoOutput, didFinishCaptureFor resolvedSettings: AVCaptureResolvedPhotoSettings, error: Error?) {
| `- error: 'AVCaptureResolvedPhotoSettings' is unavailable in visionOS
122 |
123 | }
/Applications/Xcode-27.0.0-Release.Candidate.app/Contents/Developer/Platforms/XROS.platform/Developer/SDKs/XROS27.0.sdk/System/Library/Frameworks/AVFoundation.framework/Headers/AVCapturePhotoOutput.h:1788:12: note: 'AVCaptureResolvedPhotoSettings' has been explicitly marked unavailable here
1786 | */
1787 | API_AVAILABLE(macos(10.15), ios(10.0), macCatalyst(14.0), tvos(17.0)) API_UNAVAILABLE(visionos) API_UNAVAILABLE(watchos)
1788 | @interface AVCaptureResolvedPhotoSettings : NSObject
| `- note: 'AVCaptureResolvedPhotoSettings' has been explicitly marked unavailable here
1789 | {
1790 | @private
/Users/admin/builder/spi-builder-workspace/Capturer/Basic/Outputs/PhotoOutput.swift:125:32: error: 'AVCapturePhotoOutput' is unavailable in visionOS
123 | }
124 |
125 | func photoOutput(_ output: AVCapturePhotoOutput, didFinishRecordingLivePhotoMovieForEventualFileAt outputFileURL: URL, resolvedSettings: AVCaptureResolvedPhotoSettings) {
| `- error: 'AVCapturePhotoOutput' is unavailable in visionOS
126 |
127 | }
/Applications/Xcode-27.0.0-Release.Candidate.app/Contents/Developer/Platforms/XROS.platform/Developer/SDKs/XROS27.0.sdk/System/Library/Frameworks/AVFoundation.framework/Headers/AVCapturePhotoOutput.h:50:12: note: 'AVCapturePhotoOutput' has been explicitly marked unavailable here
48 | */
49 | API_AVAILABLE(macos(10.15), ios(10.0), macCatalyst(14.0), tvos(17.0)) API_UNAVAILABLE(visionos) API_UNAVAILABLE(watchos)
50 | @interface AVCapturePhotoOutput : AVCaptureOutput
| `- note: 'AVCapturePhotoOutput' has been explicitly marked unavailable here
51 | {
52 | @private
/Users/admin/builder/spi-builder-workspace/Capturer/Basic/Outputs/PhotoOutput.swift:125:142: error: 'AVCaptureResolvedPhotoSettings' is unavailable in visionOS
123 | }
124 |
125 | func photoOutput(_ output: AVCapturePhotoOutput, didFinishRecordingLivePhotoMovieForEventualFileAt outputFileURL: URL, resolvedSettings: AVCaptureResolvedPhotoSettings) {
| `- error: 'AVCaptureResolvedPhotoSettings' is unavailable in visionOS
126 |
127 | }
/Applications/Xcode-27.0.0-Release.Candidate.app/Contents/Developer/Platforms/XROS.platform/Developer/SDKs/XROS27.0.sdk/System/Library/Frameworks/AVFoundation.framework/Headers/AVCapturePhotoOutput.h:1788:12: note: 'AVCaptureResolvedPhotoSettings' has been explicitly marked unavailable here
1786 | */
1787 | API_AVAILABLE(macos(10.15), ios(10.0), macCatalyst(14.0), tvos(17.0)) API_UNAVAILABLE(visionos) API_UNAVAILABLE(watchos)
1788 | @interface AVCaptureResolvedPhotoSettings : NSObject
| `- note: 'AVCaptureResolvedPhotoSettings' has been explicitly marked unavailable here
1789 | {
1790 | @private
/Users/admin/builder/spi-builder-workspace/Capturer/Basic/Outputs/PhotoOutput.swift:129:32: error: 'AVCapturePhotoOutput' is unavailable in visionOS
127 | }
128 |
129 | func photoOutput(_ output: AVCapturePhotoOutput, didFinishProcessingLivePhotoToMovieFileAt outputFileURL: URL, duration: CMTime, photoDisplayTime: CMTime, resolvedSettings: AVCaptureResolvedPhotoSettings, error: Error?) {
| `- error: 'AVCapturePhotoOutput' is unavailable in visionOS
130 |
131 | }
/Applications/Xcode-27.0.0-Release.Candidate.app/Contents/Developer/Platforms/XROS.platform/Developer/SDKs/XROS27.0.sdk/System/Library/Frameworks/AVFoundation.framework/Headers/AVCapturePhotoOutput.h:50:12: note: 'AVCapturePhotoOutput' has been explicitly marked unavailable here
48 | */
49 | API_AVAILABLE(macos(10.15), ios(10.0), macCatalyst(14.0), tvos(17.0)) API_UNAVAILABLE(visionos) API_UNAVAILABLE(watchos)
50 | @interface AVCapturePhotoOutput : AVCaptureOutput
| `- note: 'AVCapturePhotoOutput' has been explicitly marked unavailable here
51 | {
52 | @private
/Users/admin/builder/spi-builder-workspace/Capturer/Basic/Outputs/PhotoOutput.swift:129:178: error: 'AVCaptureResolvedPhotoSettings' is unavailable in visionOS
127 | }
128 |
129 | func photoOutput(_ output: AVCapturePhotoOutput, didFinishProcessingLivePhotoToMovieFileAt outputFileURL: URL, duration: CMTime, photoDisplayTime: CMTime, resolvedSettings: AVCaptureResolvedPhotoSettings, error: Error?) {
| `- error: 'AVCaptureResolvedPhotoSettings' is unavailable in visionOS
130 |
131 | }
/Applications/Xcode-27.0.0-Release.Candidate.app/Contents/Developer/Platforms/XROS.platform/Developer/SDKs/XROS27.0.sdk/System/Library/Frameworks/AVFoundation.framework/Headers/AVCapturePhotoOutput.h:1788:12: note: 'AVCaptureResolvedPhotoSettings' has been explicitly marked unavailable here
1786 | */
1787 | API_AVAILABLE(macos(10.15), ios(10.0), macCatalyst(14.0), tvos(17.0)) API_UNAVAILABLE(visionos) API_UNAVAILABLE(watchos)
1788 | @interface AVCaptureResolvedPhotoSettings : NSObject
| `- note: 'AVCaptureResolvedPhotoSettings' has been explicitly marked unavailable here
1789 | {
1790 | @private
/Users/admin/builder/spi-builder-workspace/Capturer/Basic/Outputs/PhotoOutput.swift:95:70: error: 'AVCapturePhotoCaptureDelegate' is unavailable in visionOS
93 | }
94 |
95 | private final class _AVCapturePhotoCaptureDelegateProxy: NSObject, AVCapturePhotoCaptureDelegate {
| `- error: 'AVCapturePhotoCaptureDelegate' is unavailable in visionOS
96 |
97 | var onDidFinishProcessingPhoto: (AVCapturePhoto, Error?) -> Void
/Applications/Xcode-27.0.0-Release.Candidate.app/Contents/Developer/Platforms/XROS.platform/Developer/SDKs/XROS27.0.sdk/System/Library/Frameworks/AVFoundation.framework/Headers/AVCapturePhotoOutput.h:990:11: note: 'AVCapturePhotoCaptureDelegate' has been explicitly marked unavailable here
988 | */
989 | API_AVAILABLE(macos(10.15), ios(10.0), macCatalyst(14.0), tvos(17.0)) API_UNAVAILABLE(visionos) API_UNAVAILABLE(watchos)
990 | @protocol AVCapturePhotoCaptureDelegate <NSObject>
| `- note: 'AVCapturePhotoCaptureDelegate' has been explicitly marked unavailable here
991 |
992 | @optional
/Users/admin/builder/spi-builder-workspace/Capturer/Basic/Outputs/PhotoOutput.swift:117:10: error: cannot override 'photoOutput' which has been marked unavailable
115 | }
116 |
117 | func photoOutput(_ output: AVCapturePhotoOutput, didFinishProcessingPhoto photo: AVCapturePhoto, error: Error?) {
| `- error: cannot override 'photoOutput' which has been marked unavailable
118 | onDidFinishProcessingPhoto(photo, error)
119 | }
/Applications/Xcode-27.0.0-Release.Candidate.app/Contents/Developer/Platforms/XROS.platform/Developer/SDKs/XROS27.0.sdk/System/Library/Frameworks/AVFoundation.framework/Headers/AVCapturePhotoOutput.h:1053:1: note: 'photoOutput(_:didFinishProcessingPhoto:error:)' has been explicitly marked unavailable here
1051 | This callback fires resolvedSettings.expectedPhotoCount number of times for a given capture request. Note that the photo parameter is always non nil, even if an error is returned. The delivered AVCapturePhoto's rawPhoto property can be queried to know if it's a RAW image or processed image.
1052 | */
1053 | - (void)captureOutput:(AVCapturePhotoOutput *)output didFinishProcessingPhoto:(AVCapturePhoto *)photo error:(nullable NSError *)error API_AVAILABLE(ios(11.0), macCatalyst(14.0), tvos(17.0)) API_UNAVAILABLE(visionos);
| `- note: 'photoOutput(_:didFinishProcessingPhoto:error:)' has been explicitly marked unavailable here
1054 |
1055 | /*!
/Users/admin/builder/spi-builder-workspace/Capturer/Basic/Outputs/PreviewOutput.swift:10:36: error: 'AVCaptureVideoOrientation' is unavailable in visionOS
8 |
9 | public let activeFormat: AVCaptureDevice.Format
10 | public let videoOrientation: AVCaptureVideoOrientation
| `- error: 'AVCaptureVideoOrientation' is unavailable in visionOS
11 |
12 | public var aspectRatio: CGSize {
/Applications/Xcode-27.0.0-Release.Candidate.app/Contents/Developer/Platforms/XROS.platform/Developer/SDKs/XROS27.0.sdk/System/Library/Frameworks/AVFoundation.framework/Headers/AVCaptureDevice.h:104:28: note: 'AVCaptureVideoOrientation' has been explicitly marked unavailable here
102 |
103 | /// Constants indicating video orientation, for use with AVCaptureDeviceRotationCoordinator.
104 | typedef NS_ENUM(NSInteger, AVCaptureVideoOrientation) {
| `- note: 'AVCaptureVideoOrientation' has been explicitly marked unavailable here
105 | /// Indicates that video should be oriented vertically, port on the bottom.
106 | AVCaptureVideoOrientationPortrait = 1,
/Users/admin/builder/spi-builder-workspace/Capturer/Basic/Utils.swift:36:11: error: 'AVCaptureVideoOrientation' is unavailable in visionOS
34 | }
35 |
36 | extension AVCaptureVideoOrientation {
| `- error: 'AVCaptureVideoOrientation' is unavailable in visionOS
37 |
38 | func _capturer_localizedDescription() -> String {
/Applications/Xcode-27.0.0-Release.Candidate.app/Contents/Developer/Platforms/XROS.platform/Developer/SDKs/XROS27.0.sdk/System/Library/Frameworks/AVFoundation.framework/Headers/AVCaptureDevice.h:104:28: note: 'AVCaptureVideoOrientation' has been explicitly marked unavailable here
102 |
103 | /// Constants indicating video orientation, for use with AVCaptureDeviceRotationCoordinator.
104 | typedef NS_ENUM(NSInteger, AVCaptureVideoOrientation) {
| `- note: 'AVCaptureVideoOrientation' has been explicitly marked unavailable here
105 | /// Indicates that video should be oriented vertically, port on the bottom.
106 | AVCaptureVideoOrientationPortrait = 1,
/Users/admin/builder/spi-builder-workspace/Capturer/Extended/Orientations.swift:8:25: error: 'AVCaptureVideoOrientation' is unavailable in visionOS
6 |
7 | init(
8 | _ videoOrientation: AVCaptureVideoOrientation
| `- error: 'AVCaptureVideoOrientation' is unavailable in visionOS
9 | ) {
10 | switch videoOrientation {
/Applications/Xcode-27.0.0-Release.Candidate.app/Contents/Developer/Platforms/XROS.platform/Developer/SDKs/XROS27.0.sdk/System/Library/Frameworks/AVFoundation.framework/Headers/AVCaptureDevice.h:104:28: note: 'AVCaptureVideoOrientation' has been explicitly marked unavailable here
102 |
103 | /// Constants indicating video orientation, for use with AVCaptureDeviceRotationCoordinator.
104 | typedef NS_ENUM(NSInteger, AVCaptureVideoOrientation) {
| `- note: 'AVCaptureVideoOrientation' has been explicitly marked unavailable here
105 | /// Indicates that video should be oriented vertically, port on the bottom.
106 | AVCaptureVideoOrientationPortrait = 1,
Failed frontend command:
/Applications/Xcode-27.0.0-Release.Candidate.app/Contents/Developer/Toolchains/XcodeDefault.xctoolchain/usr/bin/swift-frontend -frontend -emit-module -experimental-skip-non-inlinable-function-bodies-without-types /Users/admin/builder/spi-builder-workspace/Capturer/Basic/CaptureBody.swift /Users/admin/builder/spi-builder-workspace/Capturer/Basic/ComponentBase.swift /Users/admin/builder/spi-builder-workspace/Capturer/Basic/EventBus.swift /Users/admin/builder/spi-builder-workspace/Capturer/Basic/Inputs/CameraInput.swift /Users/admin/builder/spi-builder-workspace/Capturer/Basic/Inputs/InputNodeType.swift /Users/admin/builder/spi-builder-workspace/Capturer/Basic/Logger.swift /Users/admin/builder/spi-builder-workspace/Capturer/Basic/Outputs/AnyCVPixelBufferOutput.swift /Users/admin/builder/spi-builder-workspace/Capturer/Basic/Outputs/AnyOutput.swift /Users/admin/builder/spi-builder-workspace/Capturer/Basic/Outputs/CVPixelBufferModifying.swift /Users/admin/builder/spi-builder-workspace/Capturer/Basic/Outputs/OutputNodeType.swift /Users/admin/builder/spi-builder-workspace/Capturer/Basic/Outputs/PhotoOutput.swift /Users/admin/builder/spi-builder-workspace/Capturer/Basic/Outputs/PreviewOutput.swift /Users/admin/builder/spi-builder-workspace/Capturer/Basic/Outputs/VideoDataOutput.swift /Users/admin/builder/spi-builder-workspace/Capturer/Basic/Utils.swift /Users/admin/builder/spi-builder-workspace/Capturer/Basic/Views/PixelBufferDisplaying.swift /Users/admin/builder/spi-builder-workspace/Capturer/Basic/Views/PixelBufferView.swift /Users/admin/builder/spi-builder-workspace/Capturer/Basic/export.swift /Users/admin/builder/spi-builder-workspace/Capturer/Extended/AnyCMSampleBufferOutput.swift /Users/admin/builder/spi-builder-workspace/Capturer/Extended/CoreImagePixelBufferView.swift /Users/admin/builder/spi-builder-workspace/Capturer/Extended/Filters/CoreImageFilter.swift /Users/admin/builder/spi-builder-workspace/Capturer/Extended/MapOutput.swift /Users/admin/builder/spi-builder-workspace/Capturer/Extended/Orientations.swift /Users/admin/builder/spi-builder-workspace/Capturer/Extended/PixelBufferTransform.swift -target arm64-apple-xros1.0 -disable-cross-import-overlay-search -load-resolved-plugin /Applications/Xcode-27.0.0-Release.Candidate.app/Contents/Developer/Platforms/XROS.platform/Developer/usr/lib/swift/host/plugins/libFoundationMacros.dylib\#/Applications/Xcode-27.0.0-Release.Candidate.app/Contents/Developer/Platforms/XROS.platform/Developer/usr/bin/swift-plugin-server\#FoundationMacros -load-resolved-plugin /Applications/Xcode-27.0.0-Release.Candidate.app/Contents/Developer/Platforms/XROS.platform/Developer/usr/lib/swift/host/plugins/libObservationMacros.dylib\#/Applications/Xcode-27.0.0-Release.Candidate.app/Contents/Developer/Platforms/XROS.platform/Developer/usr/bin/swift-plugin-server\#ObservationMacros -load-resolved-plugin /Applications/Xcode-27.0.0-Release.Candidate.app/Contents/Developer/Platforms/XROS.platform/Developer/usr/lib/swift/host/plugins/libPreviewsMacros.dylib\#/Applications/Xcode-27.0.0-Release.Candidate.app/Contents/Developer/Platforms/XROS.platform/Developer/usr/bin/swift-plugin-server\#PreviewsMacros -load-resolved-plugin /Applications/Xcode-27.0.0-Release.Candidate.app/Contents/Developer/Platforms/XROS.platform/Developer/usr/lib/swift/host/plugins/libSwiftMacros.dylib\#/Applications/Xcode-27.0.0-Release.Candidate.app/Contents/Developer/Platforms/XROS.platform/Developer/usr/bin/swift-plugin-server\#SwiftMacros -load-resolved-plugin /Applications/Xcode-27.0.0-Release.Candidate.app/Contents/Developer/Platforms/XROS.platform/Developer/usr/lib/swift/host/plugins/libSwiftUIMacros.dylib\#/Applications/Xcode-27.0.0-Release.Candidate.app/Contents/Developer/Platforms/XROS.platform/Developer/usr/bin/swift-plugin-server\#SwiftUIMacros -disable-implicit-swift-modules -Xcc -fno-implicit-modules -Xcc -fno-implicit-module-maps -explicit-swift-module-map-file /Users/admin/builder/spi-builder-workspace/.derivedData/Build/Intermediates.noindex/Capturer.build/Debug-xros/Capturer-t.build/Objects-normal/arm64/Capturer-dependencies-1.json -Xllvm -aarch64-use-tbi -enable-objc-interop -stack-check -sdk /Applications/Xcode-27.0.0-Release.Candidate.app/Contents/Developer/Platforms/XROS.platform/Developer/SDKs/XROS27.0.sdk -I /Users/admin/builder/spi-builder-workspace/.derivedData/Build/Products/Debug-xros -Isystem /Applications/Xcode-27.0.0-Release.Candidate.app/Contents/Developer/Platforms/XROS.platform/Developer/usr/lib -F /Users/admin/builder/spi-builder-workspace/.derivedData/Build/Products/Debug-xros -F /Applications/Xcode-27.0.0-Release.Candidate.app/Contents/Developer/Platforms/XROS.platform/Developer/Library/Frameworks -F /Applications/Xcode-27.0.0-Release.Candidate.app/Contents/Developer/Platforms/XROS.platform/Developer/SDKs/XROS27.0.sdk/Developer/Library/Frameworks -module-cache-path /Users/admin/builder/spi-builder-workspace/.derivedData/Build/Intermediates.noindex/SwiftExplicitPrecompiledModules -no-color-diagnostics -Xcc -fno-color-diagnostics -enable-testing -g -debug-info-format\=dwarf -dwarf-version\=4 -swift-version 6 -Onone -D SWIFT_PACKAGE -D DEBUG -D SWIFT_MODULE_RESOURCE_BUNDLE_UNAVAILABLE -D Xcode -serialize-debugging-options -enable-experimental-feature DebugDescriptionMacro -empty-abi-descriptor -validate-clang-modules-once -clang-build-session-file /Users/admin/builder/spi-builder-workspace/.derivedData/ModuleCache.noindex/Session.modulevalidation -Xcc -working-directory -Xcc /Users/admin/builder/spi-builder-workspace/.swiftpm/xcode -enable-anonymous-context-mangled-names -file-compilation-dir /Users/admin/builder/spi-builder-workspace/.swiftpm/xcode -Xcc -D_LIBCPP_HARDENING_MODE\=_LIBCPP_HARDENING_MODE_DEBUG -Xcc -ivfsstatcache -Xcc /Users/admin/builder/spi-builder-workspace/.derivedData/SDKStatCaches.noindex/xros27.0-24M361-e829b21a6f8c9b70876ba0858053c044735bd543db762f57723cac368afd1ce4.sdkstatcache -Xcc -fmodules-prune-interval\=86400 -Xcc -fmodules-prune-after\=345600 -Xcc -I/Users/admin/builder/spi-builder-workspace/.derivedData/Build/Products/Debug-xros/include -Xcc -I/Users/admin/builder/spi-builder-workspace/.derivedData/Build/Intermediates.noindex/Capturer.build/Debug-xros/Capturer-t.build/DerivedSources-normal/arm64 -Xcc -I/Users/admin/builder/spi-builder-workspace/.derivedData/Build/Intermediates.noindex/Capturer.build/Debug-xros/Capturer-t.build/DerivedSources/arm64 -Xcc -I/Users/admin/builder/spi-builder-workspace/.derivedData/Build/Intermediates.noindex/Capturer.build/Debug-xros/Capturer-t.build/DerivedSources -Xcc -DSWIFT_PACKAGE -Xcc -DDEBUG\=1 -no-auto-bridging-header-chaining -module-name Capturer -package-name spi_builder_workspace -const-gather-protocols-file /Users/admin/builder/spi-builder-workspace/.derivedData/Build/Intermediates.noindex/Capturer.build/Debug-xros/Capturer-t.build/Objects-normal/arm64/Capturer_const_extract_protocols.json -disable-clang-spi -clang-target arm64-apple-xros27.0 -target-sdk-version 27.0 -target-sdk-name xros27.0 -in-process-plugin-server-path /Applications/Xcode-27.0.0-Release.Candidate.app/Contents/Developer/Toolchains/XcodeDefault.xctoolchain/usr/lib/swift/host/libSwiftInProcPluginServer.dylib -emit-module-doc-path /Users/admin/builder/spi-builder-workspace/.derivedData/Build/Intermediates.noindex/Capturer.build/Debug-xros/Capturer-t.build/Objects-normal/arm64/Capturer.swiftdoc -emit-module-source-info-path /Users/admin/builder/spi-builder-workspace/.derivedData/Build/Intermediates.noindex/Capturer.build/Debug-xros/Capturer-t.build/Objects-normal/arm64/Capturer.swiftsourceinfo -emit-objc-header-path /Users/admin/builder/spi-builder-workspace/.derivedData/Build/Intermediates.noindex/Capturer.build/Debug-xros/Capturer-t.build/Objects-normal/arm64/Capturer-Swift.h -serialize-diagnostics-path /Users/admin/builder/spi-builder-workspace/.derivedData/Build/Intermediates.noindex/Capturer.build/Debug-xros/Capturer-t.build/Objects-normal/arm64/Capturer-primary-emit-module.dia -emit-dependencies-path /Users/admin/builder/spi-builder-workspace/.derivedData/Build/Intermediates.noindex/Capturer.build/Debug-xros/Capturer-t.build/Objects-normal/arm64/Capturer-primary-emit-module.d -parse-as-library -o /Users/admin/builder/spi-builder-workspace/.derivedData/Build/Intermediates.noindex/Capturer.build/Debug-xros/Capturer-t.build/Objects-normal/arm64/Capturer.swiftmodule -emit-abi-descriptor-path /Users/admin/builder/spi-builder-workspace/.derivedData/Build/Intermediates.noindex/Capturer.build/Debug-xros/Capturer-t.build/Objects-normal/arm64/Capturer.abi.json
SwiftCompile normal arm64 (in target 'Capturer' from project 'Capturer')
cd /Users/admin/builder/spi-builder-workspace/.swiftpm/xcode
SwiftCompile normal arm64 Compiling\ AnyCVPixelBufferOutput.swift,\ AnyOutput.swift,\ CVPixelBufferModifying.swift /Users/admin/builder/spi-builder-workspace/Capturer/Basic/Outputs/AnyCVPixelBufferOutput.swift /Users/admin/builder/spi-builder-workspace/Capturer/Basic/Outputs/AnyOutput.swift /Users/admin/builder/spi-builder-workspace/Capturer/Basic/Outputs/CVPixelBufferModifying.swift (in target 'Capturer' from project 'Capturer')
SwiftCompile normal arm64 /Users/admin/builder/spi-builder-workspace/Capturer/Basic/Outputs/AnyCVPixelBufferOutput.swift (in target 'Capturer' from project 'Capturer')
cd /Users/admin/builder/spi-builder-workspace/.swiftpm/xcode
builtin-SwiftPerFileCompile AnyCVPixelBufferOutput.swift
SwiftCompile normal arm64 /Users/admin/builder/spi-builder-workspace/Capturer/Basic/Outputs/AnyOutput.swift (in target 'Capturer' from project 'Capturer')
cd /Users/admin/builder/spi-builder-workspace/.swiftpm/xcode
builtin-SwiftPerFileCompile AnyOutput.swift
SwiftCompile normal arm64 /Users/admin/builder/spi-builder-workspace/Capturer/Basic/Outputs/CVPixelBufferModifying.swift (in target 'Capturer' from project 'Capturer')
cd /Users/admin/builder/spi-builder-workspace/.swiftpm/xcode
builtin-SwiftPerFileCompile CVPixelBufferModifying.swift
PruneExplicitPrecompiledModules /Users/admin/builder/spi-builder-workspace/.derivedData/Build/Intermediates.noindex/SwiftExplicitPrecompiledModules
PruneExplicitPrecompiledModules /Users/admin/builder/spi-builder-workspace/.derivedData/Build/Intermediates.noindex/ExplicitPrecompiledModules
PruneExplicitPrecompiledModules /Users/admin/builder/spi-builder-workspace/.derivedData/SDKExplicitPrecompiledModules
2026-09-24 14:49:20.023 xcodebuild[768:4693] [MT] IDERunDestination: Supported platforms for the buildables in the current scheme is empty.
** BUILD FAILED **
The following build commands failed:
SwiftEmitModule normal arm64 Emitting\ module\ for\ Capturer (in target 'Capturer' from project 'Capturer')
SwiftCompile normal arm64 (in target 'Capturer' from project 'Capturer')
Building workspace Capturer with scheme Capturer
(3 failures)
BUILD FAILURE 6.4 visionOS