The Swift Package Index logo.Swift Package Index

Build Information

Failed to build GradientLoadingBar, reference main (609442), with Swift 6.2 for macOS (SPM) on 10 Oct 2026 18:54:13 UTC.

Build Command

env DEVELOPER_DIR=/Applications/Xcode-26.3.0.app xcrun swift build --arch arm64

Build Log

========================================
RunAll
========================================
Builder version: 5.1.1
Interrupt handler set up.
========================================
Checkout
========================================
Clone URL: https://github.com/fxm90/GradientLoadingBar.git
Reference: main
Initialized empty Git repository in /Users/admin/builder/spi-builder-workspace/.git/
From https://github.com/fxm90/GradientLoadingBar
 * branch            main       -> FETCH_HEAD
 * [new branch]      main       -> origin/main
HEAD is now at 6094422 Merge pull request #37 from fxm90/fix/swiftformat-swift-testing-rules
Cloned https://github.com/fxm90/GradientLoadingBar.git
Revision (git rev-parse @):
6094422797e909b470720c8e276673bc77c8d83d
SUCCESS checkout https://github.com/fxm90/GradientLoadingBar.git at main
========================================
Build
========================================
Selected platform:         macosSpm
Swift version:             6.2
Building package at path:  $PWD
https://github.com/fxm90/GradientLoadingBar.git
Running build ...
env DEVELOPER_DIR=/Applications/Xcode-26.3.0.app xcrun swift build --arch arm64
Building for debugging...
[0/2] Write sources
[1/2] Write swift-version--3CB7CFEC50E0D141.txt
[3/16] Compiling GradientLoadingBar NotchGradientLoadingBarController+ViewModel.swift
/Users/admin/builder/spi-builder-workspace/Sources/GradientLoadingBar/Config/UIColor+GradientLoadingBar.swift:10:8: error: no such module 'UIKit'
 8 |
 9 | import SwiftUI
10 | import UIKit
   |        `- error: no such module 'UIKit'
11 |
12 | public extension UIColor {
[4/16] Compiling GradientLoadingBar NotchLayout.swift
/Users/admin/builder/spi-builder-workspace/Sources/GradientLoadingBar/Config/UIColor+GradientLoadingBar.swift:10:8: error: no such module 'UIKit'
 8 |
 9 | import SwiftUI
10 | import UIKit
   |        `- error: no such module 'UIKit'
11 |
12 | public extension UIColor {
[5/17] Compiling GradientLoadingBar NotchGradientLoadingBarController.swift
/Users/admin/builder/spi-builder-workspace/Sources/GradientLoadingBar/Config/UIColor+GradientLoadingBar.swift:10:8: error: no such module 'UIKit'
 8 |
 9 | import SwiftUI
10 | import UIKit
   |        `- error: no such module 'UIKit'
11 |
12 | public extension UIColor {
[6/17] Compiling GradientLoadingBar NotchDevice.swift
/Users/admin/builder/spi-builder-workspace/Sources/GradientLoadingBar/Config/UIColor+GradientLoadingBar.swift:10:8: error: no such module 'UIKit'
 8 |
 9 | import SwiftUI
10 | import UIKit
   |        `- error: no such module 'UIKit'
11 |
12 | public extension UIColor {
[7/17] Compiling GradientLoadingBar GradientLoadingBarView.swift
/Users/admin/builder/spi-builder-workspace/Sources/GradientLoadingBar/Config/UIColor+GradientLoadingBar.swift:10:8: error: no such module 'UIKit'
 8 |
 9 | import SwiftUI
10 | import UIKit
   |        `- error: no such module 'UIKit'
11 |
12 | public extension UIColor {
[8/17] Compiling GradientLoadingBar GradientLoadingBarView+ViewModel.swift
/Users/admin/builder/spi-builder-workspace/Sources/GradientLoadingBar/Config/UIColor+GradientLoadingBar.swift:10:8: error: no such module 'UIKit'
 8 |
 9 | import SwiftUI
10 | import UIKit
   |        `- error: no such module 'UIKit'
11 |
12 | public extension UIColor {
[9/17] Compiling GradientLoadingBar GradientLoadingBarController+ViewModel.swift
/Users/admin/builder/spi-builder-workspace/Sources/GradientLoadingBar/Config/UIColor+GradientLoadingBar.swift:10:8: error: no such module 'UIKit'
 8 |
 9 | import SwiftUI
10 | import UIKit
   |        `- error: no such module 'UIKit'
11 |
12 | public extension UIColor {
[10/17] Compiling GradientLoadingBar GradientLoadingBarController.swift
/Users/admin/builder/spi-builder-workspace/Sources/GradientLoadingBar/Config/UIColor+GradientLoadingBar.swift:10:8: error: no such module 'UIKit'
 8 |
 9 | import SwiftUI
10 | import UIKit
   |        `- error: no such module 'UIKit'
11 |
12 | public extension UIColor {
error: emit-module command failed with exit code 1 (use -v to see invocation)
[11/17] Emitting module GradientLoadingBar
/Users/admin/builder/spi-builder-workspace/Sources/GradientLoadingBar/Config/UIColor+GradientLoadingBar.swift:10:8: error: no such module 'UIKit'
 8 |
 9 | import SwiftUI
10 | import UIKit
   |        `- error: no such module 'UIKit'
11 |
12 | public extension UIColor {
[12/17] Compiling GradientLoadingBar CGFloat+GradientLoadingBar.swift
/Users/admin/builder/spi-builder-workspace/Sources/GradientLoadingBar/Config/UIColor+GradientLoadingBar.swift:10:8: error: no such module 'UIKit'
 8 |
 9 | import SwiftUI
10 | import UIKit
   |        `- error: no such module 'UIKit'
11 |
12 | public extension UIColor {
[13/17] Compiling GradientLoadingBar TimeInterval+GradientLoadingBar.swift
/Users/admin/builder/spi-builder-workspace/Sources/GradientLoadingBar/Config/UIColor+GradientLoadingBar.swift:10:8: error: no such module 'UIKit'
 8 |
 9 | import SwiftUI
10 | import UIKit
   |        `- error: no such module 'UIKit'
11 |
12 | public extension UIColor {
[14/17] Compiling GradientLoadingBar UIColor+GradientLoadingBar.swift
/Users/admin/builder/spi-builder-workspace/Sources/GradientLoadingBar/Config/UIColor+GradientLoadingBar.swift:10:8: error: no such module 'UIKit'
 8 |
 9 | import SwiftUI
10 | import UIKit
   |        `- error: no such module 'UIKit'
11 |
12 | public extension UIColor {
[15/17] Compiling GradientLoadingBar GradientActivityIndicatorView+ViewModel.swift
/Users/admin/builder/spi-builder-workspace/Sources/GradientLoadingBar/Config/UIColor+GradientLoadingBar.swift:10:8: error: no such module 'UIKit'
 8 |
 9 | import SwiftUI
10 | import UIKit
   |        `- error: no such module 'UIKit'
11 |
12 | public extension UIColor {
[16/17] Compiling GradientLoadingBar GradientActivityIndicatorView.swift
/Users/admin/builder/spi-builder-workspace/Sources/GradientLoadingBar/Config/UIColor+GradientLoadingBar.swift:10:8: error: no such module 'UIKit'
 8 |
 9 | import SwiftUI
10 | import UIKit
   |        `- error: no such module 'UIKit'
11 |
12 | public extension UIColor {
[17/17] Compiling GradientLoadingBar GradientActivityIndicatorView+AnimateIsHidden.swift
/Users/admin/builder/spi-builder-workspace/Sources/GradientLoadingBar/Config/UIColor+GradientLoadingBar.swift:10:8: error: no such module 'UIKit'
 8 |
 9 | import SwiftUI
10 | import UIKit
   |        `- error: no such module 'UIKit'
11 |
12 | public extension UIColor {
Fetching https://github.com/pointfreeco/swift-snapshot-testing
[1/16501] Fetching swift-snapshot-testing
Fetched https://github.com/pointfreeco/swift-snapshot-testing from cache (7.20s)
Computing version for https://github.com/pointfreeco/swift-snapshot-testing
Computed https://github.com/pointfreeco/swift-snapshot-testing at 1.19.6 (7.90s)
Fetching https://github.com/swiftlang/swift-syntax
Fetching https://github.com/pointfreeco/swift-custom-dump
[1/5669] Fetching swift-custom-dump
[5670/86085] Fetching swift-custom-dump, swift-syntax
Fetched https://github.com/swiftlang/swift-syntax from cache (6.01s)
Fetched https://github.com/pointfreeco/swift-custom-dump from cache (6.01s)
Computing version for https://github.com/pointfreeco/swift-custom-dump
Computed https://github.com/pointfreeco/swift-custom-dump at 1.7.3 (6.61s)
Fetching https://github.com/pointfreeco/xctest-dynamic-overlay
[1/2727] Fetching xctest-dynamic-overlay
Fetched https://github.com/pointfreeco/xctest-dynamic-overlay from cache (1.56s)
Computing version for https://github.com/pointfreeco/xctest-dynamic-overlay
Computed https://github.com/pointfreeco/xctest-dynamic-overlay at 1.13.1 (4.43s)
Computing version for https://github.com/swiftlang/swift-syntax
Computed https://github.com/swiftlang/swift-syntax at 604.0.0 (2.30s)
Creating working copy for https://github.com/swiftlang/swift-syntax
Working copy of https://github.com/swiftlang/swift-syntax resolved at 604.0.0
Creating working copy for https://github.com/pointfreeco/swift-custom-dump
Working copy of https://github.com/pointfreeco/swift-custom-dump resolved at 1.7.3
Creating working copy for https://github.com/pointfreeco/swift-snapshot-testing
Working copy of https://github.com/pointfreeco/swift-snapshot-testing resolved at 1.19.6
Creating working copy for https://github.com/pointfreeco/xctest-dynamic-overlay
Working copy of https://github.com/pointfreeco/xctest-dynamic-overlay resolved at 1.13.1
BUILD FAILURE 6.2 macosSpm