Build Information
Failed to build SwiftThemeKit, reference 1.2.4 (174a9f), with Swift 6.4 for iOS using Xcode 27.0 on 22 Sep 2026 23:57:21 UTC.
Build Command
No build command. This typically means the build failed at an early stage where we determine the build command.Build Log
========================================
RunAll
========================================
Builder version: 5.1.0
Interrupt handler set up.
========================================
Checkout
========================================
Clone URL: https://github.com/Charlyk/swift-theme-kit.git
Reference: 1.2.4
Initialized empty Git repository in /Users/admin/builder/spi-builder-workspace/.git/
From https://github.com/Charlyk/swift-theme-kit
* tag 1.2.4 -> FETCH_HEAD
HEAD is now at 174a9f7 Merge pull request #22 from Charlyk/develop
Cloned https://github.com/Charlyk/swift-theme-kit.git
Revision (git rev-parse @):
174a9f70d5b980c602f92fc2340d65a988bbee38
SUCCESS checkout https://github.com/Charlyk/swift-theme-kit.git at 1.2.4
========================================
Build
========================================
Selected platform: iOS
Swift version: 6.4
Building package at path: $PWD
https://github.com/Charlyk/swift-theme-kit.git
Command line invocation:
/Applications/Xcode-27.0.0-Release.Candidate.app/Contents/Developer/usr/bin/xcodebuild -IDEClonedSourcePackagesDirPathOverride=/Users/admin/builder/spi-builder-workspace/.dependencies -resolvePackageDependencies
Resolve Package Graph
Fetching from https://github.com/nalexn/ViewInspector
Invalid manifest (compiled with: ["/Applications/Xcode-27.0.0-Release.Candidate.app/Contents/Developer/Toolchains/XcodeDefault.xctoolchain/usr/bin/swiftc", "-vfsoverlay", "/var/folders/xq/y_g06wb113726d38xsyx71_h0000gn/T/TemporaryDirectory.GLz0BY/vfs.yaml", "-L", "/Applications/Xcode-27.0.0-Release.Candidate.app/Contents/SharedFrameworks/SwiftPM.framework/SharedSupport/ManifestAPI", "-lPackageDescription", "-Xlinker", "-rpath", "-Xlinker", "/Applications/Xcode-27.0.0-Release.Candidate.app/Contents/SharedFrameworks/SwiftPM.framework/SharedSupport/ManifestAPI", "-target", "arm64-apple-macos14.0", "-plugin-path", "/Applications/Xcode-27.0.0-Release.Candidate.app/Contents/Developer/Toolchains/XcodeDefault.xctoolchain/usr/lib/swift/host/plugins/testing", "-sdk", "/Applications/Xcode-27.0.0-Release.Candidate.app/Contents/Developer/Platforms/MacOSX.platform/Developer/SDKs/MacOSX27.0.sdk", "-swift-version", "5", "-I", "/Applications/Xcode-27.0.0-Release.Candidate.app/Contents/SharedFrameworks/SwiftPM.framework/SharedSupport/ManifestAPI", "-sdk", "/Applications/Xcode-27.0.0-Release.Candidate.app/Contents/Developer/Platforms/MacOSX.platform/Developer/SDKs/MacOSX27.0.sdk", "-package-description-version", "5.9.0", "-Xfrontend", "-serialize-diagnostics-path", "-Xfrontend", "/Users/admin/Library/Caches/org.swift.swiftpm/manifests/ManifestLoading/viewinspector.dia", "/Package.swift", "-o", "/var/folders/xq/y_g06wb113726d38xsyx71_h0000gn/T/TemporaryDirectory.1KRF9P/viewinspector-manifest"])
/Package.swift:10:74: error: 'v2' is unavailable
8 | defaultLocalization: "en",
9 | platforms: [
10 | .macOS(.v12), .iOS(.v15), .tvOS(.v15), .watchOS(.v9), .visionOS(.v2)
| `- error: 'v2' is unavailable
11 | ],
12 | products: [
PackageDescription.SupportedPlatform.VisionOSVersion.v2:4:23: note: 'v2' was introduced in PackageDescription 6.0
2 | struct VisionOSVersion {
3 | @available(_PackageDescription 6.0)
4 | public static let v2: PackageDescription.SupportedPlatform.VisionOSVersion }
| `- note: 'v2' was introduced in PackageDescription 6.0
5 | }
6 | in https://github.com/nalexn/ViewInspectorResolve Package Graph
Updating from https://github.com/nalexn/ViewInspector
Invalid manifest (compiled with: ["/Applications/Xcode-27.0.0-Release.Candidate.app/Contents/Developer/Toolchains/XcodeDefault.xctoolchain/usr/bin/swiftc", "-vfsoverlay", "/var/folders/xq/y_g06wb113726d38xsyx71_h0000gn/T/TemporaryDirectory.ILFCHc/vfs.yaml", "-L", "/Applications/Xcode-27.0.0-Release.Candidate.app/Contents/SharedFrameworks/SwiftPM.framework/SharedSupport/ManifestAPI", "-lPackageDescription", "-Xlinker", "-rpath", "-Xlinker", "/Applications/Xcode-27.0.0-Release.Candidate.app/Contents/SharedFrameworks/SwiftPM.framework/SharedSupport/ManifestAPI", "-target", "arm64-apple-macos14.0", "-plugin-path", "/Applications/Xcode-27.0.0-Release.Candidate.app/Contents/Developer/Toolchains/XcodeDefault.xctoolchain/usr/lib/swift/host/plugins/testing", "-sdk", "/Applications/Xcode-27.0.0-Release.Candidate.app/Contents/Developer/Platforms/MacOSX.platform/Developer/SDKs/MacOSX27.0.sdk", "-swift-version", "5", "-I", "/Applications/Xcode-27.0.0-Release.Candidate.app/Contents/SharedFrameworks/SwiftPM.framework/SharedSupport/ManifestAPI", "-sdk", "/Applications/Xcode-27.0.0-Release.Candidate.app/Contents/Developer/Platforms/MacOSX.platform/Developer/SDKs/MacOSX27.0.sdk", "-package-description-version", "5.9.0", "-Xfrontend", "-serialize-diagnostics-path", "-Xfrontend", "/Users/admin/Library/Caches/org.swift.swiftpm/manifests/ManifestLoading/viewinspector.dia", "/Package.swift", "-o", "/var/folders/xq/y_g06wb113726d38xsyx71_h0000gn/T/TemporaryDirectory.4NgNEu/viewinspector-manifest"])
/Package.swift:10:74: error: 'v2' is unavailable
8 | defaultLocalization: "en",
9 | platforms: [
10 | .macOS(.v12), .iOS(.v15), .tvOS(.v15), .watchOS(.v9), .visionOS(.v2)
| `- error: 'v2' is unavailable
11 | ],
12 | products: [
PackageDescription.SupportedPlatform.VisionOSVersion.v2:4:23: note: 'v2' was introduced in PackageDescription 6.0
2 | struct VisionOSVersion {
3 | @available(_PackageDescription 6.0)
4 | public static let v2: PackageDescription.SupportedPlatform.VisionOSVersion }
| `- note: 'v2' was introduced in PackageDescription 6.0
5 | }
6 | in https://github.com/nalexn/ViewInspectorResolve Package Graph
Updating from https://github.com/nalexn/ViewInspector
Invalid manifest (compiled with: ["/Applications/Xcode-27.0.0-Release.Candidate.app/Contents/Developer/Toolchains/XcodeDefault.xctoolchain/usr/bin/swiftc", "-vfsoverlay", "/var/folders/xq/y_g06wb113726d38xsyx71_h0000gn/T/TemporaryDirectory.Pn4Rib/vfs.yaml", "-L", "/Applications/Xcode-27.0.0-Release.Candidate.app/Contents/SharedFrameworks/SwiftPM.framework/SharedSupport/ManifestAPI", "-lPackageDescription", "-Xlinker", "-rpath", "-Xlinker", "/Applications/Xcode-27.0.0-Release.Candidate.app/Contents/SharedFrameworks/SwiftPM.framework/SharedSupport/ManifestAPI", "-target", "arm64-apple-macos14.0", "-plugin-path", "/Applications/Xcode-27.0.0-Release.Candidate.app/Contents/Developer/Toolchains/XcodeDefault.xctoolchain/usr/lib/swift/host/plugins/testing", "-sdk", "/Applications/Xcode-27.0.0-Release.Candidate.app/Contents/Developer/Platforms/MacOSX.platform/Developer/SDKs/MacOSX27.0.sdk", "-swift-version", "5", "-I", "/Applications/Xcode-27.0.0-Release.Candidate.app/Contents/SharedFrameworks/SwiftPM.framework/SharedSupport/ManifestAPI", "-sdk", "/Applications/Xcode-27.0.0-Release.Candidate.app/Contents/Developer/Platforms/MacOSX.platform/Developer/SDKs/MacOSX27.0.sdk", "-package-description-version", "5.9.0", "-Xfrontend", "-serialize-diagnostics-path", "-Xfrontend", "/Users/admin/Library/Caches/org.swift.swiftpm/manifests/ManifestLoading/viewinspector.dia", "/Package.swift", "-o", "/var/folders/xq/y_g06wb113726d38xsyx71_h0000gn/T/TemporaryDirectory.30HSMP/viewinspector-manifest"])
/Package.swift:10:74: error: 'v2' is unavailable
8 | defaultLocalization: "en",
9 | platforms: [
10 | .macOS(.v12), .iOS(.v15), .tvOS(.v15), .watchOS(.v9), .visionOS(.v2)
| `- error: 'v2' is unavailable
11 | ],
12 | products: [
PackageDescription.SupportedPlatform.VisionOSVersion.v2:4:23: note: 'v2' was introduced in PackageDescription 6.0
2 | struct VisionOSVersion {
3 | @available(_PackageDescription 6.0)
4 | public static let v2: PackageDescription.SupportedPlatform.VisionOSVersion }
| `- note: 'v2' was introduced in PackageDescription 6.0
5 | }
6 | in https://github.com/nalexn/ViewInspectorResolve Package Graph
Updating from https://github.com/nalexn/ViewInspector
Invalid manifest (compiled with: ["/Applications/Xcode-27.0.0-Release.Candidate.app/Contents/Developer/Toolchains/XcodeDefault.xctoolchain/usr/bin/swiftc", "-vfsoverlay", "/var/folders/xq/y_g06wb113726d38xsyx71_h0000gn/T/TemporaryDirectory.N4JPiu/vfs.yaml", "-L", "/Applications/Xcode-27.0.0-Release.Candidate.app/Contents/SharedFrameworks/SwiftPM.framework/SharedSupport/ManifestAPI", "-lPackageDescription", "-Xlinker", "-rpath", "-Xlinker", "/Applications/Xcode-27.0.0-Release.Candidate.app/Contents/SharedFrameworks/SwiftPM.framework/SharedSupport/ManifestAPI", "-target", "arm64-apple-macos14.0", "-plugin-path", "/Applications/Xcode-27.0.0-Release.Candidate.app/Contents/Developer/Toolchains/XcodeDefault.xctoolchain/usr/lib/swift/host/plugins/testing", "-sdk", "/Applications/Xcode-27.0.0-Release.Candidate.app/Contents/Developer/Platforms/MacOSX.platform/Developer/SDKs/MacOSX27.0.sdk", "-swift-version", "5", "-I", "/Applications/Xcode-27.0.0-Release.Candidate.app/Contents/SharedFrameworks/SwiftPM.framework/SharedSupport/ManifestAPI", "-sdk", "/Applications/Xcode-27.0.0-Release.Candidate.app/Contents/Developer/Platforms/MacOSX.platform/Developer/SDKs/MacOSX27.0.sdk", "-package-description-version", "5.9.0", "-Xfrontend", "-serialize-diagnostics-path", "-Xfrontend", "/Users/admin/Library/Caches/org.swift.swiftpm/manifests/ManifestLoading/viewinspector.dia", "/Package.swift", "-o", "/var/folders/xq/y_g06wb113726d38xsyx71_h0000gn/T/TemporaryDirectory.ubWGRe/viewinspector-manifest"])
/Package.swift:10:74: error: 'v2' is unavailable
8 | defaultLocalization: "en",
9 | platforms: [
10 | .macOS(.v12), .iOS(.v15), .tvOS(.v15), .watchOS(.v9), .visionOS(.v2)
| `- error: 'v2' is unavailable
11 | ],
12 | products: [
PackageDescription.SupportedPlatform.VisionOSVersion.v2:4:23: note: 'v2' was introduced in PackageDescription 6.0
2 | struct VisionOSVersion {
3 | @available(_PackageDescription 6.0)
4 | public static let v2: PackageDescription.SupportedPlatform.VisionOSVersion }
| `- note: 'v2' was introduced in PackageDescription 6.0
5 | }
6 | in https://github.com/nalexn/ViewInspector
Resolved source packages:
spi-builder-workspace: (null)
2026-09-22 19:57:19.316 xcodebuild[525:3009] Writing error result bundle to /var/folders/xq/y_g06wb113726d38xsyx71_h0000gn/T/ResultBundle_2026-22-09_19-57-0019.xcresult
xcodebuild: error: Could not resolve package dependencies:
Invalid manifest (compiled with: ["/Applications/Xcode-27.0.0-Release.Candidate.app/Contents/Developer/Toolchains/XcodeDefault.xctoolchain/usr/bin/swiftc", "-vfsoverlay", "/var/folders/xq/y_g06wb113726d38xsyx71_h0000gn/T/TemporaryDirectory.N4JPiu/vfs.yaml", "-L", "/Applications/Xcode-27.0.0-Release.Candidate.app/Contents/SharedFrameworks/SwiftPM.framework/SharedSupport/ManifestAPI", "-lPackageDescription", "-Xlinker", "-rpath", "-Xlinker", "/Applications/Xcode-27.0.0-Release.Candidate.app/Contents/SharedFrameworks/SwiftPM.framework/SharedSupport/ManifestAPI", "-target", "arm64-apple-macos14.0", "-plugin-path", "/Applications/Xcode-27.0.0-Release.Candidate.app/Contents/Developer/Toolchains/XcodeDefault.xctoolchain/usr/lib/swift/host/plugins/testing", "-sdk", "/Applications/Xcode-27.0.0-Release.Candidate.app/Contents/Developer/Platforms/MacOSX.platform/Developer/SDKs/MacOSX27.0.sdk", "-swift-version", "5", "-I", "/Applications/Xcode-27.0.0-Release.Candidate.app/Contents/SharedFrameworks/SwiftPM.framework/SharedSupport/ManifestAPI", "-sdk", "/Applications/Xcode-27.0.0-Release.Candidate.app/Contents/Developer/Platforms/MacOSX.platform/Developer/SDKs/MacOSX27.0.sdk", "-package-description-version", "5.9.0", "-Xfrontend", "-serialize-diagnostics-path", "-Xfrontend", "/Users/admin/Library/Caches/org.swift.swiftpm/manifests/ManifestLoading/viewinspector.dia", "/Package.swift", "-o", "/var/folders/xq/y_g06wb113726d38xsyx71_h0000gn/T/TemporaryDirectory.ubWGRe/viewinspector-manifest"])
Command line invocation:
/Applications/Xcode-27.0.0-Release.Candidate.app/Contents/Developer/usr/bin/xcodebuild -IDEClonedSourcePackagesDirPathOverride=/Users/admin/builder/spi-builder-workspace/.dependencies -resolvePackageDependencies
Resolve Package Graph
Updating from https://github.com/nalexn/ViewInspector
Invalid manifest (compiled with: ["/Applications/Xcode-27.0.0-Release.Candidate.app/Contents/Developer/Toolchains/XcodeDefault.xctoolchain/usr/bin/swiftc", "-vfsoverlay", "/var/folders/xq/y_g06wb113726d38xsyx71_h0000gn/T/TemporaryDirectory.QRG4F8/vfs.yaml", "-L", "/Applications/Xcode-27.0.0-Release.Candidate.app/Contents/SharedFrameworks/SwiftPM.framework/SharedSupport/ManifestAPI", "-lPackageDescription", "-Xlinker", "-rpath", "-Xlinker", "/Applications/Xcode-27.0.0-Release.Candidate.app/Contents/SharedFrameworks/SwiftPM.framework/SharedSupport/ManifestAPI", "-target", "arm64-apple-macos14.0", "-plugin-path", "/Applications/Xcode-27.0.0-Release.Candidate.app/Contents/Developer/Toolchains/XcodeDefault.xctoolchain/usr/lib/swift/host/plugins/testing", "-sdk", "/Applications/Xcode-27.0.0-Release.Candidate.app/Contents/Developer/Platforms/MacOSX.platform/Developer/SDKs/MacOSX27.0.sdk", "-swift-version", "5", "-I", "/Applications/Xcode-27.0.0-Release.Candidate.app/Contents/SharedFrameworks/SwiftPM.framework/SharedSupport/ManifestAPI", "-sdk", "/Applications/Xcode-27.0.0-Release.Candidate.app/Contents/Developer/Platforms/MacOSX.platform/Developer/SDKs/MacOSX27.0.sdk", "-package-description-version", "5.9.0", "-Xfrontend", "-serialize-diagnostics-path", "-Xfrontend", "/Users/admin/Library/Caches/org.swift.swiftpm/manifests/ManifestLoading/viewinspector.dia", "/Package.swift", "-o", "/var/folders/xq/y_g06wb113726d38xsyx71_h0000gn/T/TemporaryDirectory.BG0c7J/viewinspector-manifest"])
/Package.swift:10:74: error: 'v2' is unavailable
8 | defaultLocalization: "en",
9 | platforms: [
10 | .macOS(.v12), .iOS(.v15), .tvOS(.v15), .watchOS(.v9), .visionOS(.v2)
| `- error: 'v2' is unavailable
11 | ],
12 | products: [
PackageDescription.SupportedPlatform.VisionOSVersion.v2:4:23: note: 'v2' was introduced in PackageDescription 6.0
2 | struct VisionOSVersion {
3 | @available(_PackageDescription 6.0)
4 | public static let v2: PackageDescription.SupportedPlatform.VisionOSVersion }
| `- note: 'v2' was introduced in PackageDescription 6.0
5 | }
6 | in https://github.com/nalexn/ViewInspector
Resolved source packages:
spi-builder-workspace: (null)
2026-09-22 19:57:21.509 xcodebuild[648:3814] Writing error result bundle to /var/folders/xq/y_g06wb113726d38xsyx71_h0000gn/T/ResultBundle_2026-22-09_19-57-0021.xcresult
xcodebuild: error: Could not resolve package dependencies:
Invalid manifest (compiled with: ["/Applications/Xcode-27.0.0-Release.Candidate.app/Contents/Developer/Toolchains/XcodeDefault.xctoolchain/usr/bin/swiftc", "-vfsoverlay", "/var/folders/xq/y_g06wb113726d38xsyx71_h0000gn/T/TemporaryDirectory.QRG4F8/vfs.yaml", "-L", "/Applications/Xcode-27.0.0-Release.Candidate.app/Contents/SharedFrameworks/SwiftPM.framework/SharedSupport/ManifestAPI", "-lPackageDescription", "-Xlinker", "-rpath", "-Xlinker", "/Applications/Xcode-27.0.0-Release.Candidate.app/Contents/SharedFrameworks/SwiftPM.framework/SharedSupport/ManifestAPI", "-target", "arm64-apple-macos14.0", "-plugin-path", "/Applications/Xcode-27.0.0-Release.Candidate.app/Contents/Developer/Toolchains/XcodeDefault.xctoolchain/usr/lib/swift/host/plugins/testing", "-sdk", "/Applications/Xcode-27.0.0-Release.Candidate.app/Contents/Developer/Platforms/MacOSX.platform/Developer/SDKs/MacOSX27.0.sdk", "-swift-version", "5", "-I", "/Applications/Xcode-27.0.0-Release.Candidate.app/Contents/SharedFrameworks/SwiftPM.framework/SharedSupport/ManifestAPI", "-sdk", "/Applications/Xcode-27.0.0-Release.Candidate.app/Contents/Developer/Platforms/MacOSX.platform/Developer/SDKs/MacOSX27.0.sdk", "-package-description-version", "5.9.0", "-Xfrontend", "-serialize-diagnostics-path", "-Xfrontend", "/Users/admin/Library/Caches/org.swift.swiftpm/manifests/ManifestLoading/viewinspector.dia", "/Package.swift", "-o", "/var/folders/xq/y_g06wb113726d38xsyx71_h0000gn/T/TemporaryDirectory.BG0c7J/viewinspector-manifest"])
BUILD FAILURE 6.4 iOS