Build Information
Failed to build ClearFashionWidget, reference main (594df0), with Swift 6.4 for tvOS using Xcode 27.0 on 18 Sep 2026 23:41:44 UTC.
Build Command
env DEVELOPER_DIR=/Applications/Xcode-27.0.0-Release.Candidate.app xcrun xcodebuild -IDEClonedSourcePackagesDirPathOverride=$PWD/.dependencies -skipMacroValidation -skipPackagePluginValidation -derivedDataPath $PWD/.derivedData build -scheme ClearFashionWidget -destination generic/platform=tvOSBuild Log
========================================
RunAll
========================================
Builder version: 5.1.0
Interrupt handler set up.
========================================
Checkout
========================================
Clone URL: https://github.com/Clothparency/ios-widgets.git
Reference: main
Initialized empty Git repository in /Users/admin/builder/spi-builder-workspace/.git/
From https://github.com/Clothparency/ios-widgets
* branch main -> FETCH_HEAD
* [new branch] main -> origin/main
HEAD is now at 594df0c use cdn and update readme
Cloned https://github.com/Clothparency/ios-widgets.git
Revision (git rev-parse @):
594df0cc34cae8c768ee3e336c41d9dd906120ad
SUCCESS checkout https://github.com/Clothparency/ios-widgets.git at main
========================================
Build
========================================
Selected platform: tvOS
Swift version: 6.4
Building package at path: $PWD
https://github.com/Clothparency/ios-widgets.git
Command line invocation:
/Applications/Xcode-27.0.0-Release.Candidate.app/Contents/Developer/usr/bin/xcodebuild -IDEClonedSourcePackagesDirPathOverride=/Users/admin/builder/spi-builder-workspace/.dependencies -resolvePackageDependencies
Resolve Package Graph
Resolve Package Graph
Resolved source packages:
ClearFashionWidget: /Users/admin/builder/spi-builder-workspace
resolved source packages: ClearFashionWidget
2026-09-18 19:40:47.516 xcodebuild[524:3029] [MT] IDERunDestination: Supported platforms for the buildables in the current scheme is empty.
{
"default_localization" : "fr",
"dependencies" : [
],
"manifest_display_name" : "ClearFashionWidget",
"name" : "ClearFashionWidget",
"path" : "/Users/admin/builder/spi-builder-workspace",
"platforms" : [
{
"name" : "ios",
"version" : "13.0"
},
{
"name" : "macos",
"version" : "11.0"
}
],
"products" : [
{
"name" : "ClearFashionWidget",
"targets" : [
"ClearFashionWidget"
],
"type" : {
"library" : [
"automatic"
]
}
}
],
"targets" : [
{
"c99name" : "ClearFashionWidgetTests",
"module_type" : "SwiftTarget",
"name" : "ClearFashionWidgetTests",
"path" : "Tests/ClearFashionWidgetTests",
"sources" : [
"ClearFashionWidgetTests.swift"
],
"target_dependencies" : [
"ClearFashionWidget"
],
"type" : "test"
},
{
"c99name" : "ClearFashionWidget",
"module_type" : "SwiftTarget",
"name" : "ClearFashionWidget",
"path" : "Sources/ClearFashionWidget",
"product_memberships" : [
"ClearFashionWidget"
],
"resources" : [
{
"path" : "/Users/admin/builder/spi-builder-workspace/Sources/ClearFashionWidget/Resources/Assets.xcassets",
"rule" : {
"process" : {
}
}
},
{
"path" : "/Users/admin/builder/spi-builder-workspace/Sources/ClearFashionWidget/Resources/Fonts/Inter-Medium.ttf",
"rule" : {
"process" : {
}
}
},
{
"path" : "/Users/admin/builder/spi-builder-workspace/Sources/ClearFashionWidget/Resources/Fonts/Inter-Regular.ttf",
"rule" : {
"process" : {
}
}
},
{
"path" : "/Users/admin/builder/spi-builder-workspace/Sources/ClearFashionWidget/Resources/Fonts/Inter-SemiBold.ttf",
"rule" : {
"process" : {
}
}
},
{
"path" : "/Users/admin/builder/spi-builder-workspace/Sources/ClearFashionWidget/Resources/en.lproj/Localizable.strings",
"rule" : {
"process" : {
"localization" : "en"
}
}
},
{
"path" : "/Users/admin/builder/spi-builder-workspace/Sources/ClearFashionWidget/Resources/fr.lproj/Localizable.strings",
"rule" : {
"process" : {
"localization" : "fr"
}
}
}
],
"sources" : [
"Bundle.swift",
"ButtonView.swift",
"ClearFashionProduct.swift",
"ClearFashionWidget.swift",
"Color.swift",
"CountriesSectionView.swift",
"CountryDescriptionView.swift",
"Font.swift",
"FontBlaster.swift",
"FooterSectionView.swift",
"FullScreenView.swift",
"HeaderSectionView.swift",
"Image.swift",
"LoadingView.swift",
"MainSectionView.swift",
"MaterialDescriptionView.swift",
"MaterialsImpactSectionView.swift",
"String.swift",
"URLSession.swift"
],
"type" : "library"
}
],
"tools_version" : "5.5"
}
{
"workspace" : {
"name" : "ClearFashionWidget",
"schemes" : [
"ClearFashionWidget"
]
}
}
2026-09-18 19:41:28.584 xcodebuild[622:3923] [MT] IDERunDestination: Supported platforms for the buildables in the current scheme is empty.
Running build ...
env DEVELOPER_DIR=/Applications/Xcode-27.0.0-Release.Candidate.app xcrun xcodebuild -IDEClonedSourcePackagesDirPathOverride=$PWD/.dependencies -skipMacroValidation -skipPackagePluginValidation -derivedDataPath $PWD/.derivedData build -scheme ClearFashionWidget -destination generic/platform=tvOS
Command line invocation:
/Applications/Xcode-27.0.0-Release.Candidate.app/Contents/Developer/usr/bin/xcodebuild -IDEClonedSourcePackagesDirPathOverride=/Users/admin/builder/spi-builder-workspace/.dependencies -skipMacroValidation -skipPackagePluginValidation -derivedDataPath /Users/admin/builder/spi-builder-workspace/.derivedData build -scheme ClearFashionWidget -destination generic/platform=tvOS
Resolve Package Graph
Resolved source packages:
ClearFashionWidget: /Users/admin/builder/spi-builder-workspace
ComputePackagePrebuildTargetDependencyGraph
Prepare packages
CreateBuildRequest
SendProjectDescription
CreateBuildOperation
ComputeTargetDependencyGraph
note: Building targets in dependency order
note: Target dependency graph (3 targets)
Target 'ClearFashionWidget-product' in project 'ClearFashionWidget'
➜ Explicit dependency on target 'ClearFashionWidget' in project 'ClearFashionWidget'
➜ Explicit dependency on target 'ClearFashionWidget_ClearFashionWidget' in project 'ClearFashionWidget'
Target 'ClearFashionWidget' in project 'ClearFashionWidget'
➜ Explicit dependency on target 'ClearFashionWidget_ClearFashionWidget' in project 'ClearFashionWidget'
Target 'ClearFashionWidget_ClearFashionWidget' in project 'ClearFashionWidget' (no dependencies)
GatherProvisioningInputs
CreateBuildDescription
ExecuteExternalTool /Applications/Xcode-27.0.0-Release.Candidate.app/Contents/Developer/Toolchains/XcodeDefault.xctoolchain/usr/bin/clang -v -E -dM -isysroot /Applications/Xcode-27.0.0-Release.Candidate.app/Contents/Developer/Platforms/AppleTVOS.platform/Developer/SDKs/AppleTVOS27.0.sdk -x c -c /dev/null
ExecuteExternalTool /Applications/Xcode-27.0.0-Release.Candidate.app/Contents/Developer/usr/bin/actool --version --output-format xml1
ExecuteExternalTool /Applications/Xcode-27.0.0-Release.Candidate.app/Contents/Developer/Toolchains/XcodeDefault.xctoolchain/usr/bin/swiftc --version
ExecuteExternalTool /Applications/Xcode-27.0.0-Release.Candidate.app/Contents/Developer/Toolchains/XcodeDefault.xctoolchain/usr/bin/ld -version_details
Build description signature: 2686bac397feb274400adca3e73336be
Build description path: /Users/admin/builder/spi-builder-workspace/.derivedData/Build/Intermediates.noindex/XCBuildData/2686bac397feb274400adca3e73336be.xcbuilddata
CreateBuildDirectory /Users/admin/builder/spi-builder-workspace/.derivedData/SDKExplicitPrecompiledModules
cd /Users/admin/builder/spi-builder-workspace/.swiftpm/xcode
builtin-create-build-directory /Users/admin/builder/spi-builder-workspace/.derivedData/SDKExplicitPrecompiledModules
CreateBuildDirectory /Users/admin/builder/spi-builder-workspace/.derivedData/ModuleCache.noindex
cd /Users/admin/builder/spi-builder-workspace/.swiftpm/xcode
builtin-create-build-directory /Users/admin/builder/spi-builder-workspace/.derivedData/ModuleCache.noindex
CreateBuildDirectory /Users/admin/builder/spi-builder-workspace/.derivedData/CompilationCache.noindex
cd /Users/admin/builder/spi-builder-workspace/.swiftpm/xcode
builtin-create-build-directory /Users/admin/builder/spi-builder-workspace/.derivedData/CompilationCache.noindex
ClangStatCache /Applications/Xcode-27.0.0-Release.Candidate.app/Contents/Developer/Toolchains/XcodeDefault.xctoolchain/usr/bin/clang-stat-cache /Applications/Xcode-27.0.0-Release.Candidate.app/Contents/Developer/Platforms/AppleTVOS.platform/Developer/SDKs/AppleTVOS27.0.sdk /Users/admin/builder/spi-builder-workspace/.derivedData/SDKStatCaches.noindex/appletvos27.0-24J360-e829b21a6f8c9b70876ba0858053c044b32bfd8d43560033f8d89884cdb90028.sdkstatcache
cd /Users/admin/builder/spi-builder-workspace/.swiftpm/xcode
/Applications/Xcode-27.0.0-Release.Candidate.app/Contents/Developer/Toolchains/XcodeDefault.xctoolchain/usr/bin/clang-stat-cache /Applications/Xcode-27.0.0-Release.Candidate.app/Contents/Developer/Platforms/AppleTVOS.platform/Developer/SDKs/AppleTVOS27.0.sdk -o /Users/admin/builder/spi-builder-workspace/.derivedData/SDKStatCaches.noindex/appletvos27.0-24J360-e829b21a6f8c9b70876ba0858053c044b32bfd8d43560033f8d89884cdb90028.sdkstatcache
CreateBuildDirectory /Users/admin/builder/spi-builder-workspace/.derivedData/Build/Products
cd /Users/admin/builder/spi-builder-workspace/.swiftpm/xcode
builtin-create-build-directory /Users/admin/builder/spi-builder-workspace/.derivedData/Build/Products
CreateBuildDirectory /Users/admin/builder/spi-builder-workspace/.derivedData/Build/Intermediates.noindex
cd /Users/admin/builder/spi-builder-workspace/.swiftpm/xcode
builtin-create-build-directory /Users/admin/builder/spi-builder-workspace/.derivedData/Build/Intermediates.noindex
CreateBuildDirectory /Users/admin/builder/spi-builder-workspace/.derivedData/Build/Products/Debug-appletvos
cd /Users/admin/builder/spi-builder-workspace/.swiftpm/xcode
builtin-create-build-directory /Users/admin/builder/spi-builder-workspace/.derivedData/Build/Products/Debug-appletvos
CreateBuildDirectory /Users/admin/builder/spi-builder-workspace/.derivedData/Build/Intermediates.noindex/SwiftExplicitPrecompiledModules
cd /Users/admin/builder/spi-builder-workspace/.swiftpm/xcode
builtin-create-build-directory /Users/admin/builder/spi-builder-workspace/.derivedData/Build/Intermediates.noindex/SwiftExplicitPrecompiledModules
CreateBuildDirectory /Users/admin/builder/spi-builder-workspace/.derivedData/Build/Intermediates.noindex/PrecompiledHeaders
cd /Users/admin/builder/spi-builder-workspace/.swiftpm/xcode
builtin-create-build-directory /Users/admin/builder/spi-builder-workspace/.derivedData/Build/Intermediates.noindex/PrecompiledHeaders
CreateBuildDirectory /Users/admin/builder/spi-builder-workspace/.derivedData/Build/Intermediates.noindex/ExplicitPrecompiledModules
cd /Users/admin/builder/spi-builder-workspace/.swiftpm/xcode
builtin-create-build-directory /Users/admin/builder/spi-builder-workspace/.derivedData/Build/Intermediates.noindex/ExplicitPrecompiledModules
CreateBuildDirectory /Users/admin/builder/spi-builder-workspace/.derivedData/Build/Intermediates.noindex/EagerLinkingTBDs/Debug-appletvos
cd /Users/admin/builder/spi-builder-workspace/.swiftpm/xcode
builtin-create-build-directory /Users/admin/builder/spi-builder-workspace/.derivedData/Build/Intermediates.noindex/EagerLinkingTBDs/Debug-appletvos
CreateBuildDirectory /Users/admin/builder/spi-builder-workspace/.derivedData/Build/Products/Debug-appletvos/PackageFrameworks
cd /Users/admin/builder/spi-builder-workspace/.swiftpm/xcode
builtin-create-build-directory /Users/admin/builder/spi-builder-workspace/.derivedData/Build/Products/Debug-appletvos/PackageFrameworks
MkDir /Users/admin/builder/spi-builder-workspace/.derivedData/Build/Products/Debug-appletvos/ClearFashionWidget_ClearFashionWidget.bundle (in target 'ClearFashionWidget_ClearFashionWidget' from project 'ClearFashionWidget')
cd /Users/admin/builder/spi-builder-workspace
/bin/mkdir -p /Users/admin/builder/spi-builder-workspace/.derivedData/Build/Products/Debug-appletvos/ClearFashionWidget_ClearFashionWidget.bundle
WriteAuxiliaryFile /Users/admin/builder/spi-builder-workspace/.derivedData/Build/Intermediates.noindex/ClearFashionWidget.build/Debug-appletvos/ClearFashionWidget_ClearFashionWidget-b.build/ClearFashionWidget_ClearFashionWidget.DependencyStaticMetadataFileList (in target 'ClearFashionWidget_ClearFashionWidget' from project 'ClearFashionWidget')
cd /Users/admin/builder/spi-builder-workspace
write-file /Users/admin/builder/spi-builder-workspace/.derivedData/Build/Intermediates.noindex/ClearFashionWidget.build/Debug-appletvos/ClearFashionWidget_ClearFashionWidget-b.build/ClearFashionWidget_ClearFashionWidget.DependencyStaticMetadataFileList
WriteAuxiliaryFile /Users/admin/builder/spi-builder-workspace/.derivedData/Build/Intermediates.noindex/ClearFashionWidget.build/Debug-appletvos/ClearFashionWidget_ClearFashionWidget-b.build/ClearFashionWidget_ClearFashionWidget.DependencyMetadataFileList (in target 'ClearFashionWidget_ClearFashionWidget' from project 'ClearFashionWidget')
cd /Users/admin/builder/spi-builder-workspace
write-file /Users/admin/builder/spi-builder-workspace/.derivedData/Build/Intermediates.noindex/ClearFashionWidget.build/Debug-appletvos/ClearFashionWidget_ClearFashionWidget-b.build/ClearFashionWidget_ClearFashionWidget.DependencyMetadataFileList
WriteAuxiliaryFile /Users/admin/builder/spi-builder-workspace/.derivedData/Build/Intermediates.noindex/ClearFashionWidget.build/Debug-appletvos/ClearFashionWidget_ClearFashionWidget-b.build/empty-ClearFashionWidget_ClearFashionWidget.plist (in target 'ClearFashionWidget_ClearFashionWidget' from project 'ClearFashionWidget')
cd /Users/admin/builder/spi-builder-workspace
write-file /Users/admin/builder/spi-builder-workspace/.derivedData/Build/Intermediates.noindex/ClearFashionWidget.build/Debug-appletvos/ClearFashionWidget_ClearFashionWidget-b.build/empty-ClearFashionWidget_ClearFashionWidget.plist
WriteAuxiliaryFile /Users/admin/builder/spi-builder-workspace/.derivedData/Build/Intermediates.noindex/ClearFashionWidget.build/Debug-appletvos/ClearFashionWidget-t.build/Objects-normal/arm64/ClearFashionWidget.SwiftFileList (in target 'ClearFashionWidget' from project 'ClearFashionWidget')
cd /Users/admin/builder/spi-builder-workspace
write-file /Users/admin/builder/spi-builder-workspace/.derivedData/Build/Intermediates.noindex/ClearFashionWidget.build/Debug-appletvos/ClearFashionWidget-t.build/Objects-normal/arm64/ClearFashionWidget.SwiftFileList
WriteAuxiliaryFile /Users/admin/builder/spi-builder-workspace/.derivedData/Build/Intermediates.noindex/ClearFashionWidget.build/Debug-appletvos/ClearFashionWidget-t.build/Objects-normal/arm64/ClearFashionWidget.LinkFileList (in target 'ClearFashionWidget' from project 'ClearFashionWidget')
cd /Users/admin/builder/spi-builder-workspace
write-file /Users/admin/builder/spi-builder-workspace/.derivedData/Build/Intermediates.noindex/ClearFashionWidget.build/Debug-appletvos/ClearFashionWidget-t.build/Objects-normal/arm64/ClearFashionWidget.LinkFileList
WriteAuxiliaryFile /Users/admin/builder/spi-builder-workspace/.derivedData/Build/Intermediates.noindex/ClearFashionWidget.build/Debug-appletvos/ClearFashionWidget-t.build/Objects-normal/arm64/ClearFashionWidget_const_extract_protocols.json (in target 'ClearFashionWidget' from project 'ClearFashionWidget')
cd /Users/admin/builder/spi-builder-workspace
write-file /Users/admin/builder/spi-builder-workspace/.derivedData/Build/Intermediates.noindex/ClearFashionWidget.build/Debug-appletvos/ClearFashionWidget-t.build/Objects-normal/arm64/ClearFashionWidget_const_extract_protocols.json
WriteAuxiliaryFile /Users/admin/builder/spi-builder-workspace/.derivedData/Build/Intermediates.noindex/ClearFashionWidget.build/Debug-appletvos/ClearFashionWidget-t.build/Objects-normal/arm64/ClearFashionWidget.SwiftConstValuesFileList (in target 'ClearFashionWidget' from project 'ClearFashionWidget')
cd /Users/admin/builder/spi-builder-workspace
write-file /Users/admin/builder/spi-builder-workspace/.derivedData/Build/Intermediates.noindex/ClearFashionWidget.build/Debug-appletvos/ClearFashionWidget-t.build/Objects-normal/arm64/ClearFashionWidget.SwiftConstValuesFileList
WriteAuxiliaryFile /Users/admin/builder/spi-builder-workspace/.derivedData/Build/Intermediates.noindex/ClearFashionWidget.build/Debug-appletvos/ClearFashionWidget-t.build/Objects-normal/arm64/ClearFashionWidget-OutputFileMap.json (in target 'ClearFashionWidget' from project 'ClearFashionWidget')
cd /Users/admin/builder/spi-builder-workspace
write-file /Users/admin/builder/spi-builder-workspace/.derivedData/Build/Intermediates.noindex/ClearFashionWidget.build/Debug-appletvos/ClearFashionWidget-t.build/Objects-normal/arm64/ClearFashionWidget-OutputFileMap.json
WriteAuxiliaryFile /Users/admin/builder/spi-builder-workspace/.derivedData/Build/Intermediates.noindex/ClearFashionWidget.build/Debug-appletvos/ClearFashionWidget-t.build/DerivedSources/resource_bundle_accessor.swift (in target 'ClearFashionWidget' from project 'ClearFashionWidget')
cd /Users/admin/builder/spi-builder-workspace
write-file /Users/admin/builder/spi-builder-workspace/.derivedData/Build/Intermediates.noindex/ClearFashionWidget.build/Debug-appletvos/ClearFashionWidget-t.build/DerivedSources/resource_bundle_accessor.swift
WriteAuxiliaryFile /Users/admin/builder/spi-builder-workspace/.derivedData/Build/Intermediates.noindex/ClearFashionWidget.build/Debug-appletvos/ClearFashionWidget-t.build/ClearFashionWidget.modulemap (in target 'ClearFashionWidget' from project 'ClearFashionWidget')
cd /Users/admin/builder/spi-builder-workspace
write-file /Users/admin/builder/spi-builder-workspace/.derivedData/Build/Intermediates.noindex/ClearFashionWidget.build/Debug-appletvos/ClearFashionWidget-t.build/ClearFashionWidget.modulemap
WriteAuxiliaryFile /Users/admin/builder/spi-builder-workspace/.derivedData/Build/Intermediates.noindex/ClearFashionWidget.build/Debug-appletvos/ClearFashionWidget-t.build/ClearFashionWidget.DependencyStaticMetadataFileList (in target 'ClearFashionWidget' from project 'ClearFashionWidget')
cd /Users/admin/builder/spi-builder-workspace
write-file /Users/admin/builder/spi-builder-workspace/.derivedData/Build/Intermediates.noindex/ClearFashionWidget.build/Debug-appletvos/ClearFashionWidget-t.build/ClearFashionWidget.DependencyStaticMetadataFileList
WriteAuxiliaryFile /Users/admin/builder/spi-builder-workspace/.derivedData/Build/Intermediates.noindex/ClearFashionWidget.build/Debug-appletvos/ClearFashionWidget-t.build/ClearFashionWidget.DependencyMetadataFileList (in target 'ClearFashionWidget' from project 'ClearFashionWidget')
cd /Users/admin/builder/spi-builder-workspace
write-file /Users/admin/builder/spi-builder-workspace/.derivedData/Build/Intermediates.noindex/ClearFashionWidget.build/Debug-appletvos/ClearFashionWidget-t.build/ClearFashionWidget.DependencyMetadataFileList
Copy /Users/admin/builder/spi-builder-workspace/.derivedData/Build/Intermediates.noindex/GeneratedModuleMaps-appletvos/ClearFashionWidget.modulemap /Users/admin/builder/spi-builder-workspace/.derivedData/Build/Intermediates.noindex/ClearFashionWidget.build/Debug-appletvos/ClearFashionWidget-t.build/ClearFashionWidget.modulemap (in target 'ClearFashionWidget' from project 'ClearFashionWidget')
cd /Users/admin/builder/spi-builder-workspace
builtin-copy -exclude .DS_Store -exclude CVS -exclude .svn -exclude .git -exclude .hg -resolve-src-symlinks /Users/admin/builder/spi-builder-workspace/.derivedData/Build/Intermediates.noindex/ClearFashionWidget.build/Debug-appletvos/ClearFashionWidget-t.build/ClearFashionWidget.modulemap /Users/admin/builder/spi-builder-workspace/.derivedData/Build/Intermediates.noindex/GeneratedModuleMaps-appletvos
MkDir /Users/admin/builder/spi-builder-workspace/.derivedData/Build/Intermediates.noindex/ClearFashionWidget.build/Debug-appletvos/ClearFashionWidget_ClearFashionWidget-b.build/assetcatalog_output/thinned (in target 'ClearFashionWidget_ClearFashionWidget' from project 'ClearFashionWidget')
cd /Users/admin/builder/spi-builder-workspace
/bin/mkdir -p /Users/admin/builder/spi-builder-workspace/.derivedData/Build/Intermediates.noindex/ClearFashionWidget.build/Debug-appletvos/ClearFashionWidget_ClearFashionWidget-b.build/assetcatalog_output/thinned
MkDir /Users/admin/builder/spi-builder-workspace/.derivedData/Build/Intermediates.noindex/ClearFashionWidget.build/Debug-appletvos/ClearFashionWidget_ClearFashionWidget-b.build/assetcatalog_output/unthinned (in target 'ClearFashionWidget_ClearFashionWidget' from project 'ClearFashionWidget')
cd /Users/admin/builder/spi-builder-workspace
/bin/mkdir -p /Users/admin/builder/spi-builder-workspace/.derivedData/Build/Intermediates.noindex/ClearFashionWidget.build/Debug-appletvos/ClearFashionWidget_ClearFashionWidget-b.build/assetcatalog_output/unthinned
CpResource /Users/admin/builder/spi-builder-workspace/.derivedData/Build/Products/Debug-appletvos/ClearFashionWidget_ClearFashionWidget.bundle/Inter-SemiBold.ttf /Users/admin/builder/spi-builder-workspace/Sources/ClearFashionWidget/Resources/Fonts/Inter-SemiBold.ttf (in target 'ClearFashionWidget_ClearFashionWidget' from project 'ClearFashionWidget')
cd /Users/admin/builder/spi-builder-workspace
builtin-copy -exclude .DS_Store -exclude CVS -exclude .svn -exclude .git -exclude .hg -resolve-src-symlinks /Users/admin/builder/spi-builder-workspace/Sources/ClearFashionWidget/Resources/Fonts/Inter-SemiBold.ttf /Users/admin/builder/spi-builder-workspace/.derivedData/Build/Products/Debug-appletvos/ClearFashionWidget_ClearFashionWidget.bundle
CpResource /Users/admin/builder/spi-builder-workspace/.derivedData/Build/Products/Debug-appletvos/ClearFashionWidget_ClearFashionWidget.bundle/Inter-Regular.ttf /Users/admin/builder/spi-builder-workspace/Sources/ClearFashionWidget/Resources/Fonts/Inter-Regular.ttf (in target 'ClearFashionWidget_ClearFashionWidget' from project 'ClearFashionWidget')
cd /Users/admin/builder/spi-builder-workspace
builtin-copy -exclude .DS_Store -exclude CVS -exclude .svn -exclude .git -exclude .hg -resolve-src-symlinks /Users/admin/builder/spi-builder-workspace/Sources/ClearFashionWidget/Resources/Fonts/Inter-Regular.ttf /Users/admin/builder/spi-builder-workspace/.derivedData/Build/Products/Debug-appletvos/ClearFashionWidget_ClearFashionWidget.bundle
CpResource /Users/admin/builder/spi-builder-workspace/.derivedData/Build/Products/Debug-appletvos/ClearFashionWidget_ClearFashionWidget.bundle/Inter-Medium.ttf /Users/admin/builder/spi-builder-workspace/Sources/ClearFashionWidget/Resources/Fonts/Inter-Medium.ttf (in target 'ClearFashionWidget_ClearFashionWidget' from project 'ClearFashionWidget')
cd /Users/admin/builder/spi-builder-workspace
builtin-copy -exclude .DS_Store -exclude CVS -exclude .svn -exclude .git -exclude .hg -resolve-src-symlinks /Users/admin/builder/spi-builder-workspace/Sources/ClearFashionWidget/Resources/Fonts/Inter-Medium.ttf /Users/admin/builder/spi-builder-workspace/.derivedData/Build/Products/Debug-appletvos/ClearFashionWidget_ClearFashionWidget.bundle
CpResource /Users/admin/builder/spi-builder-workspace/.derivedData/Build/Products/Debug-appletvos/ClearFashionWidget_ClearFashionWidget.bundle/fr.lproj/Localizable.strings /Users/admin/builder/spi-builder-workspace/Sources/ClearFashionWidget/Resources/fr.lproj/Localizable.strings (in target 'ClearFashionWidget_ClearFashionWidget' from project 'ClearFashionWidget')
cd /Users/admin/builder/spi-builder-workspace
builtin-copy -exclude .DS_Store -exclude CVS -exclude .svn -exclude .git -exclude .hg -resolve-src-symlinks /Users/admin/builder/spi-builder-workspace/Sources/ClearFashionWidget/Resources/fr.lproj/Localizable.strings /Users/admin/builder/spi-builder-workspace/.derivedData/Build/Products/Debug-appletvos/ClearFashionWidget_ClearFashionWidget.bundle/fr.lproj
CpResource /Users/admin/builder/spi-builder-workspace/.derivedData/Build/Products/Debug-appletvos/ClearFashionWidget_ClearFashionWidget.bundle/en.lproj/Localizable.strings /Users/admin/builder/spi-builder-workspace/Sources/ClearFashionWidget/Resources/en.lproj/Localizable.strings (in target 'ClearFashionWidget_ClearFashionWidget' from project 'ClearFashionWidget')
cd /Users/admin/builder/spi-builder-workspace
builtin-copy -exclude .DS_Store -exclude CVS -exclude .svn -exclude .git -exclude .hg -resolve-src-symlinks /Users/admin/builder/spi-builder-workspace/Sources/ClearFashionWidget/Resources/en.lproj/Localizable.strings /Users/admin/builder/spi-builder-workspace/.derivedData/Build/Products/Debug-appletvos/ClearFashionWidget_ClearFashionWidget.bundle/en.lproj
GenerateAssetSymbols /Users/admin/builder/spi-builder-workspace/Sources/ClearFashionWidget/Resources/Assets.xcassets (in target 'ClearFashionWidget' from project 'ClearFashionWidget')
cd /Users/admin/builder/spi-builder-workspace
/Applications/Xcode-27.0.0-Release.Candidate.app/Contents/Developer/usr/bin/actool /Users/admin/builder/spi-builder-workspace/Sources/ClearFashionWidget/Resources/Assets.xcassets --compile /Users/admin/builder/spi-builder-workspace/.derivedData/Build/Products/Debug-appletvos --output-format human-readable-text --notices --warnings --export-dependency-info /Users/admin/builder/spi-builder-workspace/.derivedData/Build/Intermediates.noindex/ClearFashionWidget.build/Debug-appletvos/ClearFashionWidget-t.build/assetcatalog_dependencies --output-partial-info-plist /Users/admin/builder/spi-builder-workspace/.derivedData/Build/Intermediates.noindex/ClearFashionWidget.build/Debug-appletvos/ClearFashionWidget-t.build/assetcatalog_generated_info.plist --compress-pngs --enable-on-demand-resources NO --development-region fr --leaderboard-identifier-prefix ClearFashionWidget.game-center.leaderboard. --leaderboard-set-identifier-prefix ClearFashionWidget.game-center.leaderboard-set. --target-device tv --minimum-deployment-target 15.0 --platform appletvos --bundle-identifier spi-builder-workspace.ClearFashionWidget --generate-swift-asset-symbol-extensions NO --generate-swift-asset-symbols /Users/admin/builder/spi-builder-workspace/.derivedData/Build/Intermediates.noindex/ClearFashionWidget.build/Debug-appletvos/ClearFashionWidget-t.build/DerivedSources/GeneratedAssetSymbols.swift --generate-objc-asset-symbols /Users/admin/builder/spi-builder-workspace/.derivedData/Build/Intermediates.noindex/ClearFashionWidget.build/Debug-appletvos/ClearFashionWidget-t.build/DerivedSources/GeneratedAssetSymbols.h --generate-asset-symbol-index /Users/admin/builder/spi-builder-workspace/.derivedData/Build/Intermediates.noindex/ClearFashionWidget.build/Debug-appletvos/ClearFashionWidget-t.build/DerivedSources/GeneratedAssetSymbols-Index.plist
/* com.apple.actool.compilation-results */
/Users/admin/builder/spi-builder-workspace/.derivedData/Build/Intermediates.noindex/ClearFashionWidget.build/Debug-appletvos/ClearFashionWidget-t.build/DerivedSources/GeneratedAssetSymbols-Index.plist
/Users/admin/builder/spi-builder-workspace/.derivedData/Build/Intermediates.noindex/ClearFashionWidget.build/Debug-appletvos/ClearFashionWidget-t.build/DerivedSources/GeneratedAssetSymbols.h
/Users/admin/builder/spi-builder-workspace/.derivedData/Build/Intermediates.noindex/ClearFashionWidget.build/Debug-appletvos/ClearFashionWidget-t.build/DerivedSources/GeneratedAssetSymbols.swift
CompileAssetCatalogVariant thinned /Users/admin/builder/spi-builder-workspace/.derivedData/Build/Products/Debug-appletvos/ClearFashionWidget_ClearFashionWidget.bundle /Users/admin/builder/spi-builder-workspace/Sources/ClearFashionWidget/Resources/Assets.xcassets (in target 'ClearFashionWidget_ClearFashionWidget' from project 'ClearFashionWidget')
cd /Users/admin/builder/spi-builder-workspace
/Applications/Xcode-27.0.0-Release.Candidate.app/Contents/Developer/usr/bin/actool /Users/admin/builder/spi-builder-workspace/Sources/ClearFashionWidget/Resources/Assets.xcassets --compile /Users/admin/builder/spi-builder-workspace/.derivedData/Build/Intermediates.noindex/ClearFashionWidget.build/Debug-appletvos/ClearFashionWidget_ClearFashionWidget-b.build/assetcatalog_output/thinned --output-format human-readable-text --notices --warnings --export-dependency-info /Users/admin/builder/spi-builder-workspace/.derivedData/Build/Intermediates.noindex/ClearFashionWidget.build/Debug-appletvos/ClearFashionWidget_ClearFashionWidget-b.build/assetcatalog_dependencies_thinned --output-partial-info-plist /Users/admin/builder/spi-builder-workspace/.derivedData/Build/Intermediates.noindex/ClearFashionWidget.build/Debug-appletvos/ClearFashionWidget_ClearFashionWidget-b.build/assetcatalog_generated_info.plist_thinned --compress-pngs --enable-on-demand-resources NO --development-region fr --leaderboard-identifier-prefix ClearFashionWidget_ClearFashionWidget.game-center.leaderboard. --leaderboard-set-identifier-prefix ClearFashionWidget_ClearFashionWidget.game-center.leaderboard-set. --target-device tv --minimum-deployment-target 15.0 --platform appletvos
/* com.apple.actool.compilation-results */
/Users/admin/builder/spi-builder-workspace/.derivedData/Build/Intermediates.noindex/ClearFashionWidget.build/Debug-appletvos/ClearFashionWidget_ClearFashionWidget-b.build/assetcatalog_generated_info.plist_thinned
/Users/admin/builder/spi-builder-workspace/.derivedData/Build/Intermediates.noindex/ClearFashionWidget.build/Debug-appletvos/ClearFashionWidget_ClearFashionWidget-b.build/assetcatalog_output/thinned/Assets.car
SwiftDriver ClearFashionWidget normal arm64 com.apple.xcode.tools.swift.compiler (in target 'ClearFashionWidget' from project 'ClearFashionWidget')
cd /Users/admin/builder/spi-builder-workspace/.swiftpm/xcode
builtin-SwiftDriver -- /Applications/Xcode-27.0.0-Release.Candidate.app/Contents/Developer/Toolchains/XcodeDefault.xctoolchain/usr/bin/swiftc -parse-as-library -module-name ClearFashionWidget -Onone @/Users/admin/builder/spi-builder-workspace/.derivedData/Build/Intermediates.noindex/ClearFashionWidget.build/Debug-appletvos/ClearFashionWidget-t.build/Objects-normal/arm64/ClearFashionWidget.SwiftFileList -DSWIFT_PACKAGE -DDEBUG -DSWIFT_MODULE_RESOURCE_BUNDLE_AVAILABLE -DXcode -plugin-path /Applications/Xcode-27.0.0-Release.Candidate.app/Contents/Developer/Toolchains/XcodeDefault.xctoolchain/usr/lib/swift/host/plugins/testing -enable-experimental-feature DebugDescriptionMacro -sdk /Applications/Xcode-27.0.0-Release.Candidate.app/Contents/Developer/Platforms/AppleTVOS.platform/Developer/SDKs/AppleTVOS27.0.sdk -target arm64-apple-tvos15.0 -g -module-cache-path /Users/admin/builder/spi-builder-workspace/.derivedData/ModuleCache.noindex -Xfrontend -serialize-debugging-options -profile-coverage-mapping -profile-generate -enable-testing -index-store-path /Users/admin/builder/spi-builder-workspace/.derivedData/Index.noindex/DataStore -Xcc -D_LIBCPP_HARDENING_MODE\=_LIBCPP_HARDENING_MODE_DEBUG -swift-version 5 -I /Users/admin/builder/spi-builder-workspace/.derivedData/Build/Products/Debug-appletvos -Isystem /Applications/Xcode-27.0.0-Release.Candidate.app/Contents/Developer/Platforms/AppleTVOS.platform/Developer/usr/lib -F /Users/admin/builder/spi-builder-workspace/.derivedData/Build/Products/Debug-appletvos -F /Applications/Xcode-27.0.0-Release.Candidate.app/Contents/Developer/Platforms/AppleTVOS.platform/Developer/Library/Frameworks -F /Applications/Xcode-27.0.0-Release.Candidate.app/Contents/Developer/Platforms/AppleTVOS.platform/Developer/SDKs/AppleTVOS27.0.sdk/Developer/Library/Frameworks -emit-localized-strings -emit-localized-strings-path /Users/admin/builder/spi-builder-workspace/.derivedData/Build/Intermediates.noindex/ClearFashionWidget.build/Debug-appletvos/ClearFashionWidget-t.build/Objects-normal/arm64 -c -j10 -enable-batch-mode -incremental -Xcc -ivfsstatcache -Xcc /Users/admin/builder/spi-builder-workspace/.derivedData/SDKStatCaches.noindex/appletvos27.0-24J360-e829b21a6f8c9b70876ba0858053c044b32bfd8d43560033f8d89884cdb90028.sdkstatcache -output-file-map /Users/admin/builder/spi-builder-workspace/.derivedData/Build/Intermediates.noindex/ClearFashionWidget.build/Debug-appletvos/ClearFashionWidget-t.build/Objects-normal/arm64/ClearFashionWidget-OutputFileMap.json -save-temps -no-color-diagnostics -explicit-module-build -module-cache-path /Users/admin/builder/spi-builder-workspace/.derivedData/Build/Intermediates.noindex/SwiftExplicitPrecompiledModules -clang-scanner-module-cache-path /Users/admin/builder/spi-builder-workspace/.derivedData/ModuleCache.noindex -sdk-module-cache-path /Users/admin/builder/spi-builder-workspace/.derivedData/SDKExplicitPrecompiledModules -emit-dependencies -emit-module -emit-module-path /Users/admin/builder/spi-builder-workspace/.derivedData/Build/Intermediates.noindex/ClearFashionWidget.build/Debug-appletvos/ClearFashionWidget-t.build/Objects-normal/arm64/ClearFashionWidget.swiftmodule -serialize-diagnostics -dependency-scan-serialize-diagnostics-path /Users/admin/builder/spi-builder-workspace/.derivedData/Build/Intermediates.noindex/ClearFashionWidget.build/Debug-appletvos/ClearFashionWidget-t.build/Objects-normal/arm64/ClearFashionWidget-dependency-scan.dia -validate-clang-modules-once -clang-build-session-file /Users/admin/builder/spi-builder-workspace/.derivedData/ModuleCache.noindex/Session.modulevalidation -Xcc -fmodules-prune-interval\=86400 -Xcc -fmodules-prune-after\=345600 -emit-const-values -const-gather-protocols-list /Users/admin/builder/spi-builder-workspace/.derivedData/Build/Intermediates.noindex/ClearFashionWidget.build/Debug-appletvos/ClearFashionWidget-t.build/Objects-normal/arm64/ClearFashionWidget_const_extract_protocols.json -Xcc -I/Users/admin/builder/spi-builder-workspace/.derivedData/Build/Products/Debug-appletvos/include -Xcc -I/Users/admin/builder/spi-builder-workspace/.derivedData/Build/Intermediates.noindex/ClearFashionWidget.build/Debug-appletvos/ClearFashionWidget-t.build/DerivedSources-normal/arm64 -Xcc -I/Users/admin/builder/spi-builder-workspace/.derivedData/Build/Intermediates.noindex/ClearFashionWidget.build/Debug-appletvos/ClearFashionWidget-t.build/DerivedSources/arm64 -Xcc -I/Users/admin/builder/spi-builder-workspace/.derivedData/Build/Intermediates.noindex/ClearFashionWidget.build/Debug-appletvos/ClearFashionWidget-t.build/DerivedSources -Xcc -DSWIFT_PACKAGE -Xcc -DDEBUG\=1 -emit-objc-header -emit-objc-header-path /Users/admin/builder/spi-builder-workspace/.derivedData/Build/Intermediates.noindex/ClearFashionWidget.build/Debug-appletvos/ClearFashionWidget-t.build/Objects-normal/arm64/ClearFashionWidget-Swift.h -working-directory /Users/admin/builder/spi-builder-workspace/.swiftpm/xcode -experimental-emit-module-separately -disable-cmo
SwiftExplicitDependencyGeneratePcm arm64 /Users/admin/builder/spi-builder-workspace/.derivedData/SDKExplicitPrecompiledModules/_Builtin_float-8ZJAYZ85YBOAOP52Y9H6IUNP3.pcm
SwiftExplicitDependencyGeneratePcm arm64 /Users/admin/builder/spi-builder-workspace/.derivedData/SDKExplicitPrecompiledModules/ptrauth-8X2KEPL7CTRPS40TUB9APHPK6.pcm
SwiftExplicitDependencyGeneratePcm arm64 /Users/admin/builder/spi-builder-workspace/.derivedData/SDKExplicitPrecompiledModules/ptrcheck-2AZ6B5IBYD3RRRTFWN2ONASY3.pcm
SwiftExplicitDependencyGeneratePcm arm64 /Users/admin/builder/spi-builder-workspace/.derivedData/SDKExplicitPrecompiledModules/SwiftShims-8N4EXJ4RUJTR8K9OO3CMOH1EP.pcm
SwiftExplicitDependencyGeneratePcm arm64 /Users/admin/builder/spi-builder-workspace/.derivedData/SDKExplicitPrecompiledModules/_Builtin_stdbool-AHRDH5EKLY6D04C5E42F3VCQI.pcm
SwiftExplicitDependencyGeneratePcm arm64 /Users/admin/builder/spi-builder-workspace/.derivedData/SDKExplicitPrecompiledModules/_SwiftConcurrencyShims-BY5PD8KF1L5KF6F4Q69HE3TJ4.pcm
SwiftExplicitDependencyGeneratePcm arm64 /Users/admin/builder/spi-builder-workspace/.derivedData/SDKExplicitPrecompiledModules/_AvailabilityInternal-BV2EDDP0MI5QJDDPEEV4D9D3V.pcm
SwiftExplicitDependencyGeneratePcm arm64 /Users/admin/builder/spi-builder-workspace/.derivedData/SDKExplicitPrecompiledModules/_Builtin_stdarg-BO2OCAUYVAXDRVQWQ8ISKGNUQ.pcm
SwiftExplicitDependencyGeneratePcm arm64 /Users/admin/builder/spi-builder-workspace/.derivedData/SDKExplicitPrecompiledModules/DeveloperToolsSupport-B1X8RI63V48AJRTH2RK6JAARV.pcm
SwiftExplicitDependencyGeneratePcm arm64 /Users/admin/builder/spi-builder-workspace/.derivedData/SDKExplicitPrecompiledModules/_Builtin_stddef-9ZJZ6FDEZNKTZU8YLPMFT9RAQ.pcm
LinkAssetCatalog /Users/admin/builder/spi-builder-workspace/Sources/ClearFashionWidget/Resources/Assets.xcassets (in target 'ClearFashionWidget_ClearFashionWidget' from project 'ClearFashionWidget')
cd /Users/admin/builder/spi-builder-workspace
builtin-linkAssetCatalog --thinned /Users/admin/builder/spi-builder-workspace/.derivedData/Build/Intermediates.noindex/ClearFashionWidget.build/Debug-appletvos/ClearFashionWidget_ClearFashionWidget-b.build/assetcatalog_output/thinned --thinned-dependencies /Users/admin/builder/spi-builder-workspace/.derivedData/Build/Intermediates.noindex/ClearFashionWidget.build/Debug-appletvos/ClearFashionWidget_ClearFashionWidget-b.build/assetcatalog_dependencies_thinned --thinned-info-plist-content /Users/admin/builder/spi-builder-workspace/.derivedData/Build/Intermediates.noindex/ClearFashionWidget.build/Debug-appletvos/ClearFashionWidget_ClearFashionWidget-b.build/assetcatalog_generated_info.plist_thinned --unthinned /Users/admin/builder/spi-builder-workspace/.derivedData/Build/Intermediates.noindex/ClearFashionWidget.build/Debug-appletvos/ClearFashionWidget_ClearFashionWidget-b.build/assetcatalog_output/unthinned --unthinned-dependencies /Users/admin/builder/spi-builder-workspace/.derivedData/Build/Intermediates.noindex/ClearFashionWidget.build/Debug-appletvos/ClearFashionWidget_ClearFashionWidget-b.build/assetcatalog_dependencies_unthinned --unthinned-info-plist-content /Users/admin/builder/spi-builder-workspace/.derivedData/Build/Intermediates.noindex/ClearFashionWidget.build/Debug-appletvos/ClearFashionWidget_ClearFashionWidget-b.build/assetcatalog_generated_info.plist_unthinned --output /Users/admin/builder/spi-builder-workspace/.derivedData/Build/Products/Debug-appletvos/ClearFashionWidget_ClearFashionWidget.bundle --plist-output /Users/admin/builder/spi-builder-workspace/.derivedData/Build/Intermediates.noindex/ClearFashionWidget.build/Debug-appletvos/ClearFashionWidget_ClearFashionWidget-b.build/assetcatalog_generated_info.plist
note: Emplaced /Users/admin/builder/spi-builder-workspace/.derivedData/Build/Products/Debug-appletvos/ClearFashionWidget_ClearFashionWidget.bundle/Assets.car (in target 'ClearFashionWidget_ClearFashionWidget' from project 'ClearFashionWidget')
ProcessInfoPlistFile /Users/admin/builder/spi-builder-workspace/.derivedData/Build/Products/Debug-appletvos/ClearFashionWidget_ClearFashionWidget.bundle/Info.plist /Users/admin/builder/spi-builder-workspace/.derivedData/Build/Intermediates.noindex/ClearFashionWidget.build/Debug-appletvos/ClearFashionWidget_ClearFashionWidget-b.build/empty-ClearFashionWidget_ClearFashionWidget.plist (in target 'ClearFashionWidget_ClearFashionWidget' from project 'ClearFashionWidget')
cd /Users/admin/builder/spi-builder-workspace
builtin-infoPlistUtility /Users/admin/builder/spi-builder-workspace/.derivedData/Build/Intermediates.noindex/ClearFashionWidget.build/Debug-appletvos/ClearFashionWidget_ClearFashionWidget-b.build/empty-ClearFashionWidget_ClearFashionWidget.plist -producttype com.apple.product-type.bundle -expandbuildsettings -format binary -platform appletvos -additionalcontentfile /Users/admin/builder/spi-builder-workspace/.derivedData/Build/Intermediates.noindex/ClearFashionWidget.build/Debug-appletvos/ClearFashionWidget_ClearFashionWidget-b.build/assetcatalog_generated_info.plist -o /Users/admin/builder/spi-builder-workspace/.derivedData/Build/Products/Debug-appletvos/ClearFashionWidget_ClearFashionWidget.bundle/Info.plist
SwiftExplicitDependencyGeneratePcm arm64 /Users/admin/builder/spi-builder-workspace/.derivedData/SDKExplicitPrecompiledModules/_DarwinFoundation1-JOTYMOA1YZCIJ2NON6FQ848O.pcm
RegisterExecutionPolicyException /Users/admin/builder/spi-builder-workspace/.derivedData/Build/Products/Debug-appletvos/ClearFashionWidget_ClearFashionWidget.bundle (in target 'ClearFashionWidget_ClearFashionWidget' from project 'ClearFashionWidget')
cd /Users/admin/builder/spi-builder-workspace
builtin-RegisterExecutionPolicyException /Users/admin/builder/spi-builder-workspace/.derivedData/Build/Products/Debug-appletvos/ClearFashionWidget_ClearFashionWidget.bundle
Touch /Users/admin/builder/spi-builder-workspace/.derivedData/Build/Products/Debug-appletvos/ClearFashionWidget_ClearFashionWidget.bundle (in target 'ClearFashionWidget_ClearFashionWidget' from project 'ClearFashionWidget')
cd /Users/admin/builder/spi-builder-workspace
/usr/bin/touch -c /Users/admin/builder/spi-builder-workspace/.derivedData/Build/Products/Debug-appletvos/ClearFashionWidget_ClearFashionWidget.bundle
SwiftExplicitDependencyGeneratePcm arm64 /Users/admin/builder/spi-builder-workspace/.derivedData/SDKExplicitPrecompiledModules/_DarwinFoundation2-AOGAN1O02NKXRJN5V73AV3V3M.pcm
SwiftExplicitDependencyGeneratePcm arm64 /Users/admin/builder/spi-builder-workspace/.derivedData/SDKExplicitPrecompiledModules/_Builtin_limits-7JU2HP127LIT1X9E2V3D8WZ1.pcm
SwiftExplicitDependencyGeneratePcm arm64 /Users/admin/builder/spi-builder-workspace/.derivedData/SDKExplicitPrecompiledModules/sys_types-8GCAV1YMG5UUGHUID3CA20TCH.pcm
SwiftExplicitDependencyGeneratePcm arm64 /Users/admin/builder/spi-builder-workspace/.derivedData/SDKExplicitPrecompiledModules/_Builtin_tgmath-7ULT1EUHDHW4OZPSTT33H6QGE.pcm
SwiftExplicitDependencyGeneratePcm arm64 /Users/admin/builder/spi-builder-workspace/.derivedData/SDKExplicitPrecompiledModules/_Builtin_stdint-6NFTB6IBKS143IVPGT1EKB7HO.pcm
SwiftExplicitDependencyGeneratePcm arm64 /Users/admin/builder/spi-builder-workspace/.derivedData/SDKExplicitPrecompiledModules/string_h-6EVHP7A717OUS5DMC78F79HWO.pcm
SwiftExplicitDependencyGeneratePcm arm64 /Users/admin/builder/spi-builder-workspace/.derivedData/SDKExplicitPrecompiledModules/_Builtin_stdatomic-3YXHN678NGYM3NL9POJ2HVEIF.pcm
SwiftExplicitDependencyGeneratePcm arm64 /Users/admin/builder/spi-builder-workspace/.derivedData/SDKExplicitPrecompiledModules/_Builtin_intrinsics-437O2R2NID4WAQVENR63GR82C.pcm
SwiftExplicitDependencyGeneratePcm arm64 /Users/admin/builder/spi-builder-workspace/.derivedData/SDKExplicitPrecompiledModules/_DarwinFoundation3-8SR3855WDFHQPR6G9GHOI2C07.pcm
SwiftExplicitDependencyGeneratePcm arm64 /Users/admin/builder/spi-builder-workspace/.derivedData/SDKExplicitPrecompiledModules/_Builtin_inttypes-6X1IQ3QK9KEVKXOK9Y79EW7J3.pcm
SwiftExplicitDependencyGeneratePcm arm64 /Users/admin/builder/spi-builder-workspace/.derivedData/SDKExplicitPrecompiledModules/Darwin-DBSQAVBBPC3D2OMU5ZI2RXMST.pcm
SwiftExplicitDependencyGeneratePcm arm64 /Users/admin/builder/spi-builder-workspace/.derivedData/SDKExplicitPrecompiledModules/simd-117QUXEUT3Z7UQCUYWV2UA228.pcm
SwiftExplicitDependencyGeneratePcm arm64 /Users/admin/builder/spi-builder-workspace/.derivedData/SDKExplicitPrecompiledModules/MachO-EH3F5PJCIZG05NO51CEFSZYPW.pcm
SwiftExplicitDependencyGeneratePcm arm64 /Users/admin/builder/spi-builder-workspace/.derivedData/SDKExplicitPrecompiledModules/ObjectiveC-5250FDCE56N8508OR6XUYDKZM.pcm
SwiftExplicitDependencyGeneratePcm arm64 /Users/admin/builder/spi-builder-workspace/.derivedData/SDKExplicitPrecompiledModules/os_object-E2DGZ0SX0TULQHULZRPO6OKNW.pcm
SwiftExplicitDependencyGeneratePcm arm64 /Users/admin/builder/spi-builder-workspace/.derivedData/SDKExplicitPrecompiledModules/os_workgroup-DBUFF7811DKMX7VPBOJPGGF1U.pcm
SwiftExplicitDependencyGeneratePcm arm64 /Users/admin/builder/spi-builder-workspace/.derivedData/SDKExplicitPrecompiledModules/Dispatch-1QL58A0V50C39KVAIC6C38SHL.pcm
SwiftExplicitDependencyGeneratePcm arm64 /Users/admin/builder/spi-builder-workspace/.derivedData/SDKExplicitPrecompiledModules/Spatial-7U8NLEFXSB8BR7PJQGVMF5A4Q.pcm
SwiftExplicitDependencyGeneratePcm arm64 /Users/admin/builder/spi-builder-workspace/.derivedData/SDKExplicitPrecompiledModules/XPC-6O2DJFT3QUJ7QKTD3SNUB6PCR.pcm
SwiftExplicitDependencyGeneratePcm arm64 /Users/admin/builder/spi-builder-workspace/.derivedData/SDKExplicitPrecompiledModules/CoreFoundation-7TPJ7ENDC4L1A1ESHYI9TXS0D.pcm
SwiftExplicitDependencyGeneratePcm arm64 /Users/admin/builder/spi-builder-workspace/.derivedData/SDKExplicitPrecompiledModules/os-3GJI8H0BNAEZPQPQ1V0VVY3FY.pcm
SwiftExplicitDependencyGeneratePcm arm64 /Users/admin/builder/spi-builder-workspace/.derivedData/SDKExplicitPrecompiledModules/CoreGraphics-CWSP3J98S2658BYCVL6RP99T3.pcm
SwiftExplicitDependencyGeneratePcm arm64 /Users/admin/builder/spi-builder-workspace/.derivedData/SDKExplicitPrecompiledModules/CoreAudioTypes-E7EH96HAL3G83QSWLT7VWYIP4.pcm
SwiftExplicitDependencyGeneratePcm arm64 /Users/admin/builder/spi-builder-workspace/.derivedData/SDKExplicitPrecompiledModules/CFNetwork-2CUR2VK9S3S3WPFXPNXNUWYGN.pcm
SwiftExplicitDependencyGeneratePcm arm64 /Users/admin/builder/spi-builder-workspace/.derivedData/SDKExplicitPrecompiledModules/Security-8VMXEKVDA3MHUH9AOTP905DID.pcm
SwiftExplicitDependencyGeneratePcm arm64 /Users/admin/builder/spi-builder-workspace/.derivedData/SDKExplicitPrecompiledModules/CoreAudio-6IR1XRM0Q9YQZMFW89F3H4V3X.pcm
SwiftExplicitDependencyGeneratePcm arm64 /Users/admin/builder/spi-builder-workspace/.derivedData/SDKExplicitPrecompiledModules/Foundation-BSSIP64DIGUKMAYJOG1WPQ78X.pcm
SwiftExplicitDependencyGeneratePcm arm64 /Users/admin/builder/spi-builder-workspace/.derivedData/SDKExplicitPrecompiledModules/ImageIO-88D4CLEBD4CLWQKT78PZ6H1O8.pcm
SwiftExplicitDependencyGeneratePcm arm64 /Users/admin/builder/spi-builder-workspace/.derivedData/SDKExplicitPrecompiledModules/CoreText-59NY7PABM0I4V978161FOC04A.pcm
SwiftExplicitDependencyGeneratePcm arm64 /Users/admin/builder/spi-builder-workspace/.derivedData/SDKExplicitPrecompiledModules/_LocationEssentials-ETSJ65FELPWR8WH8G49R1DF2E.pcm
SwiftExplicitDependencyGeneratePcm arm64 /Users/admin/builder/spi-builder-workspace/.derivedData/SDKExplicitPrecompiledModules/CoreData-DYMPHH3PH8AX9I1FHA4VFJ675.pcm
SwiftExplicitDependencyGeneratePcm arm64 /Users/admin/builder/spi-builder-workspace/.derivedData/SDKExplicitPrecompiledModules/OSLog-7OT6HHTMY0ZFEQJ095LJZ6NLC.pcm
SwiftExplicitDependencyGeneratePcm arm64 /Users/admin/builder/spi-builder-workspace/.derivedData/SDKExplicitPrecompiledModules/IOSurface-38FJ1CKX9FV2RD97O64Z7QB17.pcm
SwiftExplicitDependencyGeneratePcm arm64 /Users/admin/builder/spi-builder-workspace/.derivedData/SDKExplicitPrecompiledModules/DataDetection-37JIYZ2GWDA1L166PP1D9JKAF.pcm
SwiftExplicitDependencyGeneratePcm arm64 /Users/admin/builder/spi-builder-workspace/.derivedData/SDKExplicitPrecompiledModules/UserNotifications-E9ZW5TH066WIJWH9080RC5NG4.pcm
SwiftExplicitDependencyGeneratePcm arm64 /Users/admin/builder/spi-builder-workspace/.derivedData/SDKExplicitPrecompiledModules/Accessibility-B6BODGZ4MQQTY0PBC4SHRP009.pcm
SwiftExplicitDependencyGeneratePcm arm64 /Users/admin/builder/spi-builder-workspace/.derivedData/SDKExplicitPrecompiledModules/UniformTypeIdentifiers-95CC8U42ZA9STP5K6GP9ZVJS5.pcm
SwiftExplicitDependencyGeneratePcm arm64 /Users/admin/builder/spi-builder-workspace/.derivedData/SDKExplicitPrecompiledModules/Symbols-B5AU9VM9Y7NU79RLMH13Z4IFM.pcm
SwiftExplicitDependencyGeneratePcm arm64 /Users/admin/builder/spi-builder-workspace/.derivedData/SDKExplicitPrecompiledModules/UIUtilities-6ZFJ1AK4H8IBGEBMYQBWGBYLK.pcm
SwiftExplicitDependencyGeneratePcm arm64 /Users/admin/builder/spi-builder-workspace/.derivedData/SDKExplicitPrecompiledModules/CoreTransferable-7V4O8DATEQ9F7SDNTCW8YWLG3.pcm
SwiftExplicitDependencyGeneratePcm arm64 /Users/admin/builder/spi-builder-workspace/.derivedData/SDKExplicitPrecompiledModules/CoreLocation-YVXXAOMVX0JH2KO1XTTKTY51.pcm
SwiftExplicitDependencyGeneratePcm arm64 /Users/admin/builder/spi-builder-workspace/.derivedData/SDKExplicitPrecompiledModules/Metal-2KYBS7IML1SD788M91YV7Q0CC.pcm
SwiftExplicitDependencyGeneratePcm arm64 /Users/admin/builder/spi-builder-workspace/.derivedData/SDKExplicitPrecompiledModules/OpenGLES-4NY99CNDU9WUNUYEIXSS1QFGE.pcm
SwiftExplicitDependencyGeneratePcm arm64 /Users/admin/builder/spi-builder-workspace/.derivedData/SDKExplicitPrecompiledModules/CoreVideo-DPU0PB5X0XLSVA2ETRGI6FJBM.pcm
SwiftExplicitDependencyGeneratePcm arm64 /Users/admin/builder/spi-builder-workspace/.derivedData/SDKExplicitPrecompiledModules/CoreMedia-4OUKVT03LV547KZJDPPJRJ4F8.pcm
SwiftExplicitDependencyGeneratePcm arm64 /Users/admin/builder/spi-builder-workspace/.derivedData/SDKExplicitPrecompiledModules/QuartzCore-DJSYAWKXFGVSAK5CQMOB3JSR.pcm
SwiftExplicitDependencyGeneratePcm arm64 /Users/admin/builder/spi-builder-workspace/.derivedData/SDKExplicitPrecompiledModules/CoreImage-7S2AFJ8EIY3DUFYLEAX1JR1QV.pcm
SwiftExplicitDependencyGeneratePcm arm64 /Users/admin/builder/spi-builder-workspace/.derivedData/SDKExplicitPrecompiledModules/SwiftUICore-543QU5V2NHKUFCYFJDKUJ7NYG.pcm
SwiftExplicitDependencyGeneratePcm arm64 /Users/admin/builder/spi-builder-workspace/.derivedData/SDKExplicitPrecompiledModules/UIKit-1TKWN7VC2X6N3ITMRVA2G0EB2.pcm
SwiftExplicitDependencyGeneratePcm arm64 /Users/admin/builder/spi-builder-workspace/.derivedData/SDKExplicitPrecompiledModules/SwiftUI-7BV1YDT6IZWW6B8OC6ENV0Y0F.pcm
SwiftCompile normal arm64 Compiling\ Image.swift,\ LoadingView.swift /Users/admin/builder/spi-builder-workspace/Sources/ClearFashionWidget/Image.swift /Users/admin/builder/spi-builder-workspace/Sources/ClearFashionWidget/LoadingView.swift (in target 'ClearFashionWidget' from project 'ClearFashionWidget')
SwiftCompile normal arm64 /Users/admin/builder/spi-builder-workspace/Sources/ClearFashionWidget/Image.swift (in target 'ClearFashionWidget' from project 'ClearFashionWidget')
cd /Users/admin/builder/spi-builder-workspace/.swiftpm/xcode
builtin-SwiftPerFileCompile Image.swift
SwiftCompile normal arm64 /Users/admin/builder/spi-builder-workspace/Sources/ClearFashionWidget/LoadingView.swift (in target 'ClearFashionWidget' from project 'ClearFashionWidget')
cd /Users/admin/builder/spi-builder-workspace/.swiftpm/xcode
builtin-SwiftPerFileCompile LoadingView.swift
SwiftEmitModule normal arm64 Emitting\ module\ for\ ClearFashionWidget (in target 'ClearFashionWidget' from project 'ClearFashionWidget')
SwiftCompile normal arm64 (in target 'ClearFashionWidget' from project 'ClearFashionWidget')
cd /Users/admin/builder/spi-builder-workspace/.swiftpm/xcode
SwiftCompile normal arm64 Compiling\ FullScreenView.swift,\ HeaderSectionView.swift /Users/admin/builder/spi-builder-workspace/Sources/ClearFashionWidget/FullScreenView.swift /Users/admin/builder/spi-builder-workspace/Sources/ClearFashionWidget/HeaderSectionView.swift (in target 'ClearFashionWidget' from project 'ClearFashionWidget')
/Users/admin/builder/spi-builder-workspace/Sources/ClearFashionWidget/FullScreenView.swift:25:28: error: 'borderless' is only available in tvOS 17.0 or newer
8 | import SwiftUI
9 |
10 | struct FullScreenView: View {
| `- note: add '@available' attribute to enclosing struct
11 | @Binding var isDisplayFullScreen: Bool
12 | let product: ClearFashionProduct
13 |
14 | var body: some View {
| `- note: add '@available' attribute to enclosing property
15 | HStack {
16 | Text(String(key: product.hasMaterialImpacts ? "OriginAndImpactTitle" : "CountriesOfProductionTitle"))
:
23 | Image(packageResource: "Cross")
24 | .frame(width: 14.0, height: 14.0)
25 | }.buttonStyle(.borderless)
| |- error: 'borderless' is only available in tvOS 17.0 or newer
| `- note: add 'if #available' version check
26 | }.padding(16)
27 | .frame(height: 50)
Failed frontend command:
/Applications/Xcode-27.0.0-Release.Candidate.app/Contents/Developer/Toolchains/XcodeDefault.xctoolchain/usr/bin/swift-frontend -frontend -c /Users/admin/builder/spi-builder-workspace/.derivedData/Build/Intermediates.noindex/ClearFashionWidget.build/Debug-appletvos/ClearFashionWidget-t.build/DerivedSources/resource_bundle_accessor.swift /Users/admin/builder/spi-builder-workspace/Sources/ClearFashionWidget/Bundle.swift /Users/admin/builder/spi-builder-workspace/Sources/ClearFashionWidget/ButtonView.swift /Users/admin/builder/spi-builder-workspace/Sources/ClearFashionWidget/ClearFashionProduct.swift /Users/admin/builder/spi-builder-workspace/Sources/ClearFashionWidget/ClearFashionWidget.swift /Users/admin/builder/spi-builder-workspace/Sources/ClearFashionWidget/Color.swift /Users/admin/builder/spi-builder-workspace/Sources/ClearFashionWidget/CountriesSectionView.swift /Users/admin/builder/spi-builder-workspace/Sources/ClearFashionWidget/CountryDescriptionView.swift /Users/admin/builder/spi-builder-workspace/Sources/ClearFashionWidget/Font.swift /Users/admin/builder/spi-builder-workspace/Sources/ClearFashionWidget/FontBlaster.swift /Users/admin/builder/spi-builder-workspace/Sources/ClearFashionWidget/FooterSectionView.swift -primary-file /Users/admin/builder/spi-builder-workspace/Sources/ClearFashionWidget/FullScreenView.swift -primary-file /Users/admin/builder/spi-builder-workspace/Sources/ClearFashionWidget/HeaderSectionView.swift /Users/admin/builder/spi-builder-workspace/Sources/ClearFashionWidget/Image.swift /Users/admin/builder/spi-builder-workspace/Sources/ClearFashionWidget/LoadingView.swift /Users/admin/builder/spi-builder-workspace/Sources/ClearFashionWidget/MainSectionView.swift /Users/admin/builder/spi-builder-workspace/Sources/ClearFashionWidget/MaterialDescriptionView.swift /Users/admin/builder/spi-builder-workspace/Sources/ClearFashionWidget/MaterialsImpactSectionView.swift /Users/admin/builder/spi-builder-workspace/Sources/ClearFashionWidget/String.swift /Users/admin/builder/spi-builder-workspace/Sources/ClearFashionWidget/URLSession.swift /Users/admin/builder/spi-builder-workspace/.derivedData/Build/Intermediates.noindex/ClearFashionWidget.build/Debug-appletvos/ClearFashionWidget-t.build/DerivedSources/GeneratedAssetSymbols.swift -emit-dependencies-path /Users/admin/builder/spi-builder-workspace/.derivedData/Build/Intermediates.noindex/ClearFashionWidget.build/Debug-appletvos/ClearFashionWidget-t.build/Objects-normal/arm64/FullScreenView.d -emit-const-values-path /Users/admin/builder/spi-builder-workspace/.derivedData/Build/Intermediates.noindex/ClearFashionWidget.build/Debug-appletvos/ClearFashionWidget-t.build/Objects-normal/arm64/FullScreenView.swiftconstvalues -emit-reference-dependencies-path /Users/admin/builder/spi-builder-workspace/.derivedData/Build/Intermediates.noindex/ClearFashionWidget.build/Debug-appletvos/ClearFashionWidget-t.build/Objects-normal/arm64/FullScreenView.swiftdeps -serialize-diagnostics-path /Users/admin/builder/spi-builder-workspace/.derivedData/Build/Intermediates.noindex/ClearFashionWidget.build/Debug-appletvos/ClearFashionWidget-t.build/Objects-normal/arm64/FullScreenView.dia -emit-dependencies-path /Users/admin/builder/spi-builder-workspace/.derivedData/Build/Intermediates.noindex/ClearFashionWidget.build/Debug-appletvos/ClearFashionWidget-t.build/Objects-normal/arm64/HeaderSectionView.d -emit-const-values-path /Users/admin/builder/spi-builder-workspace/.derivedData/Build/Intermediates.noindex/ClearFashionWidget.build/Debug-appletvos/ClearFashionWidget-t.build/Objects-normal/arm64/HeaderSectionView.swiftconstvalues -emit-reference-dependencies-path /Users/admin/builder/spi-builder-workspace/.derivedData/Build/Intermediates.noindex/ClearFashionWidget.build/Debug-appletvos/ClearFashionWidget-t.build/Objects-normal/arm64/HeaderSectionView.swiftdeps -serialize-diagnostics-path /Users/admin/builder/spi-builder-workspace/.derivedData/Build/Intermediates.noindex/ClearFashionWidget.build/Debug-appletvos/ClearFashionWidget-t.build/Objects-normal/arm64/HeaderSectionView.dia -emit-localized-strings -emit-localized-strings-path /Users/admin/builder/spi-builder-workspace/.derivedData/Build/Intermediates.noindex/ClearFashionWidget.build/Debug-appletvos/ClearFashionWidget-t.build/Objects-normal/arm64 -target arm64-apple-tvos15.0 -module-can-import-version DeveloperToolsSupport 24.0.24 24.0.24 -module-can-import-version SwiftUI 8.0.84 8.0.84 -module-can-import-version UIKit 9127.0.84.1 9127.0.84 -disable-cross-import-overlay-search -load-resolved-plugin /Applications/Xcode-27.0.0-Release.Candidate.app/Contents/Developer/Platforms/AppleTVOS.platform/Developer/usr/lib/swift/host/plugins/libFoundationMacros.dylib\#/Applications/Xcode-27.0.0-Release.Candidate.app/Contents/Developer/Platforms/AppleTVOS.platform/Developer/usr/bin/swift-plugin-server\#FoundationMacros -load-resolved-plugin /Applications/Xcode-27.0.0-Release.Candidate.app/Contents/Developer/Platforms/AppleTVOS.platform/Developer/usr/lib/swift/host/plugins/libObservationMacros.dylib\#/Applications/Xcode-27.0.0-Release.Candidate.app/Contents/Developer/Platforms/AppleTVOS.platform/Developer/usr/bin/swift-plugin-server\#ObservationMacros -load-resolved-plugin /Applications/Xcode-27.0.0-Release.Candidate.app/Contents/Developer/Platforms/AppleTVOS.platform/Developer/usr/lib/swift/host/plugins/libPreviewsMacros.dylib\#/Applications/Xcode-27.0.0-Release.Candidate.app/Contents/Developer/Platforms/AppleTVOS.platform/Developer/usr/bin/swift-plugin-server\#PreviewsMacros -load-resolved-plugin /Applications/Xcode-27.0.0-Release.Candidate.app/Contents/Developer/Platforms/AppleTVOS.platform/Developer/usr/lib/swift/host/plugins/libSwiftMacros.dylib\#/Applications/Xcode-27.0.0-Release.Candidate.app/Contents/Developer/Platforms/AppleTVOS.platform/Developer/usr/bin/swift-plugin-server\#SwiftMacros -load-resolved-plugin /Applications/Xcode-27.0.0-Release.Candidate.app/Contents/Developer/Platforms/AppleTVOS.platform/Developer/usr/lib/swift/host/plugins/libSwiftUIMacros.dylib\#/Applications/Xcode-27.0.0-Release.Candidate.app/Contents/Developer/Platforms/AppleTVOS.platform/Developer/usr/bin/swift-plugin-server\#SwiftUIMacros -disable-implicit-swift-modules -Xcc -fno-implicit-modules -Xcc -fno-implicit-module-maps -explicit-swift-module-map-file /Users/admin/builder/spi-builder-workspace/.derivedData/Build/Intermediates.noindex/ClearFashionWidget.build/Debug-appletvos/ClearFashionWidget-t.build/Objects-normal/arm64/ClearFashionWidget-dependencies-1.json -Xllvm -aarch64-use-tbi -enable-objc-interop -stack-check -sdk /Applications/Xcode-27.0.0-Release.Candidate.app/Contents/Developer/Platforms/AppleTVOS.platform/Developer/SDKs/AppleTVOS27.0.sdk -I /Users/admin/builder/spi-builder-workspace/.derivedData/Build/Products/Debug-appletvos -Isystem /Applications/Xcode-27.0.0-Release.Candidate.app/Contents/Developer/Platforms/AppleTVOS.platform/Developer/usr/lib -F /Users/admin/builder/spi-builder-workspace/.derivedData/Build/Products/Debug-appletvos -F /Applications/Xcode-27.0.0-Release.Candidate.app/Contents/Developer/Platforms/AppleTVOS.platform/Developer/Library/Frameworks -F /Applications/Xcode-27.0.0-Release.Candidate.app/Contents/Developer/Platforms/AppleTVOS.platform/Developer/SDKs/AppleTVOS27.0.sdk/Developer/Library/Frameworks -module-cache-path /Users/admin/builder/spi-builder-workspace/.derivedData/Build/Intermediates.noindex/SwiftExplicitPrecompiledModules -no-color-diagnostics -Xcc -fno-color-diagnostics -enable-testing -g -debug-info-format\=dwarf -dwarf-version\=4 -profile-generate -profile-coverage-mapping -swift-version 5 -Onone -D SWIFT_PACKAGE -D DEBUG -D SWIFT_MODULE_RESOURCE_BUNDLE_AVAILABLE -D Xcode -serialize-debugging-options -enable-experimental-feature DebugDescriptionMacro -empty-abi-descriptor -validate-clang-modules-once -clang-build-session-file /Users/admin/builder/spi-builder-workspace/.derivedData/ModuleCache.noindex/Session.modulevalidation -Xcc -working-directory -Xcc /Users/admin/builder/spi-builder-workspace/.swiftpm/xcode -enable-anonymous-context-mangled-names -file-compilation-dir /Users/admin/builder/spi-builder-workspace/.swiftpm/xcode -Xcc -D_LIBCPP_HARDENING_MODE\=_LIBCPP_HARDENING_MODE_DEBUG -Xcc -ivfsstatcache -Xcc /Users/admin/builder/spi-builder-workspace/.derivedData/SDKStatCaches.noindex/appletvos27.0-24J360-e829b21a6f8c9b70876ba0858053c044b32bfd8d43560033f8d89884cdb90028.sdkstatcache -Xcc -fmodules-prune-interval\=86400 -Xcc -fmodules-prune-after\=345600 -Xcc -I/Users/admin/builder/spi-builder-workspace/.derivedData/Build/Products/Debug-appletvos/include -Xcc -I/Users/admin/builder/spi-builder-workspace/.derivedData/Build/Intermediates.noindex/ClearFashionWidget.build/Debug-appletvos/ClearFashionWidget-t.build/DerivedSources-normal/arm64 -Xcc -I/Users/admin/builder/spi-builder-workspace/.derivedData/Build/Intermediates.noindex/ClearFashionWidget.build/Debug-appletvos/ClearFashionWidget-t.build/DerivedSources/arm64 -Xcc -I/Users/admin/builder/spi-builder-workspace/.derivedData/Build/Intermediates.noindex/ClearFashionWidget.build/Debug-appletvos/ClearFashionWidget-t.build/DerivedSources -Xcc -DSWIFT_PACKAGE -Xcc -DDEBUG\=1 -no-auto-bridging-header-chaining -module-name ClearFashionWidget -const-gather-protocols-file /Users/admin/builder/spi-builder-workspace/.derivedData/Build/Intermediates.noindex/ClearFashionWidget.build/Debug-appletvos/ClearFashionWidget-t.build/Objects-normal/arm64/ClearFashionWidget_const_extract_protocols.json -disable-clang-spi -clang-target arm64-apple-tvos27.0 -target-sdk-version 27.0 -target-sdk-name appletvos27.0 -in-process-plugin-server-path /Applications/Xcode-27.0.0-Release.Candidate.app/Contents/Developer/Toolchains/XcodeDefault.xctoolchain/usr/lib/swift/host/libSwiftInProcPluginServer.dylib -parse-as-library -o /Users/admin/builder/spi-builder-workspace/.derivedData/Build/Intermediates.noindex/ClearFashionWidget.build/Debug-appletvos/ClearFashionWidget-t.build/Objects-normal/arm64/FullScreenView.o -o /Users/admin/builder/spi-builder-workspace/.derivedData/Build/Intermediates.noindex/ClearFashionWidget.build/Debug-appletvos/ClearFashionWidget-t.build/Objects-normal/arm64/HeaderSectionView.o -debug-module-path /Users/admin/builder/spi-builder-workspace/.derivedData/Build/Intermediates.noindex/ClearFashionWidget.build/Debug-appletvos/ClearFashionWidget-t.build/Objects-normal/arm64/ClearFashionWidget.swiftmodule -index-unit-output-path /ClearFashionWidget.build/Debug-appletvos/ClearFashionWidget-t.build/Objects-normal/arm64/FullScreenView.o -index-unit-output-path /ClearFashionWidget.build/Debug-appletvos/ClearFashionWidget-t.build/Objects-normal/arm64/HeaderSectionView.o -index-store-path /Users/admin/builder/spi-builder-workspace/.derivedData/Index.noindex/DataStore -index-system-modules
SwiftCompile normal arm64 /Users/admin/builder/spi-builder-workspace/Sources/ClearFashionWidget/FullScreenView.swift (in target 'ClearFashionWidget' from project 'ClearFashionWidget')
cd /Users/admin/builder/spi-builder-workspace/.swiftpm/xcode
builtin-SwiftPerFileCompile FullScreenView.swift
SwiftCompile normal arm64 /Users/admin/builder/spi-builder-workspace/Sources/ClearFashionWidget/HeaderSectionView.swift (in target 'ClearFashionWidget' from project 'ClearFashionWidget')
cd /Users/admin/builder/spi-builder-workspace/.swiftpm/xcode
builtin-SwiftPerFileCompile HeaderSectionView.swift
SwiftCompile normal arm64 Compiling\ Color.swift,\ CountriesSectionView.swift /Users/admin/builder/spi-builder-workspace/Sources/ClearFashionWidget/Color.swift /Users/admin/builder/spi-builder-workspace/Sources/ClearFashionWidget/CountriesSectionView.swift (in target 'ClearFashionWidget' from project 'ClearFashionWidget')
SwiftCompile normal arm64 /Users/admin/builder/spi-builder-workspace/Sources/ClearFashionWidget/Color.swift (in target 'ClearFashionWidget' from project 'ClearFashionWidget')
cd /Users/admin/builder/spi-builder-workspace/.swiftpm/xcode
builtin-SwiftPerFileCompile Color.swift
SwiftCompile normal arm64 /Users/admin/builder/spi-builder-workspace/Sources/ClearFashionWidget/CountriesSectionView.swift (in target 'ClearFashionWidget' from project 'ClearFashionWidget')
cd /Users/admin/builder/spi-builder-workspace/.swiftpm/xcode
builtin-SwiftPerFileCompile CountriesSectionView.swift
SwiftCompile normal arm64 Compiling\ resource_bundle_accessor.swift,\ Bundle.swift,\ ButtonView.swift /Users/admin/builder/spi-builder-workspace/.derivedData/Build/Intermediates.noindex/ClearFashionWidget.build/Debug-appletvos/ClearFashionWidget-t.build/DerivedSources/resource_bundle_accessor.swift /Users/admin/builder/spi-builder-workspace/Sources/ClearFashionWidget/Bundle.swift /Users/admin/builder/spi-builder-workspace/Sources/ClearFashionWidget/ButtonView.swift (in target 'ClearFashionWidget' from project 'ClearFashionWidget')
SwiftCompile normal arm64 /Users/admin/builder/spi-builder-workspace/.derivedData/Build/Intermediates.noindex/ClearFashionWidget.build/Debug-appletvos/ClearFashionWidget-t.build/DerivedSources/resource_bundle_accessor.swift (in target 'ClearFashionWidget' from project 'ClearFashionWidget')
cd /Users/admin/builder/spi-builder-workspace/.swiftpm/xcode
builtin-SwiftPerFileCompile resource_bundle_accessor.swift
SwiftCompile normal arm64 /Users/admin/builder/spi-builder-workspace/Sources/ClearFashionWidget/Bundle.swift (in target 'ClearFashionWidget' from project 'ClearFashionWidget')
cd /Users/admin/builder/spi-builder-workspace/.swiftpm/xcode
builtin-SwiftPerFileCompile Bundle.swift
SwiftCompile normal arm64 /Users/admin/builder/spi-builder-workspace/Sources/ClearFashionWidget/ButtonView.swift (in target 'ClearFashionWidget' from project 'ClearFashionWidget')
cd /Users/admin/builder/spi-builder-workspace/.swiftpm/xcode
builtin-SwiftPerFileCompile ButtonView.swift
SwiftCompile normal arm64 Compiling\ MainSectionView.swift,\ MaterialDescriptionView.swift /Users/admin/builder/spi-builder-workspace/Sources/ClearFashionWidget/MainSectionView.swift /Users/admin/builder/spi-builder-workspace/Sources/ClearFashionWidget/MaterialDescriptionView.swift (in target 'ClearFashionWidget' from project 'ClearFashionWidget')
/Users/admin/builder/spi-builder-workspace/Sources/ClearFashionWidget/MainSectionView.swift:26:31: error: 'borderless' is only available in tvOS 17.0 or newer
8 | import SwiftUI
9 |
10 | struct MainSectionView: View {
| `- note: add '@available' attribute to enclosing struct
11 | @State private var isDisplayFullScreen: Bool = false
12 | var product: ClearFashionProduct?
:
16 | }
17 |
18 | var body: some View {
| `- note: add '@available' attribute to enclosing property
19 | if (product == nil) {
20 | LoadingView()
:
24 | ButtonView(hasMaterialImpacts: product!.hasMaterialImpacts)
25 | }
26 | .buttonStyle(.borderless)
| |- error: 'borderless' is only available in tvOS 17.0 or newer
| `- note: add 'if #available' version check
27 | .popover(
28 | isPresented: $isDisplayFullScreen,
/Users/admin/builder/spi-builder-workspace/Sources/ClearFashionWidget/MainSectionView.swift:27:18: error: 'popover(isPresented:attachmentAnchor:arrowEdge:content:)' is unavailable in tvOS
25 | }
26 | .buttonStyle(.borderless)
27 | .popover(
| `- error: 'popover(isPresented:attachmentAnchor:arrowEdge:content:)' is unavailable in tvOS
28 | isPresented: $isDisplayFullScreen,
29 | arrowEdge: .bottom
SwiftUI.View.popover:4:51: note: 'popover(isPresented:attachmentAnchor:arrowEdge:content:)' has been explicitly marked unavailable here
2 | @available(tvOS, unavailable)
3 | @available(watchOS, unavailable)
4 | @export(implementation) nonisolated public func popover<Content>(isPresented: Binding<Bool>, attachmentAnchor: PopoverAttachmentAnchor = .rect(.bounds), arrowEdge: Edge? = nil, @ContentBuilder content: @escaping () -> Content) -> some View where Content : View
| `- note: 'popover(isPresented:attachmentAnchor:arrowEdge:content:)' has been explicitly marked unavailable here
5 | }
6 |
Failed frontend command:
/Applications/Xcode-27.0.0-Release.Candidate.app/Contents/Developer/Toolchains/XcodeDefault.xctoolchain/usr/bin/swift-frontend -frontend -c /Users/admin/builder/spi-builder-workspace/.derivedData/Build/Intermediates.noindex/ClearFashionWidget.build/Debug-appletvos/ClearFashionWidget-t.build/DerivedSources/resource_bundle_accessor.swift /Users/admin/builder/spi-builder-workspace/Sources/ClearFashionWidget/Bundle.swift /Users/admin/builder/spi-builder-workspace/Sources/ClearFashionWidget/ButtonView.swift /Users/admin/builder/spi-builder-workspace/Sources/ClearFashionWidget/ClearFashionProduct.swift /Users/admin/builder/spi-builder-workspace/Sources/ClearFashionWidget/ClearFashionWidget.swift /Users/admin/builder/spi-builder-workspace/Sources/ClearFashionWidget/Color.swift /Users/admin/builder/spi-builder-workspace/Sources/ClearFashionWidget/CountriesSectionView.swift /Users/admin/builder/spi-builder-workspace/Sources/ClearFashionWidget/CountryDescriptionView.swift /Users/admin/builder/spi-builder-workspace/Sources/ClearFashionWidget/Font.swift /Users/admin/builder/spi-builder-workspace/Sources/ClearFashionWidget/FontBlaster.swift /Users/admin/builder/spi-builder-workspace/Sources/ClearFashionWidget/FooterSectionView.swift /Users/admin/builder/spi-builder-workspace/Sources/ClearFashionWidget/FullScreenView.swift /Users/admin/builder/spi-builder-workspace/Sources/ClearFashionWidget/HeaderSectionView.swift /Users/admin/builder/spi-builder-workspace/Sources/ClearFashionWidget/Image.swift /Users/admin/builder/spi-builder-workspace/Sources/ClearFashionWidget/LoadingView.swift -primary-file /Users/admin/builder/spi-builder-workspace/Sources/ClearFashionWidget/MainSectionView.swift -primary-file /Users/admin/builder/spi-builder-workspace/Sources/ClearFashionWidget/MaterialDescriptionView.swift /Users/admin/builder/spi-builder-workspace/Sources/ClearFashionWidget/MaterialsImpactSectionView.swift /Users/admin/builder/spi-builder-workspace/Sources/ClearFashionWidget/String.swift /Users/admin/builder/spi-builder-workspace/Sources/ClearFashionWidget/URLSession.swift /Users/admin/builder/spi-builder-workspace/.derivedData/Build/Intermediates.noindex/ClearFashionWidget.build/Debug-appletvos/ClearFashionWidget-t.build/DerivedSources/GeneratedAssetSymbols.swift -emit-dependencies-path /Users/admin/builder/spi-builder-workspace/.derivedData/Build/Intermediates.noindex/ClearFashionWidget.build/Debug-appletvos/ClearFashionWidget-t.build/Objects-normal/arm64/MainSectionView.d -emit-const-values-path /Users/admin/builder/spi-builder-workspace/.derivedData/Build/Intermediates.noindex/ClearFashionWidget.build/Debug-appletvos/ClearFashionWidget-t.build/Objects-normal/arm64/MainSectionView.swiftconstvalues -emit-reference-dependencies-path /Users/admin/builder/spi-builder-workspace/.derivedData/Build/Intermediates.noindex/ClearFashionWidget.build/Debug-appletvos/ClearFashionWidget-t.build/Objects-normal/arm64/MainSectionView.swiftdeps -serialize-diagnostics-path /Users/admin/builder/spi-builder-workspace/.derivedData/Build/Intermediates.noindex/ClearFashionWidget.build/Debug-appletvos/ClearFashionWidget-t.build/Objects-normal/arm64/MainSectionView.dia -emit-dependencies-path /Users/admin/builder/spi-builder-workspace/.derivedData/Build/Intermediates.noindex/ClearFashionWidget.build/Debug-appletvos/ClearFashionWidget-t.build/Objects-normal/arm64/MaterialDescriptionView.d -emit-const-values-path /Users/admin/builder/spi-builder-workspace/.derivedData/Build/Intermediates.noindex/ClearFashionWidget.build/Debug-appletvos/ClearFashionWidget-t.build/Objects-normal/arm64/MaterialDescriptionView.swiftconstvalues -emit-reference-dependencies-path /Users/admin/builder/spi-builder-workspace/.derivedData/Build/Intermediates.noindex/ClearFashionWidget.build/Debug-appletvos/ClearFashionWidget-t.build/Objects-normal/arm64/MaterialDescriptionView.swiftdeps -serialize-diagnostics-path /Users/admin/builder/spi-builder-workspace/.derivedData/Build/Intermediates.noindex/ClearFashionWidget.build/Debug-appletvos/ClearFashionWidget-t.build/Objects-normal/arm64/MaterialDescriptionView.dia -emit-localized-strings -emit-localized-strings-path /Users/admin/builder/spi-builder-workspace/.derivedData/Build/Intermediates.noindex/ClearFashionWidget.build/Debug-appletvos/ClearFashionWidget-t.build/Objects-normal/arm64 -target arm64-apple-tvos15.0 -module-can-import-version DeveloperToolsSupport 24.0.24 24.0.24 -module-can-import-version SwiftUI 8.0.84 8.0.84 -module-can-import-version UIKit 9127.0.84.1 9127.0.84 -disable-cross-import-overlay-search -load-resolved-plugin /Applications/Xcode-27.0.0-Release.Candidate.app/Contents/Developer/Platforms/AppleTVOS.platform/Developer/usr/lib/swift/host/plugins/libFoundationMacros.dylib\#/Applications/Xcode-27.0.0-Release.Candidate.app/Contents/Developer/Platforms/AppleTVOS.platform/Developer/usr/bin/swift-plugin-server\#FoundationMacros -load-resolved-plugin /Applications/Xcode-27.0.0-Release.Candidate.app/Contents/Developer/Platforms/AppleTVOS.platform/Developer/usr/lib/swift/host/plugins/libObservationMacros.dylib\#/Applications/Xcode-27.0.0-Release.Candidate.app/Contents/Developer/Platforms/AppleTVOS.platform/Developer/usr/bin/swift-plugin-server\#ObservationMacros -load-resolved-plugin /Applications/Xcode-27.0.0-Release.Candidate.app/Contents/Developer/Platforms/AppleTVOS.platform/Developer/usr/lib/swift/host/plugins/libPreviewsMacros.dylib\#/Applications/Xcode-27.0.0-Release.Candidate.app/Contents/Developer/Platforms/AppleTVOS.platform/Developer/usr/bin/swift-plugin-server\#PreviewsMacros -load-resolved-plugin /Applications/Xcode-27.0.0-Release.Candidate.app/Contents/Developer/Platforms/AppleTVOS.platform/Developer/usr/lib/swift/host/plugins/libSwiftMacros.dylib\#/Applications/Xcode-27.0.0-Release.Candidate.app/Contents/Developer/Platforms/AppleTVOS.platform/Developer/usr/bin/swift-plugin-server\#SwiftMacros -load-resolved-plugin /Applications/Xcode-27.0.0-Release.Candidate.app/Contents/Developer/Platforms/AppleTVOS.platform/Developer/usr/lib/swift/host/plugins/libSwiftUIMacros.dylib\#/Applications/Xcode-27.0.0-Release.Candidate.app/Contents/Developer/Platforms/AppleTVOS.platform/Developer/usr/bin/swift-plugin-server\#SwiftUIMacros -disable-implicit-swift-modules -Xcc -fno-implicit-modules -Xcc -fno-implicit-module-maps -explicit-swift-module-map-file /Users/admin/builder/spi-builder-workspace/.derivedData/Build/Intermediates.noindex/ClearFashionWidget.build/Debug-appletvos/ClearFashionWidget-t.build/Objects-normal/arm64/ClearFashionWidget-dependencies-1.json -Xllvm -aarch64-use-tbi -enable-objc-interop -stack-check -sdk /Applications/Xcode-27.0.0-Release.Candidate.app/Contents/Developer/Platforms/AppleTVOS.platform/Developer/SDKs/AppleTVOS27.0.sdk -I /Users/admin/builder/spi-builder-workspace/.derivedData/Build/Products/Debug-appletvos -Isystem /Applications/Xcode-27.0.0-Release.Candidate.app/Contents/Developer/Platforms/AppleTVOS.platform/Developer/usr/lib -F /Users/admin/builder/spi-builder-workspace/.derivedData/Build/Products/Debug-appletvos -F /Applications/Xcode-27.0.0-Release.Candidate.app/Contents/Developer/Platforms/AppleTVOS.platform/Developer/Library/Frameworks -F /Applications/Xcode-27.0.0-Release.Candidate.app/Contents/Developer/Platforms/AppleTVOS.platform/Developer/SDKs/AppleTVOS27.0.sdk/Developer/Library/Frameworks -module-cache-path /Users/admin/builder/spi-builder-workspace/.derivedData/Build/Intermediates.noindex/SwiftExplicitPrecompiledModules -no-color-diagnostics -Xcc -fno-color-diagnostics -enable-testing -g -debug-info-format\=dwarf -dwarf-version\=4 -profile-generate -profile-coverage-mapping -swift-version 5 -Onone -D SWIFT_PACKAGE -D DEBUG -D SWIFT_MODULE_RESOURCE_BUNDLE_AVAILABLE -D Xcode -serialize-debugging-options -enable-experimental-feature DebugDescriptionMacro -empty-abi-descriptor -validate-clang-modules-once -clang-build-session-file /Users/admin/builder/spi-builder-workspace/.derivedData/ModuleCache.noindex/Session.modulevalidation -Xcc -working-directory -Xcc /Users/admin/builder/spi-builder-workspace/.swiftpm/xcode -enable-anonymous-context-mangled-names -file-compilation-dir /Users/admin/builder/spi-builder-workspace/.swiftpm/xcode -Xcc -D_LIBCPP_HARDENING_MODE\=_LIBCPP_HARDENING_MODE_DEBUG -Xcc -ivfsstatcache -Xcc /Users/admin/builder/spi-builder-workspace/.derivedData/SDKStatCaches.noindex/appletvos27.0-24J360-e829b21a6f8c9b70876ba0858053c044b32bfd8d43560033f8d89884cdb90028.sdkstatcache -Xcc -fmodules-prune-interval\=86400 -Xcc -fmodules-prune-after\=345600 -Xcc -I/Users/admin/builder/spi-builder-workspace/.derivedData/Build/Products/Debug-appletvos/include -Xcc -I/Users/admin/builder/spi-builder-workspace/.derivedData/Build/Intermediates.noindex/ClearFashionWidget.build/Debug-appletvos/ClearFashionWidget-t.build/DerivedSources-normal/arm64 -Xcc -I/Users/admin/builder/spi-builder-workspace/.derivedData/Build/Intermediates.noindex/ClearFashionWidget.build/Debug-appletvos/ClearFashionWidget-t.build/DerivedSources/arm64 -Xcc -I/Users/admin/builder/spi-builder-workspace/.derivedData/Build/Intermediates.noindex/ClearFashionWidget.build/Debug-appletvos/ClearFashionWidget-t.build/DerivedSources -Xcc -DSWIFT_PACKAGE -Xcc -DDEBUG\=1 -no-auto-bridging-header-chaining -module-name ClearFashionWidget -const-gather-protocols-file /Users/admin/builder/spi-builder-workspace/.derivedData/Build/Intermediates.noindex/ClearFashionWidget.build/Debug-appletvos/ClearFashionWidget-t.build/Objects-normal/arm64/ClearFashionWidget_const_extract_protocols.json -disable-clang-spi -clang-target arm64-apple-tvos27.0 -target-sdk-version 27.0 -target-sdk-name appletvos27.0 -in-process-plugin-server-path /Applications/Xcode-27.0.0-Release.Candidate.app/Contents/Developer/Toolchains/XcodeDefault.xctoolchain/usr/lib/swift/host/libSwiftInProcPluginServer.dylib -parse-as-library -o /Users/admin/builder/spi-builder-workspace/.derivedData/Build/Intermediates.noindex/ClearFashionWidget.build/Debug-appletvos/ClearFashionWidget-t.build/Objects-normal/arm64/MainSectionView.o -o /Users/admin/builder/spi-builder-workspace/.derivedData/Build/Intermediates.noindex/ClearFashionWidget.build/Debug-appletvos/ClearFashionWidget-t.build/Objects-normal/arm64/MaterialDescriptionView.o -debug-module-path /Users/admin/builder/spi-builder-workspace/.derivedData/Build/Intermediates.noindex/ClearFashionWidget.build/Debug-appletvos/ClearFashionWidget-t.build/Objects-normal/arm64/ClearFashionWidget.swiftmodule -index-unit-output-path /ClearFashionWidget.build/Debug-appletvos/ClearFashionWidget-t.build/Objects-normal/arm64/MainSectionView.o -index-unit-output-path /ClearFashionWidget.build/Debug-appletvos/ClearFashionWidget-t.build/Objects-normal/arm64/MaterialDescriptionView.o -index-store-path /Users/admin/builder/spi-builder-workspace/.derivedData/Index.noindex/DataStore -index-system-modules
SwiftCompile normal arm64 /Users/admin/builder/spi-builder-workspace/Sources/ClearFashionWidget/MainSectionView.swift (in target 'ClearFashionWidget' from project 'ClearFashionWidget')
cd /Users/admin/builder/spi-builder-workspace/.swiftpm/xcode
builtin-SwiftPerFileCompile MainSectionView.swift
SwiftCompile normal arm64 /Users/admin/builder/spi-builder-workspace/Sources/ClearFashionWidget/MaterialDescriptionView.swift (in target 'ClearFashionWidget' from project 'ClearFashionWidget')
cd /Users/admin/builder/spi-builder-workspace/.swiftpm/xcode
builtin-SwiftPerFileCompile MaterialDescriptionView.swift
SwiftCompile normal arm64 Compiling\ URLSession.swift,\ GeneratedAssetSymbols.swift /Users/admin/builder/spi-builder-workspace/Sources/ClearFashionWidget/URLSession.swift /Users/admin/builder/spi-builder-workspace/.derivedData/Build/Intermediates.noindex/ClearFashionWidget.build/Debug-appletvos/ClearFashionWidget-t.build/DerivedSources/GeneratedAssetSymbols.swift (in target 'ClearFashionWidget' from project 'ClearFashionWidget')
SwiftCompile normal arm64 /Users/admin/builder/spi-builder-workspace/Sources/ClearFashionWidget/URLSession.swift (in target 'ClearFashionWidget' from project 'ClearFashionWidget')
cd /Users/admin/builder/spi-builder-workspace/.swiftpm/xcode
builtin-SwiftPerFileCompile URLSession.swift
SwiftCompile normal arm64 /Users/admin/builder/spi-builder-workspace/.derivedData/Build/Intermediates.noindex/ClearFashionWidget.build/Debug-appletvos/ClearFashionWidget-t.build/DerivedSources/GeneratedAssetSymbols.swift (in target 'ClearFashionWidget' from project 'ClearFashionWidget')
cd /Users/admin/builder/spi-builder-workspace/.swiftpm/xcode
builtin-SwiftPerFileCompile GeneratedAssetSymbols.swift
SwiftCompile normal arm64 Compiling\ ClearFashionProduct.swift,\ ClearFashionWidget.swift /Users/admin/builder/spi-builder-workspace/Sources/ClearFashionWidget/ClearFashionProduct.swift /Users/admin/builder/spi-builder-workspace/Sources/ClearFashionWidget/ClearFashionWidget.swift (in target 'ClearFashionWidget' from project 'ClearFashionWidget')
SwiftCompile normal arm64 /Users/admin/builder/spi-builder-workspace/Sources/ClearFashionWidget/ClearFashionProduct.swift (in target 'ClearFashionWidget' from project 'ClearFashionWidget')
cd /Users/admin/builder/spi-builder-workspace/.swiftpm/xcode
builtin-SwiftPerFileCompile ClearFashionProduct.swift
SwiftCompile normal arm64 /Users/admin/builder/spi-builder-workspace/Sources/ClearFashionWidget/ClearFashionWidget.swift (in target 'ClearFashionWidget' from project 'ClearFashionWidget')
cd /Users/admin/builder/spi-builder-workspace/.swiftpm/xcode
builtin-SwiftPerFileCompile ClearFashionWidget.swift
SwiftCompile normal arm64 Compiling\ MaterialsImpactSectionView.swift,\ String.swift /Users/admin/builder/spi-builder-workspace/Sources/ClearFashionWidget/MaterialsImpactSectionView.swift /Users/admin/builder/spi-builder-workspace/Sources/ClearFashionWidget/String.swift (in target 'ClearFashionWidget' from project 'ClearFashionWidget')
SwiftCompile normal arm64 /Users/admin/builder/spi-builder-workspace/Sources/ClearFashionWidget/MaterialsImpactSectionView.swift (in target 'ClearFashionWidget' from project 'ClearFashionWidget')
cd /Users/admin/builder/spi-builder-workspace/.swiftpm/xcode
builtin-SwiftPerFileCompile MaterialsImpactSectionView.swift
SwiftCompile normal arm64 /Users/admin/builder/spi-builder-workspace/Sources/ClearFashionWidget/String.swift (in target 'ClearFashionWidget' from project 'ClearFashionWidget')
cd /Users/admin/builder/spi-builder-workspace/.swiftpm/xcode
builtin-SwiftPerFileCompile String.swift
SwiftCompile normal arm64 Compiling\ FontBlaster.swift,\ FooterSectionView.swift /Users/admin/builder/spi-builder-workspace/Sources/ClearFashionWidget/FontBlaster.swift /Users/admin/builder/spi-builder-workspace/Sources/ClearFashionWidget/FooterSectionView.swift (in target 'ClearFashionWidget' from project 'ClearFashionWidget')
SwiftCompile normal arm64 /Users/admin/builder/spi-builder-workspace/Sources/ClearFashionWidget/FontBlaster.swift (in target 'ClearFashionWidget' from project 'ClearFashionWidget')
cd /Users/admin/builder/spi-builder-workspace/.swiftpm/xcode
builtin-SwiftPerFileCompile FontBlaster.swift
SwiftCompile normal arm64 /Users/admin/builder/spi-builder-workspace/Sources/ClearFashionWidget/FooterSectionView.swift (in target 'ClearFashionWidget' from project 'ClearFashionWidget')
cd /Users/admin/builder/spi-builder-workspace/.swiftpm/xcode
builtin-SwiftPerFileCompile FooterSectionView.swift
SwiftCompile normal arm64 Compiling\ CountryDescriptionView.swift,\ Font.swift /Users/admin/builder/spi-builder-workspace/Sources/ClearFashionWidget/CountryDescriptionView.swift /Users/admin/builder/spi-builder-workspace/Sources/ClearFashionWidget/Font.swift (in target 'ClearFashionWidget' from project 'ClearFashionWidget')
SwiftCompile normal arm64 /Users/admin/builder/spi-builder-workspace/Sources/ClearFashionWidget/CountryDescriptionView.swift (in target 'ClearFashionWidget' from project 'ClearFashionWidget')
cd /Users/admin/builder/spi-builder-workspace/.swiftpm/xcode
builtin-SwiftPerFileCompile CountryDescriptionView.swift
SwiftCompile normal arm64 /Users/admin/builder/spi-builder-workspace/Sources/ClearFashionWidget/Font.swift (in target 'ClearFashionWidget' from project 'ClearFashionWidget')
cd /Users/admin/builder/spi-builder-workspace/.swiftpm/xcode
builtin-SwiftPerFileCompile Font.swift
SwiftDriverJobDiscovery normal arm64 Emitting module for ClearFashionWidget (in target 'ClearFashionWidget' from project 'ClearFashionWidget')
SwiftDriver\ Compilation\ Requirements ClearFashionWidget normal arm64 com.apple.xcode.tools.swift.compiler (in target 'ClearFashionWidget' from project 'ClearFashionWidget')
cd /Users/admin/builder/spi-builder-workspace/.swiftpm/xcode
builtin-Swift-Compilation-Requirements -- /Applications/Xcode-27.0.0-Release.Candidate.app/Contents/Developer/Toolchains/XcodeDefault.xctoolchain/usr/bin/swiftc -parse-as-library -module-name ClearFashionWidget -Onone @/Users/admin/builder/spi-builder-workspace/.derivedData/Build/Intermediates.noindex/ClearFashionWidget.build/Debug-appletvos/ClearFashionWidget-t.build/Objects-normal/arm64/ClearFashionWidget.SwiftFileList -DSWIFT_PACKAGE -DDEBUG -DSWIFT_MODULE_RESOURCE_BUNDLE_AVAILABLE -DXcode -plugin-path /Applications/Xcode-27.0.0-Release.Candidate.app/Contents/Developer/Toolchains/XcodeDefault.xctoolchain/usr/lib/swift/host/plugins/testing -enable-experimental-feature DebugDescriptionMacro -sdk /Applications/Xcode-27.0.0-Release.Candidate.app/Contents/Developer/Platforms/AppleTVOS.platform/Developer/SDKs/AppleTVOS27.0.sdk -target arm64-apple-tvos15.0 -g -module-cache-path /Users/admin/builder/spi-builder-workspace/.derivedData/ModuleCache.noindex -Xfrontend -serialize-debugging-options -profile-coverage-mapping -profile-generate -enable-testing -index-store-path /Users/admin/builder/spi-builder-workspace/.derivedData/Index.noindex/DataStore -Xcc -D_LIBCPP_HARDENING_MODE\=_LIBCPP_HARDENING_MODE_DEBUG -swift-version 5 -I /Users/admin/builder/spi-builder-workspace/.derivedData/Build/Products/Debug-appletvos -Isystem /Applications/Xcode-27.0.0-Release.Candidate.app/Contents/Developer/Platforms/AppleTVOS.platform/Developer/usr/lib -F /Users/admin/builder/spi-builder-workspace/.derivedData/Build/Products/Debug-appletvos -F /Applications/Xcode-27.0.0-Release.Candidate.app/Contents/Developer/Platforms/AppleTVOS.platform/Developer/Library/Frameworks -F /Applications/Xcode-27.0.0-Release.Candidate.app/Contents/Developer/Platforms/AppleTVOS.platform/Developer/SDKs/AppleTVOS27.0.sdk/Developer/Library/Frameworks -emit-localized-strings -emit-localized-strings-path /Users/admin/builder/spi-builder-workspace/.derivedData/Build/Intermediates.noindex/ClearFashionWidget.build/Debug-appletvos/ClearFashionWidget-t.build/Objects-normal/arm64 -c -j10 -enable-batch-mode -incremental -Xcc -ivfsstatcache -Xcc /Users/admin/builder/spi-builder-workspace/.derivedData/SDKStatCaches.noindex/appletvos27.0-24J360-e829b21a6f8c9b70876ba0858053c044b32bfd8d43560033f8d89884cdb90028.sdkstatcache -output-file-map /Users/admin/builder/spi-builder-workspace/.derivedData/Build/Intermediates.noindex/ClearFashionWidget.build/Debug-appletvos/ClearFashionWidget-t.build/Objects-normal/arm64/ClearFashionWidget-OutputFileMap.json -save-temps -no-color-diagnostics -explicit-module-build -module-cache-path /Users/admin/builder/spi-builder-workspace/.derivedData/Build/Intermediates.noindex/SwiftExplicitPrecompiledModules -clang-scanner-module-cache-path /Users/admin/builder/spi-builder-workspace/.derivedData/ModuleCache.noindex -sdk-module-cache-path /Users/admin/builder/spi-builder-workspace/.derivedData/SDKExplicitPrecompiledModules -emit-dependencies -emit-module -emit-module-path /Users/admin/builder/spi-builder-workspace/.derivedData/Build/Intermediates.noindex/ClearFashionWidget.build/Debug-appletvos/ClearFashionWidget-t.build/Objects-normal/arm64/ClearFashionWidget.swiftmodule -serialize-diagnostics -dependency-scan-serialize-diagnostics-path /Users/admin/builder/spi-builder-workspace/.derivedData/Build/Intermediates.noindex/ClearFashionWidget.build/Debug-appletvos/ClearFashionWidget-t.build/Objects-normal/arm64/ClearFashionWidget-dependency-scan.dia -validate-clang-modules-once -clang-build-session-file /Users/admin/builder/spi-builder-workspace/.derivedData/ModuleCache.noindex/Session.modulevalidation -Xcc -fmodules-prune-interval\=86400 -Xcc -fmodules-prune-after\=345600 -emit-const-values -const-gather-protocols-list /Users/admin/builder/spi-builder-workspace/.derivedData/Build/Intermediates.noindex/ClearFashionWidget.build/Debug-appletvos/ClearFashionWidget-t.build/Objects-normal/arm64/ClearFashionWidget_const_extract_protocols.json -Xcc -I/Users/admin/builder/spi-builder-workspace/.derivedData/Build/Products/Debug-appletvos/include -Xcc -I/Users/admin/builder/spi-builder-workspace/.derivedData/Build/Intermediates.noindex/ClearFashionWidget.build/Debug-appletvos/ClearFashionWidget-t.build/DerivedSources-normal/arm64 -Xcc -I/Users/admin/builder/spi-builder-workspace/.derivedData/Build/Intermediates.noindex/ClearFashionWidget.build/Debug-appletvos/ClearFashionWidget-t.build/DerivedSources/arm64 -Xcc -I/Users/admin/builder/spi-builder-workspace/.derivedData/Build/Intermediates.noindex/ClearFashionWidget.build/Debug-appletvos/ClearFashionWidget-t.build/DerivedSources -Xcc -DSWIFT_PACKAGE -Xcc -DDEBUG\=1 -emit-objc-header -emit-objc-header-path /Users/admin/builder/spi-builder-workspace/.derivedData/Build/Intermediates.noindex/ClearFashionWidget.build/Debug-appletvos/ClearFashionWidget-t.build/Objects-normal/arm64/ClearFashionWidget-Swift.h -working-directory /Users/admin/builder/spi-builder-workspace/.swiftpm/xcode -experimental-emit-module-separately -disable-cmo
SwiftDriverJobDiscovery normal arm64 Compiling resource_bundle_accessor.swift, Bundle.swift, ButtonView.swift (in target 'ClearFashionWidget' from project 'ClearFashionWidget')
SwiftMergeGeneratedHeaders /Users/admin/builder/spi-builder-workspace/.derivedData/Build/Intermediates.noindex/GeneratedModuleMaps-appletvos/ClearFashionWidget-Swift.h /Users/admin/builder/spi-builder-workspace/.derivedData/Build/Intermediates.noindex/ClearFashionWidget.build/Debug-appletvos/ClearFashionWidget-t.build/Objects-normal/arm64/ClearFashionWidget-Swift.h (in target 'ClearFashionWidget' from project 'ClearFashionWidget')
cd /Users/admin/builder/spi-builder-workspace
builtin-swiftHeaderTool -arch arm64 /Users/admin/builder/spi-builder-workspace/.derivedData/Build/Intermediates.noindex/ClearFashionWidget.build/Debug-appletvos/ClearFashionWidget-t.build/Objects-normal/arm64/ClearFashionWidget-Swift.h -o /Users/admin/builder/spi-builder-workspace/.derivedData/Build/Intermediates.noindex/GeneratedModuleMaps-appletvos/ClearFashionWidget-Swift.h
Copy /Users/admin/builder/spi-builder-workspace/.derivedData/Build/Products/Debug-appletvos/ClearFashionWidget.swiftmodule/arm64-apple-tvos.swiftmodule /Users/admin/builder/spi-builder-workspace/.derivedData/Build/Intermediates.noindex/ClearFashionWidget.build/Debug-appletvos/ClearFashionWidget-t.build/Objects-normal/arm64/ClearFashionWidget.swiftmodule (in target 'ClearFashionWidget' from project 'ClearFashionWidget')
cd /Users/admin/builder/spi-builder-workspace
builtin-copy -exclude .DS_Store -exclude CVS -exclude .svn -exclude .git -exclude .hg -resolve-src-symlinks -rename /Users/admin/builder/spi-builder-workspace/.derivedData/Build/Intermediates.noindex/ClearFashionWidget.build/Debug-appletvos/ClearFashionWidget-t.build/Objects-normal/arm64/ClearFashionWidget.swiftmodule /Users/admin/builder/spi-builder-workspace/.derivedData/Build/Products/Debug-appletvos/ClearFashionWidget.swiftmodule/arm64-apple-tvos.swiftmodule
Copy /Users/admin/builder/spi-builder-workspace/.derivedData/Build/Products/Debug-appletvos/ClearFashionWidget.swiftmodule/arm64-apple-tvos.swiftdoc /Users/admin/builder/spi-builder-workspace/.derivedData/Build/Intermediates.noindex/ClearFashionWidget.build/Debug-appletvos/ClearFashionWidget-t.build/Objects-normal/arm64/ClearFashionWidget.swiftdoc (in target 'ClearFashionWidget' from project 'ClearFashionWidget')
cd /Users/admin/builder/spi-builder-workspace
builtin-copy -exclude .DS_Store -exclude CVS -exclude .svn -exclude .git -exclude .hg -resolve-src-symlinks -rename /Users/admin/builder/spi-builder-workspace/.derivedData/Build/Intermediates.noindex/ClearFashionWidget.build/Debug-appletvos/ClearFashionWidget-t.build/Objects-normal/arm64/ClearFashionWidget.swiftdoc /Users/admin/builder/spi-builder-workspace/.derivedData/Build/Products/Debug-appletvos/ClearFashionWidget.swiftmodule/arm64-apple-tvos.swiftdoc
Copy /Users/admin/builder/spi-builder-workspace/.derivedData/Build/Products/Debug-appletvos/ClearFashionWidget.swiftmodule/arm64-apple-tvos.abi.json /Users/admin/builder/spi-builder-workspace/.derivedData/Build/Intermediates.noindex/ClearFashionWidget.build/Debug-appletvos/ClearFashionWidget-t.build/Objects-normal/arm64/ClearFashionWidget.abi.json (in target 'ClearFashionWidget' from project 'ClearFashionWidget')
cd /Users/admin/builder/spi-builder-workspace
builtin-copy -exclude .DS_Store -exclude CVS -exclude .svn -exclude .git -exclude .hg -resolve-src-symlinks -rename /Users/admin/builder/spi-builder-workspace/.derivedData/Build/Intermediates.noindex/ClearFashionWidget.build/Debug-appletvos/ClearFashionWidget-t.build/Objects-normal/arm64/ClearFashionWidget.abi.json /Users/admin/builder/spi-builder-workspace/.derivedData/Build/Products/Debug-appletvos/ClearFashionWidget.swiftmodule/arm64-apple-tvos.abi.json
Copy /Users/admin/builder/spi-builder-workspace/.derivedData/Build/Products/Debug-appletvos/ClearFashionWidget.swiftmodule/Project/arm64-apple-tvos.swiftsourceinfo /Users/admin/builder/spi-builder-workspace/.derivedData/Build/Intermediates.noindex/ClearFashionWidget.build/Debug-appletvos/ClearFashionWidget-t.build/Objects-normal/arm64/ClearFashionWidget.swiftsourceinfo (in target 'ClearFashionWidget' from project 'ClearFashionWidget')
cd /Users/admin/builder/spi-builder-workspace
builtin-copy -exclude .DS_Store -exclude CVS -exclude .svn -exclude .git -exclude .hg -resolve-src-symlinks -rename /Users/admin/builder/spi-builder-workspace/.derivedData/Build/Intermediates.noindex/ClearFashionWidget.build/Debug-appletvos/ClearFashionWidget-t.build/Objects-normal/arm64/ClearFashionWidget.swiftsourceinfo /Users/admin/builder/spi-builder-workspace/.derivedData/Build/Products/Debug-appletvos/ClearFashionWidget.swiftmodule/Project/arm64-apple-tvos.swiftsourceinfo
SwiftDriverJobDiscovery normal arm64 Compiling CountryDescriptionView.swift, Font.swift (in target 'ClearFashionWidget' from project 'ClearFashionWidget')
SwiftDriverJobDiscovery normal arm64 Compiling ClearFashionProduct.swift, ClearFashionWidget.swift (in target 'ClearFashionWidget' from project 'ClearFashionWidget')
SwiftDriverJobDiscovery normal arm64 Compiling FontBlaster.swift, FooterSectionView.swift (in target 'ClearFashionWidget' from project 'ClearFashionWidget')
PruneExplicitPrecompiledModules /Users/admin/builder/spi-builder-workspace/.derivedData/Build/Intermediates.noindex/ExplicitPrecompiledModules
PruneExplicitPrecompiledModules /Users/admin/builder/spi-builder-workspace/.derivedData/Build/Intermediates.noindex/SwiftExplicitPrecompiledModules
PruneExplicitPrecompiledModules /Users/admin/builder/spi-builder-workspace/.derivedData/SDKExplicitPrecompiledModules
2026-09-18 19:41:30.289 xcodebuild[624:3994] [MT] IDERunDestination: Supported platforms for the buildables in the current scheme is empty.
** BUILD FAILED **
The following build commands failed:
SwiftCompile normal arm64 Compiling\ FullScreenView.swift,\ HeaderSectionView.swift /Users/admin/builder/spi-builder-workspace/Sources/ClearFashionWidget/FullScreenView.swift /Users/admin/builder/spi-builder-workspace/Sources/ClearFashionWidget/HeaderSectionView.swift (in target 'ClearFashionWidget' from project 'ClearFashionWidget')
SwiftCompile normal arm64 /Users/admin/builder/spi-builder-workspace/Sources/ClearFashionWidget/FullScreenView.swift (in target 'ClearFashionWidget' from project 'ClearFashionWidget')
SwiftCompile normal arm64 Compiling\ MainSectionView.swift,\ MaterialDescriptionView.swift /Users/admin/builder/spi-builder-workspace/Sources/ClearFashionWidget/MainSectionView.swift /Users/admin/builder/spi-builder-workspace/Sources/ClearFashionWidget/MaterialDescriptionView.swift (in target 'ClearFashionWidget' from project 'ClearFashionWidget')
SwiftCompile normal arm64 /Users/admin/builder/spi-builder-workspace/Sources/ClearFashionWidget/MainSectionView.swift (in target 'ClearFashionWidget' from project 'ClearFashionWidget')
Building workspace ClearFashionWidget with scheme ClearFashionWidget
(5 failures)
Command line invocation:
/Applications/Xcode-27.0.0-Release.Candidate.app/Contents/Developer/usr/bin/xcodebuild -IDEClonedSourcePackagesDirPathOverride=/Users/admin/builder/spi-builder-workspace/.dependencies -resolvePackageDependencies
Resolve Package Graph
Resolved source packages:
ClearFashionWidget: /Users/admin/builder/spi-builder-workspace
resolved source packages: ClearFashionWidget
2026-09-18 19:41:41.065 xcodebuild[768:4743] [MT] IDERunDestination: Supported platforms for the buildables in the current scheme is empty.
{
"default_localization" : "fr",
"dependencies" : [
],
"manifest_display_name" : "ClearFashionWidget",
"name" : "ClearFashionWidget",
"path" : "/Users/admin/builder/spi-builder-workspace",
"platforms" : [
{
"name" : "ios",
"version" : "13.0"
},
{
"name" : "macos",
"version" : "11.0"
}
],
"products" : [
{
"name" : "ClearFashionWidget",
"targets" : [
"ClearFashionWidget"
],
"type" : {
"library" : [
"automatic"
]
}
}
],
"targets" : [
{
"c99name" : "ClearFashionWidgetTests",
"module_type" : "SwiftTarget",
"name" : "ClearFashionWidgetTests",
"path" : "Tests/ClearFashionWidgetTests",
"sources" : [
"ClearFashionWidgetTests.swift"
],
"target_dependencies" : [
"ClearFashionWidget"
],
"type" : "test"
},
{
"c99name" : "ClearFashionWidget",
"module_type" : "SwiftTarget",
"name" : "ClearFashionWidget",
"path" : "Sources/ClearFashionWidget",
"product_memberships" : [
"ClearFashionWidget"
],
"resources" : [
{
"path" : "/Users/admin/builder/spi-builder-workspace/Sources/ClearFashionWidget/Resources/Assets.xcassets",
"rule" : {
"process" : {
}
}
},
{
"path" : "/Users/admin/builder/spi-builder-workspace/Sources/ClearFashionWidget/Resources/Fonts/Inter-Medium.ttf",
"rule" : {
"process" : {
}
}
},
{
"path" : "/Users/admin/builder/spi-builder-workspace/Sources/ClearFashionWidget/Resources/Fonts/Inter-Regular.ttf",
"rule" : {
"process" : {
}
}
},
{
"path" : "/Users/admin/builder/spi-builder-workspace/Sources/ClearFashionWidget/Resources/Fonts/Inter-SemiBold.ttf",
"rule" : {
"process" : {
}
}
},
{
"path" : "/Users/admin/builder/spi-builder-workspace/Sources/ClearFashionWidget/Resources/en.lproj/Localizable.strings",
"rule" : {
"process" : {
"localization" : "en"
}
}
},
{
"path" : "/Users/admin/builder/spi-builder-workspace/Sources/ClearFashionWidget/Resources/fr.lproj/Localizable.strings",
"rule" : {
"process" : {
"localization" : "fr"
}
}
}
],
"sources" : [
"Bundle.swift",
"ButtonView.swift",
"ClearFashionProduct.swift",
"ClearFashionWidget.swift",
"Color.swift",
"CountriesSectionView.swift",
"CountryDescriptionView.swift",
"Font.swift",
"FontBlaster.swift",
"FooterSectionView.swift",
"FullScreenView.swift",
"HeaderSectionView.swift",
"Image.swift",
"LoadingView.swift",
"MainSectionView.swift",
"MaterialDescriptionView.swift",
"MaterialsImpactSectionView.swift",
"String.swift",
"URLSession.swift"
],
"type" : "library"
}
],
"tools_version" : "5.5"
}
{
"workspace" : {
"name" : "ClearFashionWidget",
"schemes" : [
"ClearFashionWidget"
]
}
}
2026-09-18 19:41:42.262 xcodebuild[776:4822] [MT] IDERunDestination: Supported platforms for the buildables in the current scheme is empty.
Running build ...
env DEVELOPER_DIR=/Applications/Xcode-27.0.0-Release.Candidate.app xcrun xcodebuild -IDEClonedSourcePackagesDirPathOverride=$PWD/.dependencies -skipMacroValidation -skipPackagePluginValidation -derivedDataPath $PWD/.derivedData build -scheme ClearFashionWidget -destination generic/platform=tvOS
Command line invocation:
/Applications/Xcode-27.0.0-Release.Candidate.app/Contents/Developer/usr/bin/xcodebuild -IDEClonedSourcePackagesDirPathOverride=/Users/admin/builder/spi-builder-workspace/.dependencies -skipMacroValidation -skipPackagePluginValidation -derivedDataPath /Users/admin/builder/spi-builder-workspace/.derivedData build -scheme ClearFashionWidget -destination generic/platform=tvOS
Resolve Package Graph
Resolved source packages:
ClearFashionWidget: /Users/admin/builder/spi-builder-workspace
ComputePackagePrebuildTargetDependencyGraph
Prepare packages
CreateBuildRequest
SendProjectDescription
CreateBuildOperation
ComputeTargetDependencyGraph
note: Building targets in dependency order
note: Target dependency graph (3 targets)
Target 'ClearFashionWidget-product' in project 'ClearFashionWidget'
➜ Explicit dependency on target 'ClearFashionWidget' in project 'ClearFashionWidget'
➜ Explicit dependency on target 'ClearFashionWidget_ClearFashionWidget' in project 'ClearFashionWidget'
Target 'ClearFashionWidget' in project 'ClearFashionWidget'
➜ Explicit dependency on target 'ClearFashionWidget_ClearFashionWidget' in project 'ClearFashionWidget'
Target 'ClearFashionWidget_ClearFashionWidget' in project 'ClearFashionWidget' (no dependencies)
GatherProvisioningInputs
CreateBuildDescription
ClangStatCache /Applications/Xcode-27.0.0-Release.Candidate.app/Contents/Developer/Toolchains/XcodeDefault.xctoolchain/usr/bin/clang-stat-cache /Applications/Xcode-27.0.0-Release.Candidate.app/Contents/Developer/Platforms/AppleTVOS.platform/Developer/SDKs/AppleTVOS27.0.sdk /Users/admin/builder/spi-builder-workspace/.derivedData/SDKStatCaches.noindex/appletvos27.0-24J360-e829b21a6f8c9b70876ba0858053c044b32bfd8d43560033f8d89884cdb90028.sdkstatcache
cd /Users/admin/builder/spi-builder-workspace/.swiftpm/xcode
/Applications/Xcode-27.0.0-Release.Candidate.app/Contents/Developer/Toolchains/XcodeDefault.xctoolchain/usr/bin/clang-stat-cache /Applications/Xcode-27.0.0-Release.Candidate.app/Contents/Developer/Platforms/AppleTVOS.platform/Developer/SDKs/AppleTVOS27.0.sdk -o /Users/admin/builder/spi-builder-workspace/.derivedData/SDKStatCaches.noindex/appletvos27.0-24J360-e829b21a6f8c9b70876ba0858053c044b32bfd8d43560033f8d89884cdb90028.sdkstatcache
SwiftDriver ClearFashionWidget normal arm64 com.apple.xcode.tools.swift.compiler (in target 'ClearFashionWidget' from project 'ClearFashionWidget')
cd /Users/admin/builder/spi-builder-workspace/.swiftpm/xcode
builtin-SwiftDriver -- /Applications/Xcode-27.0.0-Release.Candidate.app/Contents/Developer/Toolchains/XcodeDefault.xctoolchain/usr/bin/swiftc -parse-as-library -module-name ClearFashionWidget -Onone @/Users/admin/builder/spi-builder-workspace/.derivedData/Build/Intermediates.noindex/ClearFashionWidget.build/Debug-appletvos/ClearFashionWidget-t.build/Objects-normal/arm64/ClearFashionWidget.SwiftFileList -DSWIFT_PACKAGE -DDEBUG -DSWIFT_MODULE_RESOURCE_BUNDLE_AVAILABLE -DXcode -plugin-path /Applications/Xcode-27.0.0-Release.Candidate.app/Contents/Developer/Toolchains/XcodeDefault.xctoolchain/usr/lib/swift/host/plugins/testing -enable-experimental-feature DebugDescriptionMacro -sdk /Applications/Xcode-27.0.0-Release.Candidate.app/Contents/Developer/Platforms/AppleTVOS.platform/Developer/SDKs/AppleTVOS27.0.sdk -target arm64-apple-tvos15.0 -g -module-cache-path /Users/admin/builder/spi-builder-workspace/.derivedData/ModuleCache.noindex -Xfrontend -serialize-debugging-options -profile-coverage-mapping -profile-generate -enable-testing -index-store-path /Users/admin/builder/spi-builder-workspace/.derivedData/Index.noindex/DataStore -Xcc -D_LIBCPP_HARDENING_MODE\=_LIBCPP_HARDENING_MODE_DEBUG -swift-version 5 -I /Users/admin/builder/spi-builder-workspace/.derivedData/Build/Products/Debug-appletvos -Isystem /Applications/Xcode-27.0.0-Release.Candidate.app/Contents/Developer/Platforms/AppleTVOS.platform/Developer/usr/lib -F /Users/admin/builder/spi-builder-workspace/.derivedData/Build/Products/Debug-appletvos -F /Applications/Xcode-27.0.0-Release.Candidate.app/Contents/Developer/Platforms/AppleTVOS.platform/Developer/Library/Frameworks -F /Applications/Xcode-27.0.0-Release.Candidate.app/Contents/Developer/Platforms/AppleTVOS.platform/Developer/SDKs/AppleTVOS27.0.sdk/Developer/Library/Frameworks -emit-localized-strings -emit-localized-strings-path /Users/admin/builder/spi-builder-workspace/.derivedData/Build/Intermediates.noindex/ClearFashionWidget.build/Debug-appletvos/ClearFashionWidget-t.build/Objects-normal/arm64 -c -j10 -enable-batch-mode -incremental -Xcc -ivfsstatcache -Xcc /Users/admin/builder/spi-builder-workspace/.derivedData/SDKStatCaches.noindex/appletvos27.0-24J360-e829b21a6f8c9b70876ba0858053c044b32bfd8d43560033f8d89884cdb90028.sdkstatcache -output-file-map /Users/admin/builder/spi-builder-workspace/.derivedData/Build/Intermediates.noindex/ClearFashionWidget.build/Debug-appletvos/ClearFashionWidget-t.build/Objects-normal/arm64/ClearFashionWidget-OutputFileMap.json -save-temps -no-color-diagnostics -explicit-module-build -module-cache-path /Users/admin/builder/spi-builder-workspace/.derivedData/Build/Intermediates.noindex/SwiftExplicitPrecompiledModules -clang-scanner-module-cache-path /Users/admin/builder/spi-builder-workspace/.derivedData/ModuleCache.noindex -sdk-module-cache-path /Users/admin/builder/spi-builder-workspace/.derivedData/SDKExplicitPrecompiledModules -emit-dependencies -emit-module -emit-module-path /Users/admin/builder/spi-builder-workspace/.derivedData/Build/Intermediates.noindex/ClearFashionWidget.build/Debug-appletvos/ClearFashionWidget-t.build/Objects-normal/arm64/ClearFashionWidget.swiftmodule -serialize-diagnostics -dependency-scan-serialize-diagnostics-path /Users/admin/builder/spi-builder-workspace/.derivedData/Build/Intermediates.noindex/ClearFashionWidget.build/Debug-appletvos/ClearFashionWidget-t.build/Objects-normal/arm64/ClearFashionWidget-dependency-scan.dia -validate-clang-modules-once -clang-build-session-file /Users/admin/builder/spi-builder-workspace/.derivedData/ModuleCache.noindex/Session.modulevalidation -Xcc -fmodules-prune-interval\=86400 -Xcc -fmodules-prune-after\=345600 -emit-const-values -const-gather-protocols-list /Users/admin/builder/spi-builder-workspace/.derivedData/Build/Intermediates.noindex/ClearFashionWidget.build/Debug-appletvos/ClearFashionWidget-t.build/Objects-normal/arm64/ClearFashionWidget_const_extract_protocols.json -Xcc -I/Users/admin/builder/spi-builder-workspace/.derivedData/Build/Products/Debug-appletvos/include -Xcc -I/Users/admin/builder/spi-builder-workspace/.derivedData/Build/Intermediates.noindex/ClearFashionWidget.build/Debug-appletvos/ClearFashionWidget-t.build/DerivedSources-normal/arm64 -Xcc -I/Users/admin/builder/spi-builder-workspace/.derivedData/Build/Intermediates.noindex/ClearFashionWidget.build/Debug-appletvos/ClearFashionWidget-t.build/DerivedSources/arm64 -Xcc -I/Users/admin/builder/spi-builder-workspace/.derivedData/Build/Intermediates.noindex/ClearFashionWidget.build/Debug-appletvos/ClearFashionWidget-t.build/DerivedSources -Xcc -DSWIFT_PACKAGE -Xcc -DDEBUG\=1 -emit-objc-header -emit-objc-header-path /Users/admin/builder/spi-builder-workspace/.derivedData/Build/Intermediates.noindex/ClearFashionWidget.build/Debug-appletvos/ClearFashionWidget-t.build/Objects-normal/arm64/ClearFashionWidget-Swift.h -working-directory /Users/admin/builder/spi-builder-workspace/.swiftpm/xcode -experimental-emit-module-separately -disable-cmo
SwiftCompile normal arm64 Compiling\ Color.swift,\ CountriesSectionView.swift /Users/admin/builder/spi-builder-workspace/Sources/ClearFashionWidget/Color.swift /Users/admin/builder/spi-builder-workspace/Sources/ClearFashionWidget/CountriesSectionView.swift (in target 'ClearFashionWidget' from project 'ClearFashionWidget')
SwiftCompile normal arm64 /Users/admin/builder/spi-builder-workspace/Sources/ClearFashionWidget/Color.swift (in target 'ClearFashionWidget' from project 'ClearFashionWidget')
cd /Users/admin/builder/spi-builder-workspace/.swiftpm/xcode
builtin-SwiftPerFileCompile Color.swift
SwiftCompile normal arm64 /Users/admin/builder/spi-builder-workspace/Sources/ClearFashionWidget/CountriesSectionView.swift (in target 'ClearFashionWidget' from project 'ClearFashionWidget')
cd /Users/admin/builder/spi-builder-workspace/.swiftpm/xcode
builtin-SwiftPerFileCompile CountriesSectionView.swift
SwiftCompile normal arm64 Compiling\ MainSectionView.swift /Users/admin/builder/spi-builder-workspace/Sources/ClearFashionWidget/MainSectionView.swift (in target 'ClearFashionWidget' from project 'ClearFashionWidget')
/Users/admin/builder/spi-builder-workspace/Sources/ClearFashionWidget/MainSectionView.swift:26:31: error: 'borderless' is only available in tvOS 17.0 or newer
8 | import SwiftUI
9 |
10 | struct MainSectionView: View {
| `- note: add '@available' attribute to enclosing struct
11 | @State private var isDisplayFullScreen: Bool = false
12 | var product: ClearFashionProduct?
:
16 | }
17 |
18 | var body: some View {
| `- note: add '@available' attribute to enclosing property
19 | if (product == nil) {
20 | LoadingView()
:
24 | ButtonView(hasMaterialImpacts: product!.hasMaterialImpacts)
25 | }
26 | .buttonStyle(.borderless)
| |- error: 'borderless' is only available in tvOS 17.0 or newer
| `- note: add 'if #available' version check
27 | .popover(
28 | isPresented: $isDisplayFullScreen,
/Users/admin/builder/spi-builder-workspace/Sources/ClearFashionWidget/MainSectionView.swift:27:18: error: 'popover(isPresented:attachmentAnchor:arrowEdge:content:)' is unavailable in tvOS
25 | }
26 | .buttonStyle(.borderless)
27 | .popover(
| `- error: 'popover(isPresented:attachmentAnchor:arrowEdge:content:)' is unavailable in tvOS
28 | isPresented: $isDisplayFullScreen,
29 | arrowEdge: .bottom
SwiftUI.View.popover:4:51: note: 'popover(isPresented:attachmentAnchor:arrowEdge:content:)' has been explicitly marked unavailable here
2 | @available(tvOS, unavailable)
3 | @available(watchOS, unavailable)
4 | @export(implementation) nonisolated public func popover<Content>(isPresented: Binding<Bool>, attachmentAnchor: PopoverAttachmentAnchor = .rect(.bounds), arrowEdge: Edge? = nil, @ContentBuilder content: @escaping () -> Content) -> some View where Content : View
| `- note: 'popover(isPresented:attachmentAnchor:arrowEdge:content:)' has been explicitly marked unavailable here
5 | }
6 |
Failed frontend command:
SwiftCompile normal arm64 /Users/admin/builder/spi-builder-workspace/Sources/ClearFashionWidget/MainSectionView.swift (in target 'ClearFashionWidget' from project 'ClearFashionWidget')
cd /Users/admin/builder/spi-builder-workspace/.swiftpm/xcode
builtin-SwiftPerFileCompile MainSectionView.swift
/Applications/Xcode-27.0.0-Release.Candidate.app/Contents/Developer/Toolchains/XcodeDefault.xctoolchain/usr/bin/swift-frontend -frontend -c /Users/admin/builder/spi-builder-workspace/.derivedData/Build/Intermediates.noindex/ClearFashionWidget.build/Debug-appletvos/ClearFashionWidget-t.build/DerivedSources/resource_bundle_accessor.swift /Users/admin/builder/spi-builder-workspace/Sources/ClearFashionWidget/Bundle.swift /Users/admin/builder/spi-builder-workspace/Sources/ClearFashionWidget/ButtonView.swift /Users/admin/builder/spi-builder-workspace/Sources/ClearFashionWidget/ClearFashionProduct.swift /Users/admin/builder/spi-builder-workspace/Sources/ClearFashionWidget/ClearFashionWidget.swift /Users/admin/builder/spi-builder-workspace/Sources/ClearFashionWidget/Color.swift /Users/admin/builder/spi-builder-workspace/Sources/ClearFashionWidget/CountriesSectionView.swift /Users/admin/builder/spi-builder-workspace/Sources/ClearFashionWidget/CountryDescriptionView.swift /Users/admin/builder/spi-builder-workspace/Sources/ClearFashionWidget/Font.swift /Users/admin/builder/spi-builder-workspace/Sources/ClearFashionWidget/FontBlaster.swift /Users/admin/builder/spi-builder-workspace/Sources/ClearFashionWidget/FooterSectionView.swift /Users/admin/builder/spi-builder-workspace/Sources/ClearFashionWidget/FullScreenView.swift /Users/admin/builder/spi-builder-workspace/Sources/ClearFashionWidget/HeaderSectionView.swift /Users/admin/builder/spi-builder-workspace/Sources/ClearFashionWidget/Image.swift /Users/admin/builder/spi-builder-workspace/Sources/ClearFashionWidget/LoadingView.swift -primary-file /Users/admin/builder/spi-builder-workspace/Sources/ClearFashionWidget/MainSectionView.swift /Users/admin/builder/spi-builder-workspace/Sources/ClearFashionWidget/MaterialDescriptionView.swift /Users/admin/builder/spi-builder-workspace/Sources/ClearFashionWidget/MaterialsImpactSectionView.swift /Users/admin/builder/spi-builder-workspace/Sources/ClearFashionWidget/String.swift /Users/admin/builder/spi-builder-workspace/Sources/ClearFashionWidget/URLSession.swift /Users/admin/builder/spi-builder-workspace/.derivedData/Build/Intermediates.noindex/ClearFashionWidget.build/Debug-appletvos/ClearFashionWidget-t.build/DerivedSources/GeneratedAssetSymbols.swift -emit-dependencies-path /Users/admin/builder/spi-builder-workspace/.derivedData/Build/Intermediates.noindex/ClearFashionWidget.build/Debug-appletvos/ClearFashionWidget-t.build/Objects-normal/arm64/MainSectionView.d -emit-const-values-path /Users/admin/builder/spi-builder-workspace/.derivedData/Build/Intermediates.noindex/ClearFashionWidget.build/Debug-appletvos/ClearFashionWidget-t.build/Objects-normal/arm64/MainSectionView.swiftconstvalues -emit-reference-dependencies-path /Users/admin/builder/spi-builder-workspace/.derivedData/Build/Intermediates.noindex/ClearFashionWidget.build/Debug-appletvos/ClearFashionWidget-t.build/Objects-normal/arm64/MainSectionView.swiftdeps -serialize-diagnostics-path /Users/admin/builder/spi-builder-workspace/.derivedData/Build/Intermediates.noindex/ClearFashionWidget.build/Debug-appletvos/ClearFashionWidget-t.build/Objects-normal/arm64/MainSectionView.dia -emit-localized-strings -emit-localized-strings-path /Users/admin/builder/spi-builder-workspace/.derivedData/Build/Intermediates.noindex/ClearFashionWidget.build/Debug-appletvos/ClearFashionWidget-t.build/Objects-normal/arm64 -target arm64-apple-tvos15.0 -module-can-import-version DeveloperToolsSupport 24.0.24 24.0.24 -module-can-import-version SwiftUI 8.0.84 8.0.84 -module-can-import-version UIKit 9127.0.84.1 9127.0.84 -disable-cross-import-overlay-search -load-resolved-plugin /Applications/Xcode-27.0.0-Release.Candidate.app/Contents/Developer/Platforms/AppleTVOS.platform/Developer/usr/lib/swift/host/plugins/libFoundationMacros.dylib\#/Applications/Xcode-27.0.0-Release.Candidate.app/Contents/Developer/Platforms/AppleTVOS.platform/Developer/usr/bin/swift-plugin-server\#FoundationMacros -load-resolved-plugin /Applications/Xcode-27.0.0-Release.Candidate.app/Contents/Developer/Platforms/AppleTVOS.platform/Developer/usr/lib/swift/host/plugins/libObservationMacros.dylib\#/Applications/Xcode-27.0.0-Release.Candidate.app/Contents/Developer/Platforms/AppleTVOS.platform/Developer/usr/bin/swift-plugin-server\#ObservationMacros -load-resolved-plugin /Applications/Xcode-27.0.0-Release.Candidate.app/Contents/Developer/Platforms/AppleTVOS.platform/Developer/usr/lib/swift/host/plugins/libPreviewsMacros.dylib\#/Applications/Xcode-27.0.0-Release.Candidate.app/Contents/Developer/Platforms/AppleTVOS.platform/Developer/usr/bin/swift-plugin-server\#PreviewsMacros -load-resolved-plugin /Applications/Xcode-27.0.0-Release.Candidate.app/Contents/Developer/Platforms/AppleTVOS.platform/Developer/usr/lib/swift/host/plugins/libSwiftMacros.dylib\#/Applications/Xcode-27.0.0-Release.Candidate.app/Contents/Developer/Platforms/AppleTVOS.platform/Developer/usr/bin/swift-plugin-server\#SwiftMacros -load-resolved-plugin /Applications/Xcode-27.0.0-Release.Candidate.app/Contents/Developer/Platforms/AppleTVOS.platform/Developer/usr/lib/swift/host/plugins/libSwiftUIMacros.dylib\#/Applications/Xcode-27.0.0-Release.Candidate.app/Contents/Developer/Platforms/AppleTVOS.platform/Developer/usr/bin/swift-plugin-server\#SwiftUIMacros -disable-implicit-swift-modules -Xcc -fno-implicit-modules -Xcc -fno-implicit-module-maps -explicit-swift-module-map-file /Users/admin/builder/spi-builder-workspace/.derivedData/Build/Intermediates.noindex/ClearFashionWidget.build/Debug-appletvos/ClearFashionWidget-t.build/Objects-normal/arm64/ClearFashionWidget-dependencies-1.json -Xllvm -aarch64-use-tbi -enable-objc-interop -stack-check -sdk /Applications/Xcode-27.0.0-Release.Candidate.app/Contents/Developer/Platforms/AppleTVOS.platform/Developer/SDKs/AppleTVOS27.0.sdk -I /Users/admin/builder/spi-builder-workspace/.derivedData/Build/Products/Debug-appletvos -Isystem /Applications/Xcode-27.0.0-Release.Candidate.app/Contents/Developer/Platforms/AppleTVOS.platform/Developer/usr/lib -F /Users/admin/builder/spi-builder-workspace/.derivedData/Build/Products/Debug-appletvos -F /Applications/Xcode-27.0.0-Release.Candidate.app/Contents/Developer/Platforms/AppleTVOS.platform/Developer/Library/Frameworks -F /Applications/Xcode-27.0.0-Release.Candidate.app/Contents/Developer/Platforms/AppleTVOS.platform/Developer/SDKs/AppleTVOS27.0.sdk/Developer/Library/Frameworks -module-cache-path /Users/admin/builder/spi-builder-workspace/.derivedData/Build/Intermediates.noindex/SwiftExplicitPrecompiledModules -no-color-diagnostics -Xcc -fno-color-diagnostics -enable-testing -g -debug-info-format\=dwarf -dwarf-version\=4 -profile-generate -profile-coverage-mapping -swift-version 5 -Onone -D SWIFT_PACKAGE -D DEBUG -D SWIFT_MODULE_RESOURCE_BUNDLE_AVAILABLE -D Xcode -serialize-debugging-options -enable-experimental-feature DebugDescriptionMacro -empty-abi-descriptor -validate-clang-modules-once -clang-build-session-file /Users/admin/builder/spi-builder-workspace/.derivedData/ModuleCache.noindex/Session.modulevalidation -Xcc -working-directory -Xcc /Users/admin/builder/spi-builder-workspace/.swiftpm/xcode -enable-anonymous-context-mangled-names -file-compilation-dir /Users/admin/builder/spi-builder-workspace/.swiftpm/xcode -Xcc -D_LIBCPP_HARDENING_MODE\=_LIBCPP_HARDENING_MODE_DEBUG -Xcc -ivfsstatcache -Xcc /Users/admin/builder/spi-builder-workspace/.derivedData/SDKStatCaches.noindex/appletvos27.0-24J360-e829b21a6f8c9b70876ba0858053c044b32bfd8d43560033f8d89884cdb90028.sdkstatcache -Xcc -fmodules-prune-interval\=86400 -Xcc -fmodules-prune-after\=345600 -Xcc -I/Users/admin/builder/spi-builder-workspace/.derivedData/Build/Products/Debug-appletvos/include -Xcc -I/Users/admin/builder/spi-builder-workspace/.derivedData/Build/Intermediates.noindex/ClearFashionWidget.build/Debug-appletvos/ClearFashionWidget-t.build/DerivedSources-normal/arm64 -Xcc -I/Users/admin/builder/spi-builder-workspace/.derivedData/Build/Intermediates.noindex/ClearFashionWidget.build/Debug-appletvos/ClearFashionWidget-t.build/DerivedSources/arm64 -Xcc -I/Users/admin/builder/spi-builder-workspace/.derivedData/Build/Intermediates.noindex/ClearFashionWidget.build/Debug-appletvos/ClearFashionWidget-t.build/DerivedSources -Xcc -DSWIFT_PACKAGE -Xcc -DDEBUG\=1 -no-auto-bridging-header-chaining -module-name ClearFashionWidget -const-gather-protocols-file /Users/admin/builder/spi-builder-workspace/.derivedData/Build/Intermediates.noindex/ClearFashionWidget.build/Debug-appletvos/ClearFashionWidget-t.build/Objects-normal/arm64/ClearFashionWidget_const_extract_protocols.json -disable-clang-spi -clang-target arm64-apple-tvos27.0 -target-sdk-version 27.0 -target-sdk-name appletvos27.0 -in-process-plugin-server-path /Applications/Xcode-27.0.0-Release.Candidate.app/Contents/Developer/Toolchains/XcodeDefault.xctoolchain/usr/lib/swift/host/libSwiftInProcPluginServer.dylib -parse-as-library -o /Users/admin/builder/spi-builder-workspace/.derivedData/Build/Intermediates.noindex/ClearFashionWidget.build/Debug-appletvos/ClearFashionWidget-t.build/Objects-normal/arm64/MainSectionView.o -debug-module-path /Users/admin/builder/spi-builder-workspace/.derivedData/Build/Intermediates.noindex/ClearFashionWidget.build/Debug-appletvos/ClearFashionWidget-t.build/Objects-normal/arm64/ClearFashionWidget.swiftmodule -index-unit-output-path /ClearFashionWidget.build/Debug-appletvos/ClearFashionWidget-t.build/Objects-normal/arm64/MainSectionView.o -index-store-path /Users/admin/builder/spi-builder-workspace/.derivedData/Index.noindex/DataStore -index-system-modules
SwiftCompile normal arm64 Compiling\ URLSession.swift /Users/admin/builder/spi-builder-workspace/Sources/ClearFashionWidget/URLSession.swift (in target 'ClearFashionWidget' from project 'ClearFashionWidget')
SwiftCompile normal arm64 /Users/admin/builder/spi-builder-workspace/Sources/ClearFashionWidget/URLSession.swift (in target 'ClearFashionWidget' from project 'ClearFashionWidget')
cd /Users/admin/builder/spi-builder-workspace/.swiftpm/xcode
builtin-SwiftPerFileCompile URLSession.swift
SwiftCompile normal arm64 Compiling\ MaterialDescriptionView.swift /Users/admin/builder/spi-builder-workspace/Sources/ClearFashionWidget/MaterialDescriptionView.swift (in target 'ClearFashionWidget' from project 'ClearFashionWidget')
SwiftCompile normal arm64 /Users/admin/builder/spi-builder-workspace/Sources/ClearFashionWidget/MaterialDescriptionView.swift (in target 'ClearFashionWidget' from project 'ClearFashionWidget')
cd /Users/admin/builder/spi-builder-workspace/.swiftpm/xcode
builtin-SwiftPerFileCompile MaterialDescriptionView.swift
SwiftEmitModule normal arm64 Emitting\ module\ for\ ClearFashionWidget (in target 'ClearFashionWidget' from project 'ClearFashionWidget')
SwiftCompile normal arm64 (in target 'ClearFashionWidget' from project 'ClearFashionWidget')
cd /Users/admin/builder/spi-builder-workspace/.swiftpm/xcode
SwiftCompile normal arm64 Compiling\ String.swift /Users/admin/builder/spi-builder-workspace/Sources/ClearFashionWidget/String.swift (in target 'ClearFashionWidget' from project 'ClearFashionWidget')
SwiftCompile normal arm64 /Users/admin/builder/spi-builder-workspace/Sources/ClearFashionWidget/String.swift (in target 'ClearFashionWidget' from project 'ClearFashionWidget')
cd /Users/admin/builder/spi-builder-workspace/.swiftpm/xcode
builtin-SwiftPerFileCompile String.swift
SwiftCompile normal arm64 Compiling\ GeneratedAssetSymbols.swift /Users/admin/builder/spi-builder-workspace/.derivedData/Build/Intermediates.noindex/ClearFashionWidget.build/Debug-appletvos/ClearFashionWidget-t.build/DerivedSources/GeneratedAssetSymbols.swift (in target 'ClearFashionWidget' from project 'ClearFashionWidget')
SwiftCompile normal arm64 /Users/admin/builder/spi-builder-workspace/.derivedData/Build/Intermediates.noindex/ClearFashionWidget.build/Debug-appletvos/ClearFashionWidget-t.build/DerivedSources/GeneratedAssetSymbols.swift (in target 'ClearFashionWidget' from project 'ClearFashionWidget')
cd /Users/admin/builder/spi-builder-workspace/.swiftpm/xcode
builtin-SwiftPerFileCompile GeneratedAssetSymbols.swift
SwiftCompile normal arm64 Compiling\ FullScreenView.swift,\ HeaderSectionView.swift /Users/admin/builder/spi-builder-workspace/Sources/ClearFashionWidget/FullScreenView.swift /Users/admin/builder/spi-builder-workspace/Sources/ClearFashionWidget/HeaderSectionView.swift (in target 'ClearFashionWidget' from project 'ClearFashionWidget')
/Users/admin/builder/spi-builder-workspace/Sources/ClearFashionWidget/FullScreenView.swift:25:28: error: 'borderless' is only available in tvOS 17.0 or newer
8 | import SwiftUI
9 |
10 | struct FullScreenView: View {
| `- note: add '@available' attribute to enclosing struct
11 | @Binding var isDisplayFullScreen: Bool
12 | let product: ClearFashionProduct
13 |
14 | var body: some View {
| `- note: add '@available' attribute to enclosing property
15 | HStack {
16 | Text(String(key: product.hasMaterialImpacts ? "OriginAndImpactTitle" : "CountriesOfProductionTitle"))
:
23 | Image(packageResource: "Cross")
24 | .frame(width: 14.0, height: 14.0)
25 | }.buttonStyle(.borderless)
| |- error: 'borderless' is only available in tvOS 17.0 or newer
| `- note: add 'if #available' version check
26 | }.padding(16)
27 | .frame(height: 50)
SwiftCompile normal arm64 /Users/admin/builder/spi-builder-workspace/Sources/ClearFashionWidget/FullScreenView.swift (in target 'ClearFashionWidget' from project 'ClearFashionWidget')
cd /Users/admin/builder/spi-builder-workspace/.swiftpm/xcode
builtin-SwiftPerFileCompile FullScreenView.swift
SwiftCompile normal arm64 /Users/admin/builder/spi-builder-workspace/Sources/ClearFashionWidget/HeaderSectionView.swift (in target 'ClearFashionWidget' from project 'ClearFashionWidget')
cd /Users/admin/builder/spi-builder-workspace/.swiftpm/xcode
builtin-SwiftPerFileCompile HeaderSectionView.swift
SwiftCompile normal arm64 Compiling\ MaterialsImpactSectionView.swift /Users/admin/builder/spi-builder-workspace/Sources/ClearFashionWidget/MaterialsImpactSectionView.swift (in target 'ClearFashionWidget' from project 'ClearFashionWidget')
SwiftCompile normal arm64 /Users/admin/builder/spi-builder-workspace/Sources/ClearFashionWidget/MaterialsImpactSectionView.swift (in target 'ClearFashionWidget' from project 'ClearFashionWidget')
cd /Users/admin/builder/spi-builder-workspace/.swiftpm/xcode
builtin-SwiftPerFileCompile MaterialsImpactSectionView.swift
SwiftCompile normal arm64 Compiling\ LoadingView.swift /Users/admin/builder/spi-builder-workspace/Sources/ClearFashionWidget/LoadingView.swift (in target 'ClearFashionWidget' from project 'ClearFashionWidget')
SwiftCompile normal arm64 /Users/admin/builder/spi-builder-workspace/Sources/ClearFashionWidget/LoadingView.swift (in target 'ClearFashionWidget' from project 'ClearFashionWidget')
cd /Users/admin/builder/spi-builder-workspace/.swiftpm/xcode
builtin-SwiftPerFileCompile LoadingView.swift
SwiftCompile normal arm64 Compiling\ Image.swift /Users/admin/builder/spi-builder-workspace/Sources/ClearFashionWidget/Image.swift (in target 'ClearFashionWidget' from project 'ClearFashionWidget')
SwiftCompile normal arm64 /Users/admin/builder/spi-builder-workspace/Sources/ClearFashionWidget/Image.swift (in target 'ClearFashionWidget' from project 'ClearFashionWidget')
cd /Users/admin/builder/spi-builder-workspace/.swiftpm/xcode
builtin-SwiftPerFileCompile Image.swift
SwiftDriverJobDiscovery normal arm64 Compiling URLSession.swift (in target 'ClearFashionWidget' from project 'ClearFashionWidget')
SwiftCompile normal arm64 Compiling\ ClearFashionWidget.swift /Users/admin/builder/spi-builder-workspace/Sources/ClearFashionWidget/ClearFashionWidget.swift (in target 'ClearFashionWidget' from project 'ClearFashionWidget')
SwiftCompile normal arm64 /Users/admin/builder/spi-builder-workspace/Sources/ClearFashionWidget/ClearFashionWidget.swift (in target 'ClearFashionWidget' from project 'ClearFashionWidget')
cd /Users/admin/builder/spi-builder-workspace/.swiftpm/xcode
builtin-SwiftPerFileCompile ClearFashionWidget.swift
SwiftDriverJobDiscovery normal arm64 Compiling String.swift (in target 'ClearFashionWidget' from project 'ClearFashionWidget')
SwiftDriverJobDiscovery normal arm64 Compiling LoadingView.swift (in target 'ClearFashionWidget' from project 'ClearFashionWidget')
SwiftCompile normal arm64 Compiling\ ClearFashionProduct.swift /Users/admin/builder/spi-builder-workspace/Sources/ClearFashionWidget/ClearFashionProduct.swift (in target 'ClearFashionWidget' from project 'ClearFashionWidget')
SwiftCompile normal arm64 /Users/admin/builder/spi-builder-workspace/Sources/ClearFashionWidget/ClearFashionProduct.swift (in target 'ClearFashionWidget' from project 'ClearFashionWidget')
cd /Users/admin/builder/spi-builder-workspace/.swiftpm/xcode
builtin-SwiftPerFileCompile ClearFashionProduct.swift
SwiftCompile normal arm64 Compiling\ ButtonView.swift /Users/admin/builder/spi-builder-workspace/Sources/ClearFashionWidget/ButtonView.swift (in target 'ClearFashionWidget' from project 'ClearFashionWidget')
SwiftCompile normal arm64 /Users/admin/builder/spi-builder-workspace/Sources/ClearFashionWidget/ButtonView.swift (in target 'ClearFashionWidget' from project 'ClearFashionWidget')
cd /Users/admin/builder/spi-builder-workspace/.swiftpm/xcode
builtin-SwiftPerFileCompile ButtonView.swift
SwiftDriverJobDiscovery normal arm64 Compiling MaterialDescriptionView.swift (in target 'ClearFashionWidget' from project 'ClearFashionWidget')
SwiftCompile normal arm64 Compiling\ FontBlaster.swift /Users/admin/builder/spi-builder-workspace/Sources/ClearFashionWidget/FontBlaster.swift (in target 'ClearFashionWidget' from project 'ClearFashionWidget')
SwiftCompile normal arm64 /Users/admin/builder/spi-builder-workspace/Sources/ClearFashionWidget/FontBlaster.swift (in target 'ClearFashionWidget' from project 'ClearFashionWidget')
cd /Users/admin/builder/spi-builder-workspace/.swiftpm/xcode
builtin-SwiftPerFileCompile FontBlaster.swift
SwiftDriverJobDiscovery normal arm64 Compiling GeneratedAssetSymbols.swift (in target 'ClearFashionWidget' from project 'ClearFashionWidget')
SwiftCompile normal arm64 Compiling\ resource_bundle_accessor.swift /Users/admin/builder/spi-builder-workspace/.derivedData/Build/Intermediates.noindex/ClearFashionWidget.build/Debug-appletvos/ClearFashionWidget-t.build/DerivedSources/resource_bundle_accessor.swift (in target 'ClearFashionWidget' from project 'ClearFashionWidget')
SwiftCompile normal arm64 /Users/admin/builder/spi-builder-workspace/.derivedData/Build/Intermediates.noindex/ClearFashionWidget.build/Debug-appletvos/ClearFashionWidget-t.build/DerivedSources/resource_bundle_accessor.swift (in target 'ClearFashionWidget' from project 'ClearFashionWidget')
cd /Users/admin/builder/spi-builder-workspace/.swiftpm/xcode
builtin-SwiftPerFileCompile resource_bundle_accessor.swift
SwiftDriverJobDiscovery normal arm64 Compiling Color.swift, CountriesSectionView.swift (in target 'ClearFashionWidget' from project 'ClearFashionWidget')
SwiftCompile normal arm64 Compiling\ Font.swift /Users/admin/builder/spi-builder-workspace/Sources/ClearFashionWidget/Font.swift (in target 'ClearFashionWidget' from project 'ClearFashionWidget')
SwiftCompile normal arm64 /Users/admin/builder/spi-builder-workspace/Sources/ClearFashionWidget/Font.swift (in target 'ClearFashionWidget' from project 'ClearFashionWidget')
cd /Users/admin/builder/spi-builder-workspace/.swiftpm/xcode
builtin-SwiftPerFileCompile Font.swift
SwiftDriverJobDiscovery normal arm64 Compiling MaterialsImpactSectionView.swift (in target 'ClearFashionWidget' from project 'ClearFashionWidget')
SwiftCompile normal arm64 Compiling\ Bundle.swift /Users/admin/builder/spi-builder-workspace/Sources/ClearFashionWidget/Bundle.swift (in target 'ClearFashionWidget' from project 'ClearFashionWidget')
SwiftCompile normal arm64 /Users/admin/builder/spi-builder-workspace/Sources/ClearFashionWidget/Bundle.swift (in target 'ClearFashionWidget' from project 'ClearFashionWidget')
cd /Users/admin/builder/spi-builder-workspace/.swiftpm/xcode
builtin-SwiftPerFileCompile Bundle.swift
PruneExplicitPrecompiledModules /Users/admin/builder/spi-builder-workspace/.derivedData/Build/Intermediates.noindex/ExplicitPrecompiledModules
PruneExplicitPrecompiledModules /Users/admin/builder/spi-builder-workspace/.derivedData/SDKExplicitPrecompiledModules
PruneExplicitPrecompiledModules /Users/admin/builder/spi-builder-workspace/.derivedData/Build/Intermediates.noindex/SwiftExplicitPrecompiledModules
2026-09-18 19:41:43.202 xcodebuild[777:4847] [MT] IDERunDestination: Supported platforms for the buildables in the current scheme is empty.
** BUILD FAILED **
The following build commands failed:
SwiftCompile normal arm64 /Users/admin/builder/spi-builder-workspace/Sources/ClearFashionWidget/MainSectionView.swift (in target 'ClearFashionWidget' from project 'ClearFashionWidget')
SwiftCompile normal arm64 Compiling\ MainSectionView.swift /Users/admin/builder/spi-builder-workspace/Sources/ClearFashionWidget/MainSectionView.swift (in target 'ClearFashionWidget' from project 'ClearFashionWidget')
Building workspace ClearFashionWidget with scheme ClearFashionWidget
(3 failures)
BUILD FAILURE 6.4 tvOS