The Swift Package Index logo.Swift Package Index

Build Information

Failed to build DunneAudioKit, reference main (be581d), with Swift 6.4 for watchOS using Xcode 27.0 on 24 Sep 2026 15:21:51 UTC.

Build Command

env DEVELOPER_DIR=/Applications/Xcode-27.0.0-Release.Candidate.app xcrun xcodebuild -IDEClonedSourcePackagesDirPathOverride=$PWD/.dependencies -skipMacroValidation -skipPackagePluginValidation -derivedDataPath $PWD/.derivedData build -scheme DunneAudioKit -destination generic/platform=watchOS

Build Log

========================================
RunAll
========================================
Builder version: 5.1.0
Interrupt handler set up.
========================================
Checkout
========================================
Clone URL: https://github.com/AudioKit/DunneAudioKit.git
Reference: main
Initialized empty Git repository in /Users/admin/builder/spi-builder-workspace/.git/
From https://github.com/AudioKit/DunneAudioKit
 * branch            main       -> FETCH_HEAD
 * [new branch]      main       -> origin/main
HEAD is now at be581d0 Remove Twitter follow badge from README
Cloned https://github.com/AudioKit/DunneAudioKit.git
Revision (git rev-parse @):
be581d08158ea4556a54298f75814d23ff7db886
SUCCESS checkout https://github.com/AudioKit/DunneAudioKit.git at main
========================================
Build
========================================
Selected platform:         watchOS
Swift version:             6.4
Building package at path:  $PWD
https://github.com/AudioKit/DunneAudioKit.git
Command line invocation:
    /Applications/Xcode-27.0.0-Release.Candidate.app/Contents/Developer/usr/bin/xcodebuild -IDEClonedSourcePackagesDirPathOverride=/Users/admin/builder/spi-builder-workspace/.dependencies -resolvePackageDependencies
Resolve Package Graph
Fetching from https://github.com/AudioKit/AudioKitEX
Fetching from https://github.com/AudioKit/AudioKit
Fetching from https://github.com/AudioKit/KissFFT
Creating working copy of package ‘AudioKit’
Checking out 5.7.2 of package ‘AudioKit’
Creating working copy of package ‘AudioKitEX’
Checking out 5.7.0 of package ‘AudioKitEX’
Creating working copy of package ‘KissFFT’
Checking out 1.0.0 of package ‘KissFFT’
Resolve Package Graph
Resolved source packages:
  AudioKitEX: https://github.com/AudioKit/AudioKitEX @ 5.7.0
  AudioKit: https://github.com/AudioKit/AudioKit @ 5.7.2
  KissFFT: https://github.com/AudioKit/KissFFT @ 1.0.0
  DunneAudioKit: /Users/admin/builder/spi-builder-workspace
resolved source packages: AudioKitEX, AudioKit, KissFFT, DunneAudioKit
2026-09-24 11:21:00.311 xcodebuild[529:3034] [MT] IDERunDestination: Supported platforms for the buildables in the current scheme is empty.
{
  "cxx_language_standard" : "c++14",
  "dependencies" : [
    {
      "identity" : "kissfft",
      "requirement" : {
        "range" : [
          {
            "lower_bound" : "1.0.0",
            "upper_bound" : "2.0.0"
          }
        ]
      },
      "type" : "sourceControl",
      "url" : "https://github.com/AudioKit/KissFFT"
    },
    {
      "identity" : "audiokit",
      "requirement" : {
        "range" : [
          {
            "lower_bound" : "5.6.0",
            "upper_bound" : "6.0.0"
          }
        ]
      },
      "type" : "sourceControl",
      "url" : "https://github.com/AudioKit/AudioKit"
    },
    {
      "identity" : "audiokitex",
      "requirement" : {
        "range" : [
          {
            "lower_bound" : "5.6.0",
            "upper_bound" : "6.0.0"
          }
        ]
      },
      "type" : "sourceControl",
      "url" : "https://github.com/AudioKit/AudioKitEX"
    }
  ],
  "manifest_display_name" : "DunneAudioKit",
  "name" : "DunneAudioKit",
  "path" : "/Users/admin/builder/spi-builder-workspace",
  "platforms" : [
    {
      "name" : "macos",
      "version" : "12.0"
    },
    {
      "name" : "ios",
      "version" : "13.0"
    },
    {
      "name" : "tvos",
      "version" : "13.0"
    }
  ],
  "products" : [
    {
      "name" : "DunneAudioKit",
      "targets" : [
        "DunneAudioKit"
      ],
      "type" : {
        "library" : [
          "automatic"
        ]
      }
    }
  ],
  "targets" : [
    {
      "c99name" : "DunneAudioKitTests",
      "module_type" : "SwiftTarget",
      "name" : "DunneAudioKitTests",
      "path" : "Tests/DunneAudioKitTests",
      "resources" : [
        {
          "path" : "/Users/admin/builder/spi-builder-workspace/Tests/DunneAudioKitTests/TestResources",
          "rule" : {
            "copy" : {
            }
          }
        }
      ],
      "sources" : [
        "GenericNodeTests.swift",
        "SamplerTests.swift",
        "SynthTests.swift",
        "ValidatedMD5s.swift"
      ],
      "target_dependencies" : [
        "DunneAudioKit"
      ],
      "type" : "test"
    },
    {
      "c99name" : "DunneAudioKit",
      "module_type" : "SwiftTarget",
      "name" : "DunneAudioKit",
      "path" : "Sources/DunneAudioKit",
      "product_dependencies" : [
        "AudioKit",
        "AudioKitEX"
      ],
      "product_memberships" : [
        "DunneAudioKit"
      ],
      "sources" : [
        "Chorus.swift",
        "Flanger.swift",
        "Sampler+SFZ.swift",
        "Sampler.swift",
        "StereoDelay.swift",
        "Synth.swift",
        "TransientShaper.swift"
      ],
      "target_dependencies" : [
        "CDunneAudioKit"
      ],
      "type" : "library"
    },
    {
      "c99name" : "CDunneAudioKit",
      "module_type" : "ClangTarget",
      "name" : "CDunneAudioKit",
      "path" : "Sources/CDunneAudioKit",
      "product_dependencies" : [
        "AudioKit",
        "AudioKitEX",
        "KissFFT"
      ],
      "product_memberships" : [
        "DunneAudioKit"
      ],
      "sources" : [
        "DunneCore/Common/ADSREnvelope.cpp",
        "DunneCore/Common/AHDSHREnvelope.cpp",
        "DunneCore/Common/EnvelopeGeneratorBase.cpp",
        "DunneCore/Common/FunctionTable.cpp",
        "DunneCore/Common/ResonantLowPassFilter.cpp",
        "DunneCore/Common/SustainPedalLogic.cpp",
        "DunneCore/Modulated Delay/AdjustableDelayLine.cpp",
        "DunneCore/Modulated Delay/ModulatedDelay.cpp",
        "DunneCore/Modulated Delay/StereoDelay.cpp",
        "DunneCore/Sampler/CoreSampler.cpp",
        "DunneCore/Sampler/SampleBuffer.cpp",
        "DunneCore/Sampler/SamplerVoice.cpp",
        "DunneCore/Sampler/Wavpack/common_utils.c",
        "DunneCore/Sampler/Wavpack/decorr_utils.c",
        "DunneCore/Sampler/Wavpack/entropy_utils.c",
        "DunneCore/Sampler/Wavpack/extra1.c",
        "DunneCore/Sampler/Wavpack/extra2.c",
        "DunneCore/Sampler/Wavpack/open_filename.c",
        "DunneCore/Sampler/Wavpack/open_legacy.c",
        "DunneCore/Sampler/Wavpack/open_raw.c",
        "DunneCore/Sampler/Wavpack/open_utils.c",
        "DunneCore/Sampler/Wavpack/pack.c",
        "DunneCore/Sampler/Wavpack/pack_dns.c",
        "DunneCore/Sampler/Wavpack/pack_dsd.c",
        "DunneCore/Sampler/Wavpack/pack_floats.c",
        "DunneCore/Sampler/Wavpack/pack_utils.c",
        "DunneCore/Sampler/Wavpack/read_words.c",
        "DunneCore/Sampler/Wavpack/tag_utils.c",
        "DunneCore/Sampler/Wavpack/tags.c",
        "DunneCore/Sampler/Wavpack/unpack.c",
        "DunneCore/Sampler/Wavpack/unpack3.c",
        "DunneCore/Sampler/Wavpack/unpack3_open.c",
        "DunneCore/Sampler/Wavpack/unpack3_seek.c",
        "DunneCore/Sampler/Wavpack/unpack_dsd.c",
        "DunneCore/Sampler/Wavpack/unpack_floats.c",
        "DunneCore/Sampler/Wavpack/unpack_seek.c",
        "DunneCore/Sampler/Wavpack/unpack_utils.c",
        "DunneCore/Sampler/Wavpack/write_words.c",
        "DunneCore/Synth/CoreSynth.cpp",
        "DunneCore/Synth/DrawbarsOscillator.cpp",
        "DunneCore/Synth/EnsembleOscillator.cpp",
        "DunneCore/Synth/Envelope.cpp",
        "DunneCore/Synth/MultiStageFilter.cpp",
        "DunneCore/Synth/SynthVoice.cpp",
        "DunneCore/Synth/WaveStack.cpp",
        "ModulatedDelayDSP.mm",
        "SamplerDSP.mm",
        "StereoDelayDSP.mm",
        "SynthDSP.mm",
        "TransientShaperDSP.mm"
      ],
      "type" : "library"
    }
  ],
  "tools_version" : "5.5"
}
{
  "workspace" : {
    "name" : "DunneAudioKit",
    "schemes" : [
      "DunneAudioKit"
    ]
  }
}
2026-09-24 11:21:41.631 xcodebuild[760:4721] [MT] IDERunDestination: Supported platforms for the buildables in the current scheme is empty.
Running build ...
env DEVELOPER_DIR=/Applications/Xcode-27.0.0-Release.Candidate.app xcrun xcodebuild -IDEClonedSourcePackagesDirPathOverride=$PWD/.dependencies -skipMacroValidation -skipPackagePluginValidation -derivedDataPath $PWD/.derivedData build -scheme DunneAudioKit -destination generic/platform=watchOS
Command line invocation:
    /Applications/Xcode-27.0.0-Release.Candidate.app/Contents/Developer/usr/bin/xcodebuild -IDEClonedSourcePackagesDirPathOverride=/Users/admin/builder/spi-builder-workspace/.dependencies -skipMacroValidation -skipPackagePluginValidation -derivedDataPath /Users/admin/builder/spi-builder-workspace/.derivedData build -scheme DunneAudioKit -destination generic/platform=watchOS
Resolve Package Graph
Resolve Package Graph
Resolved source packages:
  AudioKitEX: https://github.com/AudioKit/AudioKitEX @ 5.7.0
  AudioKit: https://github.com/AudioKit/AudioKit @ 5.7.2
  DunneAudioKit: /Users/admin/builder/spi-builder-workspace
  KissFFT: https://github.com/AudioKit/KissFFT @ 1.0.0
ComputePackagePrebuildTargetDependencyGraph
Prepare packages
CreateBuildRequest
SendProjectDescription
CreateBuildOperation
ComputeTargetDependencyGraph
note: Building targets in dependency order
note: Target dependency graph (11 targets)
    Target 'DunneAudioKit-product' in project 'DunneAudioKit'
        ➜ Explicit dependency on target 'DunneAudioKit' in project 'DunneAudioKit'
        ➜ Explicit dependency on target 'CDunneAudioKit' in project 'DunneAudioKit'
        ➜ Explicit dependency on target 'AudioKit-product' in project 'AudioKit'
        ➜ Explicit dependency on target 'AudioKitEX-product' in project 'AudioKitEX'
        ➜ Explicit dependency on target 'KissFFT-product' in project 'KissFFT'
    Target 'DunneAudioKit' in project 'DunneAudioKit'
        ➜ Explicit dependency on target 'CDunneAudioKit' in project 'DunneAudioKit'
        ➜ Explicit dependency on target 'AudioKit-product' in project 'AudioKit'
        ➜ Explicit dependency on target 'AudioKitEX-product' in project 'AudioKitEX'
        ➜ Explicit dependency on target 'KissFFT-product' in project 'KissFFT'
    Target 'CDunneAudioKit' in project 'DunneAudioKit'
        ➜ Explicit dependency on target 'AudioKit-product' in project 'AudioKit'
        ➜ Explicit dependency on target 'AudioKitEX-product' in project 'AudioKitEX'
        ➜ Explicit dependency on target 'KissFFT-product' in project 'KissFFT'
    Target 'KissFFT-product' in project 'KissFFT'
        ➜ Explicit dependency on target 'KissFFT' in project 'KissFFT'
    Target 'KissFFT' in project 'KissFFT' (no dependencies)
    Target 'AudioKitEX-product' in project 'AudioKitEX'
        ➜ Explicit dependency on target 'AudioKitEX' in project 'AudioKitEX'
        ➜ Explicit dependency on target 'CAudioKitEX' in project 'AudioKitEX'
        ➜ Explicit dependency on target 'AudioKit-product' in project 'AudioKit'
    Target 'AudioKitEX' in project 'AudioKitEX'
        ➜ Explicit dependency on target 'CAudioKitEX' in project 'AudioKitEX'
        ➜ Explicit dependency on target 'AudioKit-product' in project 'AudioKit'
    Target 'CAudioKitEX' in project 'AudioKitEX' (no dependencies)
    Target 'AudioKit-product' in project 'AudioKit'
        ➜ Explicit dependency on target 'AudioKit' in project 'AudioKit'
        ➜ Explicit dependency on target 'AudioKit_AudioKit' in project 'AudioKit'
    Target 'AudioKit' in project 'AudioKit'
        ➜ Explicit dependency on target 'AudioKit_AudioKit' in project 'AudioKit'
    Target 'AudioKit_AudioKit' in project 'AudioKit' (no dependencies)
GatherProvisioningInputs
CreateBuildDescription
ExecuteExternalTool /Applications/Xcode-27.0.0-Release.Candidate.app/Contents/Developer/Toolchains/XcodeDefault.xctoolchain/usr/bin/clang -v -E -dM -arch arm64 -isysroot /Applications/Xcode-27.0.0-Release.Candidate.app/Contents/Developer/Platforms/WatchOS.platform/Developer/SDKs/WatchOS27.0.sdk -x c++ -c /dev/null
ExecuteExternalTool /Applications/Xcode-27.0.0-Release.Candidate.app/Contents/Developer/Toolchains/XcodeDefault.xctoolchain/usr/bin/clang -v -E -dM -arch arm64 -isysroot /Applications/Xcode-27.0.0-Release.Candidate.app/Contents/Developer/Platforms/WatchOS.platform/Developer/SDKs/WatchOS27.0.sdk -x c -c /dev/null
ExecuteExternalTool /Applications/Xcode-27.0.0-Release.Candidate.app/Contents/Developer/Toolchains/XcodeDefault.xctoolchain/usr/bin/swiftc --version
ExecuteExternalTool /Applications/Xcode-27.0.0-Release.Candidate.app/Contents/Developer/Toolchains/XcodeDefault.xctoolchain/usr/bin/clang -v -E -dM -isysroot /Applications/Xcode-27.0.0-Release.Candidate.app/Contents/Developer/Platforms/WatchOS.platform/Developer/SDKs/WatchOS27.0.sdk -x c -c /dev/null
ExecuteExternalTool /Applications/Xcode-27.0.0-Release.Candidate.app/Contents/Developer/Toolchains/XcodeDefault.xctoolchain/usr/bin/clang -v -E -dM -arch arm64 -isysroot /Applications/Xcode-27.0.0-Release.Candidate.app/Contents/Developer/Platforms/WatchOS.platform/Developer/SDKs/WatchOS27.0.sdk -x objective-c -c /dev/null
ExecuteExternalTool /Applications/Xcode-27.0.0-Release.Candidate.app/Contents/Developer/Toolchains/XcodeDefault.xctoolchain/usr/bin/ld -version_details
ExecuteExternalTool /Applications/Xcode-27.0.0-Release.Candidate.app/Contents/Developer/Toolchains/XcodeDefault.xctoolchain/usr/bin/clang -v -E -dM -arch arm64 -isysroot /Applications/Xcode-27.0.0-Release.Candidate.app/Contents/Developer/Platforms/WatchOS.platform/Developer/SDKs/WatchOS27.0.sdk -x objective-c++ -c /dev/null
ExecuteExternalTool /Applications/Xcode-27.0.0-Release.Candidate.app/Contents/Developer/Toolchains/XcodeDefault.xctoolchain/usr/bin/clang -v -E -dM -arch arm64_32 -isysroot /Applications/Xcode-27.0.0-Release.Candidate.app/Contents/Developer/Platforms/WatchOS.platform/Developer/SDKs/WatchOS27.0.sdk -x c -c /dev/null
ExecuteExternalTool /Applications/Xcode-27.0.0-Release.Candidate.app/Contents/Developer/Toolchains/XcodeDefault.xctoolchain/usr/bin/clang -v -E -dM -arch arm64_32 -isysroot /Applications/Xcode-27.0.0-Release.Candidate.app/Contents/Developer/Platforms/WatchOS.platform/Developer/SDKs/WatchOS27.0.sdk -x c++ -c /dev/null
ExecuteExternalTool /Applications/Xcode-27.0.0-Release.Candidate.app/Contents/Developer/Toolchains/XcodeDefault.xctoolchain/usr/bin/clang -v -E -dM -arch arm64_32 -isysroot /Applications/Xcode-27.0.0-Release.Candidate.app/Contents/Developer/Platforms/WatchOS.platform/Developer/SDKs/WatchOS27.0.sdk -x objective-c -c /dev/null
ReadFileContents /Applications/Xcode-27.0.0-Release.Candidate.app/Contents/Developer/Toolchains/XcodeDefault.xctoolchain/usr/share/docc/features.json
ExecuteExternalTool /Applications/Xcode-27.0.0-Release.Candidate.app/Contents/Developer/Toolchains/XcodeDefault.xctoolchain/usr/bin/clang -v -E -dM -arch arm64_32 -isysroot /Applications/Xcode-27.0.0-Release.Candidate.app/Contents/Developer/Platforms/WatchOS.platform/Developer/SDKs/WatchOS27.0.sdk -x objective-c++ -c /dev/null
Build description signature: e5d1d29a24bc3fd7516181849439d45d
Build description path: /Users/admin/builder/spi-builder-workspace/.derivedData/Build/Intermediates.noindex/XCBuildData/e5d1d29a24bc3fd7516181849439d45d.xcbuilddata
CreateBuildDirectory /Users/admin/builder/spi-builder-workspace/.derivedData/SDKExplicitPrecompiledModules
    cd /Users/admin/builder/spi-builder-workspace/.swiftpm/xcode
    builtin-create-build-directory /Users/admin/builder/spi-builder-workspace/.derivedData/SDKExplicitPrecompiledModules
CreateBuildDirectory /Users/admin/builder/spi-builder-workspace/.derivedData/CompilationCache.noindex
    cd /Users/admin/builder/spi-builder-workspace/.swiftpm/xcode
    builtin-create-build-directory /Users/admin/builder/spi-builder-workspace/.derivedData/CompilationCache.noindex
CreateBuildDirectory /Users/admin/builder/spi-builder-workspace/.derivedData/ModuleCache.noindex
    cd /Users/admin/builder/spi-builder-workspace/.swiftpm/xcode
    builtin-create-build-directory /Users/admin/builder/spi-builder-workspace/.derivedData/ModuleCache.noindex
ClangStatCache /Applications/Xcode-27.0.0-Release.Candidate.app/Contents/Developer/Toolchains/XcodeDefault.xctoolchain/usr/bin/clang-stat-cache /Applications/Xcode-27.0.0-Release.Candidate.app/Contents/Developer/Platforms/WatchOS.platform/Developer/SDKs/WatchOS27.0.sdk /Users/admin/builder/spi-builder-workspace/.derivedData/SDKStatCaches.noindex/watchos27.0-24R360-e829b21a6f8c9b70876ba0858053c04477534ef55a1706bf4c1112bbb242f0a2.sdkstatcache
    cd /Users/admin/builder/spi-builder-workspace/.swiftpm/xcode
    /Applications/Xcode-27.0.0-Release.Candidate.app/Contents/Developer/Toolchains/XcodeDefault.xctoolchain/usr/bin/clang-stat-cache /Applications/Xcode-27.0.0-Release.Candidate.app/Contents/Developer/Platforms/WatchOS.platform/Developer/SDKs/WatchOS27.0.sdk -o /Users/admin/builder/spi-builder-workspace/.derivedData/SDKStatCaches.noindex/watchos27.0-24R360-e829b21a6f8c9b70876ba0858053c04477534ef55a1706bf4c1112bbb242f0a2.sdkstatcache
CreateBuildDirectory /Users/admin/builder/spi-builder-workspace/.derivedData/Build/Intermediates.noindex
    cd /Users/admin/builder/spi-builder-workspace/.swiftpm/xcode
    builtin-create-build-directory /Users/admin/builder/spi-builder-workspace/.derivedData/Build/Intermediates.noindex
CreateBuildDirectory /Users/admin/builder/spi-builder-workspace/.derivedData/Build/Products
    cd /Users/admin/builder/spi-builder-workspace/.swiftpm/xcode
    builtin-create-build-directory /Users/admin/builder/spi-builder-workspace/.derivedData/Build/Products
CreateBuildDirectory /Users/admin/builder/spi-builder-workspace/.derivedData/Build/Products/Debug-watchos
    cd /Users/admin/builder/spi-builder-workspace/.swiftpm/xcode
    builtin-create-build-directory /Users/admin/builder/spi-builder-workspace/.derivedData/Build/Products/Debug-watchos
CreateBuildDirectory /Users/admin/builder/spi-builder-workspace/.derivedData/Build/Intermediates.noindex/SwiftExplicitPrecompiledModules
    cd /Users/admin/builder/spi-builder-workspace/.swiftpm/xcode
    builtin-create-build-directory /Users/admin/builder/spi-builder-workspace/.derivedData/Build/Intermediates.noindex/SwiftExplicitPrecompiledModules
CreateBuildDirectory /Users/admin/builder/spi-builder-workspace/.derivedData/Build/Intermediates.noindex/PrecompiledHeaders
    cd /Users/admin/builder/spi-builder-workspace/.swiftpm/xcode
    builtin-create-build-directory /Users/admin/builder/spi-builder-workspace/.derivedData/Build/Intermediates.noindex/PrecompiledHeaders
CreateBuildDirectory /Users/admin/builder/spi-builder-workspace/.derivedData/Build/Intermediates.noindex/ExplicitPrecompiledModules
    cd /Users/admin/builder/spi-builder-workspace/.swiftpm/xcode
    builtin-create-build-directory /Users/admin/builder/spi-builder-workspace/.derivedData/Build/Intermediates.noindex/ExplicitPrecompiledModules
CreateBuildDirectory /Users/admin/builder/spi-builder-workspace/.derivedData/Build/Intermediates.noindex/EagerLinkingTBDs/Debug-watchos
    cd /Users/admin/builder/spi-builder-workspace/.swiftpm/xcode
    builtin-create-build-directory /Users/admin/builder/spi-builder-workspace/.derivedData/Build/Intermediates.noindex/EagerLinkingTBDs/Debug-watchos
CreateBuildDirectory /Users/admin/builder/spi-builder-workspace/.derivedData/Build/Products/Debug-watchos/PackageFrameworks
    cd /Users/admin/builder/spi-builder-workspace/.swiftpm/xcode
    builtin-create-build-directory /Users/admin/builder/spi-builder-workspace/.derivedData/Build/Products/Debug-watchos/PackageFrameworks
WriteAuxiliaryFile /Users/admin/builder/spi-builder-workspace/.derivedData/Build/Intermediates.noindex/KissFFT.build/Debug-watchos/KissFFT-t.build/KissFFT.DependencyMetadataFileList (in target 'KissFFT' from project 'KissFFT')
    cd /Users/admin/builder/spi-builder-workspace/.dependencies/checkouts/KissFFT
    write-file /Users/admin/builder/spi-builder-workspace/.derivedData/Build/Intermediates.noindex/KissFFT.build/Debug-watchos/KissFFT-t.build/KissFFT.DependencyMetadataFileList
WriteAuxiliaryFile /Users/admin/builder/spi-builder-workspace/.derivedData/Build/Intermediates.noindex/KissFFT.build/Debug-watchos/KissFFT-t.build/KissFFT.modulemap (in target 'KissFFT' from project 'KissFFT')
    cd /Users/admin/builder/spi-builder-workspace/.dependencies/checkouts/KissFFT
    write-file /Users/admin/builder/spi-builder-workspace/.derivedData/Build/Intermediates.noindex/KissFFT.build/Debug-watchos/KissFFT-t.build/KissFFT.modulemap
WriteAuxiliaryFile /Users/admin/builder/spi-builder-workspace/.derivedData/Build/Intermediates.noindex/KissFFT.build/Debug-watchos/KissFFT-t.build/KissFFT.DependencyStaticMetadataFileList (in target 'KissFFT' from project 'KissFFT')
    cd /Users/admin/builder/spi-builder-workspace/.dependencies/checkouts/KissFFT
    write-file /Users/admin/builder/spi-builder-workspace/.derivedData/Build/Intermediates.noindex/KissFFT.build/Debug-watchos/KissFFT-t.build/KissFFT.DependencyStaticMetadataFileList
WriteAuxiliaryFile /Users/admin/builder/spi-builder-workspace/.derivedData/Build/Intermediates.noindex/KissFFT.build/Debug-watchos/KissFFT-t.build/Objects-normal/arm64_32/KissFFT.LinkFileList (in target 'KissFFT' from project 'KissFFT')
    cd /Users/admin/builder/spi-builder-workspace/.dependencies/checkouts/KissFFT
    write-file /Users/admin/builder/spi-builder-workspace/.derivedData/Build/Intermediates.noindex/KissFFT.build/Debug-watchos/KissFFT-t.build/Objects-normal/arm64_32/KissFFT.LinkFileList
WriteAuxiliaryFile /Users/admin/builder/spi-builder-workspace/.derivedData/Build/Intermediates.noindex/KissFFT.build/Debug-watchos/KissFFT-t.build/Objects-normal/arm64_32/7187679823f38a2a940e0043cdf9d637-common-args.resp (in target 'KissFFT' from project 'KissFFT')
    cd /Users/admin/builder/spi-builder-workspace/.dependencies/checkouts/KissFFT
    write-file /Users/admin/builder/spi-builder-workspace/.derivedData/Build/Intermediates.noindex/KissFFT.build/Debug-watchos/KissFFT-t.build/Objects-normal/arm64_32/7187679823f38a2a940e0043cdf9d637-common-args.resp
-fmodules -gmodules '-fmodules-cache-path=/Users/admin/builder/spi-builder-workspace/.derivedData/ModuleCache.noindex' '-fmodule-name=KissFFT' -fpascal-strings -O0 -DSWIFT_PACKAGE '-DDEBUG=1' -g -fprofile-instr-generate -fcoverage-mapping -I/Users/admin/builder/spi-builder-workspace/.derivedData/Build/Products/Debug-watchos/include -I/Users/admin/builder/spi-builder-workspace/.dependencies/checkouts/KissFFT/Sources/KissFFT/include -I/Users/admin/builder/spi-builder-workspace/.derivedData/Build/Intermediates.noindex/KissFFT.build/Debug-watchos/KissFFT-t.build/DerivedSources-normal/arm64_32 -I/Users/admin/builder/spi-builder-workspace/.derivedData/Build/Intermediates.noindex/KissFFT.build/Debug-watchos/KissFFT-t.build/DerivedSources/arm64_32 -I/Users/admin/builder/spi-builder-workspace/.derivedData/Build/Intermediates.noindex/KissFFT.build/Debug-watchos/KissFFT-t.build/DerivedSources -F/Users/admin/builder/spi-builder-workspace/.derivedData/Build/Products/Debug-watchos -iframework /Applications/Xcode-27.0.0-Release.Candidate.app/Contents/Developer/Platforms/WatchOS.platform/Developer/Library/Frameworks -iframework /Applications/Xcode-27.0.0-Release.Candidate.app/Contents/Developer/Platforms/WatchOS.platform/Developer/SDKs/WatchOS27.0.sdk/Developer/Library/Frameworks -DXcode
WriteAuxiliaryFile /Users/admin/builder/spi-builder-workspace/.derivedData/Build/Intermediates.noindex/KissFFT.build/Debug-watchos/KissFFT-t.build/Objects-normal/arm64/7187679823f38a2a940e0043cdf9d637-common-args.resp (in target 'KissFFT' from project 'KissFFT')
    cd /Users/admin/builder/spi-builder-workspace/.dependencies/checkouts/KissFFT
    write-file /Users/admin/builder/spi-builder-workspace/.derivedData/Build/Intermediates.noindex/KissFFT.build/Debug-watchos/KissFFT-t.build/Objects-normal/arm64/7187679823f38a2a940e0043cdf9d637-common-args.resp
-fmodules -gmodules '-fmodules-cache-path=/Users/admin/builder/spi-builder-workspace/.derivedData/ModuleCache.noindex' '-fmodule-name=KissFFT' -fpascal-strings -O0 -DSWIFT_PACKAGE '-DDEBUG=1' -g -fprofile-instr-generate -fcoverage-mapping -I/Users/admin/builder/spi-builder-workspace/.derivedData/Build/Products/Debug-watchos/include -I/Users/admin/builder/spi-builder-workspace/.dependencies/checkouts/KissFFT/Sources/KissFFT/include -I/Users/admin/builder/spi-builder-workspace/.derivedData/Build/Intermediates.noindex/KissFFT.build/Debug-watchos/KissFFT-t.build/DerivedSources-normal/arm64 -I/Users/admin/builder/spi-builder-workspace/.derivedData/Build/Intermediates.noindex/KissFFT.build/Debug-watchos/KissFFT-t.build/DerivedSources/arm64 -I/Users/admin/builder/spi-builder-workspace/.derivedData/Build/Intermediates.noindex/KissFFT.build/Debug-watchos/KissFFT-t.build/DerivedSources -F/Users/admin/builder/spi-builder-workspace/.derivedData/Build/Products/Debug-watchos -iframework /Applications/Xcode-27.0.0-Release.Candidate.app/Contents/Developer/Platforms/WatchOS.platform/Developer/Library/Frameworks -iframework /Applications/Xcode-27.0.0-Release.Candidate.app/Contents/Developer/Platforms/WatchOS.platform/Developer/SDKs/WatchOS27.0.sdk/Developer/Library/Frameworks -DXcode
WriteAuxiliaryFile /Users/admin/builder/spi-builder-workspace/.derivedData/Build/Intermediates.noindex/KissFFT.build/Debug-watchos/KissFFT-t.build/Objects-normal/arm64/KissFFT.LinkFileList (in target 'KissFFT' from project 'KissFFT')
    cd /Users/admin/builder/spi-builder-workspace/.dependencies/checkouts/KissFFT
    write-file /Users/admin/builder/spi-builder-workspace/.derivedData/Build/Intermediates.noindex/KissFFT.build/Debug-watchos/KissFFT-t.build/Objects-normal/arm64/KissFFT.LinkFileList
WriteAuxiliaryFile /Users/admin/builder/spi-builder-workspace/.derivedData/Build/Intermediates.noindex/DunneAudioKit.build/Debug-watchos/DunneAudioKit-t.build/Objects-normal/arm64_32/DunneAudioKit_const_extract_protocols.json (in target 'DunneAudioKit' from project 'DunneAudioKit')
    cd /Users/admin/builder/spi-builder-workspace
    write-file /Users/admin/builder/spi-builder-workspace/.derivedData/Build/Intermediates.noindex/DunneAudioKit.build/Debug-watchos/DunneAudioKit-t.build/Objects-normal/arm64_32/DunneAudioKit_const_extract_protocols.json
WriteAuxiliaryFile /Users/admin/builder/spi-builder-workspace/.derivedData/Build/Intermediates.noindex/DunneAudioKit.build/Debug-watchos/DunneAudioKit-t.build/Objects-normal/arm64_32/DunneAudioKit.SwiftFileList (in target 'DunneAudioKit' from project 'DunneAudioKit')
    cd /Users/admin/builder/spi-builder-workspace
    write-file /Users/admin/builder/spi-builder-workspace/.derivedData/Build/Intermediates.noindex/DunneAudioKit.build/Debug-watchos/DunneAudioKit-t.build/Objects-normal/arm64_32/DunneAudioKit.SwiftFileList
WriteAuxiliaryFile /Users/admin/builder/spi-builder-workspace/.derivedData/Build/Intermediates.noindex/DunneAudioKit.build/Debug-watchos/DunneAudioKit-t.build/Objects-normal/arm64_32/DunneAudioKit.SwiftConstValuesFileList (in target 'DunneAudioKit' from project 'DunneAudioKit')
    cd /Users/admin/builder/spi-builder-workspace
    write-file /Users/admin/builder/spi-builder-workspace/.derivedData/Build/Intermediates.noindex/DunneAudioKit.build/Debug-watchos/DunneAudioKit-t.build/Objects-normal/arm64_32/DunneAudioKit.SwiftConstValuesFileList
WriteAuxiliaryFile /Users/admin/builder/spi-builder-workspace/.derivedData/Build/Intermediates.noindex/DunneAudioKit.build/Debug-watchos/DunneAudioKit-t.build/Objects-normal/arm64_32/DunneAudioKit.LinkFileList (in target 'DunneAudioKit' from project 'DunneAudioKit')
    cd /Users/admin/builder/spi-builder-workspace
    write-file /Users/admin/builder/spi-builder-workspace/.derivedData/Build/Intermediates.noindex/DunneAudioKit.build/Debug-watchos/DunneAudioKit-t.build/Objects-normal/arm64_32/DunneAudioKit.LinkFileList
WriteAuxiliaryFile /Users/admin/builder/spi-builder-workspace/.derivedData/Build/Intermediates.noindex/DunneAudioKit.build/Debug-watchos/DunneAudioKit-t.build/Objects-normal/arm64_32/DunneAudioKit-OutputFileMap.json (in target 'DunneAudioKit' from project 'DunneAudioKit')
    cd /Users/admin/builder/spi-builder-workspace
    write-file /Users/admin/builder/spi-builder-workspace/.derivedData/Build/Intermediates.noindex/DunneAudioKit.build/Debug-watchos/DunneAudioKit-t.build/Objects-normal/arm64_32/DunneAudioKit-OutputFileMap.json
Copy /Users/admin/builder/spi-builder-workspace/.derivedData/Build/Intermediates.noindex/GeneratedModuleMaps-watchos/KissFFT.modulemap /Users/admin/builder/spi-builder-workspace/.derivedData/Build/Intermediates.noindex/KissFFT.build/Debug-watchos/KissFFT-t.build/KissFFT.modulemap (in target 'KissFFT' from project 'KissFFT')
    cd /Users/admin/builder/spi-builder-workspace/.dependencies/checkouts/KissFFT
    builtin-copy -exclude .DS_Store -exclude CVS -exclude .svn -exclude .git -exclude .hg -resolve-src-symlinks /Users/admin/builder/spi-builder-workspace/.derivedData/Build/Intermediates.noindex/KissFFT.build/Debug-watchos/KissFFT-t.build/KissFFT.modulemap /Users/admin/builder/spi-builder-workspace/.derivedData/Build/Intermediates.noindex/GeneratedModuleMaps-watchos
WriteAuxiliaryFile /Users/admin/builder/spi-builder-workspace/.derivedData/Build/Intermediates.noindex/DunneAudioKit.build/Debug-watchos/DunneAudioKit-t.build/Objects-normal/arm64/DunneAudioKit_const_extract_protocols.json (in target 'DunneAudioKit' from project 'DunneAudioKit')
    cd /Users/admin/builder/spi-builder-workspace
    write-file /Users/admin/builder/spi-builder-workspace/.derivedData/Build/Intermediates.noindex/DunneAudioKit.build/Debug-watchos/DunneAudioKit-t.build/Objects-normal/arm64/DunneAudioKit_const_extract_protocols.json
WriteAuxiliaryFile /Users/admin/builder/spi-builder-workspace/.derivedData/Build/Intermediates.noindex/DunneAudioKit.build/Debug-watchos/DunneAudioKit-t.build/Objects-normal/arm64/DunneAudioKit.SwiftFileList (in target 'DunneAudioKit' from project 'DunneAudioKit')
    cd /Users/admin/builder/spi-builder-workspace
    write-file /Users/admin/builder/spi-builder-workspace/.derivedData/Build/Intermediates.noindex/DunneAudioKit.build/Debug-watchos/DunneAudioKit-t.build/Objects-normal/arm64/DunneAudioKit.SwiftFileList
WriteAuxiliaryFile /Users/admin/builder/spi-builder-workspace/.derivedData/Build/Intermediates.noindex/DunneAudioKit.build/Debug-watchos/DunneAudioKit-t.build/Objects-normal/arm64/DunneAudioKit.SwiftConstValuesFileList (in target 'DunneAudioKit' from project 'DunneAudioKit')
    cd /Users/admin/builder/spi-builder-workspace
    write-file /Users/admin/builder/spi-builder-workspace/.derivedData/Build/Intermediates.noindex/DunneAudioKit.build/Debug-watchos/DunneAudioKit-t.build/Objects-normal/arm64/DunneAudioKit.SwiftConstValuesFileList
WriteAuxiliaryFile /Users/admin/builder/spi-builder-workspace/.derivedData/Build/Intermediates.noindex/DunneAudioKit.build/Debug-watchos/DunneAudioKit-t.build/Objects-normal/arm64/DunneAudioKit.LinkFileList (in target 'DunneAudioKit' from project 'DunneAudioKit')
    cd /Users/admin/builder/spi-builder-workspace
    write-file /Users/admin/builder/spi-builder-workspace/.derivedData/Build/Intermediates.noindex/DunneAudioKit.build/Debug-watchos/DunneAudioKit-t.build/Objects-normal/arm64/DunneAudioKit.LinkFileList
WriteAuxiliaryFile /Users/admin/builder/spi-builder-workspace/.derivedData/Build/Intermediates.noindex/DunneAudioKit.build/Debug-watchos/DunneAudioKit-t.build/Objects-normal/arm64/DunneAudioKit-OutputFileMap.json (in target 'DunneAudioKit' from project 'DunneAudioKit')
    cd /Users/admin/builder/spi-builder-workspace
    write-file /Users/admin/builder/spi-builder-workspace/.derivedData/Build/Intermediates.noindex/DunneAudioKit.build/Debug-watchos/DunneAudioKit-t.build/Objects-normal/arm64/DunneAudioKit-OutputFileMap.json
WriteAuxiliaryFile /Users/admin/builder/spi-builder-workspace/.derivedData/Build/Intermediates.noindex/DunneAudioKit.build/Debug-watchos/DunneAudioKit-t.build/DunneAudioKit.modulemap (in target 'DunneAudioKit' from project 'DunneAudioKit')
    cd /Users/admin/builder/spi-builder-workspace
    write-file /Users/admin/builder/spi-builder-workspace/.derivedData/Build/Intermediates.noindex/DunneAudioKit.build/Debug-watchos/DunneAudioKit-t.build/DunneAudioKit.modulemap
WriteAuxiliaryFile /Users/admin/builder/spi-builder-workspace/.derivedData/Build/Intermediates.noindex/DunneAudioKit.build/Debug-watchos/DunneAudioKit-t.build/DunneAudioKit.DependencyStaticMetadataFileList (in target 'DunneAudioKit' from project 'DunneAudioKit')
    cd /Users/admin/builder/spi-builder-workspace
    write-file /Users/admin/builder/spi-builder-workspace/.derivedData/Build/Intermediates.noindex/DunneAudioKit.build/Debug-watchos/DunneAudioKit-t.build/DunneAudioKit.DependencyStaticMetadataFileList
WriteAuxiliaryFile /Users/admin/builder/spi-builder-workspace/.derivedData/Build/Intermediates.noindex/DunneAudioKit.build/Debug-watchos/DunneAudioKit-t.build/DunneAudioKit.DependencyMetadataFileList (in target 'DunneAudioKit' from project 'DunneAudioKit')
    cd /Users/admin/builder/spi-builder-workspace
    write-file /Users/admin/builder/spi-builder-workspace/.derivedData/Build/Intermediates.noindex/DunneAudioKit.build/Debug-watchos/DunneAudioKit-t.build/DunneAudioKit.DependencyMetadataFileList
WriteAuxiliaryFile /Users/admin/builder/spi-builder-workspace/.derivedData/Build/Intermediates.noindex/DunneAudioKit.build/Debug-watchos/CDunneAudioKit-t.build/Objects-normal/arm64_32/CDunneAudioKit.LinkFileList (in target 'CDunneAudioKit' from project 'DunneAudioKit')
    cd /Users/admin/builder/spi-builder-workspace
    write-file /Users/admin/builder/spi-builder-workspace/.derivedData/Build/Intermediates.noindex/DunneAudioKit.build/Debug-watchos/CDunneAudioKit-t.build/Objects-normal/arm64_32/CDunneAudioKit.LinkFileList
WriteAuxiliaryFile /Users/admin/builder/spi-builder-workspace/.derivedData/Build/Intermediates.noindex/DunneAudioKit.build/Debug-watchos/CDunneAudioKit-t.build/Objects-normal/arm64_32/af3fcb34312c57c0f52879cdce924b91-common-args.resp (in target 'CDunneAudioKit' from project 'DunneAudioKit')
    cd /Users/admin/builder/spi-builder-workspace
    write-file /Users/admin/builder/spi-builder-workspace/.derivedData/Build/Intermediates.noindex/DunneAudioKit.build/Debug-watchos/CDunneAudioKit-t.build/Objects-normal/arm64_32/af3fcb34312c57c0f52879cdce924b91-common-args.resp
'-std=c++14' -fobjc-arc -fmodules -fno-cxx-modules -gmodules '-fmodules-cache-path=/Users/admin/builder/spi-builder-workspace/.derivedData/ModuleCache.noindex' '-fmodule-name=CDunneAudioKit' '-D_LIBCPP_HARDENING_MODE=_LIBCPP_HARDENING_MODE_DEBUG' -fpascal-strings -O0 -DSWIFT_PACKAGE '-DDEBUG=1' '-DOBJC_OLD_DISPATCH_PROTOTYPES=1' -g -fvisibility-inlines-hidden -fprofile-instr-generate -fcoverage-mapping -I/Users/admin/builder/spi-builder-workspace/.dependencies/checkouts/AudioKitEX/Sources/CAudioKitEX/include -I/Users/admin/builder/spi-builder-workspace/.dependencies/checkouts/KissFFT/Sources/KissFFT/include -I/Users/admin/builder/spi-builder-workspace/.derivedData/Build/Products/Debug-watchos/include -I/Users/admin/builder/spi-builder-workspace/Sources/CDunneAudioKit/include -I/Users/admin/builder/spi-builder-workspace/Sources/CDunneAudioKit/DunneCore/Common -I/Users/admin/builder/spi-builder-workspace/.derivedData/Build/Intermediates.noindex/DunneAudioKit.build/Debug-watchos/CDunneAudioKit-t.build/DerivedSources-normal/arm64_32 -I/Users/admin/builder/spi-builder-workspace/.derivedData/Build/Intermediates.noindex/DunneAudioKit.build/Debug-watchos/CDunneAudioKit-t.build/DerivedSources/arm64_32 -I/Users/admin/builder/spi-builder-workspace/.derivedData/Build/Intermediates.noindex/DunneAudioKit.build/Debug-watchos/CDunneAudioKit-t.build/DerivedSources -F/Users/admin/builder/spi-builder-workspace/.derivedData/Build/Products/Debug-watchos/PackageFrameworks -F/Users/admin/builder/spi-builder-workspace/.derivedData/Build/Products/Debug-watchos -iframework /Applications/Xcode-27.0.0-Release.Candidate.app/Contents/Developer/Platforms/WatchOS.platform/Developer/Library/Frameworks -iframework /Applications/Xcode-27.0.0-Release.Candidate.app/Contents/Developer/Platforms/WatchOS.platform/Developer/SDKs/WatchOS27.0.sdk/Developer/Library/Frameworks '-fmodule-map-file=/Users/admin/builder/spi-builder-workspace/.derivedData/Build/Intermediates.noindex/GeneratedModuleMaps-watchos/AudioKit.modulemap' '-fmodule-map-file=/Users/admin/builder/spi-builder-workspace/.derivedData/Build/Intermediates.noindex/GeneratedModuleMaps-watchos/CAudioKitEX.modulemap' '-fmodule-map-file=/Users/admin/builder/spi-builder-workspace/.derivedData/Build/Intermediates.noindex/GeneratedModuleMaps-watchos/AudioKitEX.modulemap' '-fmodule-map-file=/Users/admin/builder/spi-builder-workspace/.derivedData/Build/Intermediates.noindex/GeneratedModuleMaps-watchos/KissFFT.modulemap' -DXcode
WriteAuxiliaryFile /Users/admin/builder/spi-builder-workspace/.derivedData/Build/Intermediates.noindex/DunneAudioKit.build/Debug-watchos/CDunneAudioKit-t.build/Objects-normal/arm64_32/82b82416624d2658e5098eb0a28c15c5-common-args.resp (in target 'CDunneAudioKit' from project 'DunneAudioKit')
    cd /Users/admin/builder/spi-builder-workspace
    write-file /Users/admin/builder/spi-builder-workspace/.derivedData/Build/Intermediates.noindex/DunneAudioKit.build/Debug-watchos/CDunneAudioKit-t.build/Objects-normal/arm64_32/82b82416624d2658e5098eb0a28c15c5-common-args.resp
'-std=c++14' -fmodules -fno-cxx-modules -gmodules '-fmodules-cache-path=/Users/admin/builder/spi-builder-workspace/.derivedData/ModuleCache.noindex' '-fmodule-name=CDunneAudioKit' '-D_LIBCPP_HARDENING_MODE=_LIBCPP_HARDENING_MODE_DEBUG' -fpascal-strings -O0 -DSWIFT_PACKAGE '-DDEBUG=1' -g -fvisibility-inlines-hidden -fprofile-instr-generate -fcoverage-mapping -I/Users/admin/builder/spi-builder-workspace/.dependencies/checkouts/AudioKitEX/Sources/CAudioKitEX/include -I/Users/admin/builder/spi-builder-workspace/.dependencies/checkouts/KissFFT/Sources/KissFFT/include -I/Users/admin/builder/spi-builder-workspace/.derivedData/Build/Products/Debug-watchos/include -I/Users/admin/builder/spi-builder-workspace/Sources/CDunneAudioKit/include -I/Users/admin/builder/spi-builder-workspace/Sources/CDunneAudioKit/DunneCore/Common -I/Users/admin/builder/spi-builder-workspace/.derivedData/Build/Intermediates.noindex/DunneAudioKit.build/Debug-watchos/CDunneAudioKit-t.build/DerivedSources-normal/arm64_32 -I/Users/admin/builder/spi-builder-workspace/.derivedData/Build/Intermediates.noindex/DunneAudioKit.build/Debug-watchos/CDunneAudioKit-t.build/DerivedSources/arm64_32 -I/Users/admin/builder/spi-builder-workspace/.derivedData/Build/Intermediates.noindex/DunneAudioKit.build/Debug-watchos/CDunneAudioKit-t.build/DerivedSources -F/Users/admin/builder/spi-builder-workspace/.derivedData/Build/Products/Debug-watchos/PackageFrameworks -F/Users/admin/builder/spi-builder-workspace/.derivedData/Build/Products/Debug-watchos -iframework /Applications/Xcode-27.0.0-Release.Candidate.app/Contents/Developer/Platforms/WatchOS.platform/Developer/Library/Frameworks -iframework /Applications/Xcode-27.0.0-Release.Candidate.app/Contents/Developer/Platforms/WatchOS.platform/Developer/SDKs/WatchOS27.0.sdk/Developer/Library/Frameworks '-fmodule-map-file=/Users/admin/builder/spi-builder-workspace/.derivedData/Build/Intermediates.noindex/GeneratedModuleMaps-watchos/AudioKit.modulemap' '-fmodule-map-file=/Users/admin/builder/spi-builder-workspace/.derivedData/Build/Intermediates.noindex/GeneratedModuleMaps-watchos/CAudioKitEX.modulemap' '-fmodule-map-file=/Users/admin/builder/spi-builder-workspace/.derivedData/Build/Intermediates.noindex/GeneratedModuleMaps-watchos/AudioKitEX.modulemap' '-fmodule-map-file=/Users/admin/builder/spi-builder-workspace/.derivedData/Build/Intermediates.noindex/GeneratedModuleMaps-watchos/KissFFT.modulemap' -DXcode
WriteAuxiliaryFile /Users/admin/builder/spi-builder-workspace/.derivedData/Build/Intermediates.noindex/DunneAudioKit.build/Debug-watchos/CDunneAudioKit-t.build/Objects-normal/arm64_32/7187679823f38a2a940e0043cdf9d637-common-args.resp (in target 'CDunneAudioKit' from project 'DunneAudioKit')
    cd /Users/admin/builder/spi-builder-workspace
    write-file /Users/admin/builder/spi-builder-workspace/.derivedData/Build/Intermediates.noindex/DunneAudioKit.build/Debug-watchos/CDunneAudioKit-t.build/Objects-normal/arm64_32/7187679823f38a2a940e0043cdf9d637-common-args.resp
-fmodules -gmodules '-fmodules-cache-path=/Users/admin/builder/spi-builder-workspace/.derivedData/ModuleCache.noindex' '-fmodule-name=CDunneAudioKit' -fpascal-strings -O0 -DSWIFT_PACKAGE '-DDEBUG=1' -g -fprofile-instr-generate -fcoverage-mapping -I/Users/admin/builder/spi-builder-workspace/.dependencies/checkouts/AudioKitEX/Sources/CAudioKitEX/include -I/Users/admin/builder/spi-builder-workspace/.dependencies/checkouts/KissFFT/Sources/KissFFT/include -I/Users/admin/builder/spi-builder-workspace/.derivedData/Build/Products/Debug-watchos/include -I/Users/admin/builder/spi-builder-workspace/Sources/CDunneAudioKit/include -I/Users/admin/builder/spi-builder-workspace/Sources/CDunneAudioKit/DunneCore/Common -I/Users/admin/builder/spi-builder-workspace/.derivedData/Build/Intermediates.noindex/DunneAudioKit.build/Debug-watchos/CDunneAudioKit-t.build/DerivedSources-normal/arm64_32 -I/Users/admin/builder/spi-builder-workspace/.derivedData/Build/Intermediates.noindex/DunneAudioKit.build/Debug-watchos/CDunneAudioKit-t.build/DerivedSources/arm64_32 -I/Users/admin/builder/spi-builder-workspace/.derivedData/Build/Intermediates.noindex/DunneAudioKit.build/Debug-watchos/CDunneAudioKit-t.build/DerivedSources -F/Users/admin/builder/spi-builder-workspace/.derivedData/Build/Products/Debug-watchos/PackageFrameworks -F/Users/admin/builder/spi-builder-workspace/.derivedData/Build/Products/Debug-watchos -iframework /Applications/Xcode-27.0.0-Release.Candidate.app/Contents/Developer/Platforms/WatchOS.platform/Developer/Library/Frameworks -iframework /Applications/Xcode-27.0.0-Release.Candidate.app/Contents/Developer/Platforms/WatchOS.platform/Developer/SDKs/WatchOS27.0.sdk/Developer/Library/Frameworks '-fmodule-map-file=/Users/admin/builder/spi-builder-workspace/.derivedData/Build/Intermediates.noindex/GeneratedModuleMaps-watchos/AudioKit.modulemap' '-fmodule-map-file=/Users/admin/builder/spi-builder-workspace/.derivedData/Build/Intermediates.noindex/GeneratedModuleMaps-watchos/CAudioKitEX.modulemap' '-fmodule-map-file=/Users/admin/builder/spi-builder-workspace/.derivedData/Build/Intermediates.noindex/GeneratedModuleMaps-watchos/AudioKitEX.modulemap' '-fmodule-map-file=/Users/admin/builder/spi-builder-workspace/.derivedData/Build/Intermediates.noindex/GeneratedModuleMaps-watchos/KissFFT.modulemap' -DXcode
WriteAuxiliaryFile /Users/admin/builder/spi-builder-workspace/.derivedData/Build/Intermediates.noindex/DunneAudioKit.build/Debug-watchos/CDunneAudioKit-t.build/Objects-normal/arm64/af3fcb34312c57c0f52879cdce924b91-common-args.resp (in target 'CDunneAudioKit' from project 'DunneAudioKit')
    cd /Users/admin/builder/spi-builder-workspace
    write-file /Users/admin/builder/spi-builder-workspace/.derivedData/Build/Intermediates.noindex/DunneAudioKit.build/Debug-watchos/CDunneAudioKit-t.build/Objects-normal/arm64/af3fcb34312c57c0f52879cdce924b91-common-args.resp
'-std=c++14' -fobjc-arc -fmodules -fno-cxx-modules -gmodules '-fmodules-cache-path=/Users/admin/builder/spi-builder-workspace/.derivedData/ModuleCache.noindex' '-fmodule-name=CDunneAudioKit' '-D_LIBCPP_HARDENING_MODE=_LIBCPP_HARDENING_MODE_DEBUG' -fpascal-strings -O0 -DSWIFT_PACKAGE '-DDEBUG=1' '-DOBJC_OLD_DISPATCH_PROTOTYPES=1' -g -fvisibility-inlines-hidden -fprofile-instr-generate -fcoverage-mapping -I/Users/admin/builder/spi-builder-workspace/.dependencies/checkouts/AudioKitEX/Sources/CAudioKitEX/include -I/Users/admin/builder/spi-builder-workspace/.dependencies/checkouts/KissFFT/Sources/KissFFT/include -I/Users/admin/builder/spi-builder-workspace/.derivedData/Build/Products/Debug-watchos/include -I/Users/admin/builder/spi-builder-workspace/Sources/CDunneAudioKit/include -I/Users/admin/builder/spi-builder-workspace/Sources/CDunneAudioKit/DunneCore/Common -I/Users/admin/builder/spi-builder-workspace/.derivedData/Build/Intermediates.noindex/DunneAudioKit.build/Debug-watchos/CDunneAudioKit-t.build/DerivedSources-normal/arm64 -I/Users/admin/builder/spi-builder-workspace/.derivedData/Build/Intermediates.noindex/DunneAudioKit.build/Debug-watchos/CDunneAudioKit-t.build/DerivedSources/arm64 -I/Users/admin/builder/spi-builder-workspace/.derivedData/Build/Intermediates.noindex/DunneAudioKit.build/Debug-watchos/CDunneAudioKit-t.build/DerivedSources -F/Users/admin/builder/spi-builder-workspace/.derivedData/Build/Products/Debug-watchos/PackageFrameworks -F/Users/admin/builder/spi-builder-workspace/.derivedData/Build/Products/Debug-watchos -iframework /Applications/Xcode-27.0.0-Release.Candidate.app/Contents/Developer/Platforms/WatchOS.platform/Developer/Library/Frameworks -iframework /Applications/Xcode-27.0.0-Release.Candidate.app/Contents/Developer/Platforms/WatchOS.platform/Developer/SDKs/WatchOS27.0.sdk/Developer/Library/Frameworks '-fmodule-map-file=/Users/admin/builder/spi-builder-workspace/.derivedData/Build/Intermediates.noindex/GeneratedModuleMaps-watchos/AudioKit.modulemap' '-fmodule-map-file=/Users/admin/builder/spi-builder-workspace/.derivedData/Build/Intermediates.noindex/GeneratedModuleMaps-watchos/CAudioKitEX.modulemap' '-fmodule-map-file=/Users/admin/builder/spi-builder-workspace/.derivedData/Build/Intermediates.noindex/GeneratedModuleMaps-watchos/AudioKitEX.modulemap' '-fmodule-map-file=/Users/admin/builder/spi-builder-workspace/.derivedData/Build/Intermediates.noindex/GeneratedModuleMaps-watchos/KissFFT.modulemap' -DXcode
WriteAuxiliaryFile /Users/admin/builder/spi-builder-workspace/.derivedData/Build/Intermediates.noindex/DunneAudioKit.build/Debug-watchos/CDunneAudioKit-t.build/Objects-normal/arm64/CDunneAudioKit.LinkFileList (in target 'CDunneAudioKit' from project 'DunneAudioKit')
    cd /Users/admin/builder/spi-builder-workspace
    write-file /Users/admin/builder/spi-builder-workspace/.derivedData/Build/Intermediates.noindex/DunneAudioKit.build/Debug-watchos/CDunneAudioKit-t.build/Objects-normal/arm64/CDunneAudioKit.LinkFileList
Copy /Users/admin/builder/spi-builder-workspace/.derivedData/Build/Intermediates.noindex/GeneratedModuleMaps-watchos/DunneAudioKit.modulemap /Users/admin/builder/spi-builder-workspace/.derivedData/Build/Intermediates.noindex/DunneAudioKit.build/Debug-watchos/DunneAudioKit-t.build/DunneAudioKit.modulemap (in target 'DunneAudioKit' from project 'DunneAudioKit')
    cd /Users/admin/builder/spi-builder-workspace
    builtin-copy -exclude .DS_Store -exclude CVS -exclude .svn -exclude .git -exclude .hg -resolve-src-symlinks /Users/admin/builder/spi-builder-workspace/.derivedData/Build/Intermediates.noindex/DunneAudioKit.build/Debug-watchos/DunneAudioKit-t.build/DunneAudioKit.modulemap /Users/admin/builder/spi-builder-workspace/.derivedData/Build/Intermediates.noindex/GeneratedModuleMaps-watchos
WriteAuxiliaryFile /Users/admin/builder/spi-builder-workspace/.derivedData/Build/Intermediates.noindex/DunneAudioKit.build/Debug-watchos/CDunneAudioKit-t.build/Objects-normal/arm64/82b82416624d2658e5098eb0a28c15c5-common-args.resp (in target 'CDunneAudioKit' from project 'DunneAudioKit')
    cd /Users/admin/builder/spi-builder-workspace
    write-file /Users/admin/builder/spi-builder-workspace/.derivedData/Build/Intermediates.noindex/DunneAudioKit.build/Debug-watchos/CDunneAudioKit-t.build/Objects-normal/arm64/82b82416624d2658e5098eb0a28c15c5-common-args.resp
'-std=c++14' -fmodules -fno-cxx-modules -gmodules '-fmodules-cache-path=/Users/admin/builder/spi-builder-workspace/.derivedData/ModuleCache.noindex' '-fmodule-name=CDunneAudioKit' '-D_LIBCPP_HARDENING_MODE=_LIBCPP_HARDENING_MODE_DEBUG' -fpascal-strings -O0 -DSWIFT_PACKAGE '-DDEBUG=1' -g -fvisibility-inlines-hidden -fprofile-instr-generate -fcoverage-mapping -I/Users/admin/builder/spi-builder-workspace/.dependencies/checkouts/AudioKitEX/Sources/CAudioKitEX/include -I/Users/admin/builder/spi-builder-workspace/.dependencies/checkouts/KissFFT/Sources/KissFFT/include -I/Users/admin/builder/spi-builder-workspace/.derivedData/Build/Products/Debug-watchos/include -I/Users/admin/builder/spi-builder-workspace/Sources/CDunneAudioKit/include -I/Users/admin/builder/spi-builder-workspace/Sources/CDunneAudioKit/DunneCore/Common -I/Users/admin/builder/spi-builder-workspace/.derivedData/Build/Intermediates.noindex/DunneAudioKit.build/Debug-watchos/CDunneAudioKit-t.build/DerivedSources-normal/arm64 -I/Users/admin/builder/spi-builder-workspace/.derivedData/Build/Intermediates.noindex/DunneAudioKit.build/Debug-watchos/CDunneAudioKit-t.build/DerivedSources/arm64 -I/Users/admin/builder/spi-builder-workspace/.derivedData/Build/Intermediates.noindex/DunneAudioKit.build/Debug-watchos/CDunneAudioKit-t.build/DerivedSources -F/Users/admin/builder/spi-builder-workspace/.derivedData/Build/Products/Debug-watchos/PackageFrameworks -F/Users/admin/builder/spi-builder-workspace/.derivedData/Build/Products/Debug-watchos -iframework /Applications/Xcode-27.0.0-Release.Candidate.app/Contents/Developer/Platforms/WatchOS.platform/Developer/Library/Frameworks -iframework /Applications/Xcode-27.0.0-Release.Candidate.app/Contents/Developer/Platforms/WatchOS.platform/Developer/SDKs/WatchOS27.0.sdk/Developer/Library/Frameworks '-fmodule-map-file=/Users/admin/builder/spi-builder-workspace/.derivedData/Build/Intermediates.noindex/GeneratedModuleMaps-watchos/AudioKit.modulemap' '-fmodule-map-file=/Users/admin/builder/spi-builder-workspace/.derivedData/Build/Intermediates.noindex/GeneratedModuleMaps-watchos/CAudioKitEX.modulemap' '-fmodule-map-file=/Users/admin/builder/spi-builder-workspace/.derivedData/Build/Intermediates.noindex/GeneratedModuleMaps-watchos/AudioKitEX.modulemap' '-fmodule-map-file=/Users/admin/builder/spi-builder-workspace/.derivedData/Build/Intermediates.noindex/GeneratedModuleMaps-watchos/KissFFT.modulemap' -DXcode
WriteAuxiliaryFile /Users/admin/builder/spi-builder-workspace/.derivedData/Build/Intermediates.noindex/DunneAudioKit.build/Debug-watchos/CDunneAudioKit-t.build/CDunneAudioKit.modulemap (in target 'CDunneAudioKit' from project 'DunneAudioKit')
    cd /Users/admin/builder/spi-builder-workspace
    write-file /Users/admin/builder/spi-builder-workspace/.derivedData/Build/Intermediates.noindex/DunneAudioKit.build/Debug-watchos/CDunneAudioKit-t.build/CDunneAudioKit.modulemap
WriteAuxiliaryFile /Users/admin/builder/spi-builder-workspace/.derivedData/Build/Intermediates.noindex/DunneAudioKit.build/Debug-watchos/CDunneAudioKit-t.build/Objects-normal/arm64/7187679823f38a2a940e0043cdf9d637-common-args.resp (in target 'CDunneAudioKit' from project 'DunneAudioKit')
    cd /Users/admin/builder/spi-builder-workspace
    write-file /Users/admin/builder/spi-builder-workspace/.derivedData/Build/Intermediates.noindex/DunneAudioKit.build/Debug-watchos/CDunneAudioKit-t.build/Objects-normal/arm64/7187679823f38a2a940e0043cdf9d637-common-args.resp
-fmodules -gmodules '-fmodules-cache-path=/Users/admin/builder/spi-builder-workspace/.derivedData/ModuleCache.noindex' '-fmodule-name=CDunneAudioKit' -fpascal-strings -O0 -DSWIFT_PACKAGE '-DDEBUG=1' -g -fprofile-instr-generate -fcoverage-mapping -I/Users/admin/builder/spi-builder-workspace/.dependencies/checkouts/AudioKitEX/Sources/CAudioKitEX/include -I/Users/admin/builder/spi-builder-workspace/.dependencies/checkouts/KissFFT/Sources/KissFFT/include -I/Users/admin/builder/spi-builder-workspace/.derivedData/Build/Products/Debug-watchos/include -I/Users/admin/builder/spi-builder-workspace/Sources/CDunneAudioKit/include -I/Users/admin/builder/spi-builder-workspace/Sources/CDunneAudioKit/DunneCore/Common -I/Users/admin/builder/spi-builder-workspace/.derivedData/Build/Intermediates.noindex/DunneAudioKit.build/Debug-watchos/CDunneAudioKit-t.build/DerivedSources-normal/arm64 -I/Users/admin/builder/spi-builder-workspace/.derivedData/Build/Intermediates.noindex/DunneAudioKit.build/Debug-watchos/CDunneAudioKit-t.build/DerivedSources/arm64 -I/Users/admin/builder/spi-builder-workspace/.derivedData/Build/Intermediates.noindex/DunneAudioKit.build/Debug-watchos/CDunneAudioKit-t.build/DerivedSources -F/Users/admin/builder/spi-builder-workspace/.derivedData/Build/Products/Debug-watchos/PackageFrameworks -F/Users/admin/builder/spi-builder-workspace/.derivedData/Build/Products/Debug-watchos -iframework /Applications/Xcode-27.0.0-Release.Candidate.app/Contents/Developer/Platforms/WatchOS.platform/Developer/Library/Frameworks -iframework /Applications/Xcode-27.0.0-Release.Candidate.app/Contents/Developer/Platforms/WatchOS.platform/Developer/SDKs/WatchOS27.0.sdk/Developer/Library/Frameworks '-fmodule-map-file=/Users/admin/builder/spi-builder-workspace/.derivedData/Build/Intermediates.noindex/GeneratedModuleMaps-watchos/AudioKit.modulemap' '-fmodule-map-file=/Users/admin/builder/spi-builder-workspace/.derivedData/Build/Intermediates.noindex/GeneratedModuleMaps-watchos/CAudioKitEX.modulemap' '-fmodule-map-file=/Users/admin/builder/spi-builder-workspace/.derivedData/Build/Intermediates.noindex/GeneratedModuleMaps-watchos/AudioKitEX.modulemap' '-fmodule-map-file=/Users/admin/builder/spi-builder-workspace/.derivedData/Build/Intermediates.noindex/GeneratedModuleMaps-watchos/KissFFT.modulemap' -DXcode
WriteAuxiliaryFile /Users/admin/builder/spi-builder-workspace/.derivedData/Build/Intermediates.noindex/DunneAudioKit.build/Debug-watchos/CDunneAudioKit-t.build/CDunneAudioKit.DependencyStaticMetadataFileList (in target 'CDunneAudioKit' from project 'DunneAudioKit')
    cd /Users/admin/builder/spi-builder-workspace
    write-file /Users/admin/builder/spi-builder-workspace/.derivedData/Build/Intermediates.noindex/DunneAudioKit.build/Debug-watchos/CDunneAudioKit-t.build/CDunneAudioKit.DependencyStaticMetadataFileList
WriteAuxiliaryFile /Users/admin/builder/spi-builder-workspace/.derivedData/Build/Intermediates.noindex/DunneAudioKit.build/Debug-watchos/CDunneAudioKit-t.build/CDunneAudioKit.DependencyMetadataFileList (in target 'CDunneAudioKit' from project 'DunneAudioKit')
    cd /Users/admin/builder/spi-builder-workspace
    write-file /Users/admin/builder/spi-builder-workspace/.derivedData/Build/Intermediates.noindex/DunneAudioKit.build/Debug-watchos/CDunneAudioKit-t.build/CDunneAudioKit.DependencyMetadataFileList
WriteAuxiliaryFile /Users/admin/builder/spi-builder-workspace/.derivedData/Build/Intermediates.noindex/AudioKitEX.build/Debug-watchos/CAudioKitEX-t.build/Objects-normal/arm64_32/af3fcb34312c57c0f52879cdce924b91-common-args.resp (in target 'CAudioKitEX' from project 'AudioKitEX')
    cd /Users/admin/builder/spi-builder-workspace/.dependencies/checkouts/AudioKitEX
    write-file /Users/admin/builder/spi-builder-workspace/.derivedData/Build/Intermediates.noindex/AudioKitEX.build/Debug-watchos/CAudioKitEX-t.build/Objects-normal/arm64_32/af3fcb34312c57c0f52879cdce924b91-common-args.resp
'-std=c++14' -fobjc-arc -fmodules -fno-cxx-modules -gmodules '-fmodules-cache-path=/Users/admin/builder/spi-builder-workspace/.derivedData/ModuleCache.noindex' '-fmodule-name=CAudioKitEX' '-D_LIBCPP_HARDENING_MODE=_LIBCPP_HARDENING_MODE_DEBUG' -fpascal-strings -O0 -DSWIFT_PACKAGE '-DDEBUG=1' '-DOBJC_OLD_DISPATCH_PROTOTYPES=1' -g -fvisibility-inlines-hidden -fprofile-instr-generate -fcoverage-mapping -I/Users/admin/builder/spi-builder-workspace/.derivedData/Build/Products/Debug-watchos/include -I/Users/admin/builder/spi-builder-workspace/.dependencies/checkouts/AudioKitEX/Sources/CAudioKitEX/include -I/Users/admin/builder/spi-builder-workspace/.dependencies/checkouts/AudioKitEX/Sources/CAudioKitEX -I/Users/admin/builder/spi-builder-workspace/.derivedData/Build/Intermediates.noindex/AudioKitEX.build/Debug-watchos/CAudioKitEX-t.build/DerivedSources-normal/arm64_32 -I/Users/admin/builder/spi-builder-workspace/.derivedData/Build/Intermediates.noindex/AudioKitEX.build/Debug-watchos/CAudioKitEX-t.build/DerivedSources/arm64_32 -I/Users/admin/builder/spi-builder-workspace/.derivedData/Build/Intermediates.noindex/AudioKitEX.build/Debug-watchos/CAudioKitEX-t.build/DerivedSources -F/Users/admin/builder/spi-builder-workspace/.derivedData/Build/Products/Debug-watchos -iframework /Applications/Xcode-27.0.0-Release.Candidate.app/Contents/Developer/Platforms/WatchOS.platform/Developer/Library/Frameworks -iframework /Applications/Xcode-27.0.0-Release.Candidate.app/Contents/Developer/Platforms/WatchOS.platform/Developer/SDKs/WatchOS27.0.sdk/Developer/Library/Frameworks -DXcode
WriteAuxiliaryFile /Users/admin/builder/spi-builder-workspace/.derivedData/Build/Intermediates.noindex/AudioKitEX.build/Debug-watchos/CAudioKitEX-t.build/Objects-normal/arm64_32/e6072d4f65d7061329687fe24e3d63a7-common-args.resp (in target 'CAudioKitEX' from project 'AudioKitEX')
    cd /Users/admin/builder/spi-builder-workspace/.dependencies/checkouts/AudioKitEX
    write-file /Users/admin/builder/spi-builder-workspace/.derivedData/Build/Intermediates.noindex/AudioKitEX.build/Debug-watchos/CAudioKitEX-t.build/Objects-normal/arm64_32/e6072d4f65d7061329687fe24e3d63a7-common-args.resp
-fobjc-arc -fmodules -gmodules '-fmodules-cache-path=/Users/admin/builder/spi-builder-workspace/.derivedData/ModuleCache.noindex' '-fmodule-name=CAudioKitEX' -fpascal-strings -O0 -DSWIFT_PACKAGE '-DDEBUG=1' '-DOBJC_OLD_DISPATCH_PROTOTYPES=1' -g -fprofile-instr-generate -fcoverage-mapping -I/Users/admin/builder/spi-builder-workspace/.derivedData/Build/Products/Debug-watchos/include -I/Users/admin/builder/spi-builder-workspace/.dependencies/checkouts/AudioKitEX/Sources/CAudioKitEX/include -I/Users/admin/builder/spi-builder-workspace/.dependencies/checkouts/AudioKitEX/Sources/CAudioKitEX -I/Users/admin/builder/spi-builder-workspace/.derivedData/Build/Intermediates.noindex/AudioKitEX.build/Debug-watchos/CAudioKitEX-t.build/DerivedSources-normal/arm64_32 -I/Users/admin/builder/spi-builder-workspace/.derivedData/Build/Intermediates.noindex/AudioKitEX.build/Debug-watchos/CAudioKitEX-t.build/DerivedSources/arm64_32 -I/Users/admin/builder/spi-builder-workspace/.derivedData/Build/Intermediates.noindex/AudioKitEX.build/Debug-watchos/CAudioKitEX-t.build/DerivedSources -F/Users/admin/builder/spi-builder-workspace/.derivedData/Build/Products/Debug-watchos -iframework /Applications/Xcode-27.0.0-Release.Candidate.app/Contents/Developer/Platforms/WatchOS.platform/Developer/Library/Frameworks -iframework /Applications/Xcode-27.0.0-Release.Candidate.app/Contents/Developer/Platforms/WatchOS.platform/Developer/SDKs/WatchOS27.0.sdk/Developer/Library/Frameworks -DXcode
WriteAuxiliaryFile /Users/admin/builder/spi-builder-workspace/.derivedData/Build/Intermediates.noindex/AudioKitEX.build/Debug-watchos/CAudioKitEX-t.build/Objects-normal/arm64_32/CAudioKitEX.LinkFileList (in target 'CAudioKitEX' from project 'AudioKitEX')
    cd /Users/admin/builder/spi-builder-workspace/.dependencies/checkouts/AudioKitEX
    write-file /Users/admin/builder/spi-builder-workspace/.derivedData/Build/Intermediates.noindex/AudioKitEX.build/Debug-watchos/CAudioKitEX-t.build/Objects-normal/arm64_32/CAudioKitEX.LinkFileList
WriteAuxiliaryFile /Users/admin/builder/spi-builder-workspace/.derivedData/Build/Intermediates.noindex/AudioKitEX.build/Debug-watchos/CAudioKitEX-t.build/Objects-normal/arm64_32/82b82416624d2658e5098eb0a28c15c5-common-args.resp (in target 'CAudioKitEX' from project 'AudioKitEX')
    cd /Users/admin/builder/spi-builder-workspace/.dependencies/checkouts/AudioKitEX
    write-file /Users/admin/builder/spi-builder-workspace/.derivedData/Build/Intermediates.noindex/AudioKitEX.build/Debug-watchos/CAudioKitEX-t.build/Objects-normal/arm64_32/82b82416624d2658e5098eb0a28c15c5-common-args.resp
'-std=c++14' -fmodules -fno-cxx-modules -gmodules '-fmodules-cache-path=/Users/admin/builder/spi-builder-workspace/.derivedData/ModuleCache.noindex' '-fmodule-name=CAudioKitEX' '-D_LIBCPP_HARDENING_MODE=_LIBCPP_HARDENING_MODE_DEBUG' -fpascal-strings -O0 -DSWIFT_PACKAGE '-DDEBUG=1' -g -fvisibility-inlines-hidden -fprofile-instr-generate -fcoverage-mapping -I/Users/admin/builder/spi-builder-workspace/.derivedData/Build/Products/Debug-watchos/include -I/Users/admin/builder/spi-builder-workspace/.dependencies/checkouts/AudioKitEX/Sources/CAudioKitEX/include -I/Users/admin/builder/spi-builder-workspace/.dependencies/checkouts/AudioKitEX/Sources/CAudioKitEX -I/Users/admin/builder/spi-builder-workspace/.derivedData/Build/Intermediates.noindex/AudioKitEX.build/Debug-watchos/CAudioKitEX-t.build/DerivedSources-normal/arm64_32 -I/Users/admin/builder/spi-builder-workspace/.derivedData/Build/Intermediates.noindex/AudioKitEX.build/Debug-watchos/CAudioKitEX-t.build/DerivedSources/arm64_32 -I/Users/admin/builder/spi-builder-workspace/.derivedData/Build/Intermediates.noindex/AudioKitEX.build/Debug-watchos/CAudioKitEX-t.build/DerivedSources -F/Users/admin/builder/spi-builder-workspace/.derivedData/Build/Products/Debug-watchos -iframework /Applications/Xcode-27.0.0-Release.Candidate.app/Contents/Developer/Platforms/WatchOS.platform/Developer/Library/Frameworks -iframework /Applications/Xcode-27.0.0-Release.Candidate.app/Contents/Developer/Platforms/WatchOS.platform/Developer/SDKs/WatchOS27.0.sdk/Developer/Library/Frameworks -DXcode
WriteAuxiliaryFile /Users/admin/builder/spi-builder-workspace/.derivedData/Build/Intermediates.noindex/AudioKitEX.build/Debug-watchos/CAudioKitEX-t.build/Objects-normal/arm64_32/7187679823f38a2a940e0043cdf9d637-common-args.resp (in target 'CAudioKitEX' from project 'AudioKitEX')
    cd /Users/admin/builder/spi-builder-workspace/.dependencies/checkouts/AudioKitEX
    write-file /Users/admin/builder/spi-builder-workspace/.derivedData/Build/Intermediates.noindex/AudioKitEX.build/Debug-watchos/CAudioKitEX-t.build/Objects-normal/arm64_32/7187679823f38a2a940e0043cdf9d637-common-args.resp
-fmodules -gmodules '-fmodules-cache-path=/Users/admin/builder/spi-builder-workspace/.derivedData/ModuleCache.noindex' '-fmodule-name=CAudioKitEX' -fpascal-strings -O0 -DSWIFT_PACKAGE '-DDEBUG=1' -g -fprofile-instr-generate -fcoverage-mapping -I/Users/admin/builder/spi-builder-workspace/.derivedData/Build/Products/Debug-watchos/include -I/Users/admin/builder/spi-builder-workspace/.dependencies/checkouts/AudioKitEX/Sources/CAudioKitEX/include -I/Users/admin/builder/spi-builder-workspace/.dependencies/checkouts/AudioKitEX/Sources/CAudioKitEX -I/Users/admin/builder/spi-builder-workspace/.derivedData/Build/Intermediates.noindex/AudioKitEX.build/Debug-watchos/CAudioKitEX-t.build/DerivedSources-normal/arm64_32 -I/Users/admin/builder/spi-builder-workspace/.derivedData/Build/Intermediates.noindex/AudioKitEX.build/Debug-watchos/CAudioKitEX-t.build/DerivedSources/arm64_32 -I/Users/admin/builder/spi-builder-workspace/.derivedData/Build/Intermediates.noindex/AudioKitEX.build/Debug-watchos/CAudioKitEX-t.build/DerivedSources -F/Users/admin/builder/spi-builder-workspace/.derivedData/Build/Products/Debug-watchos -iframework /Applications/Xcode-27.0.0-Release.Candidate.app/Contents/Developer/Platforms/WatchOS.platform/Developer/Library/Frameworks -iframework /Applications/Xcode-27.0.0-Release.Candidate.app/Contents/Developer/Platforms/WatchOS.platform/Developer/SDKs/WatchOS27.0.sdk/Developer/Library/Frameworks -DXcode
WriteAuxiliaryFile /Users/admin/builder/spi-builder-workspace/.derivedData/Build/Intermediates.noindex/AudioKitEX.build/Debug-watchos/CAudioKitEX-t.build/Objects-normal/arm64/CAudioKitEX.LinkFileList (in target 'CAudioKitEX' from project 'AudioKitEX')
    cd /Users/admin/builder/spi-builder-workspace/.dependencies/checkouts/AudioKitEX
    write-file /Users/admin/builder/spi-builder-workspace/.derivedData/Build/Intermediates.noindex/AudioKitEX.build/Debug-watchos/CAudioKitEX-t.build/Objects-normal/arm64/CAudioKitEX.LinkFileList
WriteAuxiliaryFile /Users/admin/builder/spi-builder-workspace/.derivedData/Build/Intermediates.noindex/AudioKitEX.build/Debug-watchos/CAudioKitEX-t.build/Objects-normal/arm64/82b82416624d2658e5098eb0a28c15c5-common-args.resp (in target 'CAudioKitEX' from project 'AudioKitEX')
    cd /Users/admin/builder/spi-builder-workspace/.dependencies/checkouts/AudioKitEX
    write-file /Users/admin/builder/spi-builder-workspace/.derivedData/Build/Intermediates.noindex/AudioKitEX.build/Debug-watchos/CAudioKitEX-t.build/Objects-normal/arm64/82b82416624d2658e5098eb0a28c15c5-common-args.resp
'-std=c++14' -fmodules -fno-cxx-modules -gmodules '-fmodules-cache-path=/Users/admin/builder/spi-builder-workspace/.derivedData/ModuleCache.noindex' '-fmodule-name=CAudioKitEX' '-D_LIBCPP_HARDENING_MODE=_LIBCPP_HARDENING_MODE_DEBUG' -fpascal-strings -O0 -DSWIFT_PACKAGE '-DDEBUG=1' -g -fvisibility-inlines-hidden -fprofile-instr-generate -fcoverage-mapping -I/Users/admin/builder/spi-builder-workspace/.derivedData/Build/Products/Debug-watchos/include -I/Users/admin/builder/spi-builder-workspace/.dependencies/checkouts/AudioKitEX/Sources/CAudioKitEX/include -I/Users/admin/builder/spi-builder-workspace/.dependencies/checkouts/AudioKitEX/Sources/CAudioKitEX -I/Users/admin/builder/spi-builder-workspace/.derivedData/Build/Intermediates.noindex/AudioKitEX.build/Debug-watchos/CAudioKitEX-t.build/DerivedSources-normal/arm64 -I/Users/admin/builder/spi-builder-workspace/.derivedData/Build/Intermediates.noindex/AudioKitEX.build/Debug-watchos/CAudioKitEX-t.build/DerivedSources/arm64 -I/Users/admin/builder/spi-builder-workspace/.derivedData/Build/Intermediates.noindex/AudioKitEX.build/Debug-watchos/CAudioKitEX-t.build/DerivedSources -F/Users/admin/builder/spi-builder-workspace/.derivedData/Build/Products/Debug-watchos -iframework /Applications/Xcode-27.0.0-Release.Candidate.app/Contents/Developer/Platforms/WatchOS.platform/Developer/Library/Frameworks -iframework /Applications/Xcode-27.0.0-Release.Candidate.app/Contents/Developer/Platforms/WatchOS.platform/Developer/SDKs/WatchOS27.0.sdk/Developer/Library/Frameworks -DXcode
WriteAuxiliaryFile /Users/admin/builder/spi-builder-workspace/.derivedData/Build/Intermediates.noindex/AudioKitEX.build/Debug-watchos/CAudioKitEX-t.build/Objects-normal/arm64/e6072d4f65d7061329687fe24e3d63a7-common-args.resp (in target 'CAudioKitEX' from project 'AudioKitEX')
    cd /Users/admin/builder/spi-builder-workspace/.dependencies/checkouts/AudioKitEX
    write-file /Users/admin/builder/spi-builder-workspace/.derivedData/Build/Intermediates.noindex/AudioKitEX.build/Debug-watchos/CAudioKitEX-t.build/Objects-normal/arm64/e6072d4f65d7061329687fe24e3d63a7-common-args.resp
-fobjc-arc -fmodules -gmodules '-fmodules-cache-path=/Users/admin/builder/spi-builder-workspace/.derivedData/ModuleCache.noindex' '-fmodule-name=CAudioKitEX' -fpascal-strings -O0 -DSWIFT_PACKAGE '-DDEBUG=1' '-DOBJC_OLD_DISPATCH_PROTOTYPES=1' -g -fprofile-instr-generate -fcoverage-mapping -I/Users/admin/builder/spi-builder-workspace/.derivedData/Build/Products/Debug-watchos/include -I/Users/admin/builder/spi-builder-workspace/.dependencies/checkouts/AudioKitEX/Sources/CAudioKitEX/include -I/Users/admin/builder/spi-builder-workspace/.dependencies/checkouts/AudioKitEX/Sources/CAudioKitEX -I/Users/admin/builder/spi-builder-workspace/.derivedData/Build/Intermediates.noindex/AudioKitEX.build/Debug-watchos/CAudioKitEX-t.build/DerivedSources-normal/arm64 -I/Users/admin/builder/spi-builder-workspace/.derivedData/Build/Intermediates.noindex/AudioKitEX.build/Debug-watchos/CAudioKitEX-t.build/DerivedSources/arm64 -I/Users/admin/builder/spi-builder-workspace/.derivedData/Build/Intermediates.noindex/AudioKitEX.build/Debug-watchos/CAudioKitEX-t.build/DerivedSources -F/Users/admin/builder/spi-builder-workspace/.derivedData/Build/Products/Debug-watchos -iframework /Applications/Xcode-27.0.0-Release.Candidate.app/Contents/Developer/Platforms/WatchOS.platform/Developer/Library/Frameworks -iframework /Applications/Xcode-27.0.0-Release.Candidate.app/Contents/Developer/Platforms/WatchOS.platform/Developer/SDKs/WatchOS27.0.sdk/Developer/Library/Frameworks -DXcode
WriteAuxiliaryFile /Users/admin/builder/spi-builder-workspace/.derivedData/Build/Intermediates.noindex/AudioKitEX.build/Debug-watchos/CAudioKitEX-t.build/Objects-normal/arm64/af3fcb34312c57c0f52879cdce924b91-common-args.resp (in target 'CAudioKitEX' from project 'AudioKitEX')
    cd /Users/admin/builder/spi-builder-workspace/.dependencies/checkouts/AudioKitEX
    write-file /Users/admin/builder/spi-builder-workspace/.derivedData/Build/Intermediates.noindex/AudioKitEX.build/Debug-watchos/CAudioKitEX-t.build/Objects-normal/arm64/af3fcb34312c57c0f52879cdce924b91-common-args.resp
'-std=c++14' -fobjc-arc -fmodules -fno-cxx-modules -gmodules '-fmodules-cache-path=/Users/admin/builder/spi-builder-workspace/.derivedData/ModuleCache.noindex' '-fmodule-name=CAudioKitEX' '-D_LIBCPP_HARDENING_MODE=_LIBCPP_HARDENING_MODE_DEBUG' -fpascal-strings -O0 -DSWIFT_PACKAGE '-DDEBUG=1' '-DOBJC_OLD_DISPATCH_PROTOTYPES=1' -g -fvisibility-inlines-hidden -fprofile-instr-generate -fcoverage-mapping -I/Users/admin/builder/spi-builder-workspace/.derivedData/Build/Products/Debug-watchos/include -I/Users/admin/builder/spi-builder-workspace/.dependencies/checkouts/AudioKitEX/Sources/CAudioKitEX/include -I/Users/admin/builder/spi-builder-workspace/.dependencies/checkouts/AudioKitEX/Sources/CAudioKitEX -I/Users/admin/builder/spi-builder-workspace/.derivedData/Build/Intermediates.noindex/AudioKitEX.build/Debug-watchos/CAudioKitEX-t.build/DerivedSources-normal/arm64 -I/Users/admin/builder/spi-builder-workspace/.derivedData/Build/Intermediates.noindex/AudioKitEX.build/Debug-watchos/CAudioKitEX-t.build/DerivedSources/arm64 -I/Users/admin/builder/spi-builder-workspace/.derivedData/Build/Intermediates.noindex/AudioKitEX.build/Debug-watchos/CAudioKitEX-t.build/DerivedSources -F/Users/admin/builder/spi-builder-workspace/.derivedData/Build/Products/Debug-watchos -iframework /Applications/Xcode-27.0.0-Release.Candidate.app/Contents/Developer/Platforms/WatchOS.platform/Developer/Library/Frameworks -iframework /Applications/Xcode-27.0.0-Release.Candidate.app/Contents/Developer/Platforms/WatchOS.platform/Developer/SDKs/WatchOS27.0.sdk/Developer/Library/Frameworks -DXcode
Copy /Users/admin/builder/spi-builder-workspace/.derivedData/Build/Intermediates.noindex/GeneratedModuleMaps-watchos/CDunneAudioKit.modulemap /Users/admin/builder/spi-builder-workspace/.derivedData/Build/Intermediates.noindex/DunneAudioKit.build/Debug-watchos/CDunneAudioKit-t.build/CDunneAudioKit.modulemap (in target 'CDunneAudioKit' from project 'DunneAudioKit')
    cd /Users/admin/builder/spi-builder-workspace
    builtin-copy -exclude .DS_Store -exclude CVS -exclude .svn -exclude .git -exclude .hg -resolve-src-symlinks /Users/admin/builder/spi-builder-workspace/.derivedData/Build/Intermediates.noindex/DunneAudioKit.build/Debug-watchos/CDunneAudioKit-t.build/CDunneAudioKit.modulemap /Users/admin/builder/spi-builder-workspace/.derivedData/Build/Intermediates.noindex/GeneratedModuleMaps-watchos
WriteAuxiliaryFile /Users/admin/builder/spi-builder-workspace/.derivedData/Build/Intermediates.noindex/AudioKitEX.build/Debug-watchos/CAudioKitEX-t.build/Objects-normal/arm64/7187679823f38a2a940e0043cdf9d637-common-args.resp (in target 'CAudioKitEX' from project 'AudioKitEX')
    cd /Users/admin/builder/spi-builder-workspace/.dependencies/checkouts/AudioKitEX
    write-file /Users/admin/builder/spi-builder-workspace/.derivedData/Build/Intermediates.noindex/AudioKitEX.build/Debug-watchos/CAudioKitEX-t.build/Objects-normal/arm64/7187679823f38a2a940e0043cdf9d637-common-args.resp
-fmodules -gmodules '-fmodules-cache-path=/Users/admin/builder/spi-builder-workspace/.derivedData/ModuleCache.noindex' '-fmodule-name=CAudioKitEX' -fpascal-strings -O0 -DSWIFT_PACKAGE '-DDEBUG=1' -g -fprofile-instr-generate -fcoverage-mapping -I/Users/admin/builder/spi-builder-workspace/.derivedData/Build/Products/Debug-watchos/include -I/Users/admin/builder/spi-builder-workspace/.dependencies/checkouts/AudioKitEX/Sources/CAudioKitEX/include -I/Users/admin/builder/spi-builder-workspace/.dependencies/checkouts/AudioKitEX/Sources/CAudioKitEX -I/Users/admin/builder/spi-builder-workspace/.derivedData/Build/Intermediates.noindex/AudioKitEX.build/Debug-watchos/CAudioKitEX-t.build/DerivedSources-normal/arm64 -I/Users/admin/builder/spi-builder-workspace/.derivedData/Build/Intermediates.noindex/AudioKitEX.build/Debug-watchos/CAudioKitEX-t.build/DerivedSources/arm64 -I/Users/admin/builder/spi-builder-workspace/.derivedData/Build/Intermediates.noindex/AudioKitEX.build/Debug-watchos/CAudioKitEX-t.build/DerivedSources -F/Users/admin/builder/spi-builder-workspace/.derivedData/Build/Products/Debug-watchos -iframework /Applications/Xcode-27.0.0-Release.Candidate.app/Contents/Developer/Platforms/WatchOS.platform/Developer/Library/Frameworks -iframework /Applications/Xcode-27.0.0-Release.Candidate.app/Contents/Developer/Platforms/WatchOS.platform/Developer/SDKs/WatchOS27.0.sdk/Developer/Library/Frameworks -DXcode
WriteAuxiliaryFile /Users/admin/builder/spi-builder-workspace/.derivedData/Build/Intermediates.noindex/AudioKitEX.build/Debug-watchos/CAudioKitEX-t.build/CAudioKitEX.DependencyStaticMetadataFileList (in target 'CAudioKitEX' from project 'AudioKitEX')
    cd /Users/admin/builder/spi-builder-workspace/.dependencies/checkouts/AudioKitEX
    write-file /Users/admin/builder/spi-builder-workspace/.derivedData/Build/Intermediates.noindex/AudioKitEX.build/Debug-watchos/CAudioKitEX-t.build/CAudioKitEX.DependencyStaticMetadataFileList
WriteAuxiliaryFile /Users/admin/builder/spi-builder-workspace/.derivedData/Build/Intermediates.noindex/AudioKitEX.build/Debug-watchos/CAudioKitEX-t.build/CAudioKitEX.modulemap (in target 'CAudioKitEX' from project 'AudioKitEX')
    cd /Users/admin/builder/spi-builder-workspace/.dependencies/checkouts/AudioKitEX
    write-file /Users/admin/builder/spi-builder-workspace/.derivedData/Build/Intermediates.noindex/AudioKitEX.build/Debug-watchos/CAudioKitEX-t.build/CAudioKitEX.modulemap
WriteAuxiliaryFile /Users/admin/builder/spi-builder-workspace/.derivedData/Build/Intermediates.noindex/AudioKitEX.build/Debug-watchos/CAudioKitEX-t.build/CAudioKitEX.DependencyMetadataFileList (in target 'CAudioKitEX' from project 'AudioKitEX')
    cd /Users/admin/builder/spi-builder-workspace/.dependencies/checkouts/AudioKitEX
    write-file /Users/admin/builder/spi-builder-workspace/.derivedData/Build/Intermediates.noindex/AudioKitEX.build/Debug-watchos/CAudioKitEX-t.build/CAudioKitEX.DependencyMetadataFileList
WriteAuxiliaryFile /Users/admin/builder/spi-builder-workspace/.derivedData/Build/Intermediates.noindex/AudioKit.build/Debug-watchos/AudioKit_AudioKit-b.build/AudioKit_AudioKit.DependencyMetadataFileList (in target 'AudioKit_AudioKit' from project 'AudioKit')
    cd /Users/admin/builder/spi-builder-workspace/.dependencies/checkouts/AudioKit
    write-file /Users/admin/builder/spi-builder-workspace/.derivedData/Build/Intermediates.noindex/AudioKit.build/Debug-watchos/AudioKit_AudioKit-b.build/AudioKit_AudioKit.DependencyMetadataFileList
WriteAuxiliaryFile /Users/admin/builder/spi-builder-workspace/.derivedData/Build/Intermediates.noindex/AudioKit.build/Debug-watchos/AudioKit_AudioKit-b.build/empty-AudioKit_AudioKit.plist (in target 'AudioKit_AudioKit' from project 'AudioKit')
    cd /Users/admin/builder/spi-builder-workspace/.dependencies/checkouts/AudioKit
    write-file /Users/admin/builder/spi-builder-workspace/.derivedData/Build/Intermediates.noindex/AudioKit.build/Debug-watchos/AudioKit_AudioKit-b.build/empty-AudioKit_AudioKit.plist
WriteAuxiliaryFile /Users/admin/builder/spi-builder-workspace/.derivedData/Build/Intermediates.noindex/AudioKit.build/Debug-watchos/AudioKit_AudioKit-b.build/AudioKit_AudioKit.DependencyStaticMetadataFileList (in target 'AudioKit_AudioKit' from project 'AudioKit')
    cd /Users/admin/builder/spi-builder-workspace/.dependencies/checkouts/AudioKit
    write-file /Users/admin/builder/spi-builder-workspace/.derivedData/Build/Intermediates.noindex/AudioKit.build/Debug-watchos/AudioKit_AudioKit-b.build/AudioKit_AudioKit.DependencyStaticMetadataFileList
Copy /Users/admin/builder/spi-builder-workspace/.derivedData/Build/Intermediates.noindex/GeneratedModuleMaps-watchos/CAudioKitEX.modulemap /Users/admin/builder/spi-builder-workspace/.derivedData/Build/Intermediates.noindex/AudioKitEX.build/Debug-watchos/CAudioKitEX-t.build/CAudioKitEX.modulemap (in target 'CAudioKitEX' from project 'AudioKitEX')
    cd /Users/admin/builder/spi-builder-workspace/.dependencies/checkouts/AudioKitEX
    builtin-copy -exclude .DS_Store -exclude CVS -exclude .svn -exclude .git -exclude .hg -resolve-src-symlinks /Users/admin/builder/spi-builder-workspace/.derivedData/Build/Intermediates.noindex/AudioKitEX.build/Debug-watchos/CAudioKitEX-t.build/CAudioKitEX.modulemap /Users/admin/builder/spi-builder-workspace/.derivedData/Build/Intermediates.noindex/GeneratedModuleMaps-watchos
MkDir /Users/admin/builder/spi-builder-workspace/.derivedData/Build/Products/Debug-watchos/AudioKit_AudioKit.bundle (in target 'AudioKit_AudioKit' from project 'AudioKit')
    cd /Users/admin/builder/spi-builder-workspace/.dependencies/checkouts/AudioKit
    /bin/mkdir -p /Users/admin/builder/spi-builder-workspace/.derivedData/Build/Products/Debug-watchos/AudioKit_AudioKit.bundle
WriteAuxiliaryFile /Users/admin/builder/spi-builder-workspace/.derivedData/Build/Intermediates.noindex/AudioKitEX.build/Debug-watchos/AudioKitEX-t.build/Objects-normal/arm64_32/AudioKitEX.SwiftFileList (in target 'AudioKitEX' from project 'AudioKitEX')
    cd /Users/admin/builder/spi-builder-workspace/.dependencies/checkouts/AudioKitEX
    write-file /Users/admin/builder/spi-builder-workspace/.derivedData/Build/Intermediates.noindex/AudioKitEX.build/Debug-watchos/AudioKitEX-t.build/Objects-normal/arm64_32/AudioKitEX.SwiftFileList
WriteAuxiliaryFile /Users/admin/builder/spi-builder-workspace/.derivedData/Build/Intermediates.noindex/AudioKitEX.build/Debug-watchos/AudioKitEX-t.build/Objects-normal/arm64_32/AudioKitEX-OutputFileMap.json (in target 'AudioKitEX' from project 'AudioKitEX')
    cd /Users/admin/builder/spi-builder-workspace/.dependencies/checkouts/AudioKitEX
    write-file /Users/admin/builder/spi-builder-workspace/.derivedData/Build/Intermediates.noindex/AudioKitEX.build/Debug-watchos/AudioKitEX-t.build/Objects-normal/arm64_32/AudioKitEX-OutputFileMap.json
WriteAuxiliaryFile /Users/admin/builder/spi-builder-workspace/.derivedData/Build/Intermediates.noindex/AudioKitEX.build/Debug-watchos/AudioKitEX-t.build/Objects-normal/arm64_32/AudioKitEX.LinkFileList (in target 'AudioKitEX' from project 'AudioKitEX')
    cd /Users/admin/builder/spi-builder-workspace/.dependencies/checkouts/AudioKitEX
    write-file /Users/admin/builder/spi-builder-workspace/.derivedData/Build/Intermediates.noindex/AudioKitEX.build/Debug-watchos/AudioKitEX-t.build/Objects-normal/arm64_32/AudioKitEX.LinkFileList
WriteAuxiliaryFile /Users/admin/builder/spi-builder-workspace/.derivedData/Build/Intermediates.noindex/AudioKitEX.build/Debug-watchos/AudioKitEX-t.build/Objects-normal/arm64_32/AudioKitEX.SwiftConstValuesFileList (in target 'AudioKitEX' from project 'AudioKitEX')
    cd /Users/admin/builder/spi-builder-workspace/.dependencies/checkouts/AudioKitEX
    write-file /Users/admin/builder/spi-builder-workspace/.derivedData/Build/Intermediates.noindex/AudioKitEX.build/Debug-watchos/AudioKitEX-t.build/Objects-normal/arm64_32/AudioKitEX.SwiftConstValuesFileList
WriteAuxiliaryFile /Users/admin/builder/spi-builder-workspace/.derivedData/Build/Intermediates.noindex/AudioKitEX.build/Debug-watchos/AudioKitEX-t.build/Objects-normal/arm64_32/AudioKitEX_const_extract_protocols.json (in target 'AudioKitEX' from project 'AudioKitEX')
    cd /Users/admin/builder/spi-builder-workspace/.dependencies/checkouts/AudioKitEX
    write-file /Users/admin/builder/spi-builder-workspace/.derivedData/Build/Intermediates.noindex/AudioKitEX.build/Debug-watchos/AudioKitEX-t.build/Objects-normal/arm64_32/AudioKitEX_const_extract_protocols.json
WriteAuxiliaryFile /Users/admin/builder/spi-builder-workspace/.derivedData/Build/Intermediates.noindex/AudioKitEX.build/Debug-watchos/AudioKitEX-t.build/Objects-normal/arm64/AudioKitEX.SwiftConstValuesFileList (in target 'AudioKitEX' from project 'AudioKitEX')
    cd /Users/admin/builder/spi-builder-workspace/.dependencies/checkouts/AudioKitEX
    write-file /Users/admin/builder/spi-builder-workspace/.derivedData/Build/Intermediates.noindex/AudioKitEX.build/Debug-watchos/AudioKitEX-t.build/Objects-normal/arm64/AudioKitEX.SwiftConstValuesFileList
WriteAuxiliaryFile /Users/admin/builder/spi-builder-workspace/.derivedData/Build/Intermediates.noindex/AudioKitEX.build/Debug-watchos/AudioKitEX-t.build/Objects-normal/arm64/AudioKitEX.SwiftFileList (in target 'AudioKitEX' from project 'AudioKitEX')
    cd /Users/admin/builder/spi-builder-workspace/.dependencies/checkouts/AudioKitEX
    write-file /Users/admin/builder/spi-builder-workspace/.derivedData/Build/Intermediates.noindex/AudioKitEX.build/Debug-watchos/AudioKitEX-t.build/Objects-normal/arm64/AudioKitEX.SwiftFileList
WriteAuxiliaryFile /Users/admin/builder/spi-builder-workspace/.derivedData/Build/Intermediates.noindex/AudioKitEX.build/Debug-watchos/AudioKitEX-t.build/Objects-normal/arm64/AudioKitEX_const_extract_protocols.json (in target 'AudioKitEX' from project 'AudioKitEX')
    cd /Users/admin/builder/spi-builder-workspace/.dependencies/checkouts/AudioKitEX
    write-file /Users/admin/builder/spi-builder-workspace/.derivedData/Build/Intermediates.noindex/AudioKitEX.build/Debug-watchos/AudioKitEX-t.build/Objects-normal/arm64/AudioKitEX_const_extract_protocols.json
WriteAuxiliaryFile /Users/admin/builder/spi-builder-workspace/.derivedData/Build/Intermediates.noindex/AudioKitEX.build/Debug-watchos/AudioKitEX-t.build/Objects-normal/arm64/AudioKitEX.LinkFileList (in target 'AudioKitEX' from project 'AudioKitEX')
    cd /Users/admin/builder/spi-builder-workspace/.dependencies/checkouts/AudioKitEX
    write-file /Users/admin/builder/spi-builder-workspace/.derivedData/Build/Intermediates.noindex/AudioKitEX.build/Debug-watchos/AudioKitEX-t.build/Objects-normal/arm64/AudioKitEX.LinkFileList
WriteAuxiliaryFile /Users/admin/builder/spi-builder-workspace/.derivedData/Build/Intermediates.noindex/AudioKitEX.build/Debug-watchos/AudioKitEX-t.build/Objects-normal/arm64/AudioKitEX-OutputFileMap.json (in target 'AudioKitEX' from project 'AudioKitEX')
    cd /Users/admin/builder/spi-builder-workspace/.dependencies/checkouts/AudioKitEX
    write-file /Users/admin/builder/spi-builder-workspace/.derivedData/Build/Intermediates.noindex/AudioKitEX.build/Debug-watchos/AudioKitEX-t.build/Objects-normal/arm64/AudioKitEX-OutputFileMap.json
WriteAuxiliaryFile /Users/admin/builder/spi-builder-workspace/.derivedData/Build/Intermediates.noindex/AudioKitEX.build/Debug-watchos/AudioKitEX-t.build/AudioKitEX.modulemap (in target 'AudioKitEX' from project 'AudioKitEX')
    cd /Users/admin/builder/spi-builder-workspace/.dependencies/checkouts/AudioKitEX
    write-file /Users/admin/builder/spi-builder-workspace/.derivedData/Build/Intermediates.noindex/AudioKitEX.build/Debug-watchos/AudioKitEX-t.build/AudioKitEX.modulemap
WriteAuxiliaryFile /Users/admin/builder/spi-builder-workspace/.derivedData/Build/Intermediates.noindex/AudioKitEX.build/Debug-watchos/AudioKitEX-t.build/AudioKitEX.DependencyStaticMetadataFileList (in target 'AudioKitEX' from project 'AudioKitEX')
    cd /Users/admin/builder/spi-builder-workspace/.dependencies/checkouts/AudioKitEX
    write-file /Users/admin/builder/spi-builder-workspace/.derivedData/Build/Intermediates.noindex/AudioKitEX.build/Debug-watchos/AudioKitEX-t.build/AudioKitEX.DependencyStaticMetadataFileList
WriteAuxiliaryFile /Users/admin/builder/spi-builder-workspace/.derivedData/Build/Intermediates.noindex/AudioKitEX.build/Debug-watchos/AudioKitEX-t.build/AudioKitEX.DependencyMetadataFileList (in target 'AudioKitEX' from project 'AudioKitEX')
    cd /Users/admin/builder/spi-builder-workspace/.dependencies/checkouts/AudioKitEX
    write-file /Users/admin/builder/spi-builder-workspace/.derivedData/Build/Intermediates.noindex/AudioKitEX.build/Debug-watchos/AudioKitEX-t.build/AudioKitEX.DependencyMetadataFileList
WriteAuxiliaryFile /Users/admin/builder/spi-builder-workspace/.derivedData/Build/Intermediates.noindex/AudioKit.build/Debug-watchos/AudioKit-t.build/Objects-normal/arm64_32/AudioKit_const_extract_protocols.json (in target 'AudioKit' from project 'AudioKit')
    cd /Users/admin/builder/spi-builder-workspace/.dependencies/checkouts/AudioKit
    write-file /Users/admin/builder/spi-builder-workspace/.derivedData/Build/Intermediates.noindex/AudioKit.build/Debug-watchos/AudioKit-t.build/Objects-normal/arm64_32/AudioKit_const_extract_protocols.json
WriteAuxiliaryFile /Users/admin/builder/spi-builder-workspace/.derivedData/Build/Intermediates.noindex/AudioKit.build/Debug-watchos/AudioKit-t.build/Objects-normal/arm64_32/AudioKit.SwiftFileList (in target 'AudioKit' from project 'AudioKit')
    cd /Users/admin/builder/spi-builder-workspace/.dependencies/checkouts/AudioKit
    write-file /Users/admin/builder/spi-builder-workspace/.derivedData/Build/Intermediates.noindex/AudioKit.build/Debug-watchos/AudioKit-t.build/Objects-normal/arm64_32/AudioKit.SwiftFileList
WriteAuxiliaryFile /Users/admin/builder/spi-builder-workspace/.derivedData/Build/Intermediates.noindex/AudioKit.build/Debug-watchos/AudioKit-t.build/Objects-normal/arm64_32/AudioKit.SwiftConstValuesFileList (in target 'AudioKit' from project 'AudioKit')
    cd /Users/admin/builder/spi-builder-workspace/.dependencies/checkouts/AudioKit
    write-file /Users/admin/builder/spi-builder-workspace/.derivedData/Build/Intermediates.noindex/AudioKit.build/Debug-watchos/AudioKit-t.build/Objects-normal/arm64_32/AudioKit.SwiftConstValuesFileList
WriteAuxiliaryFile /Users/admin/builder/spi-builder-workspace/.derivedData/Build/Intermediates.noindex/AudioKit.build/Debug-watchos/AudioKit-t.build/Objects-normal/arm64_32/AudioKit.LinkFileList (in target 'AudioKit' from project 'AudioKit')
    cd /Users/admin/builder/spi-builder-workspace/.dependencies/checkouts/AudioKit
    write-file /Users/admin/builder/spi-builder-workspace/.derivedData/Build/Intermediates.noindex/AudioKit.build/Debug-watchos/AudioKit-t.build/Objects-normal/arm64_32/AudioKit.LinkFileList
WriteAuxiliaryFile /Users/admin/builder/spi-builder-workspace/.derivedData/Build/Intermediates.noindex/AudioKit.build/Debug-watchos/AudioKit-t.build/Objects-normal/arm64_32/AudioKit-OutputFileMap.json (in target 'AudioKit' from project 'AudioKit')
    cd /Users/admin/builder/spi-builder-workspace/.dependencies/checkouts/AudioKit
    write-file /Users/admin/builder/spi-builder-workspace/.derivedData/Build/Intermediates.noindex/AudioKit.build/Debug-watchos/AudioKit-t.build/Objects-normal/arm64_32/AudioKit-OutputFileMap.json
WriteAuxiliaryFile /Users/admin/builder/spi-builder-workspace/.derivedData/Build/Intermediates.noindex/AudioKit.build/Debug-watchos/AudioKit-t.build/Objects-normal/arm64/AudioKit_const_extract_protocols.json (in target 'AudioKit' from project 'AudioKit')
    cd /Users/admin/builder/spi-builder-workspace/.dependencies/checkouts/AudioKit
    write-file /Users/admin/builder/spi-builder-workspace/.derivedData/Build/Intermediates.noindex/AudioKit.build/Debug-watchos/AudioKit-t.build/Objects-normal/arm64/AudioKit_const_extract_protocols.json
WriteAuxiliaryFile /Users/admin/builder/spi-builder-workspace/.derivedData/Build/Intermediates.noindex/AudioKit.build/Debug-watchos/AudioKit-t.build/Objects-normal/arm64/AudioKit.SwiftFileList (in target 'AudioKit' from project 'AudioKit')
    cd /Users/admin/builder/spi-builder-workspace/.dependencies/checkouts/AudioKit
    write-file /Users/admin/builder/spi-builder-workspace/.derivedData/Build/Intermediates.noindex/AudioKit.build/Debug-watchos/AudioKit-t.build/Objects-normal/arm64/AudioKit.SwiftFileList
WriteAuxiliaryFile /Users/admin/builder/spi-builder-workspace/.derivedData/Build/Intermediates.noindex/AudioKit.build/Debug-watchos/AudioKit-t.build/Objects-normal/arm64/AudioKit.SwiftConstValuesFileList (in target 'AudioKit' from project 'AudioKit')
    cd /Users/admin/builder/spi-builder-workspace/.dependencies/checkouts/AudioKit
    write-file /Users/admin/builder/spi-builder-workspace/.derivedData/Build/Intermediates.noindex/AudioKit.build/Debug-watchos/AudioKit-t.build/Objects-normal/arm64/AudioKit.SwiftConstValuesFileList
Copy /Users/admin/builder/spi-builder-workspace/.derivedData/Build/Intermediates.noindex/GeneratedModuleMaps-watchos/AudioKitEX.modulemap /Users/admin/builder/spi-builder-workspace/.derivedData/Build/Intermediates.noindex/AudioKitEX.build/Debug-watchos/AudioKitEX-t.build/AudioKitEX.modulemap (in target 'AudioKitEX' from project 'AudioKitEX')
    cd /Users/admin/builder/spi-builder-workspace/.dependencies/checkouts/AudioKitEX
    builtin-copy -exclude .DS_Store -exclude CVS -exclude .svn -exclude .git -exclude .hg -resolve-src-symlinks /Users/admin/builder/spi-builder-workspace/.derivedData/Build/Intermediates.noindex/AudioKitEX.build/Debug-watchos/AudioKitEX-t.build/AudioKitEX.modulemap /Users/admin/builder/spi-builder-workspace/.derivedData/Build/Intermediates.noindex/GeneratedModuleMaps-watchos
WriteAuxiliaryFile /Users/admin/builder/spi-builder-workspace/.derivedData/Build/Intermediates.noindex/AudioKit.build/Debug-watchos/AudioKit-t.build/Objects-normal/arm64/AudioKit.LinkFileList (in target 'AudioKit' from project 'AudioKit')
    cd /Users/admin/builder/spi-builder-workspace/.dependencies/checkouts/AudioKit
    write-file /Users/admin/builder/spi-builder-workspace/.derivedData/Build/Intermediates.noindex/AudioKit.build/Debug-watchos/AudioKit-t.build/Objects-normal/arm64/AudioKit.LinkFileList
WriteAuxiliaryFile /Users/admin/builder/spi-builder-workspace/.derivedData/Build/Intermediates.noindex/AudioKit.build/Debug-watchos/AudioKit-t.build/Objects-normal/arm64/AudioKit-OutputFileMap.json (in target 'AudioKit' from project 'AudioKit')
    cd /Users/admin/builder/spi-builder-workspace/.dependencies/checkouts/AudioKit
    write-file /Users/admin/builder/spi-builder-workspace/.derivedData/Build/Intermediates.noindex/AudioKit.build/Debug-watchos/AudioKit-t.build/Objects-normal/arm64/AudioKit-OutputFileMap.json
WriteAuxiliaryFile /Users/admin/builder/spi-builder-workspace/.derivedData/Build/Intermediates.noindex/AudioKit.build/Debug-watchos/AudioKit-t.build/AudioKit.modulemap (in target 'AudioKit' from project 'AudioKit')
    cd /Users/admin/builder/spi-builder-workspace/.dependencies/checkouts/AudioKit
    write-file /Users/admin/builder/spi-builder-workspace/.derivedData/Build/Intermediates.noindex/AudioKit.build/Debug-watchos/AudioKit-t.build/AudioKit.modulemap
WriteAuxiliaryFile /Users/admin/builder/spi-builder-workspace/.derivedData/Build/Intermediates.noindex/AudioKit.build/Debug-watchos/AudioKit-t.build/DerivedSources/resource_bundle_accessor.swift (in target 'AudioKit' from project 'AudioKit')
    cd /Users/admin/builder/spi-builder-workspace/.dependencies/checkouts/AudioKit
    write-file /Users/admin/builder/spi-builder-workspace/.derivedData/Build/Intermediates.noindex/AudioKit.build/Debug-watchos/AudioKit-t.build/DerivedSources/resource_bundle_accessor.swift
WriteAuxiliaryFile /Users/admin/builder/spi-builder-workspace/.derivedData/Build/Intermediates.noindex/AudioKit.build/Debug-watchos/AudioKit-t.build/AudioKit.DependencyStaticMetadataFileList (in target 'AudioKit' from project 'AudioKit')
    cd /Users/admin/builder/spi-builder-workspace/.dependencies/checkouts/AudioKit
    write-file /Users/admin/builder/spi-builder-workspace/.derivedData/Build/Intermediates.noindex/AudioKit.build/Debug-watchos/AudioKit-t.build/AudioKit.DependencyStaticMetadataFileList
WriteAuxiliaryFile /Users/admin/builder/spi-builder-workspace/.derivedData/Build/Intermediates.noindex/AudioKit.build/Debug-watchos/AudioKit-t.build/AudioKit.DependencyMetadataFileList (in target 'AudioKit' from project 'AudioKit')
    cd /Users/admin/builder/spi-builder-workspace/.dependencies/checkouts/AudioKit
    write-file /Users/admin/builder/spi-builder-workspace/.derivedData/Build/Intermediates.noindex/AudioKit.build/Debug-watchos/AudioKit-t.build/AudioKit.DependencyMetadataFileList
Copy /Users/admin/builder/spi-builder-workspace/.derivedData/Build/Intermediates.noindex/GeneratedModuleMaps-watchos/AudioKit.modulemap /Users/admin/builder/spi-builder-workspace/.derivedData/Build/Intermediates.noindex/AudioKit.build/Debug-watchos/AudioKit-t.build/AudioKit.modulemap (in target 'AudioKit' from project 'AudioKit')
    cd /Users/admin/builder/spi-builder-workspace/.dependencies/checkouts/AudioKit
    builtin-copy -exclude .DS_Store -exclude CVS -exclude .svn -exclude .git -exclude .hg -resolve-src-symlinks /Users/admin/builder/spi-builder-workspace/.derivedData/Build/Intermediates.noindex/AudioKit.build/Debug-watchos/AudioKit-t.build/AudioKit.modulemap /Users/admin/builder/spi-builder-workspace/.derivedData/Build/Intermediates.noindex/GeneratedModuleMaps-watchos
ProcessInfoPlistFile /Users/admin/builder/spi-builder-workspace/.derivedData/Build/Products/Debug-watchos/AudioKit_AudioKit.bundle/Info.plist /Users/admin/builder/spi-builder-workspace/.derivedData/Build/Intermediates.noindex/AudioKit.build/Debug-watchos/AudioKit_AudioKit-b.build/empty-AudioKit_AudioKit.plist (in target 'AudioKit_AudioKit' from project 'AudioKit')
    cd /Users/admin/builder/spi-builder-workspace/.dependencies/checkouts/AudioKit
    builtin-infoPlistUtility /Users/admin/builder/spi-builder-workspace/.derivedData/Build/Intermediates.noindex/AudioKit.build/Debug-watchos/AudioKit_AudioKit-b.build/empty-AudioKit_AudioKit.plist -producttype com.apple.product-type.bundle -expandbuildsettings -format binary -platform watchos -o /Users/admin/builder/spi-builder-workspace/.derivedData/Build/Products/Debug-watchos/AudioKit_AudioKit.bundle/Info.plist
CpResource /Users/admin/builder/spi-builder-workspace/.derivedData/Build/Products/Debug-watchos/AudioKit_AudioKit.bundle/PrivacyInfo.xcprivacy /Users/admin/builder/spi-builder-workspace/.dependencies/checkouts/AudioKit/Sources/AudioKit/Resources/PrivacyInfo.xcprivacy (in target 'AudioKit_AudioKit' from project 'AudioKit')
    cd /Users/admin/builder/spi-builder-workspace/.dependencies/checkouts/AudioKit
    builtin-copy -exclude .DS_Store -exclude CVS -exclude .svn -exclude .git -exclude .hg -resolve-src-symlinks /Users/admin/builder/spi-builder-workspace/.dependencies/checkouts/AudioKit/Sources/AudioKit/Resources/PrivacyInfo.xcprivacy /Users/admin/builder/spi-builder-workspace/.derivedData/Build/Products/Debug-watchos/AudioKit_AudioKit.bundle
RegisterExecutionPolicyException /Users/admin/builder/spi-builder-workspace/.derivedData/Build/Products/Debug-watchos/AudioKit_AudioKit.bundle (in target 'AudioKit_AudioKit' from project 'AudioKit')
    cd /Users/admin/builder/spi-builder-workspace/.dependencies/checkouts/AudioKit
    builtin-RegisterExecutionPolicyException /Users/admin/builder/spi-builder-workspace/.derivedData/Build/Products/Debug-watchos/AudioKit_AudioKit.bundle
Touch /Users/admin/builder/spi-builder-workspace/.derivedData/Build/Products/Debug-watchos/AudioKit_AudioKit.bundle (in target 'AudioKit_AudioKit' from project 'AudioKit')
    cd /Users/admin/builder/spi-builder-workspace/.dependencies/checkouts/AudioKit
    /usr/bin/touch -c /Users/admin/builder/spi-builder-workspace/.derivedData/Build/Products/Debug-watchos/AudioKit_AudioKit.bundle
ScanDependencies /Users/admin/builder/spi-builder-workspace/.derivedData/Build/Intermediates.noindex/KissFFT.build/Debug-watchos/KissFFT-t.build/Objects-normal/arm64_32/kiss_fftr.o /Users/admin/builder/spi-builder-workspace/.dependencies/checkouts/KissFFT/Sources/KissFFT/kiss_fftr.c normal arm64_32 c com.apple.compilers.llvm.clang.1_0.compiler (in target 'KissFFT' from project 'KissFFT')
    cd /Users/admin/builder/spi-builder-workspace/.swiftpm/xcode

    Using response file: /Users/admin/builder/spi-builder-workspace/.derivedData/Build/Intermediates.noindex/KissFFT.build/Debug-watchos/KissFFT-t.build/Objects-normal/arm64_32/7187679823f38a2a940e0043cdf9d637-common-args.resp

    builtin-ScanDependencies -o /Users/admin/builder/spi-builder-workspace/.derivedData/Build/Intermediates.noindex/KissFFT.build/Debug-watchos/KissFFT-t.build/Objects-normal/arm64_32/kiss_fftr.o.scan -- /Applications/Xcode-27.0.0-Release.Candidate.app/Contents/Developer/Toolchains/XcodeDefault.xctoolchain/usr/bin/clang -x c -ivfsstatcache /Users/admin/builder/spi-builder-workspace/.derivedData/SDKStatCaches.noindex/watchos27.0-24R360-e829b21a6f8c9b70876ba0858053c04477534ef55a1706bf4c1112bbb242f0a2.sdkstatcache -target arm64_32-apple-watchos9.0 -fmessage-length\=0 -fdiagnostics-show-note-include-stack -fmacro-backtrace-limit\=0 -fno-color-diagnostics -fmodules-prune-interval\=86400 -fmodules-prune-after\=345600 -fbuild-session-file\=/Users/admin/builder/spi-builder-workspace/.derivedData/ModuleCache.noindex/Session.modulevalidation -fmodules-validate-once-per-build-session -Wnon-modular-include-in-framework-module -Werror\=non-modular-include-in-framework-module -Wno-trigraphs -Wno-missing-field-initializers -Wno-missing-prototypes -Wno-return-type -Wno-missing-braces -Wparentheses -Wswitch -Wno-unused-function -Wno-unused-label -Wno-unused-parameter -Wno-unused-variable -Wunused-value -Wno-empty-body -Wno-uninitialized -Wno-unknown-pragmas -w -Wno-shadow -Wno-four-char-constants -Wno-conversion -Wno-constant-conversion -Wno-int-conversion -Wno-bool-conversion -Wno-enum-conversion -Wno-float-conversion -Wno-non-literal-null-conversion -Wno-objc-literal-conversion -Wno-shorten-64-to-32 -Wpointer-sign -Wno-newline-eof -Wno-implicit-fallthrough -isysroot /Applications/Xcode-27.0.0-Release.Candidate.app/Contents/Developer/Platforms/WatchOS.platform/Developer/SDKs/WatchOS27.0.sdk -fstrict-aliasing -Wdeprecated-declarations -Wno-sign-conversion -Wno-infinite-recursion -Wno-comma -Wno-block-capture-autoreleasing -Wno-strict-prototypes -Wno-semicolon-before-method-body -index-store-path /Users/admin/builder/spi-builder-workspace/.derivedData/Index.noindex/DataStore @/Users/admin/builder/spi-builder-workspace/.derivedData/Build/Intermediates.noindex/KissFFT.build/Debug-watchos/KissFFT-t.build/Objects-normal/arm64_32/7187679823f38a2a940e0043cdf9d637-common-args.resp -MMD -MT dependencies -MF /Users/admin/builder/spi-builder-workspace/.derivedData/Build/Intermediates.noindex/KissFFT.build/Debug-watchos/KissFFT-t.build/Objects-normal/arm64_32/kiss_fftr.d --serialize-diagnostics /Users/admin/builder/spi-builder-workspace/.derivedData/Build/Intermediates.noindex/KissFFT.build/Debug-watchos/KissFFT-t.build/Objects-normal/arm64_32/kiss_fftr.dia -c /Users/admin/builder/spi-builder-workspace/.dependencies/checkouts/KissFFT/Sources/KissFFT/kiss_fftr.c -o /Users/admin/builder/spi-builder-workspace/.derivedData/Build/Intermediates.noindex/KissFFT.build/Debug-watchos/KissFFT-t.build/Objects-normal/arm64_32/kiss_fftr.o -index-unit-output-path /KissFFT.build/Debug-watchos/KissFFT-t.build/Objects-normal/arm64_32/kiss_fftr.o
ScanDependencies /Users/admin/builder/spi-builder-workspace/.derivedData/Build/Intermediates.noindex/KissFFT.build/Debug-watchos/KissFFT-t.build/Objects-normal/arm64/kiss_fftr.o /Users/admin/builder/spi-builder-workspace/.dependencies/checkouts/KissFFT/Sources/KissFFT/kiss_fftr.c normal arm64 c com.apple.compilers.llvm.clang.1_0.compiler (in target 'KissFFT' from project 'KissFFT')
    cd /Users/admin/builder/spi-builder-workspace/.swiftpm/xcode

    Using response file: /Users/admin/builder/spi-builder-workspace/.derivedData/Build/Intermediates.noindex/KissFFT.build/Debug-watchos/KissFFT-t.build/Objects-normal/arm64/7187679823f38a2a940e0043cdf9d637-common-args.resp

    builtin-ScanDependencies -o /Users/admin/builder/spi-builder-workspace/.derivedData/Build/Intermediates.noindex/KissFFT.build/Debug-watchos/KissFFT-t.build/Objects-normal/arm64/kiss_fftr.o.scan -- /Applications/Xcode-27.0.0-Release.Candidate.app/Contents/Developer/Toolchains/XcodeDefault.xctoolchain/usr/bin/clang -x c -ivfsstatcache /Users/admin/builder/spi-builder-workspace/.derivedData/SDKStatCaches.noindex/watchos27.0-24R360-e829b21a6f8c9b70876ba0858053c04477534ef55a1706bf4c1112bbb242f0a2.sdkstatcache -target arm64-apple-watchos9.0 -fmessage-length\=0 -fdiagnostics-show-note-include-stack -fmacro-backtrace-limit\=0 -fno-color-diagnostics -fmodules-prune-interval\=86400 -fmodules-prune-after\=345600 -fbuild-session-file\=/Users/admin/builder/spi-builder-workspace/.derivedData/ModuleCache.noindex/Session.modulevalidation -fmodules-validate-once-per-build-session -Wnon-modular-include-in-framework-module -Werror\=non-modular-include-in-framework-module -Wno-trigraphs -Wno-missing-field-initializers -Wno-missing-prototypes -Wno-return-type -Wno-missing-braces -Wparentheses -Wswitch -Wno-unused-function -Wno-unused-label -Wno-unused-parameter -Wno-unused-variable -Wunused-value -Wno-empty-body -Wno-uninitialized -Wno-unknown-pragmas -w -Wno-shadow -Wno-four-char-constants -Wno-conversion -Wno-constant-conversion -Wno-int-conversion -Wno-bool-conversion -Wno-enum-conversion -Wno-float-conversion -Wno-non-literal-null-conversion -Wno-objc-literal-conversion -Wshorten-64-to-32 -Wpointer-sign -Wno-newline-eof -Wno-implicit-fallthrough -isysroot /Applications/Xcode-27.0.0-Release.Candidate.app/Contents/Developer/Platforms/WatchOS.platform/Developer/SDKs/WatchOS27.0.sdk -fstrict-aliasing -Wdeprecated-declarations -Wno-sign-conversion -Wno-infinite-recursion -Wno-comma -Wno-block-capture-autoreleasing -Wno-strict-prototypes -Wno-semicolon-before-method-body -index-store-path /Users/admin/builder/spi-builder-workspace/.derivedData/Index.noindex/DataStore @/Users/admin/builder/spi-builder-workspace/.derivedData/Build/Intermediates.noindex/KissFFT.build/Debug-watchos/KissFFT-t.build/Objects-normal/arm64/7187679823f38a2a940e0043cdf9d637-common-args.resp -MMD -MT dependencies -MF /Users/admin/builder/spi-builder-workspace/.derivedData/Build/Intermediates.noindex/KissFFT.build/Debug-watchos/KissFFT-t.build/Objects-normal/arm64/kiss_fftr.d --serialize-diagnostics /Users/admin/builder/spi-builder-workspace/.derivedData/Build/Intermediates.noindex/KissFFT.build/Debug-watchos/KissFFT-t.build/Objects-normal/arm64/kiss_fftr.dia -c /Users/admin/builder/spi-builder-workspace/.dependencies/checkouts/KissFFT/Sources/KissFFT/kiss_fftr.c -o /Users/admin/builder/spi-builder-workspace/.derivedData/Build/Intermediates.noindex/KissFFT.build/Debug-watchos/KissFFT-t.build/Objects-normal/arm64/kiss_fftr.o -index-unit-output-path /KissFFT.build/Debug-watchos/KissFFT-t.build/Objects-normal/arm64/kiss_fftr.o
ScanDependencies /Users/admin/builder/spi-builder-workspace/.derivedData/Build/Intermediates.noindex/KissFFT.build/Debug-watchos/KissFFT-t.build/Objects-normal/arm64/kiss_fft.o /Users/admin/builder/spi-builder-workspace/.dependencies/checkouts/KissFFT/Sources/KissFFT/kiss_fft.c normal arm64 c com.apple.compilers.llvm.clang.1_0.compiler (in target 'KissFFT' from project 'KissFFT')
    cd /Users/admin/builder/spi-builder-workspace/.swiftpm/xcode

    Using response file: /Users/admin/builder/spi-builder-workspace/.derivedData/Build/Intermediates.noindex/KissFFT.build/Debug-watchos/KissFFT-t.build/Objects-normal/arm64/7187679823f38a2a940e0043cdf9d637-common-args.resp

    builtin-ScanDependencies -o /Users/admin/builder/spi-builder-workspace/.derivedData/Build/Intermediates.noindex/KissFFT.build/Debug-watchos/KissFFT-t.build/Objects-normal/arm64/kiss_fft.o.scan -- /Applications/Xcode-27.0.0-Release.Candidate.app/Contents/Developer/Toolchains/XcodeDefault.xctoolchain/usr/bin/clang -x c -ivfsstatcache /Users/admin/builder/spi-builder-workspace/.derivedData/SDKStatCaches.noindex/watchos27.0-24R360-e829b21a6f8c9b70876ba0858053c04477534ef55a1706bf4c1112bbb242f0a2.sdkstatcache -target arm64-apple-watchos9.0 -fmessage-length\=0 -fdiagnostics-show-note-include-stack -fmacro-backtrace-limit\=0 -fno-color-diagnostics -fmodules-prune-interval\=86400 -fmodules-prune-after\=345600 -fbuild-session-file\=/Users/admin/builder/spi-builder-workspace/.derivedData/ModuleCache.noindex/Session.modulevalidation -fmodules-validate-once-per-build-session -Wnon-modular-include-in-framework-module -Werror\=non-modular-include-in-framework-module -Wno-trigraphs -Wno-missing-field-initializers -Wno-missing-prototypes -Wno-return-type -Wno-missing-braces -Wparentheses -Wswitch -Wno-unused-function -Wno-unused-label -Wno-unused-parameter -Wno-unused-variable -Wunused-value -Wno-empty-body -Wno-uninitialized -Wno-unknown-pragmas -w -Wno-shadow -Wno-four-char-constants -Wno-conversion -Wno-constant-conversion -Wno-int-conversion -Wno-bool-conversion -Wno-enum-conversion -Wno-float-conversion -Wno-non-literal-null-conversion -Wno-objc-literal-conversion -Wshorten-64-to-32 -Wpointer-sign -Wno-newline-eof -Wno-implicit-fallthrough -isysroot /Applications/Xcode-27.0.0-Release.Candidate.app/Contents/Developer/Platforms/WatchOS.platform/Developer/SDKs/WatchOS27.0.sdk -fstrict-aliasing -Wdeprecated-declarations -Wno-sign-conversion -Wno-infinite-recursion -Wno-comma -Wno-block-capture-autoreleasing -Wno-strict-prototypes -Wno-semicolon-before-method-body -index-store-path /Users/admin/builder/spi-builder-workspace/.derivedData/Index.noindex/DataStore @/Users/admin/builder/spi-builder-workspace/.derivedData/Build/Intermediates.noindex/KissFFT.build/Debug-watchos/KissFFT-t.build/Objects-normal/arm64/7187679823f38a2a940e0043cdf9d637-common-args.resp -MMD -MT dependencies -MF /Users/admin/builder/spi-builder-workspace/.derivedData/Build/Intermediates.noindex/KissFFT.build/Debug-watchos/KissFFT-t.build/Objects-normal/arm64/kiss_fft.d --serialize-diagnostics /Users/admin/builder/spi-builder-workspace/.derivedData/Build/Intermediates.noindex/KissFFT.build/Debug-watchos/KissFFT-t.build/Objects-normal/arm64/kiss_fft.dia -c /Users/admin/builder/spi-builder-workspace/.dependencies/checkouts/KissFFT/Sources/KissFFT/kiss_fft.c -o /Users/admin/builder/spi-builder-workspace/.derivedData/Build/Intermediates.noindex/KissFFT.build/Debug-watchos/KissFFT-t.build/Objects-normal/arm64/kiss_fft.o -index-unit-output-path /KissFFT.build/Debug-watchos/KissFFT-t.build/Objects-normal/arm64/kiss_fft.o
ScanDependencies /Users/admin/builder/spi-builder-workspace/.derivedData/Build/Intermediates.noindex/KissFFT.build/Debug-watchos/KissFFT-t.build/Objects-normal/arm64_32/kiss_fft.o /Users/admin/builder/spi-builder-workspace/.dependencies/checkouts/KissFFT/Sources/KissFFT/kiss_fft.c normal arm64_32 c com.apple.compilers.llvm.clang.1_0.compiler (in target 'KissFFT' from project 'KissFFT')
    cd /Users/admin/builder/spi-builder-workspace/.swiftpm/xcode

    Using response file: /Users/admin/builder/spi-builder-workspace/.derivedData/Build/Intermediates.noindex/KissFFT.build/Debug-watchos/KissFFT-t.build/Objects-normal/arm64_32/7187679823f38a2a940e0043cdf9d637-common-args.resp

    builtin-ScanDependencies -o /Users/admin/builder/spi-builder-workspace/.derivedData/Build/Intermediates.noindex/KissFFT.build/Debug-watchos/KissFFT-t.build/Objects-normal/arm64_32/kiss_fft.o.scan -- /Applications/Xcode-27.0.0-Release.Candidate.app/Contents/Developer/Toolchains/XcodeDefault.xctoolchain/usr/bin/clang -x c -ivfsstatcache /Users/admin/builder/spi-builder-workspace/.derivedData/SDKStatCaches.noindex/watchos27.0-24R360-e829b21a6f8c9b70876ba0858053c04477534ef55a1706bf4c1112bbb242f0a2.sdkstatcache -target arm64_32-apple-watchos9.0 -fmessage-length\=0 -fdiagnostics-show-note-include-stack -fmacro-backtrace-limit\=0 -fno-color-diagnostics -fmodules-prune-interval\=86400 -fmodules-prune-after\=345600 -fbuild-session-file\=/Users/admin/builder/spi-builder-workspace/.derivedData/ModuleCache.noindex/Session.modulevalidation -fmodules-validate-once-per-build-session -Wnon-modular-include-in-framework-module -Werror\=non-modular-include-in-framework-module -Wno-trigraphs -Wno-missing-field-initializers -Wno-missing-prototypes -Wno-return-type -Wno-missing-braces -Wparentheses -Wswitch -Wno-unused-function -Wno-unused-label -Wno-unused-parameter -Wno-unused-variable -Wunused-value -Wno-empty-body -Wno-uninitialized -Wno-unknown-pragmas -w -Wno-shadow -Wno-four-char-constants -Wno-conversion -Wno-constant-conversion -Wno-int-conversion -Wno-bool-conversion -Wno-enum-conversion -Wno-float-conversion -Wno-non-literal-null-conversion -Wno-objc-literal-conversion -Wno-shorten-64-to-32 -Wpointer-sign -Wno-newline-eof -Wno-implicit-fallthrough -isysroot /Applications/Xcode-27.0.0-Release.Candidate.app/Contents/Developer/Platforms/WatchOS.platform/Developer/SDKs/WatchOS27.0.sdk -fstrict-aliasing -Wdeprecated-declarations -Wno-sign-conversion -Wno-infinite-recursion -Wno-comma -Wno-block-capture-autoreleasing -Wno-strict-prototypes -Wno-semicolon-before-method-body -index-store-path /Users/admin/builder/spi-builder-workspace/.derivedData/Index.noindex/DataStore @/Users/admin/builder/spi-builder-workspace/.derivedData/Build/Intermediates.noindex/KissFFT.build/Debug-watchos/KissFFT-t.build/Objects-normal/arm64_32/7187679823f38a2a940e0043cdf9d637-common-args.resp -MMD -MT dependencies -MF /Users/admin/builder/spi-builder-workspace/.derivedData/Build/Intermediates.noindex/KissFFT.build/Debug-watchos/KissFFT-t.build/Objects-normal/arm64_32/kiss_fft.d --serialize-diagnostics /Users/admin/builder/spi-builder-workspace/.derivedData/Build/Intermediates.noindex/KissFFT.build/Debug-watchos/KissFFT-t.build/Objects-normal/arm64_32/kiss_fft.dia -c /Users/admin/builder/spi-builder-workspace/.dependencies/checkouts/KissFFT/Sources/KissFFT/kiss_fft.c -o /Users/admin/builder/spi-builder-workspace/.derivedData/Build/Intermediates.noindex/KissFFT.build/Debug-watchos/KissFFT-t.build/Objects-normal/arm64_32/kiss_fft.o -index-unit-output-path /KissFFT.build/Debug-watchos/KissFFT-t.build/Objects-normal/arm64_32/kiss_fft.o
ScanDependencies /Users/admin/builder/spi-builder-workspace/.derivedData/Build/Intermediates.noindex/AudioKitEX.build/Debug-watchos/CAudioKitEX-t.build/Objects-normal/arm64_32/AudioToolboxLinker.o /Users/admin/builder/spi-builder-workspace/.dependencies/checkouts/AudioKitEX/Sources/CAudioKitEX/Internals/AudioToolboxLinker.m normal arm64_32 objective-c com.apple.compilers.llvm.clang.1_0.compiler (in target 'CAudioKitEX' from project 'AudioKitEX')
    cd /Users/admin/builder/spi-builder-workspace/.swiftpm/xcode

    Using response file: /Users/admin/builder/spi-builder-workspace/.derivedData/Build/Intermediates.noindex/AudioKitEX.build/Debug-watchos/CAudioKitEX-t.build/Objects-normal/arm64_32/e6072d4f65d7061329687fe24e3d63a7-common-args.resp

    builtin-ScanDependencies -o /Users/admin/builder/spi-builder-workspace/.derivedData/Build/Intermediates.noindex/AudioKitEX.build/Debug-watchos/CAudioKitEX-t.build/Objects-normal/arm64_32/AudioToolboxLinker.o.scan -- /Applications/Xcode-27.0.0-Release.Candidate.app/Contents/Developer/Toolchains/XcodeDefault.xctoolchain/usr/bin/clang -x objective-c -ivfsstatcache /Users/admin/builder/spi-builder-workspace/.derivedData/SDKStatCaches.noindex/watchos27.0-24R360-e829b21a6f8c9b70876ba0858053c04477534ef55a1706bf4c1112bbb242f0a2.sdkstatcache -target arm64_32-apple-watchos9.0 -fmessage-length\=0 -fdiagnostics-show-note-include-stack -fmacro-backtrace-limit\=0 -fno-color-diagnostics -fmodules-prune-interval\=86400 -fmodules-prune-after\=345600 -fbuild-session-file\=/Users/admin/builder/spi-builder-workspace/.derivedData/ModuleCache.noindex/Session.modulevalidation -fmodules-validate-once-per-build-session -Wnon-modular-include-in-framework-module -Werror\=non-modular-include-in-framework-module -Wno-trigraphs -Wno-missing-field-initializers -Wno-missing-prototypes -Wno-return-type -Wno-implicit-atomic-properties -Wno-objc-interface-ivars -Wno-arc-repeated-use-of-weak -Wno-missing-braces -Wparentheses -Wswitch -Wno-unused-function -Wno-unused-label -Wno-unused-parameter -Wno-unused-variable -Wunused-value -Wno-empty-body -Wno-uninitialized -Wno-unknown-pragmas -w -Wno-shadow -Wno-four-char-constants -Wno-conversion -Wno-constant-conversion -Wno-int-conversion -Wno-bool-conversion -Wno-enum-conversion -Wno-float-conversion -Wno-non-literal-null-conversion -Wno-objc-literal-conversion -Wno-shorten-64-to-32 -Wpointer-sign -Wno-newline-eof -Wno-selector -Wno-strict-selector-match -Wno-undeclared-selector -Wno-deprecated-implementations -Wno-implicit-fallthrough -isysroot /Applications/Xcode-27.0.0-Release.Candidate.app/Contents/Developer/Platforms/WatchOS.platform/Developer/SDKs/WatchOS27.0.sdk -fstrict-aliasing -Wprotocol -Wdeprecated-declarations -Wno-sign-conversion -Wno-infinite-recursion -Wno-comma -Wno-block-capture-autoreleasing -Wno-strict-prototypes -Wno-semicolon-before-method-body -index-store-path /Users/admin/builder/spi-builder-workspace/.derivedData/Index.noindex/DataStore @/Users/admin/builder/spi-builder-workspace/.derivedData/Build/Intermediates.noindex/AudioKitEX.build/Debug-watchos/CAudioKitEX-t.build/Objects-normal/arm64_32/e6072d4f65d7061329687fe24e3d63a7-common-args.resp -MMD -MT dependencies -MF /Users/admin/builder/spi-builder-workspace/.derivedData/Build/Intermediates.noindex/AudioKitEX.build/Debug-watchos/CAudioKitEX-t.build/Objects-normal/arm64_32/AudioToolboxLinker.d --serialize-diagnostics /Users/admin/builder/spi-builder-workspace/.derivedData/Build/Intermediates.noindex/AudioKitEX.build/Debug-watchos/CAudioKitEX-t.build/Objects-normal/arm64_32/AudioToolboxLinker.dia -c /Users/admin/builder/spi-builder-workspace/.dependencies/checkouts/AudioKitEX/Sources/CAudioKitEX/Internals/AudioToolboxLinker.m -o /Users/admin/builder/spi-builder-workspace/.derivedData/Build/Intermediates.noindex/AudioKitEX.build/Debug-watchos/CAudioKitEX-t.build/Objects-normal/arm64_32/AudioToolboxLinker.o -index-unit-output-path /AudioKitEX.build/Debug-watchos/CAudioKitEX-t.build/Objects-normal/arm64_32/AudioToolboxLinker.o
/Users/admin/builder/spi-builder-workspace/.dependencies/checkouts/AudioKitEX/Sources/CAudioKitEX/Internals/AudioToolboxLinker.m:4:9: error: 'AudioToolbox/AudioToolbox.h' file not found (in target 'CAudioKitEX' from project 'AudioKitEX')
CompileC /Users/admin/builder/spi-builder-workspace/.derivedData/Build/Intermediates.noindex/AudioKitEX.build/Debug-watchos/CAudioKitEX-t.build/Objects-normal/arm64_32/SequencerEngine.o /Users/admin/builder/spi-builder-workspace/.dependencies/checkouts/AudioKitEX/Sources/CAudioKitEX/Sequencing/SequencerEngine.mm normal arm64_32 objective-c++ com.apple.compilers.llvm.clang.1_0.compiler (in target 'CAudioKitEX' from project 'AudioKitEX')
    cd /Users/admin/builder/spi-builder-workspace/.swiftpm/xcode

    Using response file: /Users/admin/builder/spi-builder-workspace/.derivedData/Build/Intermediates.noindex/AudioKitEX.build/Debug-watchos/CAudioKitEX-t.build/Objects-normal/arm64_32/af3fcb34312c57c0f52879cdce924b91-common-args.resp

    /Applications/Xcode-27.0.0-Release.Candidate.app/Contents/Developer/Toolchains/XcodeDefault.xctoolchain/usr/bin/clang -x objective-c++ -ivfsstatcache /Users/admin/builder/spi-builder-workspace/.derivedData/SDKStatCaches.noindex/watchos27.0-24R360-e829b21a6f8c9b70876ba0858053c04477534ef55a1706bf4c1112bbb242f0a2.sdkstatcache -target arm64_32-apple-watchos9.0 -fmessage-length\=0 -fdiagnostics-show-note-include-stack -fmacro-backtrace-limit\=0 -fno-color-diagnostics -fmodules-prune-interval\=86400 -fmodules-prune-after\=345600 -fbuild-session-file\=/Users/admin/builder/spi-builder-workspace/.derivedData/ModuleCache.noindex/Session.modulevalidation -fmodules-validate-once-per-build-session -Wnon-modular-include-in-framework-module -Werror\=non-modular-include-in-framework-module -Wno-trigraphs -Wno-missing-field-initializers -Wno-missing-prototypes -Wno-return-type -Wno-implicit-atomic-properties -Wno-objc-interface-ivars -Wno-arc-repeated-use-of-weak -Wno-non-virtual-dtor -Wno-overloaded-virtual -Wno-exit-time-destructors -Wno-missing-braces -Wparentheses -Wswitch -Wno-unused-function -Wno-unused-label -Wno-unused-parameter -Wno-unused-variable -Wunused-value -Wno-empty-body -Wno-uninitialized -Wno-unknown-pragmas -w -Wno-shadow -Wno-four-char-constants -Wno-conversion -Wno-constant-conversion -Wno-int-conversion -Wno-bool-conversion -Wno-enum-conversion -Wno-float-conversion -Wno-non-literal-null-conversion -Wno-objc-literal-conversion -Wno-shorten-64-to-32 -Wno-newline-eof -Wno-selector -Wno-strict-selector-match -Wno-undeclared-selector -Wno-deprecated-implementations -Wno-c++11-extensions -Wno-implicit-fallthrough -isysroot /Applications/Xcode-27.0.0-Release.Candidate.app/Contents/Developer/Platforms/WatchOS.platform/Developer/SDKs/WatchOS27.0.sdk -fstrict-aliasing -Wprotocol -Wdeprecated-declarations -Winvalid-offsetof -Wno-sign-conversion -Wno-infinite-recursion -Wno-move -Wno-comma -Wno-block-capture-autoreleasing -Wno-strict-prototypes -Wno-range-loop-analysis -Wno-semicolon-before-method-body -index-store-path /Users/admin/builder/spi-builder-workspace/.derivedData/Index.noindex/DataStore @/Users/admin/builder/spi-builder-workspace/.derivedData/Build/Intermediates.noindex/AudioKitEX.build/Debug-watchos/CAudioKitEX-t.build/Objects-normal/arm64_32/af3fcb34312c57c0f52879cdce924b91-common-args.resp -MMD -MT dependencies -MF /Users/admin/builder/spi-builder-workspace/.derivedData/Build/Intermediates.noindex/AudioKitEX.build/Debug-watchos/CAudioKitEX-t.build/Objects-normal/arm64_32/SequencerEngine.d --serialize-diagnostics /Users/admin/builder/spi-builder-workspace/.derivedData/Build/Intermediates.noindex/AudioKitEX.build/Debug-watchos/CAudioKitEX-t.build/Objects-normal/arm64_32/SequencerEngine.dia -c /Users/admin/builder/spi-builder-workspace/.dependencies/checkouts/AudioKitEX/Sources/CAudioKitEX/Sequencing/SequencerEngine.mm -o /Users/admin/builder/spi-builder-workspace/.derivedData/Build/Intermediates.noindex/AudioKitEX.build/Debug-watchos/CAudioKitEX-t.build/Objects-normal/arm64_32/SequencerEngine.o -index-unit-output-path /AudioKitEX.build/Debug-watchos/CAudioKitEX-t.build/Objects-normal/arm64_32/SequencerEngine.o
ScanDependencies /Users/admin/builder/spi-builder-workspace/.derivedData/Build/Intermediates.noindex/AudioKitEX.build/Debug-watchos/CAudioKitEX-t.build/Objects-normal/arm64_32/ExceptionCatcher.o /Users/admin/builder/spi-builder-workspace/.dependencies/checkouts/AudioKitEX/Sources/CAudioKitEX/Internals/ExceptionCatcher.m normal arm64_32 objective-c com.apple.compilers.llvm.clang.1_0.compiler (in target 'CAudioKitEX' from project 'AudioKitEX')
    cd /Users/admin/builder/spi-builder-workspace/.swiftpm/xcode

    Using response file: /Users/admin/builder/spi-builder-workspace/.derivedData/Build/Intermediates.noindex/AudioKitEX.build/Debug-watchos/CAudioKitEX-t.build/Objects-normal/arm64_32/e6072d4f65d7061329687fe24e3d63a7-common-args.resp

    builtin-ScanDependencies -o /Users/admin/builder/spi-builder-workspace/.derivedData/Build/Intermediates.noindex/AudioKitEX.build/Debug-watchos/CAudioKitEX-t.build/Objects-normal/arm64_32/ExceptionCatcher.o.scan -- /Applications/Xcode-27.0.0-Release.Candidate.app/Contents/Developer/Toolchains/XcodeDefault.xctoolchain/usr/bin/clang -x objective-c -ivfsstatcache /Users/admin/builder/spi-builder-workspace/.derivedData/SDKStatCaches.noindex/watchos27.0-24R360-e829b21a6f8c9b70876ba0858053c04477534ef55a1706bf4c1112bbb242f0a2.sdkstatcache -target arm64_32-apple-watchos9.0 -fmessage-length\=0 -fdiagnostics-show-note-include-stack -fmacro-backtrace-limit\=0 -fno-color-diagnostics -fmodules-prune-interval\=86400 -fmodules-prune-after\=345600 -fbuild-session-file\=/Users/admin/builder/spi-builder-workspace/.derivedData/ModuleCache.noindex/Session.modulevalidation -fmodules-validate-once-per-build-session -Wnon-modular-include-in-framework-module -Werror\=non-modular-include-in-framework-module -Wno-trigraphs -Wno-missing-field-initializers -Wno-missing-prototypes -Wno-return-type -Wno-implicit-atomic-properties -Wno-objc-interface-ivars -Wno-arc-repeated-use-of-weak -Wno-missing-braces -Wparentheses -Wswitch -Wno-unused-function -Wno-unused-label -Wno-unused-parameter -Wno-unused-variable -Wunused-value -Wno-empty-body -Wno-uninitialized -Wno-unknown-pragmas -w -Wno-shadow -Wno-four-char-constants -Wno-conversion -Wno-constant-conversion -Wno-int-conversion -Wno-bool-conversion -Wno-enum-conversion -Wno-float-conversion -Wno-non-literal-null-conversion -Wno-objc-literal-conversion -Wno-shorten-64-to-32 -Wpointer-sign -Wno-newline-eof -Wno-selector -Wno-strict-selector-match -Wno-undeclared-selector -Wno-deprecated-implementations -Wno-implicit-fallthrough -isysroot /Applications/Xcode-27.0.0-Release.Candidate.app/Contents/Developer/Platforms/WatchOS.platform/Developer/SDKs/WatchOS27.0.sdk -fstrict-aliasing -Wprotocol -Wdeprecated-declarations -Wno-sign-conversion -Wno-infinite-recursion -Wno-comma -Wno-block-capture-autoreleasing -Wno-strict-prototypes -Wno-semicolon-before-method-body -index-store-path /Users/admin/builder/spi-builder-workspace/.derivedData/Index.noindex/DataStore @/Users/admin/builder/spi-builder-workspace/.derivedData/Build/Intermediates.noindex/AudioKitEX.build/Debug-watchos/CAudioKitEX-t.build/Objects-normal/arm64_32/e6072d4f65d7061329687fe24e3d63a7-common-args.resp -MMD -MT dependencies -MF /Users/admin/builder/spi-builder-workspace/.derivedData/Build/Intermediates.noindex/AudioKitEX.build/Debug-watchos/CAudioKitEX-t.build/Objects-normal/arm64_32/ExceptionCatcher.d --serialize-diagnostics /Users/admin/builder/spi-builder-workspace/.derivedData/Build/Intermediates.noindex/AudioKitEX.build/Debug-watchos/CAudioKitEX-t.build/Objects-normal/arm64_32/ExceptionCatcher.dia -c /Users/admin/builder/spi-builder-workspace/.dependencies/checkouts/AudioKitEX/Sources/CAudioKitEX/Internals/ExceptionCatcher.m -o /Users/admin/builder/spi-builder-workspace/.derivedData/Build/Intermediates.noindex/AudioKitEX.build/Debug-watchos/CAudioKitEX-t.build/Objects-normal/arm64_32/ExceptionCatcher.o -index-unit-output-path /AudioKitEX.build/Debug-watchos/CAudioKitEX-t.build/Objects-normal/arm64_32/ExceptionCatcher.o
ScanDependencies /Users/admin/builder/spi-builder-workspace/.derivedData/Build/Intermediates.noindex/AudioKitEX.build/Debug-watchos/CAudioKitEX-t.build/Objects-normal/arm64_32/DebugDSP.o /Users/admin/builder/spi-builder-workspace/.dependencies/checkouts/AudioKitEX/Sources/CAudioKitEX/Internals/DebugDSP.c normal arm64_32 c com.apple.compilers.llvm.clang.1_0.compiler (in target 'CAudioKitEX' from project 'AudioKitEX')
    cd /Users/admin/builder/spi-builder-workspace/.swiftpm/xcode

    Using response file: /Users/admin/builder/spi-builder-workspace/.derivedData/Build/Intermediates.noindex/AudioKitEX.build/Debug-watchos/CAudioKitEX-t.build/Objects-normal/arm64_32/7187679823f38a2a940e0043cdf9d637-common-args.resp

    builtin-ScanDependencies -o /Users/admin/builder/spi-builder-workspace/.derivedData/Build/Intermediates.noindex/AudioKitEX.build/Debug-watchos/CAudioKitEX-t.build/Objects-normal/arm64_32/DebugDSP.o.scan -- /Applications/Xcode-27.0.0-Release.Candidate.app/Contents/Developer/Toolchains/XcodeDefault.xctoolchain/usr/bin/clang -x c -ivfsstatcache /Users/admin/builder/spi-builder-workspace/.derivedData/SDKStatCaches.noindex/watchos27.0-24R360-e829b21a6f8c9b70876ba0858053c04477534ef55a1706bf4c1112bbb242f0a2.sdkstatcache -target arm64_32-apple-watchos9.0 -fmessage-length\=0 -fdiagnostics-show-note-include-stack -fmacro-backtrace-limit\=0 -fno-color-diagnostics -fmodules-prune-interval\=86400 -fmodules-prune-after\=345600 -fbuild-session-file\=/Users/admin/builder/spi-builder-workspace/.derivedData/ModuleCache.noindex/Session.modulevalidation -fmodules-validate-once-per-build-session -Wnon-modular-include-in-framework-module -Werror\=non-modular-include-in-framework-module -Wno-trigraphs -Wno-missing-field-initializers -Wno-missing-prototypes -Wno-return-type -Wno-missing-braces -Wparentheses -Wswitch -Wno-unused-function -Wno-unused-label -Wno-unused-parameter -Wno-unused-variable -Wunused-value -Wno-empty-body -Wno-uninitialized -Wno-unknown-pragmas -w -Wno-shadow -Wno-four-char-constants -Wno-conversion -Wno-constant-conversion -Wno-int-conversion -Wno-bool-conversion -Wno-enum-conversion -Wno-float-conversion -Wno-non-literal-null-conversion -Wno-objc-literal-conversion -Wno-shorten-64-to-32 -Wpointer-sign -Wno-newline-eof -Wno-implicit-fallthrough -isysroot /Applications/Xcode-27.0.0-Release.Candidate.app/Contents/Developer/Platforms/WatchOS.platform/Developer/SDKs/WatchOS27.0.sdk -fstrict-aliasing -Wdeprecated-declarations -Wno-sign-conversion -Wno-infinite-recursion -Wno-comma -Wno-block-capture-autoreleasing -Wno-strict-prototypes -Wno-semicolon-before-method-body -index-store-path /Users/admin/builder/spi-builder-workspace/.derivedData/Index.noindex/DataStore @/Users/admin/builder/spi-builder-workspace/.derivedData/Build/Intermediates.noindex/AudioKitEX.build/Debug-watchos/CAudioKitEX-t.build/Objects-normal/arm64_32/7187679823f38a2a940e0043cdf9d637-common-args.resp -MMD -MT dependencies -MF /Users/admin/builder/spi-builder-workspace/.derivedData/Build/Intermediates.noindex/AudioKitEX.build/Debug-watchos/CAudioKitEX-t.build/Objects-normal/arm64_32/DebugDSP.d --serialize-diagnostics /Users/admin/builder/spi-builder-workspace/.derivedData/Build/Intermediates.noindex/AudioKitEX.build/Debug-watchos/CAudioKitEX-t.build/Objects-normal/arm64_32/DebugDSP.dia -c /Users/admin/builder/spi-builder-workspace/.dependencies/checkouts/AudioKitEX/Sources/CAudioKitEX/Internals/DebugDSP.c -o /Users/admin/builder/spi-builder-workspace/.derivedData/Build/Intermediates.noindex/AudioKitEX.build/Debug-watchos/CAudioKitEX-t.build/Objects-normal/arm64_32/DebugDSP.o -index-unit-output-path /AudioKitEX.build/Debug-watchos/CAudioKitEX-t.build/Objects-normal/arm64_32/DebugDSP.o
CompileC /Users/admin/builder/spi-builder-workspace/.derivedData/Build/Intermediates.noindex/AudioKitEX.build/Debug-watchos/CAudioKitEX-t.build/Objects-normal/arm64_32/StereoFieldLimiterDSP.o /Users/admin/builder/spi-builder-workspace/.dependencies/checkouts/AudioKitEX/Sources/CAudioKitEX/Nodes/StereoFieldLimiterDSP.mm normal arm64_32 objective-c++ com.apple.compilers.llvm.clang.1_0.compiler (in target 'CAudioKitEX' from project 'AudioKitEX')
    cd /Users/admin/builder/spi-builder-workspace/.swiftpm/xcode

    Using response file: /Users/admin/builder/spi-builder-workspace/.derivedData/Build/Intermediates.noindex/AudioKitEX.build/Debug-watchos/CAudioKitEX-t.build/Objects-normal/arm64_32/af3fcb34312c57c0f52879cdce924b91-common-args.resp

    /Applications/Xcode-27.0.0-Release.Candidate.app/Contents/Developer/Toolchains/XcodeDefault.xctoolchain/usr/bin/clang -x objective-c++ -ivfsstatcache /Users/admin/builder/spi-builder-workspace/.derivedData/SDKStatCaches.noindex/watchos27.0-24R360-e829b21a6f8c9b70876ba0858053c04477534ef55a1706bf4c1112bbb242f0a2.sdkstatcache -target arm64_32-apple-watchos9.0 -fmessage-length\=0 -fdiagnostics-show-note-include-stack -fmacro-backtrace-limit\=0 -fno-color-diagnostics -fmodules-prune-interval\=86400 -fmodules-prune-after\=345600 -fbuild-session-file\=/Users/admin/builder/spi-builder-workspace/.derivedData/ModuleCache.noindex/Session.modulevalidation -fmodules-validate-once-per-build-session -Wnon-modular-include-in-framework-module -Werror\=non-modular-include-in-framework-module -Wno-trigraphs -Wno-missing-field-initializers -Wno-missing-prototypes -Wno-return-type -Wno-implicit-atomic-properties -Wno-objc-interface-ivars -Wno-arc-repeated-use-of-weak -Wno-non-virtual-dtor -Wno-overloaded-virtual -Wno-exit-time-destructors -Wno-missing-braces -Wparentheses -Wswitch -Wno-unused-function -Wno-unused-label -Wno-unused-parameter -Wno-unused-variable -Wunused-value -Wno-empty-body -Wno-uninitialized -Wno-unknown-pragmas -w -Wno-shadow -Wno-four-char-constants -Wno-conversion -Wno-constant-conversion -Wno-int-conversion -Wno-bool-conversion -Wno-enum-conversion -Wno-float-conversion -Wno-non-literal-null-conversion -Wno-objc-literal-conversion -Wno-shorten-64-to-32 -Wno-newline-eof -Wno-selector -Wno-strict-selector-match -Wno-undeclared-selector -Wno-deprecated-implementations -Wno-c++11-extensions -Wno-implicit-fallthrough -isysroot /Applications/Xcode-27.0.0-Release.Candidate.app/Contents/Developer/Platforms/WatchOS.platform/Developer/SDKs/WatchOS27.0.sdk -fstrict-aliasing -Wprotocol -Wdeprecated-declarations -Winvalid-offsetof -Wno-sign-conversion -Wno-infinite-recursion -Wno-move -Wno-comma -Wno-block-capture-autoreleasing -Wno-strict-prototypes -Wno-range-loop-analysis -Wno-semicolon-before-method-body -index-store-path /Users/admin/builder/spi-builder-workspace/.derivedData/Index.noindex/DataStore @/Users/admin/builder/spi-builder-workspace/.derivedData/Build/Intermediates.noindex/AudioKitEX.build/Debug-watchos/CAudioKitEX-t.build/Objects-normal/arm64_32/af3fcb34312c57c0f52879cdce924b91-common-args.resp -MMD -MT dependencies -MF /Users/admin/builder/spi-builder-workspace/.derivedData/Build/Intermediates.noindex/AudioKitEX.build/Debug-watchos/CAudioKitEX-t.build/Objects-normal/arm64_32/StereoFieldLimiterDSP.d --serialize-diagnostics /Users/admin/builder/spi-builder-workspace/.derivedData/Build/Intermediates.noindex/AudioKitEX.build/Debug-watchos/CAudioKitEX-t.build/Objects-normal/arm64_32/StereoFieldLimiterDSP.dia -c /Users/admin/builder/spi-builder-workspace/.dependencies/checkouts/AudioKitEX/Sources/CAudioKitEX/Nodes/StereoFieldLimiterDSP.mm -o /Users/admin/builder/spi-builder-workspace/.derivedData/Build/Intermediates.noindex/AudioKitEX.build/Debug-watchos/CAudioKitEX-t.build/Objects-normal/arm64_32/StereoFieldLimiterDSP.o -index-unit-output-path /AudioKitEX.build/Debug-watchos/CAudioKitEX-t.build/Objects-normal/arm64_32/StereoFieldLimiterDSP.o
In file included from /Users/admin/builder/spi-builder-workspace/.dependencies/checkouts/AudioKitEX/Sources/CAudioKitEX/Nodes/StereoFieldLimiterDSP.mm:3:
/Users/admin/builder/spi-builder-workspace/.dependencies/checkouts/AudioKitEX/Sources/CAudioKitEX/include/DSPBase.h:6:9: fatal error: 'AudioToolbox/AudioToolbox.h' file not found
    6 | #import <AudioToolbox/AudioToolbox.h>
      |         ^~~~~~~~~~~~~~~~~~~~~~~~~~~~~
SwiftDriver AudioKit normal arm64_32 com.apple.xcode.tools.swift.compiler (in target 'AudioKit' from project 'AudioKit')
    cd /Users/admin/builder/spi-builder-workspace/.swiftpm/xcode
    builtin-SwiftDriver -- /Applications/Xcode-27.0.0-Release.Candidate.app/Contents/Developer/Toolchains/XcodeDefault.xctoolchain/usr/bin/swiftc -parse-as-library -module-name AudioKit -Onone @/Users/admin/builder/spi-builder-workspace/.derivedData/Build/Intermediates.noindex/AudioKit.build/Debug-watchos/AudioKit-t.build/Objects-normal/arm64_32/AudioKit.SwiftFileList -DSWIFT_PACKAGE -DDEBUG -DSWIFT_MODULE_RESOURCE_BUNDLE_AVAILABLE -DXcode -plugin-path /Applications/Xcode-27.0.0-Release.Candidate.app/Contents/Developer/Toolchains/XcodeDefault.xctoolchain/usr/lib/swift/host/plugins/testing -enable-experimental-feature DebugDescriptionMacro -sdk /Applications/Xcode-27.0.0-Release.Candidate.app/Contents/Developer/Platforms/WatchOS.platform/Developer/SDKs/WatchOS27.0.sdk -target arm64_32-apple-watchos9.0 -g -module-cache-path /Users/admin/builder/spi-builder-workspace/.derivedData/ModuleCache.noindex -Xfrontend -serialize-debugging-options -profile-coverage-mapping -profile-generate -enable-testing -suppress-warnings -index-store-path /Users/admin/builder/spi-builder-workspace/.derivedData/Index.noindex/DataStore -Xcc -D_LIBCPP_HARDENING_MODE\=_LIBCPP_HARDENING_MODE_DEBUG -swift-version 5 -I /Users/admin/builder/spi-builder-workspace/.derivedData/Build/Products/Debug-watchos -Isystem /Applications/Xcode-27.0.0-Release.Candidate.app/Contents/Developer/Platforms/WatchOS.platform/Developer/usr/lib -F /Users/admin/builder/spi-builder-workspace/.derivedData/Build/Products/Debug-watchos -F /Applications/Xcode-27.0.0-Release.Candidate.app/Contents/Developer/Platforms/WatchOS.platform/Developer/Library/Frameworks -F /Applications/Xcode-27.0.0-Release.Candidate.app/Contents/Developer/Platforms/WatchOS.platform/Developer/SDKs/WatchOS27.0.sdk/Developer/Library/Frameworks -c -j10 -enable-batch-mode -incremental -Xcc -ivfsstatcache -Xcc /Users/admin/builder/spi-builder-workspace/.derivedData/SDKStatCaches.noindex/watchos27.0-24R360-e829b21a6f8c9b70876ba0858053c04477534ef55a1706bf4c1112bbb242f0a2.sdkstatcache -output-file-map /Users/admin/builder/spi-builder-workspace/.derivedData/Build/Intermediates.noindex/AudioKit.build/Debug-watchos/AudioKit-t.build/Objects-normal/arm64_32/AudioKit-OutputFileMap.json -save-temps -no-color-diagnostics -explicit-module-build -module-cache-path /Users/admin/builder/spi-builder-workspace/.derivedData/Build/Intermediates.noindex/SwiftExplicitPrecompiledModules -clang-scanner-module-cache-path /Users/admin/builder/spi-builder-workspace/.derivedData/ModuleCache.noindex -sdk-module-cache-path /Users/admin/builder/spi-builder-workspace/.derivedData/SDKExplicitPrecompiledModules -emit-dependencies -emit-module -emit-module-path /Users/admin/builder/spi-builder-workspace/.derivedData/Build/Intermediates.noindex/AudioKit.build/Debug-watchos/AudioKit-t.build/Objects-normal/arm64_32/AudioKit.swiftmodule -serialize-diagnostics -dependency-scan-serialize-diagnostics-path /Users/admin/builder/spi-builder-workspace/.derivedData/Build/Intermediates.noindex/AudioKit.build/Debug-watchos/AudioKit-t.build/Objects-normal/arm64_32/AudioKit-dependency-scan.dia -validate-clang-modules-once -clang-build-session-file /Users/admin/builder/spi-builder-workspace/.derivedData/ModuleCache.noindex/Session.modulevalidation -Xcc -fmodules-prune-interval\=86400 -Xcc -fmodules-prune-after\=345600 -package-name audiokit -emit-const-values -const-gather-protocols-list /Users/admin/builder/spi-builder-workspace/.derivedData/Build/Intermediates.noindex/AudioKit.build/Debug-watchos/AudioKit-t.build/Objects-normal/arm64_32/AudioKit_const_extract_protocols.json -Xcc -I/Users/admin/builder/spi-builder-workspace/.derivedData/Build/Products/Debug-watchos/include -Xcc -I/Users/admin/builder/spi-builder-workspace/.derivedData/Build/Intermediates.noindex/AudioKit.build/Debug-watchos/AudioKit-t.build/DerivedSources-normal/arm64_32 -Xcc -I/Users/admin/builder/spi-builder-workspace/.derivedData/Build/Intermediates.noindex/AudioKit.build/Debug-watchos/AudioKit-t.build/DerivedSources/arm64_32 -Xcc -I/Users/admin/builder/spi-builder-workspace/.derivedData/Build/Intermediates.noindex/AudioKit.build/Debug-watchos/AudioKit-t.build/DerivedSources -Xcc -DSWIFT_PACKAGE -Xcc -DDEBUG\=1 -emit-objc-header -emit-objc-header-path /Users/admin/builder/spi-builder-workspace/.derivedData/Build/Intermediates.noindex/AudioKit.build/Debug-watchos/AudioKit-t.build/Objects-normal/arm64_32/AudioKit-Swift.h -working-directory /Users/admin/builder/spi-builder-workspace/.swiftpm/xcode -experimental-emit-module-separately -disable-cmo
/Users/admin/builder/spi-builder-workspace/.dependencies/checkouts/AudioKit/Sources/AudioKit/Internals/Utilities/AudioKitHelpers.swift:4:8: error: Unable to resolve module dependency: 'AudioToolbox' (in target 'AudioKit' from project 'AudioKit')
    note: A dependency of main module 'AudioKit'
    /Users/admin/builder/spi-builder-workspace/.dependencies/checkouts/AudioKit/Sources/AudioKit/Sequencing/Apple Sequencer/UnsafeMIDIMetaEventPointer.swift:3:8: note: Also imported here
/Users/admin/builder/spi-builder-workspace/.dependencies/checkouts/AudioKit/Sources/AudioKit/Internals/Utilities/AudioKitHelpers.swift:4:8: note: A dependency of main module 'AudioKit'
import AudioToolbox
       ^ (in target 'AudioKit' from project 'AudioKit')
/Users/admin/builder/spi-builder-workspace/.dependencies/checkouts/AudioKit/Sources/AudioKit/Sequencing/Apple Sequencer/UnsafeMIDIMetaEventPointer.swift:3:8: note: Also imported here
import AudioToolbox
       ^ (in target 'AudioKit' from project 'AudioKit')
PruneExplicitPrecompiledModules /Users/admin/builder/spi-builder-workspace/.derivedData/SDKExplicitPrecompiledModules
PruneExplicitPrecompiledModules /Users/admin/builder/spi-builder-workspace/.derivedData/Build/Intermediates.noindex/ExplicitPrecompiledModules
PruneExplicitPrecompiledModules /Users/admin/builder/spi-builder-workspace/.derivedData/Build/Intermediates.noindex/SwiftExplicitPrecompiledModules
2026-09-24 11:21:44.438 xcodebuild[761:4763] [MT] IDERunDestination: Supported platforms for the buildables in the current scheme is empty.
** BUILD FAILED **
The following build commands failed:
	ScanDependencies /Users/admin/builder/spi-builder-workspace/.derivedData/Build/Intermediates.noindex/AudioKitEX.build/Debug-watchos/CAudioKitEX-t.build/Objects-normal/arm64_32/AudioToolboxLinker.o /Users/admin/builder/spi-builder-workspace/.dependencies/checkouts/AudioKitEX/Sources/CAudioKitEX/Internals/AudioToolboxLinker.m normal arm64_32 objective-c com.apple.compilers.llvm.clang.1_0.compiler (in target 'CAudioKitEX' from project 'AudioKitEX')
	SwiftDriver AudioKit normal arm64_32 com.apple.xcode.tools.swift.compiler (in target 'AudioKit' from project 'AudioKit')
	Building workspace DunneAudioKit with scheme DunneAudioKit
(3 failures)
Command line invocation:
    /Applications/Xcode-27.0.0-Release.Candidate.app/Contents/Developer/usr/bin/xcodebuild -IDEClonedSourcePackagesDirPathOverride=/Users/admin/builder/spi-builder-workspace/.dependencies -resolvePackageDependencies
Resolve Package Graph
Resolved source packages:
  AudioKit: https://github.com/AudioKit/AudioKit @ 5.7.2
  AudioKitEX: https://github.com/AudioKit/AudioKitEX @ 5.7.0
  DunneAudioKit: /Users/admin/builder/spi-builder-workspace
  KissFFT: https://github.com/AudioKit/KissFFT @ 1.0.0
resolved source packages: AudioKit, AudioKitEX, DunneAudioKit, KissFFT
2026-09-24 11:21:48.024 xcodebuild[821:5130] [MT] IDERunDestination: Supported platforms for the buildables in the current scheme is empty.
{
  "cxx_language_standard" : "c++14",
  "dependencies" : [
    {
      "identity" : "kissfft",
      "requirement" : {
        "range" : [
          {
            "lower_bound" : "1.0.0",
            "upper_bound" : "2.0.0"
          }
        ]
      },
      "type" : "sourceControl",
      "url" : "https://github.com/AudioKit/KissFFT"
    },
    {
      "identity" : "audiokit",
      "requirement" : {
        "range" : [
          {
            "lower_bound" : "5.6.0",
            "upper_bound" : "6.0.0"
          }
        ]
      },
      "type" : "sourceControl",
      "url" : "https://github.com/AudioKit/AudioKit"
    },
    {
      "identity" : "audiokitex",
      "requirement" : {
        "range" : [
          {
            "lower_bound" : "5.6.0",
            "upper_bound" : "6.0.0"
          }
        ]
      },
      "type" : "sourceControl",
      "url" : "https://github.com/AudioKit/AudioKitEX"
    }
  ],
  "manifest_display_name" : "DunneAudioKit",
  "name" : "DunneAudioKit",
  "path" : "/Users/admin/builder/spi-builder-workspace",
  "platforms" : [
    {
      "name" : "macos",
      "version" : "12.0"
    },
    {
      "name" : "ios",
      "version" : "13.0"
    },
    {
      "name" : "tvos",
      "version" : "13.0"
    }
  ],
  "products" : [
    {
      "name" : "DunneAudioKit",
      "targets" : [
        "DunneAudioKit"
      ],
      "type" : {
        "library" : [
          "automatic"
        ]
      }
    }
  ],
  "targets" : [
    {
      "c99name" : "DunneAudioKitTests",
      "module_type" : "SwiftTarget",
      "name" : "DunneAudioKitTests",
      "path" : "Tests/DunneAudioKitTests",
      "resources" : [
        {
          "path" : "/Users/admin/builder/spi-builder-workspace/Tests/DunneAudioKitTests/TestResources",
          "rule" : {
            "copy" : {
            }
          }
        }
      ],
      "sources" : [
        "GenericNodeTests.swift",
        "SamplerTests.swift",
        "SynthTests.swift",
        "ValidatedMD5s.swift"
      ],
      "target_dependencies" : [
        "DunneAudioKit"
      ],
      "type" : "test"
    },
    {
      "c99name" : "DunneAudioKit",
      "module_type" : "SwiftTarget",
      "name" : "DunneAudioKit",
      "path" : "Sources/DunneAudioKit",
      "product_dependencies" : [
        "AudioKit",
        "AudioKitEX"
      ],
      "product_memberships" : [
        "DunneAudioKit"
      ],
      "sources" : [
        "Chorus.swift",
        "Flanger.swift",
        "Sampler+SFZ.swift",
        "Sampler.swift",
        "StereoDelay.swift",
        "Synth.swift",
        "TransientShaper.swift"
      ],
      "target_dependencies" : [
        "CDunneAudioKit"
      ],
      "type" : "library"
    },
    {
      "c99name" : "CDunneAudioKit",
      "module_type" : "ClangTarget",
      "name" : "CDunneAudioKit",
      "path" : "Sources/CDunneAudioKit",
      "product_dependencies" : [
        "AudioKit",
        "AudioKitEX",
        "KissFFT"
      ],
      "product_memberships" : [
        "DunneAudioKit"
      ],
      "sources" : [
        "DunneCore/Common/ADSREnvelope.cpp",
        "DunneCore/Common/AHDSHREnvelope.cpp",
        "DunneCore/Common/EnvelopeGeneratorBase.cpp",
        "DunneCore/Common/FunctionTable.cpp",
        "DunneCore/Common/ResonantLowPassFilter.cpp",
        "DunneCore/Common/SustainPedalLogic.cpp",
        "DunneCore/Modulated Delay/AdjustableDelayLine.cpp",
        "DunneCore/Modulated Delay/ModulatedDelay.cpp",
        "DunneCore/Modulated Delay/StereoDelay.cpp",
        "DunneCore/Sampler/CoreSampler.cpp",
        "DunneCore/Sampler/SampleBuffer.cpp",
        "DunneCore/Sampler/SamplerVoice.cpp",
        "DunneCore/Sampler/Wavpack/common_utils.c",
        "DunneCore/Sampler/Wavpack/decorr_utils.c",
        "DunneCore/Sampler/Wavpack/entropy_utils.c",
        "DunneCore/Sampler/Wavpack/extra1.c",
        "DunneCore/Sampler/Wavpack/extra2.c",
        "DunneCore/Sampler/Wavpack/open_filename.c",
        "DunneCore/Sampler/Wavpack/open_legacy.c",
        "DunneCore/Sampler/Wavpack/open_raw.c",
        "DunneCore/Sampler/Wavpack/open_utils.c",
        "DunneCore/Sampler/Wavpack/pack.c",
        "DunneCore/Sampler/Wavpack/pack_dns.c",
        "DunneCore/Sampler/Wavpack/pack_dsd.c",
        "DunneCore/Sampler/Wavpack/pack_floats.c",
        "DunneCore/Sampler/Wavpack/pack_utils.c",
        "DunneCore/Sampler/Wavpack/read_words.c",
        "DunneCore/Sampler/Wavpack/tag_utils.c",
        "DunneCore/Sampler/Wavpack/tags.c",
        "DunneCore/Sampler/Wavpack/unpack.c",
        "DunneCore/Sampler/Wavpack/unpack3.c",
        "DunneCore/Sampler/Wavpack/unpack3_open.c",
        "DunneCore/Sampler/Wavpack/unpack3_seek.c",
        "DunneCore/Sampler/Wavpack/unpack_dsd.c",
        "DunneCore/Sampler/Wavpack/unpack_floats.c",
        "DunneCore/Sampler/Wavpack/unpack_seek.c",
        "DunneCore/Sampler/Wavpack/unpack_utils.c",
        "DunneCore/Sampler/Wavpack/write_words.c",
        "DunneCore/Synth/CoreSynth.cpp",
        "DunneCore/Synth/DrawbarsOscillator.cpp",
        "DunneCore/Synth/EnsembleOscillator.cpp",
        "DunneCore/Synth/Envelope.cpp",
        "DunneCore/Synth/MultiStageFilter.cpp",
        "DunneCore/Synth/SynthVoice.cpp",
        "DunneCore/Synth/WaveStack.cpp",
        "ModulatedDelayDSP.mm",
        "SamplerDSP.mm",
        "StereoDelayDSP.mm",
        "SynthDSP.mm",
        "TransientShaperDSP.mm"
      ],
      "type" : "library"
    }
  ],
  "tools_version" : "5.5"
}
{
  "workspace" : {
    "name" : "DunneAudioKit",
    "schemes" : [
      "DunneAudioKit"
    ]
  }
}
2026-09-24 11:21:49.345 xcodebuild[829:5193] [MT] IDERunDestination: Supported platforms for the buildables in the current scheme is empty.
Running build ...
env DEVELOPER_DIR=/Applications/Xcode-27.0.0-Release.Candidate.app xcrun xcodebuild -IDEClonedSourcePackagesDirPathOverride=$PWD/.dependencies -skipMacroValidation -skipPackagePluginValidation -derivedDataPath $PWD/.derivedData build -scheme DunneAudioKit -destination generic/platform=watchOS
Command line invocation:
    /Applications/Xcode-27.0.0-Release.Candidate.app/Contents/Developer/usr/bin/xcodebuild -IDEClonedSourcePackagesDirPathOverride=/Users/admin/builder/spi-builder-workspace/.dependencies -skipMacroValidation -skipPackagePluginValidation -derivedDataPath /Users/admin/builder/spi-builder-workspace/.derivedData build -scheme DunneAudioKit -destination generic/platform=watchOS
Resolve Package Graph
Resolved source packages:
  DunneAudioKit: /Users/admin/builder/spi-builder-workspace
  AudioKitEX: https://github.com/AudioKit/AudioKitEX @ 5.7.0
  AudioKit: https://github.com/AudioKit/AudioKit @ 5.7.2
  KissFFT: https://github.com/AudioKit/KissFFT @ 1.0.0
ComputePackagePrebuildTargetDependencyGraph
Prepare packages
CreateBuildRequest
SendProjectDescription
CreateBuildOperation
ComputeTargetDependencyGraph
note: Building targets in dependency order
note: Target dependency graph (11 targets)
    Target 'DunneAudioKit-product' in project 'DunneAudioKit'
        ➜ Explicit dependency on target 'DunneAudioKit' in project 'DunneAudioKit'
        ➜ Explicit dependency on target 'CDunneAudioKit' in project 'DunneAudioKit'
        ➜ Explicit dependency on target 'AudioKit-product' in project 'AudioKit'
        ➜ Explicit dependency on target 'AudioKitEX-product' in project 'AudioKitEX'
        ➜ Explicit dependency on target 'KissFFT-product' in project 'KissFFT'
    Target 'DunneAudioKit' in project 'DunneAudioKit'
        ➜ Explicit dependency on target 'CDunneAudioKit' in project 'DunneAudioKit'
        ➜ Explicit dependency on target 'AudioKit-product' in project 'AudioKit'
        ➜ Explicit dependency on target 'AudioKitEX-product' in project 'AudioKitEX'
        ➜ Explicit dependency on target 'KissFFT-product' in project 'KissFFT'
    Target 'CDunneAudioKit' in project 'DunneAudioKit'
        ➜ Explicit dependency on target 'AudioKit-product' in project 'AudioKit'
        ➜ Explicit dependency on target 'AudioKitEX-product' in project 'AudioKitEX'
        ➜ Explicit dependency on target 'KissFFT-product' in project 'KissFFT'
    Target 'KissFFT-product' in project 'KissFFT'
        ➜ Explicit dependency on target 'KissFFT' in project 'KissFFT'
    Target 'KissFFT' in project 'KissFFT' (no dependencies)
    Target 'AudioKitEX-product' in project 'AudioKitEX'
        ➜ Explicit dependency on target 'AudioKitEX' in project 'AudioKitEX'
        ➜ Explicit dependency on target 'CAudioKitEX' in project 'AudioKitEX'
        ➜ Explicit dependency on target 'AudioKit-product' in project 'AudioKit'
    Target 'AudioKitEX' in project 'AudioKitEX'
        ➜ Explicit dependency on target 'CAudioKitEX' in project 'AudioKitEX'
        ➜ Explicit dependency on target 'AudioKit-product' in project 'AudioKit'
    Target 'CAudioKitEX' in project 'AudioKitEX' (no dependencies)
    Target 'AudioKit-product' in project 'AudioKit'
        ➜ Explicit dependency on target 'AudioKit' in project 'AudioKit'
        ➜ Explicit dependency on target 'AudioKit_AudioKit' in project 'AudioKit'
    Target 'AudioKit' in project 'AudioKit'
        ➜ Explicit dependency on target 'AudioKit_AudioKit' in project 'AudioKit'
    Target 'AudioKit_AudioKit' in project 'AudioKit' (no dependencies)
GatherProvisioningInputs
CreateBuildDescription
ClangStatCache /Applications/Xcode-27.0.0-Release.Candidate.app/Contents/Developer/Toolchains/XcodeDefault.xctoolchain/usr/bin/clang-stat-cache /Applications/Xcode-27.0.0-Release.Candidate.app/Contents/Developer/Platforms/WatchOS.platform/Developer/SDKs/WatchOS27.0.sdk /Users/admin/builder/spi-builder-workspace/.derivedData/SDKStatCaches.noindex/watchos27.0-24R360-e829b21a6f8c9b70876ba0858053c04477534ef55a1706bf4c1112bbb242f0a2.sdkstatcache
    cd /Users/admin/builder/spi-builder-workspace/.swiftpm/xcode
    /Applications/Xcode-27.0.0-Release.Candidate.app/Contents/Developer/Toolchains/XcodeDefault.xctoolchain/usr/bin/clang-stat-cache /Applications/Xcode-27.0.0-Release.Candidate.app/Contents/Developer/Platforms/WatchOS.platform/Developer/SDKs/WatchOS27.0.sdk -o /Users/admin/builder/spi-builder-workspace/.derivedData/SDKStatCaches.noindex/watchos27.0-24R360-e829b21a6f8c9b70876ba0858053c04477534ef55a1706bf4c1112bbb242f0a2.sdkstatcache
ScanDependencies /Users/admin/builder/spi-builder-workspace/.derivedData/Build/Intermediates.noindex/KissFFT.build/Debug-watchos/KissFFT-t.build/Objects-normal/arm64_32/kiss_fft.o /Users/admin/builder/spi-builder-workspace/.dependencies/checkouts/KissFFT/Sources/KissFFT/kiss_fft.c normal arm64_32 c com.apple.compilers.llvm.clang.1_0.compiler (in target 'KissFFT' from project 'KissFFT')
    cd /Users/admin/builder/spi-builder-workspace/.swiftpm/xcode

    Using response file: /Users/admin/builder/spi-builder-workspace/.derivedData/Build/Intermediates.noindex/KissFFT.build/Debug-watchos/KissFFT-t.build/Objects-normal/arm64_32/7187679823f38a2a940e0043cdf9d637-common-args.resp

    builtin-ScanDependencies -o /Users/admin/builder/spi-builder-workspace/.derivedData/Build/Intermediates.noindex/KissFFT.build/Debug-watchos/KissFFT-t.build/Objects-normal/arm64_32/kiss_fft.o.scan -- /Applications/Xcode-27.0.0-Release.Candidate.app/Contents/Developer/Toolchains/XcodeDefault.xctoolchain/usr/bin/clang -x c -ivfsstatcache /Users/admin/builder/spi-builder-workspace/.derivedData/SDKStatCaches.noindex/watchos27.0-24R360-e829b21a6f8c9b70876ba0858053c04477534ef55a1706bf4c1112bbb242f0a2.sdkstatcache -target arm64_32-apple-watchos9.0 -fmessage-length\=0 -fdiagnostics-show-note-include-stack -fmacro-backtrace-limit\=0 -fno-color-diagnostics -fmodules-prune-interval\=86400 -fmodules-prune-after\=345600 -fbuild-session-file\=/Users/admin/builder/spi-builder-workspace/.derivedData/ModuleCache.noindex/Session.modulevalidation -fmodules-validate-once-per-build-session -Wnon-modular-include-in-framework-module -Werror\=non-modular-include-in-framework-module -Wno-trigraphs -Wno-missing-field-initializers -Wno-missing-prototypes -Wno-return-type -Wno-missing-braces -Wparentheses -Wswitch -Wno-unused-function -Wno-unused-label -Wno-unused-parameter -Wno-unused-variable -Wunused-value -Wno-empty-body -Wno-uninitialized -Wno-unknown-pragmas -w -Wno-shadow -Wno-four-char-constants -Wno-conversion -Wno-constant-conversion -Wno-int-conversion -Wno-bool-conversion -Wno-enum-conversion -Wno-float-conversion -Wno-non-literal-null-conversion -Wno-objc-literal-conversion -Wno-shorten-64-to-32 -Wpointer-sign -Wno-newline-eof -Wno-implicit-fallthrough -isysroot /Applications/Xcode-27.0.0-Release.Candidate.app/Contents/Developer/Platforms/WatchOS.platform/Developer/SDKs/WatchOS27.0.sdk -fstrict-aliasing -Wdeprecated-declarations -Wno-sign-conversion -Wno-infinite-recursion -Wno-comma -Wno-block-capture-autoreleasing -Wno-strict-prototypes -Wno-semicolon-before-method-body -index-store-path /Users/admin/builder/spi-builder-workspace/.derivedData/Index.noindex/DataStore @/Users/admin/builder/spi-builder-workspace/.derivedData/Build/Intermediates.noindex/KissFFT.build/Debug-watchos/KissFFT-t.build/Objects-normal/arm64_32/7187679823f38a2a940e0043cdf9d637-common-args.resp -MMD -MT dependencies -MF /Users/admin/builder/spi-builder-workspace/.derivedData/Build/Intermediates.noindex/KissFFT.build/Debug-watchos/KissFFT-t.build/Objects-normal/arm64_32/kiss_fft.d --serialize-diagnostics /Users/admin/builder/spi-builder-workspace/.derivedData/Build/Intermediates.noindex/KissFFT.build/Debug-watchos/KissFFT-t.build/Objects-normal/arm64_32/kiss_fft.dia -c /Users/admin/builder/spi-builder-workspace/.dependencies/checkouts/KissFFT/Sources/KissFFT/kiss_fft.c -o /Users/admin/builder/spi-builder-workspace/.derivedData/Build/Intermediates.noindex/KissFFT.build/Debug-watchos/KissFFT-t.build/Objects-normal/arm64_32/kiss_fft.o -index-unit-output-path /KissFFT.build/Debug-watchos/KissFFT-t.build/Objects-normal/arm64_32/kiss_fft.o
CompileC /Users/admin/builder/spi-builder-workspace/.derivedData/Build/Intermediates.noindex/AudioKitEX.build/Debug-watchos/CAudioKitEX-t.build/Objects-normal/arm64_32/SequencerEngine.o /Users/admin/builder/spi-builder-workspace/.dependencies/checkouts/AudioKitEX/Sources/CAudioKitEX/Sequencing/SequencerEngine.mm normal arm64_32 objective-c++ com.apple.compilers.llvm.clang.1_0.compiler (in target 'CAudioKitEX' from project 'AudioKitEX')
    cd /Users/admin/builder/spi-builder-workspace/.swiftpm/xcode

    Using response file: /Users/admin/builder/spi-builder-workspace/.derivedData/Build/Intermediates.noindex/AudioKitEX.build/Debug-watchos/CAudioKitEX-t.build/Objects-normal/arm64_32/af3fcb34312c57c0f52879cdce924b91-common-args.resp

    /Applications/Xcode-27.0.0-Release.Candidate.app/Contents/Developer/Toolchains/XcodeDefault.xctoolchain/usr/bin/clang -x objective-c++ -ivfsstatcache /Users/admin/builder/spi-builder-workspace/.derivedData/SDKStatCaches.noindex/watchos27.0-24R360-e829b21a6f8c9b70876ba0858053c04477534ef55a1706bf4c1112bbb242f0a2.sdkstatcache -target arm64_32-apple-watchos9.0 -fmessage-length\=0 -fdiagnostics-show-note-include-stack -fmacro-backtrace-limit\=0 -fno-color-diagnostics -fmodules-prune-interval\=86400 -fmodules-prune-after\=345600 -fbuild-session-file\=/Users/admin/builder/spi-builder-workspace/.derivedData/ModuleCache.noindex/Session.modulevalidation -fmodules-validate-once-per-build-session -Wnon-modular-include-in-framework-module -Werror\=non-modular-include-in-framework-module -Wno-trigraphs -Wno-missing-field-initializers -Wno-missing-prototypes -Wno-return-type -Wno-implicit-atomic-properties -Wno-objc-interface-ivars -Wno-arc-repeated-use-of-weak -Wno-non-virtual-dtor -Wno-overloaded-virtual -Wno-exit-time-destructors -Wno-missing-braces -Wparentheses -Wswitch -Wno-unused-function -Wno-unused-label -Wno-unused-parameter -Wno-unused-variable -Wunused-value -Wno-empty-body -Wno-uninitialized -Wno-unknown-pragmas -w -Wno-shadow -Wno-four-char-constants -Wno-conversion -Wno-constant-conversion -Wno-int-conversion -Wno-bool-conversion -Wno-enum-conversion -Wno-float-conversion -Wno-non-literal-null-conversion -Wno-objc-literal-conversion -Wno-shorten-64-to-32 -Wno-newline-eof -Wno-selector -Wno-strict-selector-match -Wno-undeclared-selector -Wno-deprecated-implementations -Wno-c++11-extensions -Wno-implicit-fallthrough -isysroot /Applications/Xcode-27.0.0-Release.Candidate.app/Contents/Developer/Platforms/WatchOS.platform/Developer/SDKs/WatchOS27.0.sdk -fstrict-aliasing -Wprotocol -Wdeprecated-declarations -Winvalid-offsetof -Wno-sign-conversion -Wno-infinite-recursion -Wno-move -Wno-comma -Wno-block-capture-autoreleasing -Wno-strict-prototypes -Wno-range-loop-analysis -Wno-semicolon-before-method-body -index-store-path /Users/admin/builder/spi-builder-workspace/.derivedData/Index.noindex/DataStore @/Users/admin/builder/spi-builder-workspace/.derivedData/Build/Intermediates.noindex/AudioKitEX.build/Debug-watchos/CAudioKitEX-t.build/Objects-normal/arm64_32/af3fcb34312c57c0f52879cdce924b91-common-args.resp -MMD -MT dependencies -MF /Users/admin/builder/spi-builder-workspace/.derivedData/Build/Intermediates.noindex/AudioKitEX.build/Debug-watchos/CAudioKitEX-t.build/Objects-normal/arm64_32/SequencerEngine.d --serialize-diagnostics /Users/admin/builder/spi-builder-workspace/.derivedData/Build/Intermediates.noindex/AudioKitEX.build/Debug-watchos/CAudioKitEX-t.build/Objects-normal/arm64_32/SequencerEngine.dia -c /Users/admin/builder/spi-builder-workspace/.dependencies/checkouts/AudioKitEX/Sources/CAudioKitEX/Sequencing/SequencerEngine.mm -o /Users/admin/builder/spi-builder-workspace/.derivedData/Build/Intermediates.noindex/AudioKitEX.build/Debug-watchos/CAudioKitEX-t.build/Objects-normal/arm64_32/SequencerEngine.o -index-unit-output-path /AudioKitEX.build/Debug-watchos/CAudioKitEX-t.build/Objects-normal/arm64_32/SequencerEngine.o
ScanDependencies /Users/admin/builder/spi-builder-workspace/.derivedData/Build/Intermediates.noindex/KissFFT.build/Debug-watchos/KissFFT-t.build/Objects-normal/arm64_32/kiss_fftr.o /Users/admin/builder/spi-builder-workspace/.dependencies/checkouts/KissFFT/Sources/KissFFT/kiss_fftr.c normal arm64_32 c com.apple.compilers.llvm.clang.1_0.compiler (in target 'KissFFT' from project 'KissFFT')
    cd /Users/admin/builder/spi-builder-workspace/.swiftpm/xcode

    Using response file: /Users/admin/builder/spi-builder-workspace/.derivedData/Build/Intermediates.noindex/KissFFT.build/Debug-watchos/KissFFT-t.build/Objects-normal/arm64_32/7187679823f38a2a940e0043cdf9d637-common-args.resp

    builtin-ScanDependencies -o /Users/admin/builder/spi-builder-workspace/.derivedData/Build/Intermediates.noindex/KissFFT.build/Debug-watchos/KissFFT-t.build/Objects-normal/arm64_32/kiss_fftr.o.scan -- /Applications/Xcode-27.0.0-Release.Candidate.app/Contents/Developer/Toolchains/XcodeDefault.xctoolchain/usr/bin/clang -x c -ivfsstatcache /Users/admin/builder/spi-builder-workspace/.derivedData/SDKStatCaches.noindex/watchos27.0-24R360-e829b21a6f8c9b70876ba0858053c04477534ef55a1706bf4c1112bbb242f0a2.sdkstatcache -target arm64_32-apple-watchos9.0 -fmessage-length\=0 -fdiagnostics-show-note-include-stack -fmacro-backtrace-limit\=0 -fno-color-diagnostics -fmodules-prune-interval\=86400 -fmodules-prune-after\=345600 -fbuild-session-file\=/Users/admin/builder/spi-builder-workspace/.derivedData/ModuleCache.noindex/Session.modulevalidation -fmodules-validate-once-per-build-session -Wnon-modular-include-in-framework-module -Werror\=non-modular-include-in-framework-module -Wno-trigraphs -Wno-missing-field-initializers -Wno-missing-prototypes -Wno-return-type -Wno-missing-braces -Wparentheses -Wswitch -Wno-unused-function -Wno-unused-label -Wno-unused-parameter -Wno-unused-variable -Wunused-value -Wno-empty-body -Wno-uninitialized -Wno-unknown-pragmas -w -Wno-shadow -Wno-four-char-constants -Wno-conversion -Wno-constant-conversion -Wno-int-conversion -Wno-bool-conversion -Wno-enum-conversion -Wno-float-conversion -Wno-non-literal-null-conversion -Wno-objc-literal-conversion -Wno-shorten-64-to-32 -Wpointer-sign -Wno-newline-eof -Wno-implicit-fallthrough -isysroot /Applications/Xcode-27.0.0-Release.Candidate.app/Contents/Developer/Platforms/WatchOS.platform/Developer/SDKs/WatchOS27.0.sdk -fstrict-aliasing -Wdeprecated-declarations -Wno-sign-conversion -Wno-infinite-recursion -Wno-comma -Wno-block-capture-autoreleasing -Wno-strict-prototypes -Wno-semicolon-before-method-body -index-store-path /Users/admin/builder/spi-builder-workspace/.derivedData/Index.noindex/DataStore @/Users/admin/builder/spi-builder-workspace/.derivedData/Build/Intermediates.noindex/KissFFT.build/Debug-watchos/KissFFT-t.build/Objects-normal/arm64_32/7187679823f38a2a940e0043cdf9d637-common-args.resp -MMD -MT dependencies -MF /Users/admin/builder/spi-builder-workspace/.derivedData/Build/Intermediates.noindex/KissFFT.build/Debug-watchos/KissFFT-t.build/Objects-normal/arm64_32/kiss_fftr.d --serialize-diagnostics /Users/admin/builder/spi-builder-workspace/.derivedData/Build/Intermediates.noindex/KissFFT.build/Debug-watchos/KissFFT-t.build/Objects-normal/arm64_32/kiss_fftr.dia -c /Users/admin/builder/spi-builder-workspace/.dependencies/checkouts/KissFFT/Sources/KissFFT/kiss_fftr.c -o /Users/admin/builder/spi-builder-workspace/.derivedData/Build/Intermediates.noindex/KissFFT.build/Debug-watchos/KissFFT-t.build/Objects-normal/arm64_32/kiss_fftr.o -index-unit-output-path /KissFFT.build/Debug-watchos/KissFFT-t.build/Objects-normal/arm64_32/kiss_fftr.o
CompileC /Users/admin/builder/spi-builder-workspace/.derivedData/Build/Intermediates.noindex/AudioKitEX.build/Debug-watchos/CAudioKitEX-t.build/Objects-normal/arm64_32/ParameterAutomation.o /Users/admin/builder/spi-builder-workspace/.dependencies/checkouts/AudioKitEX/Sources/CAudioKitEX/Sequencing/ParameterAutomation.mm normal arm64_32 objective-c++ com.apple.compilers.llvm.clang.1_0.compiler (in target 'CAudioKitEX' from project 'AudioKitEX')
    cd /Users/admin/builder/spi-builder-workspace/.swiftpm/xcode

    Using response file: /Users/admin/builder/spi-builder-workspace/.derivedData/Build/Intermediates.noindex/AudioKitEX.build/Debug-watchos/CAudioKitEX-t.build/Objects-normal/arm64_32/af3fcb34312c57c0f52879cdce924b91-common-args.resp

    /Applications/Xcode-27.0.0-Release.Candidate.app/Contents/Developer/Toolchains/XcodeDefault.xctoolchain/usr/bin/clang -x objective-c++ -ivfsstatcache /Users/admin/builder/spi-builder-workspace/.derivedData/SDKStatCaches.noindex/watchos27.0-24R360-e829b21a6f8c9b70876ba0858053c04477534ef55a1706bf4c1112bbb242f0a2.sdkstatcache -target arm64_32-apple-watchos9.0 -fmessage-length\=0 -fdiagnostics-show-note-include-stack -fmacro-backtrace-limit\=0 -fno-color-diagnostics -fmodules-prune-interval\=86400 -fmodules-prune-after\=345600 -fbuild-session-file\=/Users/admin/builder/spi-builder-workspace/.derivedData/ModuleCache.noindex/Session.modulevalidation -fmodules-validate-once-per-build-session -Wnon-modular-include-in-framework-module -Werror\=non-modular-include-in-framework-module -Wno-trigraphs -Wno-missing-field-initializers -Wno-missing-prototypes -Wno-return-type -Wno-implicit-atomic-properties -Wno-objc-interface-ivars -Wno-arc-repeated-use-of-weak -Wno-non-virtual-dtor -Wno-overloaded-virtual -Wno-exit-time-destructors -Wno-missing-braces -Wparentheses -Wswitch -Wno-unused-function -Wno-unused-label -Wno-unused-parameter -Wno-unused-variable -Wunused-value -Wno-empty-body -Wno-uninitialized -Wno-unknown-pragmas -w -Wno-shadow -Wno-four-char-constants -Wno-conversion -Wno-constant-conversion -Wno-int-conversion -Wno-bool-conversion -Wno-enum-conversion -Wno-float-conversion -Wno-non-literal-null-conversion -Wno-objc-literal-conversion -Wno-shorten-64-to-32 -Wno-newline-eof -Wno-selector -Wno-strict-selector-match -Wno-undeclared-selector -Wno-deprecated-implementations -Wno-c++11-extensions -Wno-implicit-fallthrough -isysroot /Applications/Xcode-27.0.0-Release.Candidate.app/Contents/Developer/Platforms/WatchOS.platform/Developer/SDKs/WatchOS27.0.sdk -fstrict-aliasing -Wprotocol -Wdeprecated-declarations -Winvalid-offsetof -Wno-sign-conversion -Wno-infinite-recursion -Wno-move -Wno-comma -Wno-block-capture-autoreleasing -Wno-strict-prototypes -Wno-range-loop-analysis -Wno-semicolon-before-method-body -index-store-path /Users/admin/builder/spi-builder-workspace/.derivedData/Index.noindex/DataStore @/Users/admin/builder/spi-builder-workspace/.derivedData/Build/Intermediates.noindex/AudioKitEX.build/Debug-watchos/CAudioKitEX-t.build/Objects-normal/arm64_32/af3fcb34312c57c0f52879cdce924b91-common-args.resp -MMD -MT dependencies -MF /Users/admin/builder/spi-builder-workspace/.derivedData/Build/Intermediates.noindex/AudioKitEX.build/Debug-watchos/CAudioKitEX-t.build/Objects-normal/arm64_32/ParameterAutomation.d --serialize-diagnostics /Users/admin/builder/spi-builder-workspace/.derivedData/Build/Intermediates.noindex/AudioKitEX.build/Debug-watchos/CAudioKitEX-t.build/Objects-normal/arm64_32/ParameterAutomation.dia -c /Users/admin/builder/spi-builder-workspace/.dependencies/checkouts/AudioKitEX/Sources/CAudioKitEX/Sequencing/ParameterAutomation.mm -o /Users/admin/builder/spi-builder-workspace/.derivedData/Build/Intermediates.noindex/AudioKitEX.build/Debug-watchos/CAudioKitEX-t.build/Objects-normal/arm64_32/ParameterAutomation.o -index-unit-output-path /AudioKitEX.build/Debug-watchos/CAudioKitEX-t.build/Objects-normal/arm64_32/ParameterAutomation.o
In file included from /Users/admin/builder/spi-builder-workspace/.dependencies/checkouts/AudioKitEX/Sources/CAudioKitEX/Sequencing/ParameterAutomation.mm:3:
/Users/admin/builder/spi-builder-workspace/.dependencies/checkouts/AudioKitEX/Sources/CAudioKitEX/include/ParameterAutomation.h:5:10: fatal error: 'AudioToolbox/AudioToolbox.h' file not found
    5 | #include <AudioToolbox/AudioToolbox.h>
      |          ^~~~~~~~~~~~~~~~~~~~~~~~~~~~~
ScanDependencies /Users/admin/builder/spi-builder-workspace/.derivedData/Build/Intermediates.noindex/KissFFT.build/Debug-watchos/KissFFT-t.build/Objects-normal/arm64/kiss_fftr.o /Users/admin/builder/spi-builder-workspace/.dependencies/checkouts/KissFFT/Sources/KissFFT/kiss_fftr.c normal arm64 c com.apple.compilers.llvm.clang.1_0.compiler (in target 'KissFFT' from project 'KissFFT')
    cd /Users/admin/builder/spi-builder-workspace/.swiftpm/xcode

    Using response file: /Users/admin/builder/spi-builder-workspace/.derivedData/Build/Intermediates.noindex/KissFFT.build/Debug-watchos/KissFFT-t.build/Objects-normal/arm64/7187679823f38a2a940e0043cdf9d637-common-args.resp

    builtin-ScanDependencies -o /Users/admin/builder/spi-builder-workspace/.derivedData/Build/Intermediates.noindex/KissFFT.build/Debug-watchos/KissFFT-t.build/Objects-normal/arm64/kiss_fftr.o.scan -- /Applications/Xcode-27.0.0-Release.Candidate.app/Contents/Developer/Toolchains/XcodeDefault.xctoolchain/usr/bin/clang -x c -ivfsstatcache /Users/admin/builder/spi-builder-workspace/.derivedData/SDKStatCaches.noindex/watchos27.0-24R360-e829b21a6f8c9b70876ba0858053c04477534ef55a1706bf4c1112bbb242f0a2.sdkstatcache -target arm64-apple-watchos9.0 -fmessage-length\=0 -fdiagnostics-show-note-include-stack -fmacro-backtrace-limit\=0 -fno-color-diagnostics -fmodules-prune-interval\=86400 -fmodules-prune-after\=345600 -fbuild-session-file\=/Users/admin/builder/spi-builder-workspace/.derivedData/ModuleCache.noindex/Session.modulevalidation -fmodules-validate-once-per-build-session -Wnon-modular-include-in-framework-module -Werror\=non-modular-include-in-framework-module -Wno-trigraphs -Wno-missing-field-initializers -Wno-missing-prototypes -Wno-return-type -Wno-missing-braces -Wparentheses -Wswitch -Wno-unused-function -Wno-unused-label -Wno-unused-parameter -Wno-unused-variable -Wunused-value -Wno-empty-body -Wno-uninitialized -Wno-unknown-pragmas -w -Wno-shadow -Wno-four-char-constants -Wno-conversion -Wno-constant-conversion -Wno-int-conversion -Wno-bool-conversion -Wno-enum-conversion -Wno-float-conversion -Wno-non-literal-null-conversion -Wno-objc-literal-conversion -Wshorten-64-to-32 -Wpointer-sign -Wno-newline-eof -Wno-implicit-fallthrough -isysroot /Applications/Xcode-27.0.0-Release.Candidate.app/Contents/Developer/Platforms/WatchOS.platform/Developer/SDKs/WatchOS27.0.sdk -fstrict-aliasing -Wdeprecated-declarations -Wno-sign-conversion -Wno-infinite-recursion -Wno-comma -Wno-block-capture-autoreleasing -Wno-strict-prototypes -Wno-semicolon-before-method-body -index-store-path /Users/admin/builder/spi-builder-workspace/.derivedData/Index.noindex/DataStore @/Users/admin/builder/spi-builder-workspace/.derivedData/Build/Intermediates.noindex/KissFFT.build/Debug-watchos/KissFFT-t.build/Objects-normal/arm64/7187679823f38a2a940e0043cdf9d637-common-args.resp -MMD -MT dependencies -MF /Users/admin/builder/spi-builder-workspace/.derivedData/Build/Intermediates.noindex/KissFFT.build/Debug-watchos/KissFFT-t.build/Objects-normal/arm64/kiss_fftr.d --serialize-diagnostics /Users/admin/builder/spi-builder-workspace/.derivedData/Build/Intermediates.noindex/KissFFT.build/Debug-watchos/KissFFT-t.build/Objects-normal/arm64/kiss_fftr.dia -c /Users/admin/builder/spi-builder-workspace/.dependencies/checkouts/KissFFT/Sources/KissFFT/kiss_fftr.c -o /Users/admin/builder/spi-builder-workspace/.derivedData/Build/Intermediates.noindex/KissFFT.build/Debug-watchos/KissFFT-t.build/Objects-normal/arm64/kiss_fftr.o -index-unit-output-path /KissFFT.build/Debug-watchos/KissFFT-t.build/Objects-normal/arm64/kiss_fftr.o
ScanDependencies /Users/admin/builder/spi-builder-workspace/.derivedData/Build/Intermediates.noindex/AudioKitEX.build/Debug-watchos/CAudioKitEX-t.build/Objects-normal/arm64_32/DebugDSP.o /Users/admin/builder/spi-builder-workspace/.dependencies/checkouts/AudioKitEX/Sources/CAudioKitEX/Internals/DebugDSP.c normal arm64_32 c com.apple.compilers.llvm.clang.1_0.compiler (in target 'CAudioKitEX' from project 'AudioKitEX')
    cd /Users/admin/builder/spi-builder-workspace/.swiftpm/xcode

    Using response file: /Users/admin/builder/spi-builder-workspace/.derivedData/Build/Intermediates.noindex/AudioKitEX.build/Debug-watchos/CAudioKitEX-t.build/Objects-normal/arm64_32/7187679823f38a2a940e0043cdf9d637-common-args.resp

    builtin-ScanDependencies -o /Users/admin/builder/spi-builder-workspace/.derivedData/Build/Intermediates.noindex/AudioKitEX.build/Debug-watchos/CAudioKitEX-t.build/Objects-normal/arm64_32/DebugDSP.o.scan -- /Applications/Xcode-27.0.0-Release.Candidate.app/Contents/Developer/Toolchains/XcodeDefault.xctoolchain/usr/bin/clang -x c -ivfsstatcache /Users/admin/builder/spi-builder-workspace/.derivedData/SDKStatCaches.noindex/watchos27.0-24R360-e829b21a6f8c9b70876ba0858053c04477534ef55a1706bf4c1112bbb242f0a2.sdkstatcache -target arm64_32-apple-watchos9.0 -fmessage-length\=0 -fdiagnostics-show-note-include-stack -fmacro-backtrace-limit\=0 -fno-color-diagnostics -fmodules-prune-interval\=86400 -fmodules-prune-after\=345600 -fbuild-session-file\=/Users/admin/builder/spi-builder-workspace/.derivedData/ModuleCache.noindex/Session.modulevalidation -fmodules-validate-once-per-build-session -Wnon-modular-include-in-framework-module -Werror\=non-modular-include-in-framework-module -Wno-trigraphs -Wno-missing-field-initializers -Wno-missing-prototypes -Wno-return-type -Wno-missing-braces -Wparentheses -Wswitch -Wno-unused-function -Wno-unused-label -Wno-unused-parameter -Wno-unused-variable -Wunused-value -Wno-empty-body -Wno-uninitialized -Wno-unknown-pragmas -w -Wno-shadow -Wno-four-char-constants -Wno-conversion -Wno-constant-conversion -Wno-int-conversion -Wno-bool-conversion -Wno-enum-conversion -Wno-float-conversion -Wno-non-literal-null-conversion -Wno-objc-literal-conversion -Wno-shorten-64-to-32 -Wpointer-sign -Wno-newline-eof -Wno-implicit-fallthrough -isysroot /Applications/Xcode-27.0.0-Release.Candidate.app/Contents/Developer/Platforms/WatchOS.platform/Developer/SDKs/WatchOS27.0.sdk -fstrict-aliasing -Wdeprecated-declarations -Wno-sign-conversion -Wno-infinite-recursion -Wno-comma -Wno-block-capture-autoreleasing -Wno-strict-prototypes -Wno-semicolon-before-method-body -index-store-path /Users/admin/builder/spi-builder-workspace/.derivedData/Index.noindex/DataStore @/Users/admin/builder/spi-builder-workspace/.derivedData/Build/Intermediates.noindex/AudioKitEX.build/Debug-watchos/CAudioKitEX-t.build/Objects-normal/arm64_32/7187679823f38a2a940e0043cdf9d637-common-args.resp -MMD -MT dependencies -MF /Users/admin/builder/spi-builder-workspace/.derivedData/Build/Intermediates.noindex/AudioKitEX.build/Debug-watchos/CAudioKitEX-t.build/Objects-normal/arm64_32/DebugDSP.d --serialize-diagnostics /Users/admin/builder/spi-builder-workspace/.derivedData/Build/Intermediates.noindex/AudioKitEX.build/Debug-watchos/CAudioKitEX-t.build/Objects-normal/arm64_32/DebugDSP.dia -c /Users/admin/builder/spi-builder-workspace/.dependencies/checkouts/AudioKitEX/Sources/CAudioKitEX/Internals/DebugDSP.c -o /Users/admin/builder/spi-builder-workspace/.derivedData/Build/Intermediates.noindex/AudioKitEX.build/Debug-watchos/CAudioKitEX-t.build/Objects-normal/arm64_32/DebugDSP.o -index-unit-output-path /AudioKitEX.build/Debug-watchos/CAudioKitEX-t.build/Objects-normal/arm64_32/DebugDSP.o
ScanDependencies /Users/admin/builder/spi-builder-workspace/.derivedData/Build/Intermediates.noindex/AudioKitEX.build/Debug-watchos/CAudioKitEX-t.build/Objects-normal/arm64/ExceptionCatcher.o /Users/admin/builder/spi-builder-workspace/.dependencies/checkouts/AudioKitEX/Sources/CAudioKitEX/Internals/ExceptionCatcher.m normal arm64 objective-c com.apple.compilers.llvm.clang.1_0.compiler (in target 'CAudioKitEX' from project 'AudioKitEX')
    cd /Users/admin/builder/spi-builder-workspace/.swiftpm/xcode

    Using response file: /Users/admin/builder/spi-builder-workspace/.derivedData/Build/Intermediates.noindex/AudioKitEX.build/Debug-watchos/CAudioKitEX-t.build/Objects-normal/arm64/e6072d4f65d7061329687fe24e3d63a7-common-args.resp

    builtin-ScanDependencies -o /Users/admin/builder/spi-builder-workspace/.derivedData/Build/Intermediates.noindex/AudioKitEX.build/Debug-watchos/CAudioKitEX-t.build/Objects-normal/arm64/ExceptionCatcher.o.scan -- /Applications/Xcode-27.0.0-Release.Candidate.app/Contents/Developer/Toolchains/XcodeDefault.xctoolchain/usr/bin/clang -x objective-c -ivfsstatcache /Users/admin/builder/spi-builder-workspace/.derivedData/SDKStatCaches.noindex/watchos27.0-24R360-e829b21a6f8c9b70876ba0858053c04477534ef55a1706bf4c1112bbb242f0a2.sdkstatcache -target arm64-apple-watchos9.0 -fmessage-length\=0 -fdiagnostics-show-note-include-stack -fmacro-backtrace-limit\=0 -fno-color-diagnostics -fmodules-prune-interval\=86400 -fmodules-prune-after\=345600 -fbuild-session-file\=/Users/admin/builder/spi-builder-workspace/.derivedData/ModuleCache.noindex/Session.modulevalidation -fmodules-validate-once-per-build-session -Wnon-modular-include-in-framework-module -Werror\=non-modular-include-in-framework-module -Wno-trigraphs -Wno-missing-field-initializers -Wno-missing-prototypes -Wno-return-type -Wno-implicit-atomic-properties -Wno-objc-interface-ivars -Wno-arc-repeated-use-of-weak -Wno-missing-braces -Wparentheses -Wswitch -Wno-unused-function -Wno-unused-label -Wno-unused-parameter -Wno-unused-variable -Wunused-value -Wno-empty-body -Wno-uninitialized -Wno-unknown-pragmas -w -Wno-shadow -Wno-four-char-constants -Wno-conversion -Wno-constant-conversion -Wno-int-conversion -Wno-bool-conversion -Wno-enum-conversion -Wno-float-conversion -Wno-non-literal-null-conversion -Wno-objc-literal-conversion -Wshorten-64-to-32 -Wpointer-sign -Wno-newline-eof -Wno-selector -Wno-strict-selector-match -Wno-undeclared-selector -Wno-deprecated-implementations -Wno-implicit-fallthrough -isysroot /Applications/Xcode-27.0.0-Release.Candidate.app/Contents/Developer/Platforms/WatchOS.platform/Developer/SDKs/WatchOS27.0.sdk -fstrict-aliasing -Wprotocol -Wdeprecated-declarations -Wno-sign-conversion -Wno-infinite-recursion -Wno-comma -Wno-block-capture-autoreleasing -Wno-strict-prototypes -Wno-semicolon-before-method-body -index-store-path /Users/admin/builder/spi-builder-workspace/.derivedData/Index.noindex/DataStore @/Users/admin/builder/spi-builder-workspace/.derivedData/Build/Intermediates.noindex/AudioKitEX.build/Debug-watchos/CAudioKitEX-t.build/Objects-normal/arm64/e6072d4f65d7061329687fe24e3d63a7-common-args.resp -MMD -MT dependencies -MF /Users/admin/builder/spi-builder-workspace/.derivedData/Build/Intermediates.noindex/AudioKitEX.build/Debug-watchos/CAudioKitEX-t.build/Objects-normal/arm64/ExceptionCatcher.d --serialize-diagnostics /Users/admin/builder/spi-builder-workspace/.derivedData/Build/Intermediates.noindex/AudioKitEX.build/Debug-watchos/CAudioKitEX-t.build/Objects-normal/arm64/ExceptionCatcher.dia -c /Users/admin/builder/spi-builder-workspace/.dependencies/checkouts/AudioKitEX/Sources/CAudioKitEX/Internals/ExceptionCatcher.m -o /Users/admin/builder/spi-builder-workspace/.derivedData/Build/Intermediates.noindex/AudioKitEX.build/Debug-watchos/CAudioKitEX-t.build/Objects-normal/arm64/ExceptionCatcher.o -index-unit-output-path /AudioKitEX.build/Debug-watchos/CAudioKitEX-t.build/Objects-normal/arm64/ExceptionCatcher.o
ScanDependencies /Users/admin/builder/spi-builder-workspace/.derivedData/Build/Intermediates.noindex/AudioKitEX.build/Debug-watchos/CAudioKitEX-t.build/Objects-normal/arm64_32/AudioToolboxLinker.o /Users/admin/builder/spi-builder-workspace/.dependencies/checkouts/AudioKitEX/Sources/CAudioKitEX/Internals/AudioToolboxLinker.m normal arm64_32 objective-c com.apple.compilers.llvm.clang.1_0.compiler (in target 'CAudioKitEX' from project 'AudioKitEX')
    cd /Users/admin/builder/spi-builder-workspace/.swiftpm/xcode

    Using response file: /Users/admin/builder/spi-builder-workspace/.derivedData/Build/Intermediates.noindex/AudioKitEX.build/Debug-watchos/CAudioKitEX-t.build/Objects-normal/arm64_32/e6072d4f65d7061329687fe24e3d63a7-common-args.resp

    builtin-ScanDependencies -o /Users/admin/builder/spi-builder-workspace/.derivedData/Build/Intermediates.noindex/AudioKitEX.build/Debug-watchos/CAudioKitEX-t.build/Objects-normal/arm64_32/AudioToolboxLinker.o.scan -- /Applications/Xcode-27.0.0-Release.Candidate.app/Contents/Developer/Toolchains/XcodeDefault.xctoolchain/usr/bin/clang -x objective-c -ivfsstatcache /Users/admin/builder/spi-builder-workspace/.derivedData/SDKStatCaches.noindex/watchos27.0-24R360-e829b21a6f8c9b70876ba0858053c04477534ef55a1706bf4c1112bbb242f0a2.sdkstatcache -target arm64_32-apple-watchos9.0 -fmessage-length\=0 -fdiagnostics-show-note-include-stack -fmacro-backtrace-limit\=0 -fno-color-diagnostics -fmodules-prune-interval\=86400 -fmodules-prune-after\=345600 -fbuild-session-file\=/Users/admin/builder/spi-builder-workspace/.derivedData/ModuleCache.noindex/Session.modulevalidation -fmodules-validate-once-per-build-session -Wnon-modular-include-in-framework-module -Werror\=non-modular-include-in-framework-module -Wno-trigraphs -Wno-missing-field-initializers -Wno-missing-prototypes -Wno-return-type -Wno-implicit-atomic-properties -Wno-objc-interface-ivars -Wno-arc-repeated-use-of-weak -Wno-missing-braces -Wparentheses -Wswitch -Wno-unused-function -Wno-unused-label -Wno-unused-parameter -Wno-unused-variable -Wunused-value -Wno-empty-body -Wno-uninitialized -Wno-unknown-pragmas -w -Wno-shadow -Wno-four-char-constants -Wno-conversion -Wno-constant-conversion -Wno-int-conversion -Wno-bool-conversion -Wno-enum-conversion -Wno-float-conversion -Wno-non-literal-null-conversion -Wno-objc-literal-conversion -Wno-shorten-64-to-32 -Wpointer-sign -Wno-newline-eof -Wno-selector -Wno-strict-selector-match -Wno-undeclared-selector -Wno-deprecated-implementations -Wno-implicit-fallthrough -isysroot /Applications/Xcode-27.0.0-Release.Candidate.app/Contents/Developer/Platforms/WatchOS.platform/Developer/SDKs/WatchOS27.0.sdk -fstrict-aliasing -Wprotocol -Wdeprecated-declarations -Wno-sign-conversion -Wno-infinite-recursion -Wno-comma -Wno-block-capture-autoreleasing -Wno-strict-prototypes -Wno-semicolon-before-method-body -index-store-path /Users/admin/builder/spi-builder-workspace/.derivedData/Index.noindex/DataStore @/Users/admin/builder/spi-builder-workspace/.derivedData/Build/Intermediates.noindex/AudioKitEX.build/Debug-watchos/CAudioKitEX-t.build/Objects-normal/arm64_32/e6072d4f65d7061329687fe24e3d63a7-common-args.resp -MMD -MT dependencies -MF /Users/admin/builder/spi-builder-workspace/.derivedData/Build/Intermediates.noindex/AudioKitEX.build/Debug-watchos/CAudioKitEX-t.build/Objects-normal/arm64_32/AudioToolboxLinker.d --serialize-diagnostics /Users/admin/builder/spi-builder-workspace/.derivedData/Build/Intermediates.noindex/AudioKitEX.build/Debug-watchos/CAudioKitEX-t.build/Objects-normal/arm64_32/AudioToolboxLinker.dia -c /Users/admin/builder/spi-builder-workspace/.dependencies/checkouts/AudioKitEX/Sources/CAudioKitEX/Internals/AudioToolboxLinker.m -o /Users/admin/builder/spi-builder-workspace/.derivedData/Build/Intermediates.noindex/AudioKitEX.build/Debug-watchos/CAudioKitEX-t.build/Objects-normal/arm64_32/AudioToolboxLinker.o -index-unit-output-path /AudioKitEX.build/Debug-watchos/CAudioKitEX-t.build/Objects-normal/arm64_32/AudioToolboxLinker.o
/Users/admin/builder/spi-builder-workspace/.dependencies/checkouts/AudioKitEX/Sources/CAudioKitEX/Internals/AudioToolboxLinker.m:4:9: error: 'AudioToolbox/AudioToolbox.h' file not found (in target 'CAudioKitEX' from project 'AudioKitEX')
ScanDependencies /Users/admin/builder/spi-builder-workspace/.derivedData/Build/Intermediates.noindex/KissFFT.build/Debug-watchos/KissFFT-t.build/Objects-normal/arm64/kiss_fft.o /Users/admin/builder/spi-builder-workspace/.dependencies/checkouts/KissFFT/Sources/KissFFT/kiss_fft.c normal arm64 c com.apple.compilers.llvm.clang.1_0.compiler (in target 'KissFFT' from project 'KissFFT')
    cd /Users/admin/builder/spi-builder-workspace/.swiftpm/xcode

    Using response file: /Users/admin/builder/spi-builder-workspace/.derivedData/Build/Intermediates.noindex/KissFFT.build/Debug-watchos/KissFFT-t.build/Objects-normal/arm64/7187679823f38a2a940e0043cdf9d637-common-args.resp

    builtin-ScanDependencies -o /Users/admin/builder/spi-builder-workspace/.derivedData/Build/Intermediates.noindex/KissFFT.build/Debug-watchos/KissFFT-t.build/Objects-normal/arm64/kiss_fft.o.scan -- /Applications/Xcode-27.0.0-Release.Candidate.app/Contents/Developer/Toolchains/XcodeDefault.xctoolchain/usr/bin/clang -x c -ivfsstatcache /Users/admin/builder/spi-builder-workspace/.derivedData/SDKStatCaches.noindex/watchos27.0-24R360-e829b21a6f8c9b70876ba0858053c04477534ef55a1706bf4c1112bbb242f0a2.sdkstatcache -target arm64-apple-watchos9.0 -fmessage-length\=0 -fdiagnostics-show-note-include-stack -fmacro-backtrace-limit\=0 -fno-color-diagnostics -fmodules-prune-interval\=86400 -fmodules-prune-after\=345600 -fbuild-session-file\=/Users/admin/builder/spi-builder-workspace/.derivedData/ModuleCache.noindex/Session.modulevalidation -fmodules-validate-once-per-build-session -Wnon-modular-include-in-framework-module -Werror\=non-modular-include-in-framework-module -Wno-trigraphs -Wno-missing-field-initializers -Wno-missing-prototypes -Wno-return-type -Wno-missing-braces -Wparentheses -Wswitch -Wno-unused-function -Wno-unused-label -Wno-unused-parameter -Wno-unused-variable -Wunused-value -Wno-empty-body -Wno-uninitialized -Wno-unknown-pragmas -w -Wno-shadow -Wno-four-char-constants -Wno-conversion -Wno-constant-conversion -Wno-int-conversion -Wno-bool-conversion -Wno-enum-conversion -Wno-float-conversion -Wno-non-literal-null-conversion -Wno-objc-literal-conversion -Wshorten-64-to-32 -Wpointer-sign -Wno-newline-eof -Wno-implicit-fallthrough -isysroot /Applications/Xcode-27.0.0-Release.Candidate.app/Contents/Developer/Platforms/WatchOS.platform/Developer/SDKs/WatchOS27.0.sdk -fstrict-aliasing -Wdeprecated-declarations -Wno-sign-conversion -Wno-infinite-recursion -Wno-comma -Wno-block-capture-autoreleasing -Wno-strict-prototypes -Wno-semicolon-before-method-body -index-store-path /Users/admin/builder/spi-builder-workspace/.derivedData/Index.noindex/DataStore @/Users/admin/builder/spi-builder-workspace/.derivedData/Build/Intermediates.noindex/KissFFT.build/Debug-watchos/KissFFT-t.build/Objects-normal/arm64/7187679823f38a2a940e0043cdf9d637-common-args.resp -MMD -MT dependencies -MF /Users/admin/builder/spi-builder-workspace/.derivedData/Build/Intermediates.noindex/KissFFT.build/Debug-watchos/KissFFT-t.build/Objects-normal/arm64/kiss_fft.d --serialize-diagnostics /Users/admin/builder/spi-builder-workspace/.derivedData/Build/Intermediates.noindex/KissFFT.build/Debug-watchos/KissFFT-t.build/Objects-normal/arm64/kiss_fft.dia -c /Users/admin/builder/spi-builder-workspace/.dependencies/checkouts/KissFFT/Sources/KissFFT/kiss_fft.c -o /Users/admin/builder/spi-builder-workspace/.derivedData/Build/Intermediates.noindex/KissFFT.build/Debug-watchos/KissFFT-t.build/Objects-normal/arm64/kiss_fft.o -index-unit-output-path /KissFFT.build/Debug-watchos/KissFFT-t.build/Objects-normal/arm64/kiss_fft.o
ScanDependencies /Users/admin/builder/spi-builder-workspace/.derivedData/Build/Intermediates.noindex/AudioKitEX.build/Debug-watchos/CAudioKitEX-t.build/Objects-normal/arm64_32/ExceptionCatcher.o /Users/admin/builder/spi-builder-workspace/.dependencies/checkouts/AudioKitEX/Sources/CAudioKitEX/Internals/ExceptionCatcher.m normal arm64_32 objective-c com.apple.compilers.llvm.clang.1_0.compiler (in target 'CAudioKitEX' from project 'AudioKitEX')
    cd /Users/admin/builder/spi-builder-workspace/.swiftpm/xcode

    Using response file: /Users/admin/builder/spi-builder-workspace/.derivedData/Build/Intermediates.noindex/AudioKitEX.build/Debug-watchos/CAudioKitEX-t.build/Objects-normal/arm64_32/e6072d4f65d7061329687fe24e3d63a7-common-args.resp

    builtin-ScanDependencies -o /Users/admin/builder/spi-builder-workspace/.derivedData/Build/Intermediates.noindex/AudioKitEX.build/Debug-watchos/CAudioKitEX-t.build/Objects-normal/arm64_32/ExceptionCatcher.o.scan -- /Applications/Xcode-27.0.0-Release.Candidate.app/Contents/Developer/Toolchains/XcodeDefault.xctoolchain/usr/bin/clang -x objective-c -ivfsstatcache /Users/admin/builder/spi-builder-workspace/.derivedData/SDKStatCaches.noindex/watchos27.0-24R360-e829b21a6f8c9b70876ba0858053c04477534ef55a1706bf4c1112bbb242f0a2.sdkstatcache -target arm64_32-apple-watchos9.0 -fmessage-length\=0 -fdiagnostics-show-note-include-stack -fmacro-backtrace-limit\=0 -fno-color-diagnostics -fmodules-prune-interval\=86400 -fmodules-prune-after\=345600 -fbuild-session-file\=/Users/admin/builder/spi-builder-workspace/.derivedData/ModuleCache.noindex/Session.modulevalidation -fmodules-validate-once-per-build-session -Wnon-modular-include-in-framework-module -Werror\=non-modular-include-in-framework-module -Wno-trigraphs -Wno-missing-field-initializers -Wno-missing-prototypes -Wno-return-type -Wno-implicit-atomic-properties -Wno-objc-interface-ivars -Wno-arc-repeated-use-of-weak -Wno-missing-braces -Wparentheses -Wswitch -Wno-unused-function -Wno-unused-label -Wno-unused-parameter -Wno-unused-variable -Wunused-value -Wno-empty-body -Wno-uninitialized -Wno-unknown-pragmas -w -Wno-shadow -Wno-four-char-constants -Wno-conversion -Wno-constant-conversion -Wno-int-conversion -Wno-bool-conversion -Wno-enum-conversion -Wno-float-conversion -Wno-non-literal-null-conversion -Wno-objc-literal-conversion -Wno-shorten-64-to-32 -Wpointer-sign -Wno-newline-eof -Wno-selector -Wno-strict-selector-match -Wno-undeclared-selector -Wno-deprecated-implementations -Wno-implicit-fallthrough -isysroot /Applications/Xcode-27.0.0-Release.Candidate.app/Contents/Developer/Platforms/WatchOS.platform/Developer/SDKs/WatchOS27.0.sdk -fstrict-aliasing -Wprotocol -Wdeprecated-declarations -Wno-sign-conversion -Wno-infinite-recursion -Wno-comma -Wno-block-capture-autoreleasing -Wno-strict-prototypes -Wno-semicolon-before-method-body -index-store-path /Users/admin/builder/spi-builder-workspace/.derivedData/Index.noindex/DataStore @/Users/admin/builder/spi-builder-workspace/.derivedData/Build/Intermediates.noindex/AudioKitEX.build/Debug-watchos/CAudioKitEX-t.build/Objects-normal/arm64_32/e6072d4f65d7061329687fe24e3d63a7-common-args.resp -MMD -MT dependencies -MF /Users/admin/builder/spi-builder-workspace/.derivedData/Build/Intermediates.noindex/AudioKitEX.build/Debug-watchos/CAudioKitEX-t.build/Objects-normal/arm64_32/ExceptionCatcher.d --serialize-diagnostics /Users/admin/builder/spi-builder-workspace/.derivedData/Build/Intermediates.noindex/AudioKitEX.build/Debug-watchos/CAudioKitEX-t.build/Objects-normal/arm64_32/ExceptionCatcher.dia -c /Users/admin/builder/spi-builder-workspace/.dependencies/checkouts/AudioKitEX/Sources/CAudioKitEX/Internals/ExceptionCatcher.m -o /Users/admin/builder/spi-builder-workspace/.derivedData/Build/Intermediates.noindex/AudioKitEX.build/Debug-watchos/CAudioKitEX-t.build/Objects-normal/arm64_32/ExceptionCatcher.o -index-unit-output-path /AudioKitEX.build/Debug-watchos/CAudioKitEX-t.build/Objects-normal/arm64_32/ExceptionCatcher.o
SwiftDriver AudioKit normal arm64_32 com.apple.xcode.tools.swift.compiler (in target 'AudioKit' from project 'AudioKit')
    cd /Users/admin/builder/spi-builder-workspace/.swiftpm/xcode
    builtin-SwiftDriver -- /Applications/Xcode-27.0.0-Release.Candidate.app/Contents/Developer/Toolchains/XcodeDefault.xctoolchain/usr/bin/swiftc -parse-as-library -module-name AudioKit -Onone @/Users/admin/builder/spi-builder-workspace/.derivedData/Build/Intermediates.noindex/AudioKit.build/Debug-watchos/AudioKit-t.build/Objects-normal/arm64_32/AudioKit.SwiftFileList -DSWIFT_PACKAGE -DDEBUG -DSWIFT_MODULE_RESOURCE_BUNDLE_AVAILABLE -DXcode -plugin-path /Applications/Xcode-27.0.0-Release.Candidate.app/Contents/Developer/Toolchains/XcodeDefault.xctoolchain/usr/lib/swift/host/plugins/testing -enable-experimental-feature DebugDescriptionMacro -sdk /Applications/Xcode-27.0.0-Release.Candidate.app/Contents/Developer/Platforms/WatchOS.platform/Developer/SDKs/WatchOS27.0.sdk -target arm64_32-apple-watchos9.0 -g -module-cache-path /Users/admin/builder/spi-builder-workspace/.derivedData/ModuleCache.noindex -Xfrontend -serialize-debugging-options -profile-coverage-mapping -profile-generate -enable-testing -suppress-warnings -index-store-path /Users/admin/builder/spi-builder-workspace/.derivedData/Index.noindex/DataStore -Xcc -D_LIBCPP_HARDENING_MODE\=_LIBCPP_HARDENING_MODE_DEBUG -swift-version 5 -I /Users/admin/builder/spi-builder-workspace/.derivedData/Build/Products/Debug-watchos -Isystem /Applications/Xcode-27.0.0-Release.Candidate.app/Contents/Developer/Platforms/WatchOS.platform/Developer/usr/lib -F /Users/admin/builder/spi-builder-workspace/.derivedData/Build/Products/Debug-watchos -F /Applications/Xcode-27.0.0-Release.Candidate.app/Contents/Developer/Platforms/WatchOS.platform/Developer/Library/Frameworks -F /Applications/Xcode-27.0.0-Release.Candidate.app/Contents/Developer/Platforms/WatchOS.platform/Developer/SDKs/WatchOS27.0.sdk/Developer/Library/Frameworks -c -j10 -enable-batch-mode -incremental -Xcc -ivfsstatcache -Xcc /Users/admin/builder/spi-builder-workspace/.derivedData/SDKStatCaches.noindex/watchos27.0-24R360-e829b21a6f8c9b70876ba0858053c04477534ef55a1706bf4c1112bbb242f0a2.sdkstatcache -output-file-map /Users/admin/builder/spi-builder-workspace/.derivedData/Build/Intermediates.noindex/AudioKit.build/Debug-watchos/AudioKit-t.build/Objects-normal/arm64_32/AudioKit-OutputFileMap.json -save-temps -no-color-diagnostics -explicit-module-build -module-cache-path /Users/admin/builder/spi-builder-workspace/.derivedData/Build/Intermediates.noindex/SwiftExplicitPrecompiledModules -clang-scanner-module-cache-path /Users/admin/builder/spi-builder-workspace/.derivedData/ModuleCache.noindex -sdk-module-cache-path /Users/admin/builder/spi-builder-workspace/.derivedData/SDKExplicitPrecompiledModules -emit-dependencies -emit-module -emit-module-path /Users/admin/builder/spi-builder-workspace/.derivedData/Build/Intermediates.noindex/AudioKit.build/Debug-watchos/AudioKit-t.build/Objects-normal/arm64_32/AudioKit.swiftmodule -serialize-diagnostics -dependency-scan-serialize-diagnostics-path /Users/admin/builder/spi-builder-workspace/.derivedData/Build/Intermediates.noindex/AudioKit.build/Debug-watchos/AudioKit-t.build/Objects-normal/arm64_32/AudioKit-dependency-scan.dia -validate-clang-modules-once -clang-build-session-file /Users/admin/builder/spi-builder-workspace/.derivedData/ModuleCache.noindex/Session.modulevalidation -Xcc -fmodules-prune-interval\=86400 -Xcc -fmodules-prune-after\=345600 -package-name audiokit -emit-const-values -const-gather-protocols-list /Users/admin/builder/spi-builder-workspace/.derivedData/Build/Intermediates.noindex/AudioKit.build/Debug-watchos/AudioKit-t.build/Objects-normal/arm64_32/AudioKit_const_extract_protocols.json -Xcc -I/Users/admin/builder/spi-builder-workspace/.derivedData/Build/Products/Debug-watchos/include -Xcc -I/Users/admin/builder/spi-builder-workspace/.derivedData/Build/Intermediates.noindex/AudioKit.build/Debug-watchos/AudioKit-t.build/DerivedSources-normal/arm64_32 -Xcc -I/Users/admin/builder/spi-builder-workspace/.derivedData/Build/Intermediates.noindex/AudioKit.build/Debug-watchos/AudioKit-t.build/DerivedSources/arm64_32 -Xcc -I/Users/admin/builder/spi-builder-workspace/.derivedData/Build/Intermediates.noindex/AudioKit.build/Debug-watchos/AudioKit-t.build/DerivedSources -Xcc -DSWIFT_PACKAGE -Xcc -DDEBUG\=1 -emit-objc-header -emit-objc-header-path /Users/admin/builder/spi-builder-workspace/.derivedData/Build/Intermediates.noindex/AudioKit.build/Debug-watchos/AudioKit-t.build/Objects-normal/arm64_32/AudioKit-Swift.h -working-directory /Users/admin/builder/spi-builder-workspace/.swiftpm/xcode -experimental-emit-module-separately -disable-cmo
/Users/admin/builder/spi-builder-workspace/.dependencies/checkouts/AudioKit/Sources/AudioKit/Internals/Utilities/AudioKitHelpers.swift:4:8: error: Unable to resolve module dependency: 'AudioToolbox' (in target 'AudioKit' from project 'AudioKit')
    note: A dependency of main module 'AudioKit'
    /Users/admin/builder/spi-builder-workspace/.dependencies/checkouts/AudioKit/Sources/AudioKit/Sequencing/Apple Sequencer/UnsafeMIDIMetaEventPointer.swift:3:8: note: Also imported here
/Users/admin/builder/spi-builder-workspace/.dependencies/checkouts/AudioKit/Sources/AudioKit/Internals/Utilities/AudioKitHelpers.swift:4:8: note: A dependency of main module 'AudioKit'
import AudioToolbox
       ^ (in target 'AudioKit' from project 'AudioKit')
/Users/admin/builder/spi-builder-workspace/.dependencies/checkouts/AudioKit/Sources/AudioKit/Sequencing/Apple Sequencer/UnsafeMIDIMetaEventPointer.swift:3:8: note: Also imported here
import AudioToolbox
       ^ (in target 'AudioKit' from project 'AudioKit')
PruneExplicitPrecompiledModules /Users/admin/builder/spi-builder-workspace/.derivedData/Build/Intermediates.noindex/ExplicitPrecompiledModules
PruneExplicitPrecompiledModules /Users/admin/builder/spi-builder-workspace/.derivedData/Build/Intermediates.noindex/SwiftExplicitPrecompiledModules
PruneExplicitPrecompiledModules /Users/admin/builder/spi-builder-workspace/.derivedData/SDKExplicitPrecompiledModules
2026-09-24 11:21:50.354 xcodebuild[830:5216] [MT] IDERunDestination: Supported platforms for the buildables in the current scheme is empty.
** BUILD FAILED **
The following build commands failed:
	ScanDependencies /Users/admin/builder/spi-builder-workspace/.derivedData/Build/Intermediates.noindex/AudioKitEX.build/Debug-watchos/CAudioKitEX-t.build/Objects-normal/arm64_32/AudioToolboxLinker.o /Users/admin/builder/spi-builder-workspace/.dependencies/checkouts/AudioKitEX/Sources/CAudioKitEX/Internals/AudioToolboxLinker.m normal arm64_32 objective-c com.apple.compilers.llvm.clang.1_0.compiler (in target 'CAudioKitEX' from project 'AudioKitEX')
	SwiftDriver AudioKit normal arm64_32 com.apple.xcode.tools.swift.compiler (in target 'AudioKit' from project 'AudioKit')
	Building workspace DunneAudioKit with scheme DunneAudioKit
(3 failures)
BUILD FAILURE 6.4 watchOS