Build Information
Failed to build MacControlCenterUI, reference main (086922), with Swift 6.1 for Android on 15 Aug 2026 04:17:19 UTC.
Build Command
bash -c docker run --pull=always --rm -v "checkouts-53886770-0":/host -w "$PWD" -e JAVA_HOME="/root/.sdkman/candidates/java/current" -e SPI_BUILD="1" -e SPI_PROCESSING="1" registry.gitlab.com/saguaro1/spi-images:android-6.1-latest swift build --swift-sdk aarch64-unknown-linux-android24 2>&1Build Log
========================================
RunAll
========================================
Builder version: 5.0.1
Interrupt handler set up.
========================================
Checkout
========================================
Clone URL: https://github.com/orchetect/MacControlCenterUI.git
Reference: main
Initialized empty Git repository in /host/spi-builder-workspace/.git/
hint: Using 'master' as the name for the initial branch. This default branch name
hint: is subject to change. To configure the initial branch name to use in all
hint: of your new repositories, which will suppress this warning, call:
hint:
hint: git config --global init.defaultBranch <name>
hint:
hint: Names commonly chosen instead of 'master' are 'main', 'trunk' and
hint: 'development'. The just-created branch can be renamed via this command:
hint:
hint: git branch -m <name>
From https://github.com/orchetect/MacControlCenterUI
* branch main -> FETCH_HEAD
* [new branch] main -> origin/main
HEAD is now at 0869227 Merge pull request #16 from orchetect/macos27
Cloned https://github.com/orchetect/MacControlCenterUI.git
Revision (git rev-parse @):
086922750e4286477431be75032218350441db3c
SUCCESS checkout https://github.com/orchetect/MacControlCenterUI.git at main
========================================
Build
========================================
Selected platform: android
Swift version: 6.1
Building package at path: $PWD
https://github.com/orchetect/MacControlCenterUI.git
https://github.com/orchetect/MacControlCenterUI.git
WARNING: environment variable SUPPRESS_SWIFT_6_FLAGS is not set
Running build ...
bash -c docker run --pull=always --rm -v "checkouts-53886770-0":/host -w "$PWD" -e JAVA_HOME="/root/.sdkman/candidates/java/current" -e SPI_BUILD="1" -e SPI_PROCESSING="1" registry.gitlab.com/saguaro1/spi-images:android-6.1-latest swift build --swift-sdk aarch64-unknown-linux-android24 -Xswiftc -Xfrontend -Xswiftc -stats-output-dir -Xswiftc -Xfrontend -Xswiftc .stats -Xswiftc -strict-concurrency=complete -Xswiftc -enable-upcoming-feature -Xswiftc StrictConcurrency -Xswiftc -enable-upcoming-feature -Xswiftc DisableOutwardActorInference -Xswiftc -enable-upcoming-feature -Xswiftc GlobalActorIsolatedTypesUsability -Xswiftc -enable-upcoming-feature -Xswiftc InferSendableFromCaptures 2>&1
android-6.1-latest: Pulling from saguaro1/spi-images
Digest: sha256:0cd0efb458d677a6de9b5e028d30e2aa1d1b247c2277202ba317a28ce9e867e0
Status: Image is up to date for registry.gitlab.com/saguaro1/spi-images:android-6.1-latest
Fetching https://github.com/orchetect/MenuBarExtraAccess
[1/650] Fetching menubarextraaccess
Fetched https://github.com/orchetect/MenuBarExtraAccess from cache (0.45s)
Computing version for https://github.com/orchetect/MenuBarExtraAccess
Computed https://github.com/orchetect/MenuBarExtraAccess at 1.3.1 (0.69s)
Creating working copy for https://github.com/orchetect/MenuBarExtraAccess
Working copy of https://github.com/orchetect/MenuBarExtraAccess resolved at 1.3.1
Building for debugging...
[0/3] Write sources
[2/3] Write swift-version-24593BA9C3E375BF.txt
[4/14] Emitting module MenuBarExtraAccess
[5/15] Compiling MenuBarExtraAccess NSStatusItem Extensions.swift
[6/15] Compiling MenuBarExtraAccess NSStatusItem+ExpandedInterfaceSession.swift
[7/15] Compiling MenuBarExtraAccess MenuBarExtraUtils.swift
[8/15] Compiling MenuBarExtraAccess StatusItemIdentity.swift
[9/15] Compiling MenuBarExtraAccess MenuBarExtra Window Introspection.swift
[10/15] Compiling MenuBarExtraAccess MenuBarExtraAccess.swift
[11/15] Compiling MenuBarExtraAccess NSControl Extensions.swift
[12/15] Compiling MenuBarExtraAccess NSEvent Extensions.swift
[13/15] Compiling MenuBarExtraAccess Unused Code.swift
[14/15] Compiling MenuBarExtraAccess NSWindow Extensions.swift
[15/15] Compiling MenuBarExtraAccess Utilities.swift
[17/60] Compiling MacControlCenterUI MenuDisclosureSection.swift
[18/60] Compiling MacControlCenterUI MenuHeader.swift
[19/60] Compiling MacControlCenterUI MenuList.swift
[20/60] Compiling MacControlCenterUI MenuListStateItem.swift
[21/60] Compiling MacControlCenterUI MenuScrollView.swift
[22/60] Compiling MacControlCenterUI MenuSection.swift
[23/60] Compiling MacControlCenterUI API-2.4.0.swift
[24/60] Compiling MacControlCenterUI API-2.7.1.swift
[25/60] Compiling MacControlCenterUI MenuCircleButton.swift
[26/60] Compiling MacControlCenterUI MenuCircleButtonSize.swift
[27/60] Compiling MacControlCenterUI MenuCircleButtonStyle.swift
[28/60] Compiling MacControlCenterUI MenuCircleToggle.swift
[29/60] Compiling MacControlCenterUI MenuPanel.swift
[30/60] Compiling MacControlCenterUI PaddedMenuItem.swift
[31/60] Compiling MacControlCenterUI MenuCommand.swift
[32/60] Compiling MacControlCenterUI MenuCommandStyle.swift
[33/60] Compiling MacControlCenterUI MenuDisclosureChevron.swift
[34/60] Compiling MacControlCenterUI MenuDisclosureGroup.swift
[35/60] Compiling MacControlCenterUI MenuDisclosureGroupStyle.swift
[36/60] Compiling MacControlCenterUI MenuSlider.swift
[37/60] Compiling MacControlCenterUI EmptySliderImage.swift
[38/60] Compiling MacControlCenterUI MenuSliderImage.swift
[39/60] Compiling MacControlCenterUI MenuSliderImageDescriptor.swift
[40/60] Compiling MacControlCenterUI MenuSliderImageUpdate.swift
[41/60] Compiling MacControlCenterUI MinMaxSliderImage.swift
[42/66] Compiling MacControlCenterUI MenuSectionText.swift
[43/66] Compiling MacControlCenterUI MenuToggle.swift
[44/66] Compiling MacControlCenterUI MacControlCenterMenu.swift
[45/66] Compiling MacControlCenterUI MacControlCenterMenuBuilder.swift
[46/66] Compiling MacControlCenterUI MacControlCenterMenuItem.swift
[47/66] Compiling MacControlCenterUI ControlVisibility.swift
[48/66] Compiling MacControlCenterUI StaticSliderImage.swift
[49/66] Compiling MacControlCenterUI VolumeMenuSliderImage.swift
[50/66] Compiling MacControlCenterUI MenuSliderStyle.swift
[51/66] Compiling MacControlCenterUI MenuVolumeSlider.swift
[52/66] Compiling MacControlCenterUI MacControlCenterUI.swift
[53/66] Compiling MacControlCenterUI FullWidthMenuItem.swift
[54/66] Compiling MacControlCenterUI HighlightingMenuDisclosureGroup.swift
[55/66] Compiling MacControlCenterUI HighlightingMenuItem.swift
[56/66] Compiling MacControlCenterUI HighlightingMenuStateItem.swift
[57/66] Compiling MacControlCenterUI MenuBody.swift
[58/66] Compiling MacControlCenterUI IsMenuBarExtraPresentedEnvironmentKey.swift
[59/66] Compiling MacControlCenterUI Menu Constants.swift
error: emit-module command failed with exit code 1 (use -v to see invocation)
[60/66] Emitting module MacControlCenterUI
/host/spi-builder-workspace/Sources/MacControlCenterUI/Utilities/Concurrency Extensions.swift:9:66: error: cannot find 'NSEC_PER_SEC' in scope
7 | import Foundation
8 |
9 | private let maxSeconds = TimeInterval(UInt64.max) / TimeInterval(NSEC_PER_SEC)
| `- error: cannot find 'NSEC_PER_SEC' in scope
10 |
11 | @available(macOS 10.15, iOS 13.0, watchOS 6.0, tvOS 13.0, *)
[61/66] Compiling MacControlCenterUI MenuItemSize.swift
/host/spi-builder-workspace/Sources/MacControlCenterUI/Utilities/Concurrency Extensions.swift:9:66: error: cannot find 'NSEC_PER_SEC' in scope
7 | import Foundation
8 |
9 | private let maxSeconds = TimeInterval(UInt64.max) / TimeInterval(NSEC_PER_SEC)
| `- error: cannot find 'NSEC_PER_SEC' in scope
10 |
11 | @available(macOS 10.15, iOS 13.0, watchOS 6.0, tvOS 13.0, *)
/host/spi-builder-workspace/Sources/MacControlCenterUI/Utilities/Concurrency Extensions.swift:19:58: error: cannot find 'NSEC_PER_SEC' in scope
17 |
18 | let secondsClamped = min(seconds, maxSeconds)
19 | let nanoseconds = UInt64(secondsClamped * Double(NSEC_PER_SEC))
| `- error: cannot find 'NSEC_PER_SEC' in scope
20 |
21 | try await sleep(nanoseconds: nanoseconds)
[62/66] Compiling MacControlCenterUI MenuWidth.swift
/host/spi-builder-workspace/Sources/MacControlCenterUI/Utilities/Concurrency Extensions.swift:9:66: error: cannot find 'NSEC_PER_SEC' in scope
7 | import Foundation
8 |
9 | private let maxSeconds = TimeInterval(UInt64.max) / TimeInterval(NSEC_PER_SEC)
| `- error: cannot find 'NSEC_PER_SEC' in scope
10 |
11 | @available(macOS 10.15, iOS 13.0, watchOS 6.0, tvOS 13.0, *)
/host/spi-builder-workspace/Sources/MacControlCenterUI/Utilities/Concurrency Extensions.swift:19:58: error: cannot find 'NSEC_PER_SEC' in scope
17 |
18 | let secondsClamped = min(seconds, maxSeconds)
19 | let nanoseconds = UInt64(secondsClamped * Double(NSEC_PER_SEC))
| `- error: cannot find 'NSEC_PER_SEC' in scope
20 |
21 | try await sleep(nanoseconds: nanoseconds)
[63/66] Compiling MacControlCenterUI Concurrency Extensions.swift
/host/spi-builder-workspace/Sources/MacControlCenterUI/Utilities/Concurrency Extensions.swift:9:66: error: cannot find 'NSEC_PER_SEC' in scope
7 | import Foundation
8 |
9 | private let maxSeconds = TimeInterval(UInt64.max) / TimeInterval(NSEC_PER_SEC)
| `- error: cannot find 'NSEC_PER_SEC' in scope
10 |
11 | @available(macOS 10.15, iOS 13.0, watchOS 6.0, tvOS 13.0, *)
/host/spi-builder-workspace/Sources/MacControlCenterUI/Utilities/Concurrency Extensions.swift:19:58: error: cannot find 'NSEC_PER_SEC' in scope
17 |
18 | let secondsClamped = min(seconds, maxSeconds)
19 | let nanoseconds = UInt64(secondsClamped * Double(NSEC_PER_SEC))
| `- error: cannot find 'NSEC_PER_SEC' in scope
20 |
21 | try await sleep(nanoseconds: nanoseconds)
[64/66] Compiling MacControlCenterUI ObservableScrollView.swift
/host/spi-builder-workspace/Sources/MacControlCenterUI/Utilities/Concurrency Extensions.swift:9:66: error: cannot find 'NSEC_PER_SEC' in scope
7 | import Foundation
8 |
9 | private let maxSeconds = TimeInterval(UInt64.max) / TimeInterval(NSEC_PER_SEC)
| `- error: cannot find 'NSEC_PER_SEC' in scope
10 |
11 | @available(macOS 10.15, iOS 13.0, watchOS 6.0, tvOS 13.0, *)
/host/spi-builder-workspace/Sources/MacControlCenterUI/Utilities/Concurrency Extensions.swift:19:58: error: cannot find 'NSEC_PER_SEC' in scope
17 |
18 | let secondsClamped = min(seconds, maxSeconds)
19 | let nanoseconds = UInt64(secondsClamped * Double(NSEC_PER_SEC))
| `- error: cannot find 'NSEC_PER_SEC' in scope
20 |
21 | try await sleep(nanoseconds: nanoseconds)
[65/66] Compiling MacControlCenterUI Utilities.swift
/host/spi-builder-workspace/Sources/MacControlCenterUI/Utilities/Concurrency Extensions.swift:9:66: error: cannot find 'NSEC_PER_SEC' in scope
7 | import Foundation
8 |
9 | private let maxSeconds = TimeInterval(UInt64.max) / TimeInterval(NSEC_PER_SEC)
| `- error: cannot find 'NSEC_PER_SEC' in scope
10 |
11 | @available(macOS 10.15, iOS 13.0, watchOS 6.0, tvOS 13.0, *)
/host/spi-builder-workspace/Sources/MacControlCenterUI/Utilities/Concurrency Extensions.swift:19:58: error: cannot find 'NSEC_PER_SEC' in scope
17 |
18 | let secondsClamped = min(seconds, maxSeconds)
19 | let nanoseconds = UInt64(secondsClamped * Double(NSEC_PER_SEC))
| `- error: cannot find 'NSEC_PER_SEC' in scope
20 |
21 | try await sleep(nanoseconds: nanoseconds)
[66/66] Compiling MacControlCenterUI VisualEffect.swift
/host/spi-builder-workspace/Sources/MacControlCenterUI/Utilities/Concurrency Extensions.swift:9:66: error: cannot find 'NSEC_PER_SEC' in scope
7 | import Foundation
8 |
9 | private let maxSeconds = TimeInterval(UInt64.max) / TimeInterval(NSEC_PER_SEC)
| `- error: cannot find 'NSEC_PER_SEC' in scope
10 |
11 | @available(macOS 10.15, iOS 13.0, watchOS 6.0, tvOS 13.0, *)
/host/spi-builder-workspace/Sources/MacControlCenterUI/Utilities/Concurrency Extensions.swift:19:58: error: cannot find 'NSEC_PER_SEC' in scope
17 |
18 | let secondsClamped = min(seconds, maxSeconds)
19 | let nanoseconds = UInt64(secondsClamped * Double(NSEC_PER_SEC))
| `- error: cannot find 'NSEC_PER_SEC' in scope
20 |
21 | try await sleep(nanoseconds: nanoseconds)
Running build ...
bash -c docker run --pull=always --rm -v "checkouts-53886770-0":/host -w "$PWD" -e JAVA_HOME="/root/.sdkman/candidates/java/current" -e SPI_BUILD="1" -e SPI_PROCESSING="1" registry.gitlab.com/saguaro1/spi-images:android-6.1-latest swift build --swift-sdk aarch64-unknown-linux-android24 2>&1
android-6.1-latest: Pulling from saguaro1/spi-images
Digest: sha256:0cd0efb458d677a6de9b5e028d30e2aa1d1b247c2277202ba317a28ce9e867e0
Status: Image is up to date for registry.gitlab.com/saguaro1/spi-images:android-6.1-latest
[0/1] Planning build
Building for debugging...
[0/1] Write swift-version-24593BA9C3E375BF.txt
[2/12] Emitting module MenuBarExtraAccess
[3/12] Compiling MenuBarExtraAccess NSStatusItem+ExpandedInterfaceSession.swift
[4/12] Compiling MenuBarExtraAccess NSStatusItem Extensions.swift
[5/12] Compiling MenuBarExtraAccess NSWindow Extensions.swift
[6/12] Compiling MenuBarExtraAccess Unused Code.swift
[7/12] Compiling MenuBarExtraAccess MenuBarExtraUtils.swift
[8/12] Compiling MenuBarExtraAccess StatusItemIdentity.swift
[9/12] Compiling MenuBarExtraAccess NSControl Extensions.swift
[10/12] Compiling MenuBarExtraAccess NSEvent Extensions.swift
[11/12] Compiling MenuBarExtraAccess MenuBarExtra Window Introspection.swift
[12/12] Compiling MenuBarExtraAccess MenuBarExtraAccess.swift
[13/13] Compiling MenuBarExtraAccess Utilities.swift
[15/58] Compiling MacControlCenterUI HighlightingMenuDisclosureGroup.swift
[16/58] Compiling MacControlCenterUI HighlightingMenuItem.swift
[17/58] Compiling MacControlCenterUI HighlightingMenuStateItem.swift
[18/58] Compiling MacControlCenterUI MenuBody.swift
[19/58] Compiling MacControlCenterUI IsMenuBarExtraPresentedEnvironmentKey.swift
[20/58] Compiling MacControlCenterUI Menu Constants.swift
[21/64] Compiling MacControlCenterUI API-2.4.0.swift
[22/64] Compiling MacControlCenterUI API-2.7.1.swift
[23/64] Compiling MacControlCenterUI MenuCircleButton.swift
[24/64] Compiling MacControlCenterUI MenuCircleButtonSize.swift
[25/64] Compiling MacControlCenterUI MenuCircleButtonStyle.swift
[26/64] Compiling MacControlCenterUI MenuCircleToggle.swift
[27/64] Compiling MacControlCenterUI MenuPanel.swift
[28/64] Compiling MacControlCenterUI StaticSliderImage.swift
[29/64] Compiling MacControlCenterUI VolumeMenuSliderImage.swift
[30/64] Compiling MacControlCenterUI MenuSliderStyle.swift
[31/64] Compiling MacControlCenterUI MenuVolumeSlider.swift
[32/64] Compiling MacControlCenterUI MacControlCenterUI.swift
[33/64] Compiling MacControlCenterUI FullWidthMenuItem.swift
[34/64] Compiling MacControlCenterUI MenuSlider.swift
[35/64] Compiling MacControlCenterUI EmptySliderImage.swift
[36/64] Compiling MacControlCenterUI MenuSliderImage.swift
[37/64] Compiling MacControlCenterUI MenuSliderImageDescriptor.swift
[38/64] Compiling MacControlCenterUI MenuSliderImageUpdate.swift
[39/64] Compiling MacControlCenterUI MinMaxSliderImage.swift
[40/64] Compiling MacControlCenterUI PaddedMenuItem.swift
[41/64] Compiling MacControlCenterUI MenuCommand.swift
[42/64] Compiling MacControlCenterUI MenuCommandStyle.swift
[43/64] Compiling MacControlCenterUI MenuDisclosureChevron.swift
[44/64] Compiling MacControlCenterUI MenuDisclosureGroup.swift
[45/64] Compiling MacControlCenterUI MenuDisclosureGroupStyle.swift
[46/64] Compiling MacControlCenterUI MenuSectionText.swift
[47/64] Compiling MacControlCenterUI MenuToggle.swift
[48/64] Compiling MacControlCenterUI MacControlCenterMenu.swift
[49/64] Compiling MacControlCenterUI MacControlCenterMenuBuilder.swift
[50/64] Compiling MacControlCenterUI MacControlCenterMenuItem.swift
[51/64] Compiling MacControlCenterUI ControlVisibility.swift
[52/64] Compiling MacControlCenterUI MenuDisclosureSection.swift
[53/64] Compiling MacControlCenterUI MenuHeader.swift
[54/64] Compiling MacControlCenterUI MenuList.swift
[55/64] Compiling MacControlCenterUI MenuListStateItem.swift
[56/64] Compiling MacControlCenterUI MenuScrollView.swift
[57/64] Compiling MacControlCenterUI MenuSection.swift
error: emit-module command failed with exit code 1 (use -v to see invocation)
[58/64] Emitting module MacControlCenterUI
/host/spi-builder-workspace/Sources/MacControlCenterUI/Utilities/Concurrency Extensions.swift:9:66: error: cannot find 'NSEC_PER_SEC' in scope
7 | import Foundation
8 |
9 | private let maxSeconds = TimeInterval(UInt64.max) / TimeInterval(NSEC_PER_SEC)
| `- error: cannot find 'NSEC_PER_SEC' in scope
10 |
11 | @available(macOS 10.15, iOS 13.0, watchOS 6.0, tvOS 13.0, *)
[59/64] Compiling MacControlCenterUI MenuItemSize.swift
/host/spi-builder-workspace/Sources/MacControlCenterUI/Utilities/Concurrency Extensions.swift:9:66: error: cannot find 'NSEC_PER_SEC' in scope
7 | import Foundation
8 |
9 | private let maxSeconds = TimeInterval(UInt64.max) / TimeInterval(NSEC_PER_SEC)
| `- error: cannot find 'NSEC_PER_SEC' in scope
10 |
11 | @available(macOS 10.15, iOS 13.0, watchOS 6.0, tvOS 13.0, *)
/host/spi-builder-workspace/Sources/MacControlCenterUI/Utilities/Concurrency Extensions.swift:19:58: error: cannot find 'NSEC_PER_SEC' in scope
17 |
18 | let secondsClamped = min(seconds, maxSeconds)
19 | let nanoseconds = UInt64(secondsClamped * Double(NSEC_PER_SEC))
| `- error: cannot find 'NSEC_PER_SEC' in scope
20 |
21 | try await sleep(nanoseconds: nanoseconds)
[60/64] Compiling MacControlCenterUI MenuWidth.swift
/host/spi-builder-workspace/Sources/MacControlCenterUI/Utilities/Concurrency Extensions.swift:9:66: error: cannot find 'NSEC_PER_SEC' in scope
7 | import Foundation
8 |
9 | private let maxSeconds = TimeInterval(UInt64.max) / TimeInterval(NSEC_PER_SEC)
| `- error: cannot find 'NSEC_PER_SEC' in scope
10 |
11 | @available(macOS 10.15, iOS 13.0, watchOS 6.0, tvOS 13.0, *)
/host/spi-builder-workspace/Sources/MacControlCenterUI/Utilities/Concurrency Extensions.swift:19:58: error: cannot find 'NSEC_PER_SEC' in scope
17 |
18 | let secondsClamped = min(seconds, maxSeconds)
19 | let nanoseconds = UInt64(secondsClamped * Double(NSEC_PER_SEC))
| `- error: cannot find 'NSEC_PER_SEC' in scope
20 |
21 | try await sleep(nanoseconds: nanoseconds)
[61/64] Compiling MacControlCenterUI Concurrency Extensions.swift
/host/spi-builder-workspace/Sources/MacControlCenterUI/Utilities/Concurrency Extensions.swift:9:66: error: cannot find 'NSEC_PER_SEC' in scope
7 | import Foundation
8 |
9 | private let maxSeconds = TimeInterval(UInt64.max) / TimeInterval(NSEC_PER_SEC)
| `- error: cannot find 'NSEC_PER_SEC' in scope
10 |
11 | @available(macOS 10.15, iOS 13.0, watchOS 6.0, tvOS 13.0, *)
/host/spi-builder-workspace/Sources/MacControlCenterUI/Utilities/Concurrency Extensions.swift:19:58: error: cannot find 'NSEC_PER_SEC' in scope
17 |
18 | let secondsClamped = min(seconds, maxSeconds)
19 | let nanoseconds = UInt64(secondsClamped * Double(NSEC_PER_SEC))
| `- error: cannot find 'NSEC_PER_SEC' in scope
20 |
21 | try await sleep(nanoseconds: nanoseconds)
[62/64] Compiling MacControlCenterUI ObservableScrollView.swift
/host/spi-builder-workspace/Sources/MacControlCenterUI/Utilities/Concurrency Extensions.swift:9:66: error: cannot find 'NSEC_PER_SEC' in scope
7 | import Foundation
8 |
9 | private let maxSeconds = TimeInterval(UInt64.max) / TimeInterval(NSEC_PER_SEC)
| `- error: cannot find 'NSEC_PER_SEC' in scope
10 |
11 | @available(macOS 10.15, iOS 13.0, watchOS 6.0, tvOS 13.0, *)
/host/spi-builder-workspace/Sources/MacControlCenterUI/Utilities/Concurrency Extensions.swift:19:58: error: cannot find 'NSEC_PER_SEC' in scope
17 |
18 | let secondsClamped = min(seconds, maxSeconds)
19 | let nanoseconds = UInt64(secondsClamped * Double(NSEC_PER_SEC))
| `- error: cannot find 'NSEC_PER_SEC' in scope
20 |
21 | try await sleep(nanoseconds: nanoseconds)
[63/64] Compiling MacControlCenterUI Utilities.swift
/host/spi-builder-workspace/Sources/MacControlCenterUI/Utilities/Concurrency Extensions.swift:9:66: error: cannot find 'NSEC_PER_SEC' in scope
7 | import Foundation
8 |
9 | private let maxSeconds = TimeInterval(UInt64.max) / TimeInterval(NSEC_PER_SEC)
| `- error: cannot find 'NSEC_PER_SEC' in scope
10 |
11 | @available(macOS 10.15, iOS 13.0, watchOS 6.0, tvOS 13.0, *)
/host/spi-builder-workspace/Sources/MacControlCenterUI/Utilities/Concurrency Extensions.swift:19:58: error: cannot find 'NSEC_PER_SEC' in scope
17 |
18 | let secondsClamped = min(seconds, maxSeconds)
19 | let nanoseconds = UInt64(secondsClamped * Double(NSEC_PER_SEC))
| `- error: cannot find 'NSEC_PER_SEC' in scope
20 |
21 | try await sleep(nanoseconds: nanoseconds)
[64/64] Compiling MacControlCenterUI VisualEffect.swift
/host/spi-builder-workspace/Sources/MacControlCenterUI/Utilities/Concurrency Extensions.swift:9:66: error: cannot find 'NSEC_PER_SEC' in scope
7 | import Foundation
8 |
9 | private let maxSeconds = TimeInterval(UInt64.max) / TimeInterval(NSEC_PER_SEC)
| `- error: cannot find 'NSEC_PER_SEC' in scope
10 |
11 | @available(macOS 10.15, iOS 13.0, watchOS 6.0, tvOS 13.0, *)
/host/spi-builder-workspace/Sources/MacControlCenterUI/Utilities/Concurrency Extensions.swift:19:58: error: cannot find 'NSEC_PER_SEC' in scope
17 |
18 | let secondsClamped = min(seconds, maxSeconds)
19 | let nanoseconds = UInt64(secondsClamped * Double(NSEC_PER_SEC))
| `- error: cannot find 'NSEC_PER_SEC' in scope
20 |
21 | try await sleep(nanoseconds: nanoseconds)
BUILD FAILURE 6.1 android