The Swift Package Index logo.Swift Package Index

Build Information

Failed to build Shapes, reference main (742272), with Swift 6.4 for watchOS using Xcode 27.0 on 22 Sep 2026 16:57:14 UTC.

Build Command

env DEVELOPER_DIR=/Applications/Xcode-27.0.0-Release.Candidate.app xcrun xcodebuild -IDEClonedSourcePackagesDirPathOverride=$PWD/.dependencies -skipMacroValidation -skipPackagePluginValidation -derivedDataPath $PWD/.derivedData build -scheme Shapes -destination generic/platform=watchOS

Build Log

========================================
RunAll
========================================
Builder version: 5.1.0
Interrupt handler set up.
========================================
Checkout
========================================
Clone URL: https://github.com/nutterfi/Shapes.git
Reference: main
Initialized empty Git repository in /Users/admin/builder/spi-builder-workspace/.git/
From https://github.com/nutterfi/Shapes
 * branch            main       -> FETCH_HEAD
 * [new branch]      main       -> origin/main
HEAD is now at 7422720 New shapes - Arbelos, Lune, AnnularSteinerChain
Cloned https://github.com/nutterfi/Shapes.git
Revision (git rev-parse @):
7422720f332ce8b2ec7a7cc0633d998064faca15
SUCCESS checkout https://github.com/nutterfi/Shapes.git at main
========================================
Build
========================================
Selected platform:         watchOS
Swift version:             6.4
Building package at path:  $PWD
https://github.com/nutterfi/Shapes.git
Command line invocation:
    /Applications/Xcode-27.0.0-Release.Candidate.app/Contents/Developer/usr/bin/xcodebuild -IDEClonedSourcePackagesDirPathOverride=/Users/admin/builder/spi-builder-workspace/.dependencies -resolvePackageDependencies
Resolve Package Graph
Resolve Package Graph
Resolved source packages:
  Shapes: /Users/admin/builder/spi-builder-workspace
resolved source packages: Shapes
2026-09-22 12:56:29.037 xcodebuild[529:3029] [MT] IDERunDestination: Supported platforms for the buildables in the current scheme is empty.
{
  "dependencies" : [
  ],
  "manifest_display_name" : "Shapes",
  "name" : "Shapes",
  "path" : "/Users/admin/builder/spi-builder-workspace",
  "platforms" : [
    {
      "name" : "macos",
      "version" : "12.0"
    },
    {
      "name" : "ios",
      "version" : "15.0"
    },
    {
      "name" : "tvos",
      "version" : "15.0"
    },
    {
      "name" : "watchos",
      "version" : "8.0"
    },
    {
      "name" : "visionos",
      "version" : "1.0"
    }
  ],
  "products" : [
    {
      "name" : "Shapes",
      "targets" : [
        "Shapes"
      ],
      "type" : {
        "library" : [
          "automatic"
        ]
      }
    }
  ],
  "targets" : [
    {
      "c99name" : "ShapesTests",
      "module_type" : "SwiftTarget",
      "name" : "ShapesTests",
      "path" : "Tests/ShapesTests",
      "sources" : [
        "KiteTests.swift",
        "TaperedRectTests.swift",
        "XCTestManifests.swift"
      ],
      "target_dependencies" : [
        "Shapes"
      ],
      "type" : "test"
    },
    {
      "c99name" : "Shapes",
      "module_type" : "SwiftTarget",
      "name" : "Shapes",
      "path" : "Sources/Shapes",
      "product_memberships" : [
        "Shapes"
      ],
      "sources" : [
        "AlignmentShape.swift",
        "AnimatablePoints.swift",
        "AnnularSteinerChain.swift",
        "Arbelos.swift",
        "Array.swift",
        "Arrowhead.swift",
        "Bar.swift",
        "BenDayDot.swift",
        "BorderedPolygon.swift",
        "BorderedRectangle.swift",
        "Bullet.swift",
        "CGAffineTransform.swift",
        "CGPoint.swift",
        "CGRect.swift",
        "Check.swift",
        "CirclePattern.swift",
        "CircleSector.swift",
        "CompositeShape.swift",
        "ConvexPolygon.swift",
        "Crescent.swift",
        "CutCornerRectangle.swift",
        "DataPath.swift",
        "Diamond.swift",
        "DragonCurve.swift",
        "Egg.swift",
        "Halftone.swift",
        "Hatching.swift",
        "Heart.swift",
        "InsetShape.swift",
        "InvertedCornerRectangle.swift",
        "InvertedShape.swift",
        "IsoscelesTriangle.swift",
        "IsotoxalPolygon.swift",
        "Kite.swift",
        "Lens.swift",
        "Line.swift",
        "Lune.swift",
        "Math.swift",
        "NormalizedShape.swift",
        "Numeric+Extensions.swift",
        "Parallelogram.swift",
        "Path+Extensions.swift",
        "Polygon.swift",
        "Quad.swift",
        "QuadCorner.swift",
        "ReuleauxPolygon.swift",
        "RightKite.swift",
        "RightTriangle.swift",
        "Ring.swift",
        "RoundedPolygon.swift",
        "Salinon.swift",
        "SeededRandomNumberGenerator.swift",
        "SimplePolygon.swift",
        "SkewedShape.swift",
        "Spiral.swift",
        "Spirolateral.swift",
        "SpongeFilter.swift",
        "Square.swift",
        "StarPolygon.swift",
        "StrokeBorderedShape.swift",
        "StrokeStyledCircle.swift",
        "StrokeStyledPolygon.swift",
        "StrokeStyledRectangle.swift",
        "TaperedRectangle.swift",
        "Teardrop.swift",
        "TiledShape.swift",
        "Torx.swift",
        "Trapezoid.swift",
        "Triquetra.swift",
        "Types.swift",
        "VectorPoint.swift"
      ],
      "type" : "library"
    }
  ],
  "tools_version" : "5.10"
}
{
  "workspace" : {
    "name" : "Shapes",
    "schemes" : [
      "Shapes"
    ]
  }
}
2026-09-22 12:57:01.327 xcodebuild[626:3853] [MT] IDERunDestination: Supported platforms for the buildables in the current scheme is empty.
Running build ...
env DEVELOPER_DIR=/Applications/Xcode-27.0.0-Release.Candidate.app xcrun xcodebuild -IDEClonedSourcePackagesDirPathOverride=$PWD/.dependencies -skipMacroValidation -skipPackagePluginValidation -derivedDataPath $PWD/.derivedData build -scheme Shapes -destination generic/platform=watchOS
Command line invocation:
    /Applications/Xcode-27.0.0-Release.Candidate.app/Contents/Developer/usr/bin/xcodebuild -IDEClonedSourcePackagesDirPathOverride=/Users/admin/builder/spi-builder-workspace/.dependencies -skipMacroValidation -skipPackagePluginValidation -derivedDataPath /Users/admin/builder/spi-builder-workspace/.derivedData build -scheme Shapes -destination generic/platform=watchOS
Resolve Package Graph
Resolved source packages:
  Shapes: /Users/admin/builder/spi-builder-workspace
ComputePackagePrebuildTargetDependencyGraph
Prepare packages
CreateBuildRequest
SendProjectDescription
CreateBuildOperation
ComputeTargetDependencyGraph
note: Building targets in dependency order
note: Target dependency graph (2 targets)
    Target 'Shapes-product' in project 'Shapes'
        ➜ Explicit dependency on target 'Shapes' in project 'Shapes'
    Target 'Shapes' in project 'Shapes' (no dependencies)
GatherProvisioningInputs
CreateBuildDescription
ExecuteExternalTool /Applications/Xcode-27.0.0-Release.Candidate.app/Contents/Developer/Toolchains/XcodeDefault.xctoolchain/usr/bin/clang -v -E -dM -isysroot /Applications/Xcode-27.0.0-Release.Candidate.app/Contents/Developer/Platforms/WatchOS.platform/Developer/SDKs/WatchOS27.0.sdk -x c -c /dev/null
ExecuteExternalTool /Applications/Xcode-27.0.0-Release.Candidate.app/Contents/Developer/Toolchains/XcodeDefault.xctoolchain/usr/bin/swiftc --version
ExecuteExternalTool /Applications/Xcode-27.0.0-Release.Candidate.app/Contents/Developer/Toolchains/XcodeDefault.xctoolchain/usr/bin/ld -version_details
Build description signature: 2efd66c8dd2de8843ae8b9a83f519e28
Build description path: /Users/admin/builder/spi-builder-workspace/.derivedData/Build/Intermediates.noindex/XCBuildData/2efd66c8dd2de8843ae8b9a83f519e28.xcbuilddata
CreateBuildDirectory /Users/admin/builder/spi-builder-workspace/.derivedData/ModuleCache.noindex
    cd /Users/admin/builder/spi-builder-workspace/.swiftpm/xcode
    builtin-create-build-directory /Users/admin/builder/spi-builder-workspace/.derivedData/ModuleCache.noindex
CreateBuildDirectory /Users/admin/builder/spi-builder-workspace/.derivedData/CompilationCache.noindex
    cd /Users/admin/builder/spi-builder-workspace/.swiftpm/xcode
    builtin-create-build-directory /Users/admin/builder/spi-builder-workspace/.derivedData/CompilationCache.noindex
CreateBuildDirectory /Users/admin/builder/spi-builder-workspace/.derivedData/SDKExplicitPrecompiledModules
    cd /Users/admin/builder/spi-builder-workspace/.swiftpm/xcode
    builtin-create-build-directory /Users/admin/builder/spi-builder-workspace/.derivedData/SDKExplicitPrecompiledModules
ClangStatCache /Applications/Xcode-27.0.0-Release.Candidate.app/Contents/Developer/Toolchains/XcodeDefault.xctoolchain/usr/bin/clang-stat-cache /Applications/Xcode-27.0.0-Release.Candidate.app/Contents/Developer/Platforms/WatchOS.platform/Developer/SDKs/WatchOS27.0.sdk /Users/admin/builder/spi-builder-workspace/.derivedData/SDKStatCaches.noindex/watchos27.0-24R360-e829b21a6f8c9b70876ba0858053c04477534ef55a1706bf4c1112bbb242f0a2.sdkstatcache
    cd /Users/admin/builder/spi-builder-workspace/.swiftpm/xcode
    /Applications/Xcode-27.0.0-Release.Candidate.app/Contents/Developer/Toolchains/XcodeDefault.xctoolchain/usr/bin/clang-stat-cache /Applications/Xcode-27.0.0-Release.Candidate.app/Contents/Developer/Platforms/WatchOS.platform/Developer/SDKs/WatchOS27.0.sdk -o /Users/admin/builder/spi-builder-workspace/.derivedData/SDKStatCaches.noindex/watchos27.0-24R360-e829b21a6f8c9b70876ba0858053c04477534ef55a1706bf4c1112bbb242f0a2.sdkstatcache
CreateBuildDirectory /Users/admin/builder/spi-builder-workspace/.derivedData/Build/Intermediates.noindex
    cd /Users/admin/builder/spi-builder-workspace/.swiftpm/xcode
    builtin-create-build-directory /Users/admin/builder/spi-builder-workspace/.derivedData/Build/Intermediates.noindex
CreateBuildDirectory /Users/admin/builder/spi-builder-workspace/.derivedData/Build/Products
    cd /Users/admin/builder/spi-builder-workspace/.swiftpm/xcode
    builtin-create-build-directory /Users/admin/builder/spi-builder-workspace/.derivedData/Build/Products
CreateBuildDirectory /Users/admin/builder/spi-builder-workspace/.derivedData/Build/Intermediates.noindex/SwiftExplicitPrecompiledModules
    cd /Users/admin/builder/spi-builder-workspace/.swiftpm/xcode
    builtin-create-build-directory /Users/admin/builder/spi-builder-workspace/.derivedData/Build/Intermediates.noindex/SwiftExplicitPrecompiledModules
CreateBuildDirectory /Users/admin/builder/spi-builder-workspace/.derivedData/Build/Intermediates.noindex/PrecompiledHeaders
    cd /Users/admin/builder/spi-builder-workspace/.swiftpm/xcode
    builtin-create-build-directory /Users/admin/builder/spi-builder-workspace/.derivedData/Build/Intermediates.noindex/PrecompiledHeaders
CreateBuildDirectory /Users/admin/builder/spi-builder-workspace/.derivedData/Build/Intermediates.noindex/ExplicitPrecompiledModules
    cd /Users/admin/builder/spi-builder-workspace/.swiftpm/xcode
    builtin-create-build-directory /Users/admin/builder/spi-builder-workspace/.derivedData/Build/Intermediates.noindex/ExplicitPrecompiledModules
CreateBuildDirectory /Users/admin/builder/spi-builder-workspace/.derivedData/Build/Intermediates.noindex/EagerLinkingTBDs/Debug-watchos
    cd /Users/admin/builder/spi-builder-workspace/.swiftpm/xcode
    builtin-create-build-directory /Users/admin/builder/spi-builder-workspace/.derivedData/Build/Intermediates.noindex/EagerLinkingTBDs/Debug-watchos
CreateBuildDirectory /Users/admin/builder/spi-builder-workspace/.derivedData/Build/Products/Debug-watchos
    cd /Users/admin/builder/spi-builder-workspace/.swiftpm/xcode
    builtin-create-build-directory /Users/admin/builder/spi-builder-workspace/.derivedData/Build/Products/Debug-watchos
CreateBuildDirectory /Users/admin/builder/spi-builder-workspace/.derivedData/Build/Products/Debug-watchos/PackageFrameworks
    cd /Users/admin/builder/spi-builder-workspace/.swiftpm/xcode
    builtin-create-build-directory /Users/admin/builder/spi-builder-workspace/.derivedData/Build/Products/Debug-watchos/PackageFrameworks
WriteAuxiliaryFile /Users/admin/builder/spi-builder-workspace/.derivedData/Build/Intermediates.noindex/Shapes.build/Debug-watchos/Shapes-t.build/Shapes.modulemap (in target 'Shapes' from project 'Shapes')
    cd /Users/admin/builder/spi-builder-workspace
    write-file /Users/admin/builder/spi-builder-workspace/.derivedData/Build/Intermediates.noindex/Shapes.build/Debug-watchos/Shapes-t.build/Shapes.modulemap
WriteAuxiliaryFile /Users/admin/builder/spi-builder-workspace/.derivedData/Build/Intermediates.noindex/Shapes.build/Debug-watchos/Shapes-t.build/Shapes.DependencyMetadataFileList (in target 'Shapes' from project 'Shapes')
    cd /Users/admin/builder/spi-builder-workspace
    write-file /Users/admin/builder/spi-builder-workspace/.derivedData/Build/Intermediates.noindex/Shapes.build/Debug-watchos/Shapes-t.build/Shapes.DependencyMetadataFileList
WriteAuxiliaryFile /Users/admin/builder/spi-builder-workspace/.derivedData/Build/Intermediates.noindex/Shapes.build/Debug-watchos/Shapes-t.build/Shapes.DependencyStaticMetadataFileList (in target 'Shapes' from project 'Shapes')
    cd /Users/admin/builder/spi-builder-workspace
    write-file /Users/admin/builder/spi-builder-workspace/.derivedData/Build/Intermediates.noindex/Shapes.build/Debug-watchos/Shapes-t.build/Shapes.DependencyStaticMetadataFileList
WriteAuxiliaryFile /Users/admin/builder/spi-builder-workspace/.derivedData/Build/Intermediates.noindex/Shapes.build/Debug-watchos/Shapes-t.build/Objects-normal/arm64_32/Shapes.LinkFileList (in target 'Shapes' from project 'Shapes')
    cd /Users/admin/builder/spi-builder-workspace
    write-file /Users/admin/builder/spi-builder-workspace/.derivedData/Build/Intermediates.noindex/Shapes.build/Debug-watchos/Shapes-t.build/Objects-normal/arm64_32/Shapes.LinkFileList
WriteAuxiliaryFile /Users/admin/builder/spi-builder-workspace/.derivedData/Build/Intermediates.noindex/Shapes.build/Debug-watchos/Shapes-t.build/Objects-normal/arm64_32/Shapes-OutputFileMap.json (in target 'Shapes' from project 'Shapes')
    cd /Users/admin/builder/spi-builder-workspace
    write-file /Users/admin/builder/spi-builder-workspace/.derivedData/Build/Intermediates.noindex/Shapes.build/Debug-watchos/Shapes-t.build/Objects-normal/arm64_32/Shapes-OutputFileMap.json
WriteAuxiliaryFile /Users/admin/builder/spi-builder-workspace/.derivedData/Build/Intermediates.noindex/Shapes.build/Debug-watchos/Shapes-t.build/Objects-normal/arm64_32/Shapes.SwiftFileList (in target 'Shapes' from project 'Shapes')
    cd /Users/admin/builder/spi-builder-workspace
    write-file /Users/admin/builder/spi-builder-workspace/.derivedData/Build/Intermediates.noindex/Shapes.build/Debug-watchos/Shapes-t.build/Objects-normal/arm64_32/Shapes.SwiftFileList
WriteAuxiliaryFile /Users/admin/builder/spi-builder-workspace/.derivedData/Build/Intermediates.noindex/Shapes.build/Debug-watchos/Shapes-t.build/Objects-normal/arm64_32/Shapes.SwiftConstValuesFileList (in target 'Shapes' from project 'Shapes')
    cd /Users/admin/builder/spi-builder-workspace
    write-file /Users/admin/builder/spi-builder-workspace/.derivedData/Build/Intermediates.noindex/Shapes.build/Debug-watchos/Shapes-t.build/Objects-normal/arm64_32/Shapes.SwiftConstValuesFileList
WriteAuxiliaryFile /Users/admin/builder/spi-builder-workspace/.derivedData/Build/Intermediates.noindex/Shapes.build/Debug-watchos/Shapes-t.build/Objects-normal/arm64/Shapes_const_extract_protocols.json (in target 'Shapes' from project 'Shapes')
    cd /Users/admin/builder/spi-builder-workspace
    write-file /Users/admin/builder/spi-builder-workspace/.derivedData/Build/Intermediates.noindex/Shapes.build/Debug-watchos/Shapes-t.build/Objects-normal/arm64/Shapes_const_extract_protocols.json
WriteAuxiliaryFile /Users/admin/builder/spi-builder-workspace/.derivedData/Build/Intermediates.noindex/Shapes.build/Debug-watchos/Shapes-t.build/Objects-normal/arm64_32/Shapes_const_extract_protocols.json (in target 'Shapes' from project 'Shapes')
    cd /Users/admin/builder/spi-builder-workspace
    write-file /Users/admin/builder/spi-builder-workspace/.derivedData/Build/Intermediates.noindex/Shapes.build/Debug-watchos/Shapes-t.build/Objects-normal/arm64_32/Shapes_const_extract_protocols.json
WriteAuxiliaryFile /Users/admin/builder/spi-builder-workspace/.derivedData/Build/Intermediates.noindex/Shapes.build/Debug-watchos/Shapes-t.build/Objects-normal/arm64/Shapes.SwiftFileList (in target 'Shapes' from project 'Shapes')
    cd /Users/admin/builder/spi-builder-workspace
    write-file /Users/admin/builder/spi-builder-workspace/.derivedData/Build/Intermediates.noindex/Shapes.build/Debug-watchos/Shapes-t.build/Objects-normal/arm64/Shapes.SwiftFileList
WriteAuxiliaryFile /Users/admin/builder/spi-builder-workspace/.derivedData/Build/Intermediates.noindex/Shapes.build/Debug-watchos/Shapes-t.build/Objects-normal/arm64/Shapes.SwiftConstValuesFileList (in target 'Shapes' from project 'Shapes')
    cd /Users/admin/builder/spi-builder-workspace
    write-file /Users/admin/builder/spi-builder-workspace/.derivedData/Build/Intermediates.noindex/Shapes.build/Debug-watchos/Shapes-t.build/Objects-normal/arm64/Shapes.SwiftConstValuesFileList
WriteAuxiliaryFile /Users/admin/builder/spi-builder-workspace/.derivedData/Build/Intermediates.noindex/Shapes.build/Debug-watchos/Shapes-t.build/Objects-normal/arm64/Shapes.LinkFileList (in target 'Shapes' from project 'Shapes')
    cd /Users/admin/builder/spi-builder-workspace
    write-file /Users/admin/builder/spi-builder-workspace/.derivedData/Build/Intermediates.noindex/Shapes.build/Debug-watchos/Shapes-t.build/Objects-normal/arm64/Shapes.LinkFileList
WriteAuxiliaryFile /Users/admin/builder/spi-builder-workspace/.derivedData/Build/Intermediates.noindex/Shapes.build/Debug-watchos/Shapes-t.build/Objects-normal/arm64/Shapes-OutputFileMap.json (in target 'Shapes' from project 'Shapes')
    cd /Users/admin/builder/spi-builder-workspace
    write-file /Users/admin/builder/spi-builder-workspace/.derivedData/Build/Intermediates.noindex/Shapes.build/Debug-watchos/Shapes-t.build/Objects-normal/arm64/Shapes-OutputFileMap.json
Copy /Users/admin/builder/spi-builder-workspace/.derivedData/Build/Intermediates.noindex/GeneratedModuleMaps-watchos/Shapes.modulemap /Users/admin/builder/spi-builder-workspace/.derivedData/Build/Intermediates.noindex/Shapes.build/Debug-watchos/Shapes-t.build/Shapes.modulemap (in target 'Shapes' from project 'Shapes')
    cd /Users/admin/builder/spi-builder-workspace
    builtin-copy -exclude .DS_Store -exclude CVS -exclude .svn -exclude .git -exclude .hg -resolve-src-symlinks /Users/admin/builder/spi-builder-workspace/.derivedData/Build/Intermediates.noindex/Shapes.build/Debug-watchos/Shapes-t.build/Shapes.modulemap /Users/admin/builder/spi-builder-workspace/.derivedData/Build/Intermediates.noindex/GeneratedModuleMaps-watchos
SwiftDriver Shapes normal arm64 com.apple.xcode.tools.swift.compiler (in target 'Shapes' from project 'Shapes')
    cd /Users/admin/builder/spi-builder-workspace/.swiftpm/xcode
    builtin-SwiftDriver -- /Applications/Xcode-27.0.0-Release.Candidate.app/Contents/Developer/Toolchains/XcodeDefault.xctoolchain/usr/bin/swiftc -parse-as-library -module-name Shapes -Onone @/Users/admin/builder/spi-builder-workspace/.derivedData/Build/Intermediates.noindex/Shapes.build/Debug-watchos/Shapes-t.build/Objects-normal/arm64/Shapes.SwiftFileList -DSWIFT_PACKAGE -DDEBUG -DSWIFT_MODULE_RESOURCE_BUNDLE_UNAVAILABLE -DXcode -plugin-path /Applications/Xcode-27.0.0-Release.Candidate.app/Contents/Developer/Toolchains/XcodeDefault.xctoolchain/usr/lib/swift/host/plugins/testing -enable-experimental-feature DebugDescriptionMacro -sdk /Applications/Xcode-27.0.0-Release.Candidate.app/Contents/Developer/Platforms/WatchOS.platform/Developer/SDKs/WatchOS27.0.sdk -target arm64-apple-watchos9.0 -g -module-cache-path /Users/admin/builder/spi-builder-workspace/.derivedData/ModuleCache.noindex -Xfrontend -serialize-debugging-options -profile-coverage-mapping -profile-generate -enable-testing -index-store-path /Users/admin/builder/spi-builder-workspace/.derivedData/Index.noindex/DataStore -Xcc -D_LIBCPP_HARDENING_MODE\=_LIBCPP_HARDENING_MODE_DEBUG -swift-version 5 -I /Users/admin/builder/spi-builder-workspace/.derivedData/Build/Products/Debug-watchos -Isystem /Applications/Xcode-27.0.0-Release.Candidate.app/Contents/Developer/Platforms/WatchOS.platform/Developer/usr/lib -F /Users/admin/builder/spi-builder-workspace/.derivedData/Build/Products/Debug-watchos -F /Applications/Xcode-27.0.0-Release.Candidate.app/Contents/Developer/Platforms/WatchOS.platform/Developer/Library/Frameworks -F /Applications/Xcode-27.0.0-Release.Candidate.app/Contents/Developer/Platforms/WatchOS.platform/Developer/SDKs/WatchOS27.0.sdk/Developer/Library/Frameworks -c -j10 -enable-batch-mode -incremental -Xcc -ivfsstatcache -Xcc /Users/admin/builder/spi-builder-workspace/.derivedData/SDKStatCaches.noindex/watchos27.0-24R360-e829b21a6f8c9b70876ba0858053c04477534ef55a1706bf4c1112bbb242f0a2.sdkstatcache -output-file-map /Users/admin/builder/spi-builder-workspace/.derivedData/Build/Intermediates.noindex/Shapes.build/Debug-watchos/Shapes-t.build/Objects-normal/arm64/Shapes-OutputFileMap.json -save-temps -no-color-diagnostics -explicit-module-build -module-cache-path /Users/admin/builder/spi-builder-workspace/.derivedData/Build/Intermediates.noindex/SwiftExplicitPrecompiledModules -clang-scanner-module-cache-path /Users/admin/builder/spi-builder-workspace/.derivedData/ModuleCache.noindex -sdk-module-cache-path /Users/admin/builder/spi-builder-workspace/.derivedData/SDKExplicitPrecompiledModules -emit-dependencies -emit-module -emit-module-path /Users/admin/builder/spi-builder-workspace/.derivedData/Build/Intermediates.noindex/Shapes.build/Debug-watchos/Shapes-t.build/Objects-normal/arm64/Shapes.swiftmodule -serialize-diagnostics -dependency-scan-serialize-diagnostics-path /Users/admin/builder/spi-builder-workspace/.derivedData/Build/Intermediates.noindex/Shapes.build/Debug-watchos/Shapes-t.build/Objects-normal/arm64/Shapes-dependency-scan.dia -validate-clang-modules-once -clang-build-session-file /Users/admin/builder/spi-builder-workspace/.derivedData/ModuleCache.noindex/Session.modulevalidation -Xcc -fmodules-prune-interval\=86400 -Xcc -fmodules-prune-after\=345600 -package-name spi_builder_workspace -emit-const-values -const-gather-protocols-list /Users/admin/builder/spi-builder-workspace/.derivedData/Build/Intermediates.noindex/Shapes.build/Debug-watchos/Shapes-t.build/Objects-normal/arm64/Shapes_const_extract_protocols.json -Xcc -I/Users/admin/builder/spi-builder-workspace/.derivedData/Build/Products/Debug-watchos/include -Xcc -I/Users/admin/builder/spi-builder-workspace/.derivedData/Build/Intermediates.noindex/Shapes.build/Debug-watchos/Shapes-t.build/DerivedSources-normal/arm64 -Xcc -I/Users/admin/builder/spi-builder-workspace/.derivedData/Build/Intermediates.noindex/Shapes.build/Debug-watchos/Shapes-t.build/DerivedSources/arm64 -Xcc -I/Users/admin/builder/spi-builder-workspace/.derivedData/Build/Intermediates.noindex/Shapes.build/Debug-watchos/Shapes-t.build/DerivedSources -Xcc -DSWIFT_PACKAGE -Xcc -DDEBUG\=1 -emit-objc-header -emit-objc-header-path /Users/admin/builder/spi-builder-workspace/.derivedData/Build/Intermediates.noindex/Shapes.build/Debug-watchos/Shapes-t.build/Objects-normal/arm64/Shapes-Swift.h -working-directory /Users/admin/builder/spi-builder-workspace/.swiftpm/xcode -experimental-emit-module-separately -disable-cmo
SwiftDriver Shapes normal arm64_32 com.apple.xcode.tools.swift.compiler (in target 'Shapes' from project 'Shapes')
    cd /Users/admin/builder/spi-builder-workspace/.swiftpm/xcode
    builtin-SwiftDriver -- /Applications/Xcode-27.0.0-Release.Candidate.app/Contents/Developer/Toolchains/XcodeDefault.xctoolchain/usr/bin/swiftc -parse-as-library -module-name Shapes -Onone @/Users/admin/builder/spi-builder-workspace/.derivedData/Build/Intermediates.noindex/Shapes.build/Debug-watchos/Shapes-t.build/Objects-normal/arm64_32/Shapes.SwiftFileList -DSWIFT_PACKAGE -DDEBUG -DSWIFT_MODULE_RESOURCE_BUNDLE_UNAVAILABLE -DXcode -plugin-path /Applications/Xcode-27.0.0-Release.Candidate.app/Contents/Developer/Toolchains/XcodeDefault.xctoolchain/usr/lib/swift/host/plugins/testing -enable-experimental-feature DebugDescriptionMacro -sdk /Applications/Xcode-27.0.0-Release.Candidate.app/Contents/Developer/Platforms/WatchOS.platform/Developer/SDKs/WatchOS27.0.sdk -target arm64_32-apple-watchos9.0 -g -module-cache-path /Users/admin/builder/spi-builder-workspace/.derivedData/ModuleCache.noindex -Xfrontend -serialize-debugging-options -profile-coverage-mapping -profile-generate -enable-testing -index-store-path /Users/admin/builder/spi-builder-workspace/.derivedData/Index.noindex/DataStore -Xcc -D_LIBCPP_HARDENING_MODE\=_LIBCPP_HARDENING_MODE_DEBUG -swift-version 5 -I /Users/admin/builder/spi-builder-workspace/.derivedData/Build/Products/Debug-watchos -Isystem /Applications/Xcode-27.0.0-Release.Candidate.app/Contents/Developer/Platforms/WatchOS.platform/Developer/usr/lib -F /Users/admin/builder/spi-builder-workspace/.derivedData/Build/Products/Debug-watchos -F /Applications/Xcode-27.0.0-Release.Candidate.app/Contents/Developer/Platforms/WatchOS.platform/Developer/Library/Frameworks -F /Applications/Xcode-27.0.0-Release.Candidate.app/Contents/Developer/Platforms/WatchOS.platform/Developer/SDKs/WatchOS27.0.sdk/Developer/Library/Frameworks -c -j10 -enable-batch-mode -incremental -Xcc -ivfsstatcache -Xcc /Users/admin/builder/spi-builder-workspace/.derivedData/SDKStatCaches.noindex/watchos27.0-24R360-e829b21a6f8c9b70876ba0858053c04477534ef55a1706bf4c1112bbb242f0a2.sdkstatcache -output-file-map /Users/admin/builder/spi-builder-workspace/.derivedData/Build/Intermediates.noindex/Shapes.build/Debug-watchos/Shapes-t.build/Objects-normal/arm64_32/Shapes-OutputFileMap.json -save-temps -no-color-diagnostics -explicit-module-build -module-cache-path /Users/admin/builder/spi-builder-workspace/.derivedData/Build/Intermediates.noindex/SwiftExplicitPrecompiledModules -clang-scanner-module-cache-path /Users/admin/builder/spi-builder-workspace/.derivedData/ModuleCache.noindex -sdk-module-cache-path /Users/admin/builder/spi-builder-workspace/.derivedData/SDKExplicitPrecompiledModules -emit-dependencies -emit-module -emit-module-path /Users/admin/builder/spi-builder-workspace/.derivedData/Build/Intermediates.noindex/Shapes.build/Debug-watchos/Shapes-t.build/Objects-normal/arm64_32/Shapes.swiftmodule -serialize-diagnostics -dependency-scan-serialize-diagnostics-path /Users/admin/builder/spi-builder-workspace/.derivedData/Build/Intermediates.noindex/Shapes.build/Debug-watchos/Shapes-t.build/Objects-normal/arm64_32/Shapes-dependency-scan.dia -validate-clang-modules-once -clang-build-session-file /Users/admin/builder/spi-builder-workspace/.derivedData/ModuleCache.noindex/Session.modulevalidation -Xcc -fmodules-prune-interval\=86400 -Xcc -fmodules-prune-after\=345600 -package-name spi_builder_workspace -emit-const-values -const-gather-protocols-list /Users/admin/builder/spi-builder-workspace/.derivedData/Build/Intermediates.noindex/Shapes.build/Debug-watchos/Shapes-t.build/Objects-normal/arm64_32/Shapes_const_extract_protocols.json -Xcc -I/Users/admin/builder/spi-builder-workspace/.derivedData/Build/Products/Debug-watchos/include -Xcc -I/Users/admin/builder/spi-builder-workspace/.derivedData/Build/Intermediates.noindex/Shapes.build/Debug-watchos/Shapes-t.build/DerivedSources-normal/arm64_32 -Xcc -I/Users/admin/builder/spi-builder-workspace/.derivedData/Build/Intermediates.noindex/Shapes.build/Debug-watchos/Shapes-t.build/DerivedSources/arm64_32 -Xcc -I/Users/admin/builder/spi-builder-workspace/.derivedData/Build/Intermediates.noindex/Shapes.build/Debug-watchos/Shapes-t.build/DerivedSources -Xcc -DSWIFT_PACKAGE -Xcc -DDEBUG\=1 -emit-objc-header -emit-objc-header-path /Users/admin/builder/spi-builder-workspace/.derivedData/Build/Intermediates.noindex/Shapes.build/Debug-watchos/Shapes-t.build/Objects-normal/arm64_32/Shapes-Swift.h -working-directory /Users/admin/builder/spi-builder-workspace/.swiftpm/xcode -experimental-emit-module-separately -disable-cmo
SwiftExplicitDependencyGeneratePcm arm64_32 /Users/admin/builder/spi-builder-workspace/.derivedData/SDKExplicitPrecompiledModules/_Builtin_float-6KO8O3PEWRCA4WC6PPLOYO6WJ.pcm
SwiftExplicitDependencyGeneratePcm arm64_32 /Users/admin/builder/spi-builder-workspace/.derivedData/SDKExplicitPrecompiledModules/DeveloperToolsSupport-DZU5G1OCMNWU0AQRULIFHUJ1Z.pcm
SwiftExplicitDependencyGeneratePcm arm64_32 /Users/admin/builder/spi-builder-workspace/.derivedData/SDKExplicitPrecompiledModules/_Builtin_stdbool-A967K8W8YUYEC9SN52KJ7OO88.pcm
SwiftExplicitDependencyGeneratePcm arm64_32 /Users/admin/builder/spi-builder-workspace/.derivedData/SDKExplicitPrecompiledModules/ptrcheck-7ELIH9BTIGVKX3UBITM9N72WD.pcm
SwiftExplicitDependencyGeneratePcm arm64_32 /Users/admin/builder/spi-builder-workspace/.derivedData/SDKExplicitPrecompiledModules/_SwiftConcurrencyShims-6RTBPQ03V7BM9SPRK8SUE055H.pcm
SwiftExplicitDependencyGeneratePcm arm64_32 /Users/admin/builder/spi-builder-workspace/.derivedData/SDKExplicitPrecompiledModules/_Builtin_stdarg-D305JG44A2WPI6CJY37X3QJE8.pcm
SwiftExplicitDependencyGeneratePcm arm64_32 /Users/admin/builder/spi-builder-workspace/.derivedData/SDKExplicitPrecompiledModules/SwiftShims-9CQQGWTSNTN9EB5NSHDWUJICH.pcm
SwiftExplicitDependencyGeneratePcm arm64_32 /Users/admin/builder/spi-builder-workspace/.derivedData/SDKExplicitPrecompiledModules/_AvailabilityInternal-244WAN3Z1QBT7PIA64EZEFY1R.pcm
SwiftExplicitDependencyGeneratePcm arm64_32 /Users/admin/builder/spi-builder-workspace/.derivedData/SDKExplicitPrecompiledModules/ptrauth-BFXF358ME5AK535N5A9Z766WU.pcm
SwiftExplicitDependencyGeneratePcm arm64_32 /Users/admin/builder/spi-builder-workspace/.derivedData/SDKExplicitPrecompiledModules/_Builtin_stddef-H44EFHQX6XSS5MZ7QP6YJZ76.pcm
SwiftExplicitDependencyGeneratePcm arm64 /Users/admin/builder/spi-builder-workspace/.derivedData/SDKExplicitPrecompiledModules/_SwiftConcurrencyShims-659N52XSKR5F0QSB880BH2FJR.pcm
SwiftExplicitDependencyGeneratePcm arm64 /Users/admin/builder/spi-builder-workspace/.derivedData/SDKExplicitPrecompiledModules/_Builtin_float-C0CW5Q4HGBQYKE77TC42IAFB5.pcm
SwiftExplicitDependencyGeneratePcm arm64 /Users/admin/builder/spi-builder-workspace/.derivedData/SDKExplicitPrecompiledModules/SwiftShims-4MXFZPV6FEB0XBYXCGPWAMQGL.pcm
SwiftExplicitDependencyGeneratePcm arm64 /Users/admin/builder/spi-builder-workspace/.derivedData/SDKExplicitPrecompiledModules/_Builtin_stdbool-83J96QSOFE9VX04AAS6310UAE.pcm
SwiftExplicitDependencyGeneratePcm arm64 /Users/admin/builder/spi-builder-workspace/.derivedData/SDKExplicitPrecompiledModules/ptrcheck-AIF0NDOYZ8ORBNHQAQR5NNB8M.pcm
SwiftExplicitDependencyGeneratePcm arm64 /Users/admin/builder/spi-builder-workspace/.derivedData/SDKExplicitPrecompiledModules/DeveloperToolsSupport-E7CNISCB36UE8XQ9IOHK9XDX1.pcm
SwiftExplicitDependencyGeneratePcm arm64 /Users/admin/builder/spi-builder-workspace/.derivedData/SDKExplicitPrecompiledModules/_Builtin_stddef-1FU30Y8SWFB7OUUHMJQH5J6FM.pcm
SwiftExplicitDependencyGeneratePcm arm64 /Users/admin/builder/spi-builder-workspace/.derivedData/SDKExplicitPrecompiledModules/_AvailabilityInternal-BUNV3UXM65NT37THI4W1AM0SF.pcm
SwiftExplicitDependencyGeneratePcm arm64 /Users/admin/builder/spi-builder-workspace/.derivedData/SDKExplicitPrecompiledModules/_Builtin_stdarg-A7UU8LE6MP85SM26YO7PBZNUQ.pcm
SwiftExplicitDependencyGeneratePcm arm64_32 /Users/admin/builder/spi-builder-workspace/.derivedData/SDKExplicitPrecompiledModules/_DarwinFoundation1-2GWF9RFMPLQW4PDHS3NARVI3G.pcm
SwiftExplicitDependencyGeneratePcm arm64 /Users/admin/builder/spi-builder-workspace/.derivedData/SDKExplicitPrecompiledModules/ptrauth-3TZ9WJCGLYD25HQPWH4968ONX.pcm
SwiftExplicitDependencyGeneratePcm arm64 /Users/admin/builder/spi-builder-workspace/.derivedData/SDKExplicitPrecompiledModules/_DarwinFoundation1-7SPX3MD0HMP55E4OLNCPNDQ53.pcm
SwiftExplicitDependencyGeneratePcm arm64_32 /Users/admin/builder/spi-builder-workspace/.derivedData/SDKExplicitPrecompiledModules/_DarwinFoundation2-9MY8GOSYRO0M9MKNXF6D3MBNK.pcm
SwiftExplicitDependencyGeneratePcm arm64_32 /Users/admin/builder/spi-builder-workspace/.derivedData/SDKExplicitPrecompiledModules/_Builtin_limits-3VKBU2AFTD65PAJZ5CJ3LHFM2.pcm
SwiftExplicitDependencyGeneratePcm arm64 /Users/admin/builder/spi-builder-workspace/.derivedData/SDKExplicitPrecompiledModules/_DarwinFoundation2-D0XAPJU49S5E9XMKYOFGSTB1Q.pcm
SwiftExplicitDependencyGeneratePcm arm64 /Users/admin/builder/spi-builder-workspace/.derivedData/SDKExplicitPrecompiledModules/_Builtin_limits-9GWPA2B0H20DYUNYHYCWKABJG.pcm
SwiftExplicitDependencyGeneratePcm arm64_32 /Users/admin/builder/spi-builder-workspace/.derivedData/SDKExplicitPrecompiledModules/sys_types-8TLLMW08ZJWDGIIPKOYFGHHZW.pcm
SwiftExplicitDependencyGeneratePcm arm64_32 /Users/admin/builder/spi-builder-workspace/.derivedData/SDKExplicitPrecompiledModules/string_h-BFVLUQUSBZWYMLCU9QI7VZALW.pcm
SwiftExplicitDependencyGeneratePcm arm64_32 /Users/admin/builder/spi-builder-workspace/.derivedData/SDKExplicitPrecompiledModules/_Builtin_stdint-1HMXWI3V0V4TXHRWZOMZGZ80Y.pcm
SwiftExplicitDependencyGeneratePcm arm64_32 /Users/admin/builder/spi-builder-workspace/.derivedData/SDKExplicitPrecompiledModules/_Builtin_tgmath-23PGCKURCQILXMK0MYZRYDCOU.pcm
SwiftExplicitDependencyGeneratePcm arm64 /Users/admin/builder/spi-builder-workspace/.derivedData/SDKExplicitPrecompiledModules/sys_types-2KXQLI78OUCDP779AE68GZJ2.pcm
SwiftExplicitDependencyGeneratePcm arm64 /Users/admin/builder/spi-builder-workspace/.derivedData/SDKExplicitPrecompiledModules/string_h-E6PRXK75PHIPCZFWOFCQ3QBMK.pcm
SwiftExplicitDependencyGeneratePcm arm64 /Users/admin/builder/spi-builder-workspace/.derivedData/SDKExplicitPrecompiledModules/_Builtin_stdint-8XMILLJZEGRN2XG7XZUXZ5RLX.pcm
SwiftExplicitDependencyGeneratePcm arm64 /Users/admin/builder/spi-builder-workspace/.derivedData/SDKExplicitPrecompiledModules/_Builtin_tgmath-8NQ96OZ0YHXEC24JI95P01UF8.pcm
SwiftExplicitDependencyGeneratePcm arm64_32 /Users/admin/builder/spi-builder-workspace/.derivedData/SDKExplicitPrecompiledModules/_DarwinFoundation3-3DUTYQDQSD9HUAAVY947NMWOI.pcm
SwiftExplicitDependencyGeneratePcm arm64_32 /Users/admin/builder/spi-builder-workspace/.derivedData/SDKExplicitPrecompiledModules/_Builtin_intrinsics-196IIAKDQVU42DLOZP9OQCV76.pcm
SwiftExplicitDependencyGeneratePcm arm64_32 /Users/admin/builder/spi-builder-workspace/.derivedData/SDKExplicitPrecompiledModules/_Builtin_stdatomic-1TY035TURL76BF2U98PZPPZRX.pcm
SwiftExplicitDependencyGeneratePcm arm64 /Users/admin/builder/spi-builder-workspace/.derivedData/SDKExplicitPrecompiledModules/_Builtin_intrinsics-75960HIPCIYA06IUW8FIIPQT.pcm
SwiftExplicitDependencyGeneratePcm arm64 /Users/admin/builder/spi-builder-workspace/.derivedData/SDKExplicitPrecompiledModules/_DarwinFoundation3-B97LRG0E9GON2NUE65TVG81HU.pcm
SwiftExplicitDependencyGeneratePcm arm64 /Users/admin/builder/spi-builder-workspace/.derivedData/SDKExplicitPrecompiledModules/_Builtin_stdatomic-7JEFA3KBJJJN6TKJWY3OG1VG5.pcm
SwiftExplicitDependencyGeneratePcm arm64_32 /Users/admin/builder/spi-builder-workspace/.derivedData/SDKExplicitPrecompiledModules/_Builtin_inttypes-D2KPCR4PEX9AQA33NGLUT5SBR.pcm
SwiftExplicitDependencyGeneratePcm arm64_32 /Users/admin/builder/spi-builder-workspace/.derivedData/SDKExplicitPrecompiledModules/Darwin-3FVT1SKLN2ZQ5RVOABMTQBB34.pcm
SwiftExplicitDependencyGeneratePcm arm64 /Users/admin/builder/spi-builder-workspace/.derivedData/SDKExplicitPrecompiledModules/_Builtin_inttypes-3UQSCM7WNM9EK4HZML8TY5J3D.pcm
SwiftExplicitDependencyGeneratePcm arm64 /Users/admin/builder/spi-builder-workspace/.derivedData/SDKExplicitPrecompiledModules/Darwin-3984OXKFNSPE77NT743WK8SEX.pcm
SwiftExplicitDependencyGeneratePcm arm64_32 /Users/admin/builder/spi-builder-workspace/.derivedData/SDKExplicitPrecompiledModules/simd-21UNWYOBUZI1LVSQ99S1XBLMO.pcm
SwiftExplicitDependencyGeneratePcm arm64 /Users/admin/builder/spi-builder-workspace/.derivedData/SDKExplicitPrecompiledModules/simd-EH08NODU6574T74ZKU61VP9BW.pcm
SwiftExplicitDependencyGeneratePcm arm64_32 /Users/admin/builder/spi-builder-workspace/.derivedData/SDKExplicitPrecompiledModules/ObjectiveC-6IJNELR2E80E7LUKESVCP2KET.pcm
SwiftExplicitDependencyGeneratePcm arm64_32 /Users/admin/builder/spi-builder-workspace/.derivedData/SDKExplicitPrecompiledModules/MachO-56838ZJ0NC1EBAJ0O6O8QMPDX.pcm
SwiftExplicitDependencyGeneratePcm arm64 /Users/admin/builder/spi-builder-workspace/.derivedData/SDKExplicitPrecompiledModules/ObjectiveC-72IVD3VS2RS8Q28D9PIMY0KQP.pcm
SwiftExplicitDependencyGeneratePcm arm64 /Users/admin/builder/spi-builder-workspace/.derivedData/SDKExplicitPrecompiledModules/MachO-2U90NNSAQILBNBPS1SA4F8TYP.pcm
SwiftExplicitDependencyGeneratePcm arm64_32 /Users/admin/builder/spi-builder-workspace/.derivedData/SDKExplicitPrecompiledModules/os_object-5YWTC6L4756IWSTPGXS5NM0D0.pcm
SwiftExplicitDependencyGeneratePcm arm64 /Users/admin/builder/spi-builder-workspace/.derivedData/SDKExplicitPrecompiledModules/os_object-3SDKD7F87FTZ26OON37DRYT6O.pcm
SwiftExplicitDependencyGeneratePcm arm64_32 /Users/admin/builder/spi-builder-workspace/.derivedData/SDKExplicitPrecompiledModules/os_workgroup-5JHTPDMNBUNHLJI8LPHKQK1JK.pcm
SwiftExplicitDependencyGeneratePcm arm64 /Users/admin/builder/spi-builder-workspace/.derivedData/SDKExplicitPrecompiledModules/os_workgroup-89GG5G7YC2D0ZTK6AZXXQ20DH.pcm
SwiftExplicitDependencyGeneratePcm arm64_32 /Users/admin/builder/spi-builder-workspace/.derivedData/SDKExplicitPrecompiledModules/Spatial-CWVWNML3T0NXVHZDKVLD3X1YZ.pcm
SwiftExplicitDependencyGeneratePcm arm64_32 /Users/admin/builder/spi-builder-workspace/.derivedData/SDKExplicitPrecompiledModules/Dispatch-2P62F1T4XV63S4P99TUDTOK2Q.pcm
SwiftExplicitDependencyGeneratePcm arm64 /Users/admin/builder/spi-builder-workspace/.derivedData/SDKExplicitPrecompiledModules/Spatial-44FJGYXFAT2AQAW9Z6T7YS02U.pcm
SwiftExplicitDependencyGeneratePcm arm64 /Users/admin/builder/spi-builder-workspace/.derivedData/SDKExplicitPrecompiledModules/Dispatch-1NLJOVAK60XP0DUB05XA59EIM.pcm
SwiftExplicitDependencyGeneratePcm arm64_32 /Users/admin/builder/spi-builder-workspace/.derivedData/SDKExplicitPrecompiledModules/CoreFoundation-8E6Y4BA3EXYKUGJ24GT9LGV3N.pcm
SwiftExplicitDependencyGeneratePcm arm64_32 /Users/admin/builder/spi-builder-workspace/.derivedData/SDKExplicitPrecompiledModules/XPC-81Y45QFY96XYYFCW2GT6FY8S4.pcm
SwiftExplicitDependencyGeneratePcm arm64 /Users/admin/builder/spi-builder-workspace/.derivedData/SDKExplicitPrecompiledModules/CoreFoundation-8T2L24YC5NU7WO6WQJWRY7W08.pcm
SwiftExplicitDependencyGeneratePcm arm64 /Users/admin/builder/spi-builder-workspace/.derivedData/SDKExplicitPrecompiledModules/XPC-40DR0X1DHKGCV4J1IOLFS8MOU.pcm
SwiftExplicitDependencyGeneratePcm arm64_32 /Users/admin/builder/spi-builder-workspace/.derivedData/SDKExplicitPrecompiledModules/os-E5IGB442IA6SBB25TTCOLK2OC.pcm
SwiftExplicitDependencyGeneratePcm arm64_32 /Users/admin/builder/spi-builder-workspace/.derivedData/SDKExplicitPrecompiledModules/CoreAudioTypes-9GVB1DHA32M46R4A9NWSI3I2K.pcm
SwiftExplicitDependencyGeneratePcm arm64_32 /Users/admin/builder/spi-builder-workspace/.derivedData/SDKExplicitPrecompiledModules/Security-D7TOWF88VWF67TB9HAFP5UWB1.pcm
SwiftExplicitDependencyGeneratePcm arm64_32 /Users/admin/builder/spi-builder-workspace/.derivedData/SDKExplicitPrecompiledModules/CoreGraphics-9FDXYX6BKBUT6TJ2VF819E7T5.pcm
SwiftExplicitDependencyGeneratePcm arm64 /Users/admin/builder/spi-builder-workspace/.derivedData/SDKExplicitPrecompiledModules/os-5DIL6Z9LFIGLMZAHM7X2T5435.pcm
SwiftExplicitDependencyGeneratePcm arm64 /Users/admin/builder/spi-builder-workspace/.derivedData/SDKExplicitPrecompiledModules/CoreAudioTypes-A9MF7N5LT63G21HNFVM6BT14B.pcm
SwiftExplicitDependencyGeneratePcm arm64 /Users/admin/builder/spi-builder-workspace/.derivedData/SDKExplicitPrecompiledModules/CoreGraphics-DWNZ73GEH98SBJXZ7DEXB420K.pcm
SwiftExplicitDependencyGeneratePcm arm64 /Users/admin/builder/spi-builder-workspace/.derivedData/SDKExplicitPrecompiledModules/Security-6RZ6YBRU8WCUHRFFRVUK5WKMM.pcm
SwiftExplicitDependencyGeneratePcm arm64_32 /Users/admin/builder/spi-builder-workspace/.derivedData/SDKExplicitPrecompiledModules/CoreAudio-5W6MX6OUPWBMUR8VD5LHT1PZF.pcm
SwiftExplicitDependencyGeneratePcm arm64_32 /Users/admin/builder/spi-builder-workspace/.derivedData/SDKExplicitPrecompiledModules/Foundation-BJ2VQGI3OGR34500MEQ1VKHPH.pcm
SwiftExplicitDependencyGeneratePcm arm64_32 /Users/admin/builder/spi-builder-workspace/.derivedData/SDKExplicitPrecompiledModules/CoreVideo-2P8HI0403J99LBDPKNFJ5D4DL.pcm
SwiftExplicitDependencyGeneratePcm arm64_32 /Users/admin/builder/spi-builder-workspace/.derivedData/SDKExplicitPrecompiledModules/CoreText-C9X2REPZN2V5BSU4G80FCETDR.pcm
SwiftExplicitDependencyGeneratePcm arm64 /Users/admin/builder/spi-builder-workspace/.derivedData/SDKExplicitPrecompiledModules/CoreAudio-1B79RJJTP71GE6UY9WLESAN3C.pcm
SwiftExplicitDependencyGeneratePcm arm64 /Users/admin/builder/spi-builder-workspace/.derivedData/SDKExplicitPrecompiledModules/Foundation-DLBKUSGXN8QHAT8W0OARR9S8A.pcm
SwiftExplicitDependencyGeneratePcm arm64 /Users/admin/builder/spi-builder-workspace/.derivedData/SDKExplicitPrecompiledModules/CoreVideo-8MRR5MNWUOAW2DBPGUQ8FKK4.pcm
SwiftExplicitDependencyGeneratePcm arm64 /Users/admin/builder/spi-builder-workspace/.derivedData/SDKExplicitPrecompiledModules/CoreText-970YJN6NIYGK1316L35Z0O8QT.pcm
SwiftExplicitDependencyGeneratePcm arm64_32 /Users/admin/builder/spi-builder-workspace/.derivedData/SDKExplicitPrecompiledModules/CoreMedia-AO387T8CHWTTZODD1DGT0UAFA.pcm
SwiftExplicitDependencyGeneratePcm arm64 /Users/admin/builder/spi-builder-workspace/.derivedData/SDKExplicitPrecompiledModules/CoreMedia-1AJVCUZNAO74KIKMFVFUUHWDI.pcm
SwiftExplicitDependencyGeneratePcm arm64_32 /Users/admin/builder/spi-builder-workspace/.derivedData/SDKExplicitPrecompiledModules/UserNotifications-6TBN8TEAKO014N1T2QD926XED.pcm
SwiftExplicitDependencyGeneratePcm arm64_32 /Users/admin/builder/spi-builder-workspace/.derivedData/SDKExplicitPrecompiledModules/UIUtilities-9YFVNIMRC5HRVOIARNWHP1E3H.pcm
SwiftExplicitDependencyGeneratePcm arm64_32 /Users/admin/builder/spi-builder-workspace/.derivedData/SDKExplicitPrecompiledModules/_LocationEssentials-AQ1OL9QKC3LQLY5CNSRM1HB53.pcm
SwiftExplicitDependencyGeneratePcm arm64_32 /Users/admin/builder/spi-builder-workspace/.derivedData/SDKExplicitPrecompiledModules/UniformTypeIdentifiers-CJZ3NTHPSBH4XWX5EVOG56UZS.pcm
SwiftExplicitDependencyGeneratePcm arm64_32 /Users/admin/builder/spi-builder-workspace/.derivedData/SDKExplicitPrecompiledModules/CoreTransferable-5D4IR6X37682FPHJ5CBPTKQV6.pcm
SwiftExplicitDependencyGeneratePcm arm64_32 /Users/admin/builder/spi-builder-workspace/.derivedData/SDKExplicitPrecompiledModules/OSLog-D9AVFY0KWO7RVBIQ73CBIJVCN.pcm
SwiftExplicitDependencyGeneratePcm arm64_32 /Users/admin/builder/spi-builder-workspace/.derivedData/SDKExplicitPrecompiledModules/Accessibility-F385OMZ5GYBUY5O4QAJB4NRII.pcm
SwiftExplicitDependencyGeneratePcm arm64_32 /Users/admin/builder/spi-builder-workspace/.derivedData/SDKExplicitPrecompiledModules/CoreData-7AU1AFQWUH88EAPDKVMLJPKVD.pcm
SwiftExplicitDependencyGeneratePcm arm64_32 /Users/admin/builder/spi-builder-workspace/.derivedData/SDKExplicitPrecompiledModules/SceneKit-DKNLHKM5FJBQ79LSNMSSMBUBR.pcm
SwiftExplicitDependencyGeneratePcm arm64_32 /Users/admin/builder/spi-builder-workspace/.derivedData/SDKExplicitPrecompiledModules/DataDetection-U9BF7WHFVA6BZGFXXXP272PS.pcm
SwiftExplicitDependencyGeneratePcm arm64 /Users/admin/builder/spi-builder-workspace/.derivedData/SDKExplicitPrecompiledModules/UIUtilities-IR7RNW23VAUKYI9MLCS9NL9A.pcm
SwiftExplicitDependencyGeneratePcm arm64 /Users/admin/builder/spi-builder-workspace/.derivedData/SDKExplicitPrecompiledModules/UniformTypeIdentifiers-8L08Q8DQJV8C4AW84YVGFGTRN.pcm
SwiftExplicitDependencyGeneratePcm arm64 /Users/admin/builder/spi-builder-workspace/.derivedData/SDKExplicitPrecompiledModules/_LocationEssentials-5ZZDGDXB6HLQUC72SJW7YJ7MK.pcm
SwiftExplicitDependencyGeneratePcm arm64 /Users/admin/builder/spi-builder-workspace/.derivedData/SDKExplicitPrecompiledModules/QuartzCore-94KFMWNOU7ZLUZNB4T5DLZC9D.pcm
SwiftExplicitDependencyGeneratePcm arm64 /Users/admin/builder/spi-builder-workspace/.derivedData/SDKExplicitPrecompiledModules/CoreTransferable-9PPG3SLJ55T4LITIFYX2M0NOZ.pcm
SwiftExplicitDependencyGeneratePcm arm64 /Users/admin/builder/spi-builder-workspace/.derivedData/SDKExplicitPrecompiledModules/Accessibility-27QMG6ZQ1NKYTNBYFPM1XKNFC.pcm
SwiftExplicitDependencyGeneratePcm arm64 /Users/admin/builder/spi-builder-workspace/.derivedData/SDKExplicitPrecompiledModules/DataDetection-7BNVI1SZW5ISQL5SX4WL2X7I5.pcm
SwiftExplicitDependencyGeneratePcm arm64 /Users/admin/builder/spi-builder-workspace/.derivedData/SDKExplicitPrecompiledModules/SceneKit-5HZKIL7XETTTD8TOHYPN8JKRJ.pcm
SwiftExplicitDependencyGeneratePcm arm64 /Users/admin/builder/spi-builder-workspace/.derivedData/SDKExplicitPrecompiledModules/Symbols-3EFABTJ9L5PQDJ7RQCYQWEJMM.pcm
SwiftExplicitDependencyGeneratePcm arm64 /Users/admin/builder/spi-builder-workspace/.derivedData/SDKExplicitPrecompiledModules/UserNotifications-ARAH8MEQ0C2L0FBO39HITJMAO.pcm
SwiftExplicitDependencyGeneratePcm arm64_32 /Users/admin/builder/spi-builder-workspace/.derivedData/SDKExplicitPrecompiledModules/Symbols-1H97WMG76HU94F5VGJR19PXFY.pcm
SwiftExplicitDependencyGeneratePcm arm64_32 /Users/admin/builder/spi-builder-workspace/.derivedData/SDKExplicitPrecompiledModules/QuartzCore-6375NPYACK5NYVHPMC1QQ8MC2.pcm
SwiftExplicitDependencyGeneratePcm arm64_32 /Users/admin/builder/spi-builder-workspace/.derivedData/SDKExplicitPrecompiledModules/CoreLocation-8XU5YMYM4P11RQMYCQAG65ITK.pcm
SwiftExplicitDependencyGeneratePcm arm64 /Users/admin/builder/spi-builder-workspace/.derivedData/SDKExplicitPrecompiledModules/CoreLocation-ACKJ9K7ABI14F97Y46Y6SRR17.pcm
SwiftExplicitDependencyGeneratePcm arm64 /Users/admin/builder/spi-builder-workspace/.derivedData/SDKExplicitPrecompiledModules/CoreData-9JFJC4UET8BAO5IPV2JU6W9V8.pcm
SwiftExplicitDependencyGeneratePcm arm64 /Users/admin/builder/spi-builder-workspace/.derivedData/SDKExplicitPrecompiledModules/OSLog-B7VGO357Y3GJG35TST7DKDSI3.pcm
SwiftExplicitDependencyGeneratePcm arm64 /Users/admin/builder/spi-builder-workspace/.derivedData/SDKExplicitPrecompiledModules/SwiftUICore-C1DST1IX2Z0PTH5SJJZ1IULRB.pcm
SwiftExplicitDependencyGeneratePcm arm64 /Users/admin/builder/spi-builder-workspace/.derivedData/SDKExplicitPrecompiledModules/CoreMotion-6RD5K48QT1F4L9CATNFD2O7YB.pcm
SwiftExplicitDependencyGeneratePcm arm64_32 /Users/admin/builder/spi-builder-workspace/.derivedData/SDKExplicitPrecompiledModules/CoreMotion-1XGTVTE5PP32UHME8AC63TL6.pcm
SwiftExplicitDependencyGeneratePcm arm64_32 /Users/admin/builder/spi-builder-workspace/.derivedData/SDKExplicitPrecompiledModules/SwiftUICore-3Q7WLRD8MR9R3NGIPUBQCP6F6.pcm
SwiftExplicitDependencyGeneratePcm arm64_32 /Users/admin/builder/spi-builder-workspace/.derivedData/SDKExplicitPrecompiledModules/UIKit-6PPV7YPZ89CZPHYAP072QH8B6.pcm
SwiftExplicitDependencyGeneratePcm arm64 /Users/admin/builder/spi-builder-workspace/.derivedData/SDKExplicitPrecompiledModules/UIKit-27R3P1YMV4C6JLDT661G3MRIA.pcm
SwiftExplicitDependencyGeneratePcm arm64 /Users/admin/builder/spi-builder-workspace/.derivedData/SDKExplicitPrecompiledModules/MapKit-EJJWC7IL56MPLQMI93GJRE5OG.pcm
SwiftExplicitDependencyGeneratePcm arm64 /Users/admin/builder/spi-builder-workspace/.derivedData/SDKExplicitPrecompiledModules/HomeKit-DTS1N4AWILAL1URZ5IOXV5221.pcm
SwiftExplicitDependencyGeneratePcm arm64_32 /Users/admin/builder/spi-builder-workspace/.derivedData/SDKExplicitPrecompiledModules/MapKit-CWGB4YMP1VX1NYQN5FULFD5DR.pcm
SwiftExplicitDependencyGeneratePcm arm64_32 /Users/admin/builder/spi-builder-workspace/.derivedData/SDKExplicitPrecompiledModules/HomeKit-DUDZOMSN3UK8GNTNBNMPIWJRN.pcm
SwiftExplicitDependencyGeneratePcm arm64 /Users/admin/builder/spi-builder-workspace/.derivedData/SDKExplicitPrecompiledModules/WatchKit-3VT3K8YON6FJ6OWSUFJMFMP8J.pcm
SwiftExplicitDependencyGeneratePcm arm64_32 /Users/admin/builder/spi-builder-workspace/.derivedData/SDKExplicitPrecompiledModules/WatchKit-FHF6WTKLC2APGK3LA2XJ6516.pcm
SwiftExplicitDependencyGeneratePcm arm64 /Users/admin/builder/spi-builder-workspace/.derivedData/SDKExplicitPrecompiledModules/SwiftUI-APXDH8ULYLM6FD17YRA73TULO.pcm
SwiftExplicitDependencyGeneratePcm arm64_32 /Users/admin/builder/spi-builder-workspace/.derivedData/SDKExplicitPrecompiledModules/SwiftUI-9AYG9OCT5VOJK7V4MX1WYR86T.pcm
SwiftCompile normal arm64 Compiling\ Quad.swift,\ QuadCorner.swift,\ ReuleauxPolygon.swift,\ RightKite.swift,\ RightTriangle.swift,\ Ring.swift,\ RoundedPolygon.swift /Users/admin/builder/spi-builder-workspace/Sources/Shapes/Quad.swift /Users/admin/builder/spi-builder-workspace/Sources/Shapes/QuadCorner.swift /Users/admin/builder/spi-builder-workspace/Sources/Shapes/ReuleauxPolygon.swift /Users/admin/builder/spi-builder-workspace/Sources/Shapes/RightKite.swift /Users/admin/builder/spi-builder-workspace/Sources/Shapes/RightTriangle.swift /Users/admin/builder/spi-builder-workspace/Sources/Shapes/Ring.swift /Users/admin/builder/spi-builder-workspace/Sources/Shapes/RoundedPolygon.swift (in target 'Shapes' from project 'Shapes')
SwiftCompile normal arm64 /Users/admin/builder/spi-builder-workspace/Sources/Shapes/Quad.swift (in target 'Shapes' from project 'Shapes')
    cd /Users/admin/builder/spi-builder-workspace/.swiftpm/xcode
    builtin-SwiftPerFileCompile Quad.swift
SwiftCompile normal arm64 /Users/admin/builder/spi-builder-workspace/Sources/Shapes/QuadCorner.swift (in target 'Shapes' from project 'Shapes')
    cd /Users/admin/builder/spi-builder-workspace/.swiftpm/xcode
    builtin-SwiftPerFileCompile QuadCorner.swift
SwiftCompile normal arm64 /Users/admin/builder/spi-builder-workspace/Sources/Shapes/ReuleauxPolygon.swift (in target 'Shapes' from project 'Shapes')
    cd /Users/admin/builder/spi-builder-workspace/.swiftpm/xcode
    builtin-SwiftPerFileCompile ReuleauxPolygon.swift
SwiftCompile normal arm64 /Users/admin/builder/spi-builder-workspace/Sources/Shapes/RightKite.swift (in target 'Shapes' from project 'Shapes')
    cd /Users/admin/builder/spi-builder-workspace/.swiftpm/xcode
    builtin-SwiftPerFileCompile RightKite.swift
SwiftCompile normal arm64 /Users/admin/builder/spi-builder-workspace/Sources/Shapes/RightTriangle.swift (in target 'Shapes' from project 'Shapes')
    cd /Users/admin/builder/spi-builder-workspace/.swiftpm/xcode
    builtin-SwiftPerFileCompile RightTriangle.swift
SwiftCompile normal arm64 /Users/admin/builder/spi-builder-workspace/Sources/Shapes/Ring.swift (in target 'Shapes' from project 'Shapes')
    cd /Users/admin/builder/spi-builder-workspace/.swiftpm/xcode
    builtin-SwiftPerFileCompile Ring.swift
SwiftCompile normal arm64 /Users/admin/builder/spi-builder-workspace/Sources/Shapes/RoundedPolygon.swift (in target 'Shapes' from project 'Shapes')
    cd /Users/admin/builder/spi-builder-workspace/.swiftpm/xcode
    builtin-SwiftPerFileCompile RoundedPolygon.swift
/Users/admin/builder/spi-builder-workspace/Sources/Shapes/Spiral.swift:147:4: error: 'Previewable()' is only available in watchOS 10.0 or newer
145 | @available(macOS 14.0, iOS 17.0, *)
146 | #Preview {
147 |   @Previewable @State var turns: CGFloat = 1
    |    |- error: 'Previewable()' is only available in watchOS 10.0 or newer
    |    `- note: add 'if #available' version check
148 |   @Previewable @State var offset: CGFloat = 0
149 |   @Previewable @State var growth: WIP.Spiral.SpiralType = .archimedes
/Users/admin/builder/spi-builder-workspace/Sources/Shapes/Spiral.swift:148:4: error: 'Previewable()' is only available in watchOS 10.0 or newer
146 | #Preview {
147 |   @Previewable @State var turns: CGFloat = 1
148 |   @Previewable @State var offset: CGFloat = 0
    |    |- error: 'Previewable()' is only available in watchOS 10.0 or newer
    |    `- note: add 'if #available' version check
149 |   @Previewable @State var growth: WIP.Spiral.SpiralType = .archimedes
150 |
/Users/admin/builder/spi-builder-workspace/Sources/Shapes/Spiral.swift:149:4: error: 'Previewable()' is only available in watchOS 10.0 or newer
147 |   @Previewable @State var turns: CGFloat = 1
148 |   @Previewable @State var offset: CGFloat = 0
149 |   @Previewable @State var growth: WIP.Spiral.SpiralType = .archimedes
    |    |- error: 'Previewable()' is only available in watchOS 10.0 or newer
    |    `- note: add 'if #available' version check
150 |
151 |   VStack {
/Users/admin/builder/spi-builder-workspace/Sources/Shapes/Spiral.swift:166:19: error: 'segmented' is unavailable in watchOS
164 |       Text("C")
165 |     }
166 |     .pickerStyle(.segmented)
    |                   `- error: 'segmented' is unavailable in watchOS
167 |
168 |
SwiftUI.PickerStyle.segmented:2:43: note: 'segmented' has been explicitly marked unavailable here
1 | protocol PickerStyle {
2 | @export(implementation) public static var segmented: SegmentedPickerStyle { get }}
  |                                           `- note: 'segmented' has been explicitly marked unavailable here
3 |
/Users/admin/builder/spi-builder-workspace/Sources/Shapes/Spiral.swift:172:8: error: 'fill(_:style:)' is only available in watchOS 10.0 or newer
170 |
171 |     shape
172 |       .fill(Color.yellow)
    |        |- error: 'fill(_:style:)' is only available in watchOS 10.0 or newer
    |        `- note: add 'if #available' version check
173 |       .stroke(Color.black, lineWidth: 5)
174 |       .frame(width: 256, height: 256)
/Users/admin/builder/spi-builder-workspace/Sources/Shapes/Spiral.swift:173:8: error: 'stroke(_:lineWidth:antialiased:)' is only available in watchOS 10.0 or newer
171 |     shape
172 |       .fill(Color.yellow)
173 |       .stroke(Color.black, lineWidth: 5)
    |        |- error: 'stroke(_:lineWidth:antialiased:)' is only available in watchOS 10.0 or newer
    |        `- note: add 'if #available' version check
174 |       .frame(width: 256, height: 256)
175 |       .border(Color.black)
/Users/admin/builder/spi-builder-workspace/Sources/Shapes/Spiral.swift:190:4: error: 'Previewable()' is only available in watchOS 10.0 or newer
188 | @available(macOS 14.0, iOS 17.0, *)
189 | #Preview {
190 |   @Previewable @State var isAnimating: Bool = false
    |    |- error: 'Previewable()' is only available in watchOS 10.0 or newer
    |    `- note: add 'if #available' version check
191 |
192 |   WIP.Spiral(turns: 5)
/Users/admin/builder/spi-builder-workspace/Sources/Shapes/Spiral.swift:194:6: error: 'fill(_:style:)' is only available in watchOS 10.0 or newer
192 |   WIP.Spiral(turns: 5)
193 |     .trim(from: 0, to: isAnimating ? 1 : 0)
194 |     .fill(Color.red)
    |      |- error: 'fill(_:style:)' is only available in watchOS 10.0 or newer
    |      `- note: add 'if #available' version check
195 |     .stroke(Color.yellow, lineWidth: 5)
196 |     .contentShape(.rect)
SwiftEmitModule normal arm64 Emitting\ module\ for\ Shapes (in target 'Shapes' from project 'Shapes')
/Users/admin/builder/spi-builder-workspace/Sources/Shapes/Spiral.swift:147:4: error: 'Previewable()' is only available in watchOS 10.0 or newer
145 | @available(macOS 14.0, iOS 17.0, *)
146 | #Preview {
147 |   @Previewable @State var turns: CGFloat = 1
    |    |- error: 'Previewable()' is only available in watchOS 10.0 or newer
    |    `- note: add 'if #available' version check
148 |   @Previewable @State var offset: CGFloat = 0
149 |   @Previewable @State var growth: WIP.Spiral.SpiralType = .archimedes
/Users/admin/builder/spi-builder-workspace/Sources/Shapes/Spiral.swift:148:4: error: 'Previewable()' is only available in watchOS 10.0 or newer
146 | #Preview {
147 |   @Previewable @State var turns: CGFloat = 1
148 |   @Previewable @State var offset: CGFloat = 0
    |    |- error: 'Previewable()' is only available in watchOS 10.0 or newer
    |    `- note: add 'if #available' version check
149 |   @Previewable @State var growth: WIP.Spiral.SpiralType = .archimedes
150 |
/Users/admin/builder/spi-builder-workspace/Sources/Shapes/Spiral.swift:149:4: error: 'Previewable()' is only available in watchOS 10.0 or newer
147 |   @Previewable @State var turns: CGFloat = 1
148 |   @Previewable @State var offset: CGFloat = 0
149 |   @Previewable @State var growth: WIP.Spiral.SpiralType = .archimedes
    |    |- error: 'Previewable()' is only available in watchOS 10.0 or newer
    |    `- note: add 'if #available' version check
150 |
151 |   VStack {
/Users/admin/builder/spi-builder-workspace/Sources/Shapes/Spiral.swift:166:19: error: 'segmented' is unavailable in watchOS
164 |       Text("C")
165 |     }
166 |     .pickerStyle(.segmented)
    |                   `- error: 'segmented' is unavailable in watchOS
167 |
168 |
SwiftUI.PickerStyle.segmented:2:43: note: 'segmented' has been explicitly marked unavailable here
1 | protocol PickerStyle {
2 | @export(implementation) public static var segmented: SegmentedPickerStyle { get }}
  |                                           `- note: 'segmented' has been explicitly marked unavailable here
3 |
/Users/admin/builder/spi-builder-workspace/Sources/Shapes/Spiral.swift:172:8: error: 'fill(_:style:)' is only available in watchOS 10.0 or newer
170 |
171 |     shape
172 |       .fill(Color.yellow)
    |        |- error: 'fill(_:style:)' is only available in watchOS 10.0 or newer
    |        `- note: add 'if #available' version check
173 |       .stroke(Color.black, lineWidth: 5)
174 |       .frame(width: 256, height: 256)
/Users/admin/builder/spi-builder-workspace/Sources/Shapes/Spiral.swift:173:8: error: 'stroke(_:lineWidth:antialiased:)' is only available in watchOS 10.0 or newer
171 |     shape
172 |       .fill(Color.yellow)
173 |       .stroke(Color.black, lineWidth: 5)
    |        |- error: 'stroke(_:lineWidth:antialiased:)' is only available in watchOS 10.0 or newer
    |        `- note: add 'if #available' version check
174 |       .frame(width: 256, height: 256)
175 |       .border(Color.black)
/Users/admin/builder/spi-builder-workspace/Sources/Shapes/Spiral.swift:190:4: error: 'Previewable()' is only available in watchOS 10.0 or newer
188 | @available(macOS 14.0, iOS 17.0, *)
189 | #Preview {
190 |   @Previewable @State var isAnimating: Bool = false
    |    |- error: 'Previewable()' is only available in watchOS 10.0 or newer
    |    `- note: add 'if #available' version check
191 |
192 |   WIP.Spiral(turns: 5)
/Users/admin/builder/spi-builder-workspace/Sources/Shapes/Spiral.swift:194:6: error: 'fill(_:style:)' is only available in watchOS 10.0 or newer
192 |   WIP.Spiral(turns: 5)
193 |     .trim(from: 0, to: isAnimating ? 1 : 0)
194 |     .fill(Color.red)
    |      |- error: 'fill(_:style:)' is only available in watchOS 10.0 or newer
    |      `- note: add 'if #available' version check
195 |     .stroke(Color.yellow, lineWidth: 5)
196 |     .contentShape(.rect)
/Users/admin/builder/spi-builder-workspace/Sources/Shapes/Spiral.swift:195:6: error: 'stroke(_:lineWidth:antialiased:)' is only available in watchOS 10.0 or newer
193 |     .trim(from: 0, to: isAnimating ? 1 : 0)
194 |     .fill(Color.red)
195 |     .stroke(Color.yellow, lineWidth: 5)
    |      |- error: 'stroke(_:lineWidth:antialiased:)' is only available in watchOS 10.0 or newer
    |      `- note: add 'if #available' version check
196 |     .contentShape(.rect)
197 |     .animation(.easeInOut(duration: 1), value: isAnimating)
Failed frontend command:
/Applications/Xcode-27.0.0-Release.Candidate.app/Contents/Developer/Toolchains/XcodeDefault.xctoolchain/usr/bin/swift-frontend -frontend -emit-module -experimental-skip-non-inlinable-function-bodies-without-types /Users/admin/builder/spi-builder-workspace/Sources/Shapes/AlignmentShape.swift /Users/admin/builder/spi-builder-workspace/Sources/Shapes/AnimatablePoints.swift /Users/admin/builder/spi-builder-workspace/Sources/Shapes/AnnularSteinerChain.swift /Users/admin/builder/spi-builder-workspace/Sources/Shapes/Arbelos.swift /Users/admin/builder/spi-builder-workspace/Sources/Shapes/Array.swift /Users/admin/builder/spi-builder-workspace/Sources/Shapes/Arrowhead.swift /Users/admin/builder/spi-builder-workspace/Sources/Shapes/Bar.swift /Users/admin/builder/spi-builder-workspace/Sources/Shapes/BenDayDot.swift /Users/admin/builder/spi-builder-workspace/Sources/Shapes/BorderedPolygon.swift /Users/admin/builder/spi-builder-workspace/Sources/Shapes/BorderedRectangle.swift /Users/admin/builder/spi-builder-workspace/Sources/Shapes/Bullet.swift /Users/admin/builder/spi-builder-workspace/Sources/Shapes/CGAffineTransform.swift /Users/admin/builder/spi-builder-workspace/Sources/Shapes/CGPoint.swift /Users/admin/builder/spi-builder-workspace/Sources/Shapes/CGRect.swift /Users/admin/builder/spi-builder-workspace/Sources/Shapes/Check.swift /Users/admin/builder/spi-builder-workspace/Sources/Shapes/CirclePattern.swift /Users/admin/builder/spi-builder-workspace/Sources/Shapes/CircleSector.swift /Users/admin/builder/spi-builder-workspace/Sources/Shapes/CompositeShape.swift /Users/admin/builder/spi-builder-workspace/Sources/Shapes/ConvexPolygon.swift /Users/admin/builder/spi-builder-workspace/Sources/Shapes/Crescent.swift /Users/admin/builder/spi-builder-workspace/Sources/Shapes/CutCornerRectangle.swift /Users/admin/builder/spi-builder-workspace/Sources/Shapes/DataPath.swift /Users/admin/builder/spi-builder-workspace/Sources/Shapes/Diamond.swift /Users/admin/builder/spi-builder-workspace/Sources/Shapes/DragonCurve.swift /Users/admin/builder/spi-builder-workspace/Sources/Shapes/Egg.swift /Users/admin/builder/spi-builder-workspace/Sources/Shapes/Halftone.swift /Users/admin/builder/spi-builder-workspace/Sources/Shapes/Hatching.swift /Users/admin/builder/spi-builder-workspace/Sources/Shapes/Heart.swift /Users/admin/builder/spi-builder-workspace/Sources/Shapes/InsetShape.swift /Users/admin/builder/spi-builder-workspace/Sources/Shapes/InvertedCornerRectangle.swift /Users/admin/builder/spi-builder-workspace/Sources/Shapes/InvertedShape.swift /Users/admin/builder/spi-builder-workspace/Sources/Shapes/IsoscelesTriangle.swift /Users/admin/builder/spi-builder-workspace/Sources/Shapes/IsotoxalPolygon.swift /Users/admin/builder/spi-builder-workspace/Sources/Shapes/Kite.swift /Users/admin/builder/spi-builder-workspace/Sources/Shapes/Lens.swift /Users/admin/builder/spi-builder-workspace/Sources/Shapes/Line.swift /Users/admin/builder/spi-builder-workspace/Sources/Shapes/Lune.swift /Users/admin/builder/spi-builder-workspace/Sources/Shapes/Math.swift /Users/admin/builder/spi-builder-workspace/Sources/Shapes/NormalizedShape.swift /Users/admin/builder/spi-builder-workspace/Sources/Shapes/Numeric+Extensions.swift /Users/admin/builder/spi-builder-workspace/Sources/Shapes/Parallelogram.swift /Users/admin/builder/spi-builder-workspace/Sources/Shapes/Path+Extensions.swift /Users/admin/builder/spi-builder-workspace/Sources/Shapes/Polygon.swift /Users/admin/builder/spi-builder-workspace/Sources/Shapes/Quad.swift /Users/admin/builder/spi-builder-workspace/Sources/Shapes/QuadCorner.swift /Users/admin/builder/spi-builder-workspace/Sources/Shapes/ReuleauxPolygon.swift /Users/admin/builder/spi-builder-workspace/Sources/Shapes/RightKite.swift /Users/admin/builder/spi-builder-workspace/Sources/Shapes/RightTriangle.swift /Users/admin/builder/spi-builder-workspace/Sources/Shapes/Ring.swift /Users/admin/builder/spi-builder-workspace/Sources/Shapes/RoundedPolygon.swift /Users/admin/builder/spi-builder-workspace/Sources/Shapes/Salinon.swift /Users/admin/builder/spi-builder-workspace/Sources/Shapes/SeededRandomNumberGenerator.swift /Users/admin/builder/spi-builder-workspace/Sources/Shapes/SimplePolygon.swift /Users/admin/builder/spi-builder-workspace/Sources/Shapes/SkewedShape.swift /Users/admin/builder/spi-builder-workspace/Sources/Shapes/Spiral.swift /Users/admin/builder/spi-builder-workspace/Sources/Shapes/Spirolateral.swift /Users/admin/builder/spi-builder-workspace/Sources/Shapes/SpongeFilter.swift /Users/admin/builder/spi-builder-workspace/Sources/Shapes/Square.swift /Users/admin/builder/spi-builder-workspace/Sources/Shapes/StarPolygon.swift /Users/admin/builder/spi-builder-workspace/Sources/Shapes/StrokeBorderedShape.swift /Users/admin/builder/spi-builder-workspace/Sources/Shapes/StrokeStyledCircle.swift /Users/admin/builder/spi-builder-workspace/Sources/Shapes/StrokeStyledPolygon.swift /Users/admin/builder/spi-builder-workspace/Sources/Shapes/StrokeStyledRectangle.swift /Users/admin/builder/spi-builder-workspace/Sources/Shapes/TaperedRectangle.swift /Users/admin/builder/spi-builder-workspace/Sources/Shapes/Teardrop.swift /Users/admin/builder/spi-builder-workspace/Sources/Shapes/TiledShape.swift /Users/admin/builder/spi-builder-workspace/Sources/Shapes/Torx.swift /Users/admin/builder/spi-builder-workspace/Sources/Shapes/Trapezoid.swift /Users/admin/builder/spi-builder-workspace/Sources/Shapes/Triquetra.swift /Users/admin/builder/spi-builder-workspace/Sources/Shapes/Types.swift /Users/admin/builder/spi-builder-workspace/Sources/Shapes/VectorPoint.swift -target arm64-apple-watchos9.0 -disable-cross-import-overlay-search -load-resolved-plugin /Applications/Xcode-27.0.0-Release.Candidate.app/Contents/Developer/Platforms/WatchOS.platform/Developer/usr/lib/swift/host/plugins/libFoundationMacros.dylib\#/Applications/Xcode-27.0.0-Release.Candidate.app/Contents/Developer/Platforms/WatchOS.platform/Developer/usr/bin/swift-plugin-server\#FoundationMacros -load-resolved-plugin /Applications/Xcode-27.0.0-Release.Candidate.app/Contents/Developer/Platforms/WatchOS.platform/Developer/usr/lib/swift/host/plugins/libObservationMacros.dylib\#/Applications/Xcode-27.0.0-Release.Candidate.app/Contents/Developer/Platforms/WatchOS.platform/Developer/usr/bin/swift-plugin-server\#ObservationMacros -load-resolved-plugin /Applications/Xcode-27.0.0-Release.Candidate.app/Contents/Developer/Platforms/WatchOS.platform/Developer/usr/lib/swift/host/plugins/libPreviewsMacros.dylib\#/Applications/Xcode-27.0.0-Release.Candidate.app/Contents/Developer/Platforms/WatchOS.platform/Developer/usr/bin/swift-plugin-server\#PreviewsMacros -load-resolved-plugin /Applications/Xcode-27.0.0-Release.Candidate.app/Contents/Developer/Platforms/WatchOS.platform/Developer/usr/lib/swift/host/plugins/libSwiftMacros.dylib\#/Applications/Xcode-27.0.0-Release.Candidate.app/Contents/Developer/Platforms/WatchOS.platform/Developer/usr/bin/swift-plugin-server\#SwiftMacros -load-resolved-plugin /Applications/Xcode-27.0.0-Release.Candidate.app/Contents/Developer/Platforms/WatchOS.platform/Developer/usr/lib/swift/host/plugins/libSwiftUIMacros.dylib\#/Applications/Xcode-27.0.0-Release.Candidate.app/Contents/Developer/Platforms/WatchOS.platform/Developer/usr/bin/swift-plugin-server\#SwiftUIMacros -disable-implicit-swift-modules -Xcc -fno-implicit-modules -Xcc -fno-implicit-module-maps -explicit-swift-module-map-file /Users/admin/builder/spi-builder-workspace/.derivedData/Build/Intermediates.noindex/Shapes.build/Debug-watchos/Shapes-t.build/Objects-normal/arm64/Shapes-dependencies-1.json -Xllvm -aarch64-use-tbi -enable-objc-interop -stack-check -sdk /Applications/Xcode-27.0.0-Release.Candidate.app/Contents/Developer/Platforms/WatchOS.platform/Developer/SDKs/WatchOS27.0.sdk -I /Users/admin/builder/spi-builder-workspace/.derivedData/Build/Products/Debug-watchos -Isystem /Applications/Xcode-27.0.0-Release.Candidate.app/Contents/Developer/Platforms/WatchOS.platform/Developer/usr/lib -F /Users/admin/builder/spi-builder-workspace/.derivedData/Build/Products/Debug-watchos -F /Applications/Xcode-27.0.0-Release.Candidate.app/Contents/Developer/Platforms/WatchOS.platform/Developer/Library/Frameworks -F /Applications/Xcode-27.0.0-Release.Candidate.app/Contents/Developer/Platforms/WatchOS.platform/Developer/SDKs/WatchOS27.0.sdk/Developer/Library/Frameworks -module-cache-path /Users/admin/builder/spi-builder-workspace/.derivedData/Build/Intermediates.noindex/SwiftExplicitPrecompiledModules -no-color-diagnostics -Xcc -fno-color-diagnostics -enable-testing -g -debug-info-format\=dwarf -dwarf-version\=4 -profile-generate -profile-coverage-mapping -swift-version 5 -Onone -D SWIFT_PACKAGE -D DEBUG -D SWIFT_MODULE_RESOURCE_BUNDLE_UNAVAILABLE -D Xcode -serialize-debugging-options -enable-experimental-feature DebugDescriptionMacro -empty-abi-descriptor -validate-clang-modules-once -clang-build-session-file /Users/admin/builder/spi-builder-workspace/.derivedData/ModuleCache.noindex/Session.modulevalidation -Xcc -working-directory -Xcc /Users/admin/builder/spi-builder-workspace/.swiftpm/xcode -enable-anonymous-context-mangled-names -file-compilation-dir /Users/admin/builder/spi-builder-workspace/.swiftpm/xcode -Xcc -D_LIBCPP_HARDENING_MODE\=_LIBCPP_HARDENING_MODE_DEBUG -Xcc -ivfsstatcache -Xcc /Users/admin/builder/spi-builder-workspace/.derivedData/SDKStatCaches.noindex/watchos27.0-24R360-e829b21a6f8c9b70876ba0858053c04477534ef55a1706bf4c1112bbb242f0a2.sdkstatcache -Xcc -fmodules-prune-interval\=86400 -Xcc -fmodules-prune-after\=345600 -Xcc -I/Users/admin/builder/spi-builder-workspace/.derivedData/Build/Products/Debug-watchos/include -Xcc -I/Users/admin/builder/spi-builder-workspace/.derivedData/Build/Intermediates.noindex/Shapes.build/Debug-watchos/Shapes-t.build/DerivedSources-normal/arm64 -Xcc -I/Users/admin/builder/spi-builder-workspace/.derivedData/Build/Intermediates.noindex/Shapes.build/Debug-watchos/Shapes-t.build/DerivedSources/arm64 -Xcc -I/Users/admin/builder/spi-builder-workspace/.derivedData/Build/Intermediates.noindex/Shapes.build/Debug-watchos/Shapes-t.build/DerivedSources -Xcc -DSWIFT_PACKAGE -Xcc -DDEBUG\=1 -no-auto-bridging-header-chaining -module-name Shapes -package-name spi_builder_workspace -const-gather-protocols-file /Users/admin/builder/spi-builder-workspace/.derivedData/Build/Intermediates.noindex/Shapes.build/Debug-watchos/Shapes-t.build/Objects-normal/arm64/Shapes_const_extract_protocols.json -disable-clang-spi -clang-target arm64-apple-watchos27.0 -target-sdk-version 27.0 -target-sdk-name watchos27.0 -in-process-plugin-server-path /Applications/Xcode-27.0.0-Release.Candidate.app/Contents/Developer/Toolchains/XcodeDefault.xctoolchain/usr/lib/swift/host/libSwiftInProcPluginServer.dylib -emit-module-doc-path /Users/admin/builder/spi-builder-workspace/.derivedData/Build/Intermediates.noindex/Shapes.build/Debug-watchos/Shapes-t.build/Objects-normal/arm64/Shapes.swiftdoc -emit-module-source-info-path /Users/admin/builder/spi-builder-workspace/.derivedData/Build/Intermediates.noindex/Shapes.build/Debug-watchos/Shapes-t.build/Objects-normal/arm64/Shapes.swiftsourceinfo -emit-objc-header-path /Users/admin/builder/spi-builder-workspace/.derivedData/Build/Intermediates.noindex/Shapes.build/Debug-watchos/Shapes-t.build/Objects-normal/arm64/Shapes-Swift.h -serialize-diagnostics-path /Users/admin/builder/spi-builder-workspace/.derivedData/Build/Intermediates.noindex/Shapes.build/Debug-watchos/Shapes-t.build/Objects-normal/arm64/Shapes-primary-emit-module.dia -emit-dependencies-path /Users/admin/builder/spi-builder-workspace/.derivedData/Build/Intermediates.noindex/Shapes.build/Debug-watchos/Shapes-t.build/Objects-normal/arm64/Shapes-primary-emit-module.d -parse-as-library -o /Users/admin/builder/spi-builder-workspace/.derivedData/Build/Intermediates.noindex/Shapes.build/Debug-watchos/Shapes-t.build/Objects-normal/arm64/Shapes.swiftmodule -emit-abi-descriptor-path /Users/admin/builder/spi-builder-workspace/.derivedData/Build/Intermediates.noindex/Shapes.build/Debug-watchos/Shapes-t.build/Objects-normal/arm64/Shapes.abi.json
SwiftCompile normal arm64 (in target 'Shapes' from project 'Shapes')
    cd /Users/admin/builder/spi-builder-workspace/.swiftpm/xcode

SwiftCompile normal arm64 Compiling\ Salinon.swift,\ SeededRandomNumberGenerator.swift,\ SimplePolygon.swift,\ SkewedShape.swift,\ Spiral.swift,\ Spirolateral.swift,\ SpongeFilter.swift /Users/admin/builder/spi-builder-workspace/Sources/Shapes/Salinon.swift /Users/admin/builder/spi-builder-workspace/Sources/Shapes/SeededRandomNumberGenerator.swift /Users/admin/builder/spi-builder-workspace/Sources/Shapes/SimplePolygon.swift /Users/admin/builder/spi-builder-workspace/Sources/Shapes/SkewedShape.swift /Users/admin/builder/spi-builder-workspace/Sources/Shapes/Spiral.swift /Users/admin/builder/spi-builder-workspace/Sources/Shapes/Spirolateral.swift /Users/admin/builder/spi-builder-workspace/Sources/Shapes/SpongeFilter.swift (in target 'Shapes' from project 'Shapes')
SwiftCompile normal arm64 /Users/admin/builder/spi-builder-workspace/Sources/Shapes/Salinon.swift (in target 'Shapes' from project 'Shapes')
    cd /Users/admin/builder/spi-builder-workspace/.swiftpm/xcode
    builtin-SwiftPerFileCompile Salinon.swift
SwiftCompile normal arm64 /Users/admin/builder/spi-builder-workspace/Sources/Shapes/SeededRandomNumberGenerator.swift (in target 'Shapes' from project 'Shapes')
    cd /Users/admin/builder/spi-builder-workspace/.swiftpm/xcode
    builtin-SwiftPerFileCompile SeededRandomNumberGenerator.swift
SwiftCompile normal arm64 /Users/admin/builder/spi-builder-workspace/Sources/Shapes/SimplePolygon.swift (in target 'Shapes' from project 'Shapes')
    cd /Users/admin/builder/spi-builder-workspace/.swiftpm/xcode
    builtin-SwiftPerFileCompile SimplePolygon.swift
SwiftCompile normal arm64 /Users/admin/builder/spi-builder-workspace/Sources/Shapes/SkewedShape.swift (in target 'Shapes' from project 'Shapes')
    cd /Users/admin/builder/spi-builder-workspace/.swiftpm/xcode
    builtin-SwiftPerFileCompile SkewedShape.swift
SwiftCompile normal arm64 /Users/admin/builder/spi-builder-workspace/Sources/Shapes/Spiral.swift (in target 'Shapes' from project 'Shapes')
    cd /Users/admin/builder/spi-builder-workspace/.swiftpm/xcode
    builtin-SwiftPerFileCompile Spiral.swift
SwiftCompile normal arm64 /Users/admin/builder/spi-builder-workspace/Sources/Shapes/Spirolateral.swift (in target 'Shapes' from project 'Shapes')
    cd /Users/admin/builder/spi-builder-workspace/.swiftpm/xcode
    builtin-SwiftPerFileCompile Spirolateral.swift
SwiftCompile normal arm64 /Users/admin/builder/spi-builder-workspace/Sources/Shapes/SpongeFilter.swift (in target 'Shapes' from project 'Shapes')
    cd /Users/admin/builder/spi-builder-workspace/.swiftpm/xcode
    builtin-SwiftPerFileCompile SpongeFilter.swift
/Users/admin/builder/spi-builder-workspace/Sources/Shapes/Spiral.swift:147:4: error: 'Previewable()' is only available in watchOS 10.0 or newer
145 | @available(macOS 14.0, iOS 17.0, *)
146 | #Preview {
147 |   @Previewable @State var turns: CGFloat = 1
    |    |- error: 'Previewable()' is only available in watchOS 10.0 or newer
    |    `- note: add 'if #available' version check
148 |   @Previewable @State var offset: CGFloat = 0
149 |   @Previewable @State var growth: WIP.Spiral.SpiralType = .archimedes
/Users/admin/builder/spi-builder-workspace/Sources/Shapes/Spiral.swift:148:4: error: 'Previewable()' is only available in watchOS 10.0 or newer
146 | #Preview {
147 |   @Previewable @State var turns: CGFloat = 1
148 |   @Previewable @State var offset: CGFloat = 0
    |    |- error: 'Previewable()' is only available in watchOS 10.0 or newer
    |    `- note: add 'if #available' version check
149 |   @Previewable @State var growth: WIP.Spiral.SpiralType = .archimedes
150 |
/Users/admin/builder/spi-builder-workspace/Sources/Shapes/Spiral.swift:149:4: error: 'Previewable()' is only available in watchOS 10.0 or newer
147 |   @Previewable @State var turns: CGFloat = 1
148 |   @Previewable @State var offset: CGFloat = 0
149 |   @Previewable @State var growth: WIP.Spiral.SpiralType = .archimedes
    |    |- error: 'Previewable()' is only available in watchOS 10.0 or newer
    |    `- note: add 'if #available' version check
150 |
151 |   VStack {
/Users/admin/builder/spi-builder-workspace/Sources/Shapes/Spiral.swift:166:19: error: 'segmented' is unavailable in watchOS
164 |       Text("C")
165 |     }
166 |     .pickerStyle(.segmented)
    |                   `- error: 'segmented' is unavailable in watchOS
167 |
168 |
SwiftUI.PickerStyle.segmented:2:43: note: 'segmented' has been explicitly marked unavailable here
1 | protocol PickerStyle {
2 | @export(implementation) public static var segmented: SegmentedPickerStyle { get }}
  |                                           `- note: 'segmented' has been explicitly marked unavailable here
3 |
/Users/admin/builder/spi-builder-workspace/Sources/Shapes/Spiral.swift:172:8: error: 'fill(_:style:)' is only available in watchOS 10.0 or newer
170 |
171 |     shape
172 |       .fill(Color.yellow)
    |        |- error: 'fill(_:style:)' is only available in watchOS 10.0 or newer
    |        `- note: add 'if #available' version check
173 |       .stroke(Color.black, lineWidth: 5)
174 |       .frame(width: 256, height: 256)
/Users/admin/builder/spi-builder-workspace/Sources/Shapes/Spiral.swift:173:8: error: 'stroke(_:lineWidth:antialiased:)' is only available in watchOS 10.0 or newer
171 |     shape
172 |       .fill(Color.yellow)
173 |       .stroke(Color.black, lineWidth: 5)
    |        |- error: 'stroke(_:lineWidth:antialiased:)' is only available in watchOS 10.0 or newer
    |        `- note: add 'if #available' version check
174 |       .frame(width: 256, height: 256)
175 |       .border(Color.black)
/Users/admin/builder/spi-builder-workspace/Sources/Shapes/Spiral.swift:190:4: error: 'Previewable()' is only available in watchOS 10.0 or newer
188 | @available(macOS 14.0, iOS 17.0, *)
189 | #Preview {
190 |   @Previewable @State var isAnimating: Bool = false
    |    |- error: 'Previewable()' is only available in watchOS 10.0 or newer
    |    `- note: add 'if #available' version check
191 |
192 |   WIP.Spiral(turns: 5)
/Users/admin/builder/spi-builder-workspace/Sources/Shapes/Spiral.swift:194:6: error: 'fill(_:style:)' is only available in watchOS 10.0 or newer
192 |   WIP.Spiral(turns: 5)
193 |     .trim(from: 0, to: isAnimating ? 1 : 0)
194 |     .fill(Color.red)
    |      |- error: 'fill(_:style:)' is only available in watchOS 10.0 or newer
    |      `- note: add 'if #available' version check
195 |     .stroke(Color.yellow, lineWidth: 5)
196 |     .contentShape(.rect)
/Users/admin/builder/spi-builder-workspace/Sources/Shapes/Spiral.swift:195:6: error: 'stroke(_:lineWidth:antialiased:)' is only available in watchOS 10.0 or newer
193 |     .trim(from: 0, to: isAnimating ? 1 : 0)
194 |     .fill(Color.red)
195 |     .stroke(Color.yellow, lineWidth: 5)
    |      |- error: 'stroke(_:lineWidth:antialiased:)' is only available in watchOS 10.0 or newer
    |      `- note: add 'if #available' version check
196 |     .contentShape(.rect)
197 |     .animation(.easeInOut(duration: 1), value: isAnimating)
SwiftCompile normal arm64 Compiling\ Lune.swift,\ Math.swift,\ NormalizedShape.swift,\ Numeric+Extensions.swift,\ Parallelogram.swift,\ Path+Extensions.swift,\ Polygon.swift /Users/admin/builder/spi-builder-workspace/Sources/Shapes/Lune.swift /Users/admin/builder/spi-builder-workspace/Sources/Shapes/Math.swift /Users/admin/builder/spi-builder-workspace/Sources/Shapes/NormalizedShape.swift /Users/admin/builder/spi-builder-workspace/Sources/Shapes/Numeric+Extensions.swift /Users/admin/builder/spi-builder-workspace/Sources/Shapes/Parallelogram.swift /Users/admin/builder/spi-builder-workspace/Sources/Shapes/Path+Extensions.swift /Users/admin/builder/spi-builder-workspace/Sources/Shapes/Polygon.swift (in target 'Shapes' from project 'Shapes')
/Users/admin/builder/spi-builder-workspace/Sources/Shapes/Spiral.swift:147:4: error: 'Previewable()' is only available in watchOS 10.0 or newer
145 | @available(macOS 14.0, iOS 17.0, *)
146 | #Preview {
147 |   @Previewable @State var turns: CGFloat = 1
    |    |- error: 'Previewable()' is only available in watchOS 10.0 or newer
    |    `- note: add 'if #available' version check
148 |   @Previewable @State var offset: CGFloat = 0
149 |   @Previewable @State var growth: WIP.Spiral.SpiralType = .archimedes
/Users/admin/builder/spi-builder-workspace/Sources/Shapes/Spiral.swift:148:4: error: 'Previewable()' is only available in watchOS 10.0 or newer
146 | #Preview {
147 |   @Previewable @State var turns: CGFloat = 1
148 |   @Previewable @State var offset: CGFloat = 0
    |    |- error: 'Previewable()' is only available in watchOS 10.0 or newer
    |    `- note: add 'if #available' version check
149 |   @Previewable @State var growth: WIP.Spiral.SpiralType = .archimedes
150 |
/Users/admin/builder/spi-builder-workspace/Sources/Shapes/Spiral.swift:149:4: error: 'Previewable()' is only available in watchOS 10.0 or newer
147 |   @Previewable @State var turns: CGFloat = 1
148 |   @Previewable @State var offset: CGFloat = 0
149 |   @Previewable @State var growth: WIP.Spiral.SpiralType = .archimedes
    |    |- error: 'Previewable()' is only available in watchOS 10.0 or newer
    |    `- note: add 'if #available' version check
150 |
151 |   VStack {
/Users/admin/builder/spi-builder-workspace/Sources/Shapes/Spiral.swift:166:19: error: 'segmented' is unavailable in watchOS
164 |       Text("C")
165 |     }
166 |     .pickerStyle(.segmented)
    |                   `- error: 'segmented' is unavailable in watchOS
167 |
168 |
SwiftUI.PickerStyle.segmented:2:43: note: 'segmented' has been explicitly marked unavailable here
1 | protocol PickerStyle {
2 | @export(implementation) public static var segmented: SegmentedPickerStyle { get }}
  |                                           `- note: 'segmented' has been explicitly marked unavailable here
3 |
/Users/admin/builder/spi-builder-workspace/Sources/Shapes/Spiral.swift:172:8: error: 'fill(_:style:)' is only available in watchOS 10.0 or newer
170 |
171 |     shape
172 |       .fill(Color.yellow)
    |        |- error: 'fill(_:style:)' is only available in watchOS 10.0 or newer
    |        `- note: add 'if #available' version check
173 |       .stroke(Color.black, lineWidth: 5)
174 |       .frame(width: 256, height: 256)
/Users/admin/builder/spi-builder-workspace/Sources/Shapes/Spiral.swift:173:8: error: 'stroke(_:lineWidth:antialiased:)' is only available in watchOS 10.0 or newer
171 |     shape
172 |       .fill(Color.yellow)
173 |       .stroke(Color.black, lineWidth: 5)
    |        |- error: 'stroke(_:lineWidth:antialiased:)' is only available in watchOS 10.0 or newer
    |        `- note: add 'if #available' version check
174 |       .frame(width: 256, height: 256)
175 |       .border(Color.black)
/Users/admin/builder/spi-builder-workspace/Sources/Shapes/Spiral.swift:190:4: error: 'Previewable()' is only available in watchOS 10.0 or newer
188 | @available(macOS 14.0, iOS 17.0, *)
189 | #Preview {
190 |   @Previewable @State var isAnimating: Bool = false
    |    |- error: 'Previewable()' is only available in watchOS 10.0 or newer
    |    `- note: add 'if #available' version check
191 |
192 |   WIP.Spiral(turns: 5)
/Users/admin/builder/spi-builder-workspace/Sources/Shapes/Spiral.swift:194:6: error: 'fill(_:style:)' is only available in watchOS 10.0 or newer
192 |   WIP.Spiral(turns: 5)
193 |     .trim(from: 0, to: isAnimating ? 1 : 0)
194 |     .fill(Color.red)
    |      |- error: 'fill(_:style:)' is only available in watchOS 10.0 or newer
    |      `- note: add 'if #available' version check
195 |     .stroke(Color.yellow, lineWidth: 5)
196 |     .contentShape(.rect)
SwiftCompile normal arm64 /Users/admin/builder/spi-builder-workspace/Sources/Shapes/Lune.swift (in target 'Shapes' from project 'Shapes')
    cd /Users/admin/builder/spi-builder-workspace/.swiftpm/xcode
    builtin-SwiftPerFileCompile Lune.swift
SwiftCompile normal arm64 /Users/admin/builder/spi-builder-workspace/Sources/Shapes/Math.swift (in target 'Shapes' from project 'Shapes')
    cd /Users/admin/builder/spi-builder-workspace/.swiftpm/xcode
    builtin-SwiftPerFileCompile Math.swift
SwiftCompile normal arm64 /Users/admin/builder/spi-builder-workspace/Sources/Shapes/NormalizedShape.swift (in target 'Shapes' from project 'Shapes')
    cd /Users/admin/builder/spi-builder-workspace/.swiftpm/xcode
    builtin-SwiftPerFileCompile NormalizedShape.swift
SwiftCompile normal arm64 /Users/admin/builder/spi-builder-workspace/Sources/Shapes/Numeric+Extensions.swift (in target 'Shapes' from project 'Shapes')
    cd /Users/admin/builder/spi-builder-workspace/.swiftpm/xcode
    builtin-SwiftPerFileCompile Numeric+Extensions.swift
SwiftCompile normal arm64 /Users/admin/builder/spi-builder-workspace/Sources/Shapes/Parallelogram.swift (in target 'Shapes' from project 'Shapes')
    cd /Users/admin/builder/spi-builder-workspace/.swiftpm/xcode
    builtin-SwiftPerFileCompile Parallelogram.swift
SwiftCompile normal arm64 /Users/admin/builder/spi-builder-workspace/Sources/Shapes/Path+Extensions.swift (in target 'Shapes' from project 'Shapes')
    cd /Users/admin/builder/spi-builder-workspace/.swiftpm/xcode
    builtin-SwiftPerFileCompile Path+Extensions.swift
SwiftCompile normal arm64 /Users/admin/builder/spi-builder-workspace/Sources/Shapes/Polygon.swift (in target 'Shapes' from project 'Shapes')
    cd /Users/admin/builder/spi-builder-workspace/.swiftpm/xcode
    builtin-SwiftPerFileCompile Polygon.swift
SwiftCompile normal arm64 Compiling\ Diamond.swift,\ DragonCurve.swift,\ Egg.swift,\ Halftone.swift,\ Hatching.swift,\ Heart.swift,\ InsetShape.swift /Users/admin/builder/spi-builder-workspace/Sources/Shapes/Diamond.swift /Users/admin/builder/spi-builder-workspace/Sources/Shapes/DragonCurve.swift /Users/admin/builder/spi-builder-workspace/Sources/Shapes/Egg.swift /Users/admin/builder/spi-builder-workspace/Sources/Shapes/Halftone.swift /Users/admin/builder/spi-builder-workspace/Sources/Shapes/Hatching.swift /Users/admin/builder/spi-builder-workspace/Sources/Shapes/Heart.swift /Users/admin/builder/spi-builder-workspace/Sources/Shapes/InsetShape.swift (in target 'Shapes' from project 'Shapes')
/Users/admin/builder/spi-builder-workspace/Sources/Shapes/Spiral.swift:147:4: error: 'Previewable()' is only available in watchOS 10.0 or newer
145 | @available(macOS 14.0, iOS 17.0, *)
146 | #Preview {
147 |   @Previewable @State var turns: CGFloat = 1
    |    |- error: 'Previewable()' is only available in watchOS 10.0 or newer
    |    `- note: add 'if #available' version check
148 |   @Previewable @State var offset: CGFloat = 0
149 |   @Previewable @State var growth: WIP.Spiral.SpiralType = .archimedes
/Users/admin/builder/spi-builder-workspace/Sources/Shapes/Spiral.swift:148:4: error: 'Previewable()' is only available in watchOS 10.0 or newer
146 | #Preview {
147 |   @Previewable @State var turns: CGFloat = 1
148 |   @Previewable @State var offset: CGFloat = 0
    |    |- error: 'Previewable()' is only available in watchOS 10.0 or newer
    |    `- note: add 'if #available' version check
149 |   @Previewable @State var growth: WIP.Spiral.SpiralType = .archimedes
150 |
/Users/admin/builder/spi-builder-workspace/Sources/Shapes/Spiral.swift:149:4: error: 'Previewable()' is only available in watchOS 10.0 or newer
147 |   @Previewable @State var turns: CGFloat = 1
148 |   @Previewable @State var offset: CGFloat = 0
149 |   @Previewable @State var growth: WIP.Spiral.SpiralType = .archimedes
    |    |- error: 'Previewable()' is only available in watchOS 10.0 or newer
    |    `- note: add 'if #available' version check
150 |
151 |   VStack {
/Users/admin/builder/spi-builder-workspace/Sources/Shapes/Spiral.swift:166:19: error: 'segmented' is unavailable in watchOS
164 |       Text("C")
165 |     }
166 |     .pickerStyle(.segmented)
    |                   `- error: 'segmented' is unavailable in watchOS
167 |
168 |
SwiftUI.PickerStyle.segmented:2:43: note: 'segmented' has been explicitly marked unavailable here
1 | protocol PickerStyle {
2 | @export(implementation) public static var segmented: SegmentedPickerStyle { get }}
  |                                           `- note: 'segmented' has been explicitly marked unavailable here
3 |
/Users/admin/builder/spi-builder-workspace/Sources/Shapes/Spiral.swift:172:8: error: 'fill(_:style:)' is only available in watchOS 10.0 or newer
170 |
171 |     shape
172 |       .fill(Color.yellow)
    |        |- error: 'fill(_:style:)' is only available in watchOS 10.0 or newer
    |        `- note: add 'if #available' version check
173 |       .stroke(Color.black, lineWidth: 5)
174 |       .frame(width: 256, height: 256)
/Users/admin/builder/spi-builder-workspace/Sources/Shapes/Spiral.swift:173:8: error: 'stroke(_:lineWidth:antialiased:)' is only available in watchOS 10.0 or newer
171 |     shape
172 |       .fill(Color.yellow)
173 |       .stroke(Color.black, lineWidth: 5)
    |        |- error: 'stroke(_:lineWidth:antialiased:)' is only available in watchOS 10.0 or newer
    |        `- note: add 'if #available' version check
174 |       .frame(width: 256, height: 256)
175 |       .border(Color.black)
/Users/admin/builder/spi-builder-workspace/Sources/Shapes/Spiral.swift:190:4: error: 'Previewable()' is only available in watchOS 10.0 or newer
188 | @available(macOS 14.0, iOS 17.0, *)
189 | #Preview {
190 |   @Previewable @State var isAnimating: Bool = false
    |    |- error: 'Previewable()' is only available in watchOS 10.0 or newer
    |    `- note: add 'if #available' version check
191 |
192 |   WIP.Spiral(turns: 5)
/Users/admin/builder/spi-builder-workspace/Sources/Shapes/Spiral.swift:194:6: error: 'fill(_:style:)' is only available in watchOS 10.0 or newer
192 |   WIP.Spiral(turns: 5)
193 |     .trim(from: 0, to: isAnimating ? 1 : 0)
194 |     .fill(Color.red)
    |      |- error: 'fill(_:style:)' is only available in watchOS 10.0 or newer
    |      `- note: add 'if #available' version check
195 |     .stroke(Color.yellow, lineWidth: 5)
196 |     .contentShape(.rect)
SwiftCompile normal arm64 /Users/admin/builder/spi-builder-workspace/Sources/Shapes/Diamond.swift (in target 'Shapes' from project 'Shapes')
    cd /Users/admin/builder/spi-builder-workspace/.swiftpm/xcode
    builtin-SwiftPerFileCompile Diamond.swift
SwiftCompile normal arm64 /Users/admin/builder/spi-builder-workspace/Sources/Shapes/DragonCurve.swift (in target 'Shapes' from project 'Shapes')
    cd /Users/admin/builder/spi-builder-workspace/.swiftpm/xcode
    builtin-SwiftPerFileCompile DragonCurve.swift
SwiftCompile normal arm64 /Users/admin/builder/spi-builder-workspace/Sources/Shapes/Egg.swift (in target 'Shapes' from project 'Shapes')
    cd /Users/admin/builder/spi-builder-workspace/.swiftpm/xcode
    builtin-SwiftPerFileCompile Egg.swift
SwiftCompile normal arm64 /Users/admin/builder/spi-builder-workspace/Sources/Shapes/Halftone.swift (in target 'Shapes' from project 'Shapes')
    cd /Users/admin/builder/spi-builder-workspace/.swiftpm/xcode
    builtin-SwiftPerFileCompile Halftone.swift
SwiftCompile normal arm64 /Users/admin/builder/spi-builder-workspace/Sources/Shapes/Hatching.swift (in target 'Shapes' from project 'Shapes')
    cd /Users/admin/builder/spi-builder-workspace/.swiftpm/xcode
    builtin-SwiftPerFileCompile Hatching.swift
SwiftCompile normal arm64 /Users/admin/builder/spi-builder-workspace/Sources/Shapes/Heart.swift (in target 'Shapes' from project 'Shapes')
    cd /Users/admin/builder/spi-builder-workspace/.swiftpm/xcode
    builtin-SwiftPerFileCompile Heart.swift
SwiftCompile normal arm64 /Users/admin/builder/spi-builder-workspace/Sources/Shapes/InsetShape.swift (in target 'Shapes' from project 'Shapes')
    cd /Users/admin/builder/spi-builder-workspace/.swiftpm/xcode
    builtin-SwiftPerFileCompile InsetShape.swift
SwiftCompile normal arm64 Compiling\ Square.swift,\ StarPolygon.swift,\ StrokeBorderedShape.swift,\ StrokeStyledCircle.swift,\ StrokeStyledPolygon.swift,\ StrokeStyledRectangle.swift,\ TaperedRectangle.swift /Users/admin/builder/spi-builder-workspace/Sources/Shapes/Square.swift /Users/admin/builder/spi-builder-workspace/Sources/Shapes/StarPolygon.swift /Users/admin/builder/spi-builder-workspace/Sources/Shapes/StrokeBorderedShape.swift /Users/admin/builder/spi-builder-workspace/Sources/Shapes/StrokeStyledCircle.swift /Users/admin/builder/spi-builder-workspace/Sources/Shapes/StrokeStyledPolygon.swift /Users/admin/builder/spi-builder-workspace/Sources/Shapes/StrokeStyledRectangle.swift /Users/admin/builder/spi-builder-workspace/Sources/Shapes/TaperedRectangle.swift (in target 'Shapes' from project 'Shapes')
/Users/admin/builder/spi-builder-workspace/Sources/Shapes/Spiral.swift:147:4: error: 'Previewable()' is only available in watchOS 10.0 or newer
145 | @available(macOS 14.0, iOS 17.0, *)
146 | #Preview {
147 |   @Previewable @State var turns: CGFloat = 1
    |    |- error: 'Previewable()' is only available in watchOS 10.0 or newer
    |    `- note: add 'if #available' version check
148 |   @Previewable @State var offset: CGFloat = 0
149 |   @Previewable @State var growth: WIP.Spiral.SpiralType = .archimedes
/Users/admin/builder/spi-builder-workspace/Sources/Shapes/Spiral.swift:148:4: error: 'Previewable()' is only available in watchOS 10.0 or newer
146 | #Preview {
147 |   @Previewable @State var turns: CGFloat = 1
148 |   @Previewable @State var offset: CGFloat = 0
    |    |- error: 'Previewable()' is only available in watchOS 10.0 or newer
    |    `- note: add 'if #available' version check
149 |   @Previewable @State var growth: WIP.Spiral.SpiralType = .archimedes
150 |
/Users/admin/builder/spi-builder-workspace/Sources/Shapes/Spiral.swift:149:4: error: 'Previewable()' is only available in watchOS 10.0 or newer
147 |   @Previewable @State var turns: CGFloat = 1
148 |   @Previewable @State var offset: CGFloat = 0
149 |   @Previewable @State var growth: WIP.Spiral.SpiralType = .archimedes
    |    |- error: 'Previewable()' is only available in watchOS 10.0 or newer
    |    `- note: add 'if #available' version check
150 |
151 |   VStack {
/Users/admin/builder/spi-builder-workspace/Sources/Shapes/Spiral.swift:166:19: error: 'segmented' is unavailable in watchOS
164 |       Text("C")
165 |     }
166 |     .pickerStyle(.segmented)
    |                   `- error: 'segmented' is unavailable in watchOS
167 |
168 |
SwiftUI.PickerStyle.segmented:2:43: note: 'segmented' has been explicitly marked unavailable here
1 | protocol PickerStyle {
2 | @export(implementation) public static var segmented: SegmentedPickerStyle { get }}
  |                                           `- note: 'segmented' has been explicitly marked unavailable here
3 |
/Users/admin/builder/spi-builder-workspace/Sources/Shapes/Spiral.swift:172:8: error: 'fill(_:style:)' is only available in watchOS 10.0 or newer
170 |
171 |     shape
172 |       .fill(Color.yellow)
    |        |- error: 'fill(_:style:)' is only available in watchOS 10.0 or newer
    |        `- note: add 'if #available' version check
173 |       .stroke(Color.black, lineWidth: 5)
174 |       .frame(width: 256, height: 256)
/Users/admin/builder/spi-builder-workspace/Sources/Shapes/Spiral.swift:173:8: error: 'stroke(_:lineWidth:antialiased:)' is only available in watchOS 10.0 or newer
171 |     shape
172 |       .fill(Color.yellow)
173 |       .stroke(Color.black, lineWidth: 5)
    |        |- error: 'stroke(_:lineWidth:antialiased:)' is only available in watchOS 10.0 or newer
    |        `- note: add 'if #available' version check
174 |       .frame(width: 256, height: 256)
175 |       .border(Color.black)
/Users/admin/builder/spi-builder-workspace/Sources/Shapes/Spiral.swift:190:4: error: 'Previewable()' is only available in watchOS 10.0 or newer
188 | @available(macOS 14.0, iOS 17.0, *)
189 | #Preview {
190 |   @Previewable @State var isAnimating: Bool = false
    |    |- error: 'Previewable()' is only available in watchOS 10.0 or newer
    |    `- note: add 'if #available' version check
191 |
192 |   WIP.Spiral(turns: 5)
/Users/admin/builder/spi-builder-workspace/Sources/Shapes/Spiral.swift:194:6: error: 'fill(_:style:)' is only available in watchOS 10.0 or newer
192 |   WIP.Spiral(turns: 5)
193 |     .trim(from: 0, to: isAnimating ? 1 : 0)
194 |     .fill(Color.red)
    |      |- error: 'fill(_:style:)' is only available in watchOS 10.0 or newer
    |      `- note: add 'if #available' version check
195 |     .stroke(Color.yellow, lineWidth: 5)
196 |     .contentShape(.rect)
SwiftCompile normal arm64 /Users/admin/builder/spi-builder-workspace/Sources/Shapes/Square.swift (in target 'Shapes' from project 'Shapes')
    cd /Users/admin/builder/spi-builder-workspace/.swiftpm/xcode
    builtin-SwiftPerFileCompile Square.swift
SwiftCompile normal arm64 /Users/admin/builder/spi-builder-workspace/Sources/Shapes/StarPolygon.swift (in target 'Shapes' from project 'Shapes')
    cd /Users/admin/builder/spi-builder-workspace/.swiftpm/xcode
    builtin-SwiftPerFileCompile StarPolygon.swift
SwiftCompile normal arm64 /Users/admin/builder/spi-builder-workspace/Sources/Shapes/StrokeBorderedShape.swift (in target 'Shapes' from project 'Shapes')
    cd /Users/admin/builder/spi-builder-workspace/.swiftpm/xcode
    builtin-SwiftPerFileCompile StrokeBorderedShape.swift
SwiftCompile normal arm64 /Users/admin/builder/spi-builder-workspace/Sources/Shapes/StrokeStyledCircle.swift (in target 'Shapes' from project 'Shapes')
    cd /Users/admin/builder/spi-builder-workspace/.swiftpm/xcode
    builtin-SwiftPerFileCompile StrokeStyledCircle.swift
SwiftCompile normal arm64 /Users/admin/builder/spi-builder-workspace/Sources/Shapes/StrokeStyledPolygon.swift (in target 'Shapes' from project 'Shapes')
    cd /Users/admin/builder/spi-builder-workspace/.swiftpm/xcode
    builtin-SwiftPerFileCompile StrokeStyledPolygon.swift
SwiftCompile normal arm64 /Users/admin/builder/spi-builder-workspace/Sources/Shapes/StrokeStyledRectangle.swift (in target 'Shapes' from project 'Shapes')
    cd /Users/admin/builder/spi-builder-workspace/.swiftpm/xcode
    builtin-SwiftPerFileCompile StrokeStyledRectangle.swift
SwiftCompile normal arm64 /Users/admin/builder/spi-builder-workspace/Sources/Shapes/TaperedRectangle.swift (in target 'Shapes' from project 'Shapes')
    cd /Users/admin/builder/spi-builder-workspace/.swiftpm/xcode
    builtin-SwiftPerFileCompile TaperedRectangle.swift
SwiftCompile normal arm64 Compiling\ Teardrop.swift,\ TiledShape.swift,\ Torx.swift,\ Trapezoid.swift,\ Triquetra.swift,\ Types.swift,\ VectorPoint.swift /Users/admin/builder/spi-builder-workspace/Sources/Shapes/Teardrop.swift /Users/admin/builder/spi-builder-workspace/Sources/Shapes/TiledShape.swift /Users/admin/builder/spi-builder-workspace/Sources/Shapes/Torx.swift /Users/admin/builder/spi-builder-workspace/Sources/Shapes/Trapezoid.swift /Users/admin/builder/spi-builder-workspace/Sources/Shapes/Triquetra.swift /Users/admin/builder/spi-builder-workspace/Sources/Shapes/Types.swift /Users/admin/builder/spi-builder-workspace/Sources/Shapes/VectorPoint.swift (in target 'Shapes' from project 'Shapes')
SwiftCompile normal arm64 /Users/admin/builder/spi-builder-workspace/Sources/Shapes/Teardrop.swift (in target 'Shapes' from project 'Shapes')
    cd /Users/admin/builder/spi-builder-workspace/.swiftpm/xcode
    builtin-SwiftPerFileCompile Teardrop.swift
SwiftCompile normal arm64 /Users/admin/builder/spi-builder-workspace/Sources/Shapes/TiledShape.swift (in target 'Shapes' from project 'Shapes')
    cd /Users/admin/builder/spi-builder-workspace/.swiftpm/xcode
    builtin-SwiftPerFileCompile TiledShape.swift
SwiftCompile normal arm64 /Users/admin/builder/spi-builder-workspace/Sources/Shapes/Torx.swift (in target 'Shapes' from project 'Shapes')
    cd /Users/admin/builder/spi-builder-workspace/.swiftpm/xcode
    builtin-SwiftPerFileCompile Torx.swift
SwiftCompile normal arm64 /Users/admin/builder/spi-builder-workspace/Sources/Shapes/Trapezoid.swift (in target 'Shapes' from project 'Shapes')
    cd /Users/admin/builder/spi-builder-workspace/.swiftpm/xcode
    builtin-SwiftPerFileCompile Trapezoid.swift
SwiftCompile normal arm64 /Users/admin/builder/spi-builder-workspace/Sources/Shapes/Triquetra.swift (in target 'Shapes' from project 'Shapes')
    cd /Users/admin/builder/spi-builder-workspace/.swiftpm/xcode
    builtin-SwiftPerFileCompile Triquetra.swift
SwiftCompile normal arm64 /Users/admin/builder/spi-builder-workspace/Sources/Shapes/Types.swift (in target 'Shapes' from project 'Shapes')
    cd /Users/admin/builder/spi-builder-workspace/.swiftpm/xcode
    builtin-SwiftPerFileCompile Types.swift
SwiftCompile normal arm64 /Users/admin/builder/spi-builder-workspace/Sources/Shapes/VectorPoint.swift (in target 'Shapes' from project 'Shapes')
    cd /Users/admin/builder/spi-builder-workspace/.swiftpm/xcode
    builtin-SwiftPerFileCompile VectorPoint.swift
SwiftCompile normal arm64 Compiling\ InvertedCornerRectangle.swift,\ InvertedShape.swift,\ IsoscelesTriangle.swift,\ IsotoxalPolygon.swift,\ Kite.swift,\ Lens.swift,\ Line.swift /Users/admin/builder/spi-builder-workspace/Sources/Shapes/InvertedCornerRectangle.swift /Users/admin/builder/spi-builder-workspace/Sources/Shapes/InvertedShape.swift /Users/admin/builder/spi-builder-workspace/Sources/Shapes/IsoscelesTriangle.swift /Users/admin/builder/spi-builder-workspace/Sources/Shapes/IsotoxalPolygon.swift /Users/admin/builder/spi-builder-workspace/Sources/Shapes/Kite.swift /Users/admin/builder/spi-builder-workspace/Sources/Shapes/Lens.swift /Users/admin/builder/spi-builder-workspace/Sources/Shapes/Line.swift (in target 'Shapes' from project 'Shapes')
SwiftCompile normal arm64 /Users/admin/builder/spi-builder-workspace/Sources/Shapes/InvertedCornerRectangle.swift (in target 'Shapes' from project 'Shapes')
    cd /Users/admin/builder/spi-builder-workspace/.swiftpm/xcode
    builtin-SwiftPerFileCompile InvertedCornerRectangle.swift
SwiftCompile normal arm64 /Users/admin/builder/spi-builder-workspace/Sources/Shapes/InvertedShape.swift (in target 'Shapes' from project 'Shapes')
    cd /Users/admin/builder/spi-builder-workspace/.swiftpm/xcode
    builtin-SwiftPerFileCompile InvertedShape.swift
SwiftCompile normal arm64 /Users/admin/builder/spi-builder-workspace/Sources/Shapes/IsoscelesTriangle.swift (in target 'Shapes' from project 'Shapes')
    cd /Users/admin/builder/spi-builder-workspace/.swiftpm/xcode
    builtin-SwiftPerFileCompile IsoscelesTriangle.swift
SwiftCompile normal arm64 /Users/admin/builder/spi-builder-workspace/Sources/Shapes/IsotoxalPolygon.swift (in target 'Shapes' from project 'Shapes')
    cd /Users/admin/builder/spi-builder-workspace/.swiftpm/xcode
    builtin-SwiftPerFileCompile IsotoxalPolygon.swift
SwiftCompile normal arm64 /Users/admin/builder/spi-builder-workspace/Sources/Shapes/Kite.swift (in target 'Shapes' from project 'Shapes')
    cd /Users/admin/builder/spi-builder-workspace/.swiftpm/xcode
    builtin-SwiftPerFileCompile Kite.swift
SwiftCompile normal arm64 /Users/admin/builder/spi-builder-workspace/Sources/Shapes/Lens.swift (in target 'Shapes' from project 'Shapes')
    cd /Users/admin/builder/spi-builder-workspace/.swiftpm/xcode
    builtin-SwiftPerFileCompile Lens.swift
SwiftCompile normal arm64 /Users/admin/builder/spi-builder-workspace/Sources/Shapes/Line.swift (in target 'Shapes' from project 'Shapes')
    cd /Users/admin/builder/spi-builder-workspace/.swiftpm/xcode
    builtin-SwiftPerFileCompile Line.swift
SwiftCompile normal arm64 Compiling\ AlignmentShape.swift,\ AnimatablePoints.swift,\ AnnularSteinerChain.swift,\ Arbelos.swift,\ Array.swift,\ Arrowhead.swift,\ Bar.swift,\ BenDayDot.swift /Users/admin/builder/spi-builder-workspace/Sources/Shapes/AlignmentShape.swift /Users/admin/builder/spi-builder-workspace/Sources/Shapes/AnimatablePoints.swift /Users/admin/builder/spi-builder-workspace/Sources/Shapes/AnnularSteinerChain.swift /Users/admin/builder/spi-builder-workspace/Sources/Shapes/Arbelos.swift /Users/admin/builder/spi-builder-workspace/Sources/Shapes/Array.swift /Users/admin/builder/spi-builder-workspace/Sources/Shapes/Arrowhead.swift /Users/admin/builder/spi-builder-workspace/Sources/Shapes/Bar.swift /Users/admin/builder/spi-builder-workspace/Sources/Shapes/BenDayDot.swift (in target 'Shapes' from project 'Shapes')
/Users/admin/builder/spi-builder-workspace/Sources/Shapes/Spiral.swift:147:4: error: 'Previewable()' is only available in watchOS 10.0 or newer
145 | @available(macOS 14.0, iOS 17.0, *)
146 | #Preview {
147 |   @Previewable @State var turns: CGFloat = 1
    |    |- error: 'Previewable()' is only available in watchOS 10.0 or newer
    |    `- note: add 'if #available' version check
148 |   @Previewable @State var offset: CGFloat = 0
149 |   @Previewable @State var growth: WIP.Spiral.SpiralType = .archimedes
/Users/admin/builder/spi-builder-workspace/Sources/Shapes/Spiral.swift:148:4: error: 'Previewable()' is only available in watchOS 10.0 or newer
146 | #Preview {
147 |   @Previewable @State var turns: CGFloat = 1
148 |   @Previewable @State var offset: CGFloat = 0
    |    |- error: 'Previewable()' is only available in watchOS 10.0 or newer
    |    `- note: add 'if #available' version check
149 |   @Previewable @State var growth: WIP.Spiral.SpiralType = .archimedes
150 |
/Users/admin/builder/spi-builder-workspace/Sources/Shapes/Spiral.swift:149:4: error: 'Previewable()' is only available in watchOS 10.0 or newer
147 |   @Previewable @State var turns: CGFloat = 1
148 |   @Previewable @State var offset: CGFloat = 0
149 |   @Previewable @State var growth: WIP.Spiral.SpiralType = .archimedes
    |    |- error: 'Previewable()' is only available in watchOS 10.0 or newer
    |    `- note: add 'if #available' version check
150 |
151 |   VStack {
/Users/admin/builder/spi-builder-workspace/Sources/Shapes/Spiral.swift:166:19: error: 'segmented' is unavailable in watchOS
164 |       Text("C")
165 |     }
166 |     .pickerStyle(.segmented)
    |                   `- error: 'segmented' is unavailable in watchOS
167 |
168 |
SwiftUI.PickerStyle.segmented:2:43: note: 'segmented' has been explicitly marked unavailable here
1 | protocol PickerStyle {
2 | @export(implementation) public static var segmented: SegmentedPickerStyle { get }}
  |                                           `- note: 'segmented' has been explicitly marked unavailable here
3 |
/Users/admin/builder/spi-builder-workspace/Sources/Shapes/Spiral.swift:172:8: error: 'fill(_:style:)' is only available in watchOS 10.0 or newer
170 |
171 |     shape
172 |       .fill(Color.yellow)
    |        |- error: 'fill(_:style:)' is only available in watchOS 10.0 or newer
    |        `- note: add 'if #available' version check
173 |       .stroke(Color.black, lineWidth: 5)
174 |       .frame(width: 256, height: 256)
/Users/admin/builder/spi-builder-workspace/Sources/Shapes/Spiral.swift:173:8: error: 'stroke(_:lineWidth:antialiased:)' is only available in watchOS 10.0 or newer
171 |     shape
172 |       .fill(Color.yellow)
173 |       .stroke(Color.black, lineWidth: 5)
    |        |- error: 'stroke(_:lineWidth:antialiased:)' is only available in watchOS 10.0 or newer
    |        `- note: add 'if #available' version check
174 |       .frame(width: 256, height: 256)
175 |       .border(Color.black)
/Users/admin/builder/spi-builder-workspace/Sources/Shapes/Spiral.swift:190:4: error: 'Previewable()' is only available in watchOS 10.0 or newer
188 | @available(macOS 14.0, iOS 17.0, *)
189 | #Preview {
190 |   @Previewable @State var isAnimating: Bool = false
    |    |- error: 'Previewable()' is only available in watchOS 10.0 or newer
    |    `- note: add 'if #available' version check
191 |
192 |   WIP.Spiral(turns: 5)
/Users/admin/builder/spi-builder-workspace/Sources/Shapes/Spiral.swift:194:6: error: 'fill(_:style:)' is only available in watchOS 10.0 or newer
192 |   WIP.Spiral(turns: 5)
193 |     .trim(from: 0, to: isAnimating ? 1 : 0)
194 |     .fill(Color.red)
    |      |- error: 'fill(_:style:)' is only available in watchOS 10.0 or newer
    |      `- note: add 'if #available' version check
195 |     .stroke(Color.yellow, lineWidth: 5)
196 |     .contentShape(.rect)
SwiftCompile normal arm64 /Users/admin/builder/spi-builder-workspace/Sources/Shapes/AlignmentShape.swift (in target 'Shapes' from project 'Shapes')
    cd /Users/admin/builder/spi-builder-workspace/.swiftpm/xcode
    builtin-SwiftPerFileCompile AlignmentShape.swift
SwiftCompile normal arm64 /Users/admin/builder/spi-builder-workspace/Sources/Shapes/AnimatablePoints.swift (in target 'Shapes' from project 'Shapes')
    cd /Users/admin/builder/spi-builder-workspace/.swiftpm/xcode
    builtin-SwiftPerFileCompile AnimatablePoints.swift
SwiftCompile normal arm64 /Users/admin/builder/spi-builder-workspace/Sources/Shapes/AnnularSteinerChain.swift (in target 'Shapes' from project 'Shapes')
    cd /Users/admin/builder/spi-builder-workspace/.swiftpm/xcode
    builtin-SwiftPerFileCompile AnnularSteinerChain.swift
SwiftCompile normal arm64 /Users/admin/builder/spi-builder-workspace/Sources/Shapes/Arbelos.swift (in target 'Shapes' from project 'Shapes')
    cd /Users/admin/builder/spi-builder-workspace/.swiftpm/xcode
    builtin-SwiftPerFileCompile Arbelos.swift
SwiftCompile normal arm64 /Users/admin/builder/spi-builder-workspace/Sources/Shapes/Array.swift (in target 'Shapes' from project 'Shapes')
    cd /Users/admin/builder/spi-builder-workspace/.swiftpm/xcode
    builtin-SwiftPerFileCompile Array.swift
SwiftCompile normal arm64 /Users/admin/builder/spi-builder-workspace/Sources/Shapes/Arrowhead.swift (in target 'Shapes' from project 'Shapes')
    cd /Users/admin/builder/spi-builder-workspace/.swiftpm/xcode
    builtin-SwiftPerFileCompile Arrowhead.swift
SwiftCompile normal arm64 /Users/admin/builder/spi-builder-workspace/Sources/Shapes/Bar.swift (in target 'Shapes' from project 'Shapes')
    cd /Users/admin/builder/spi-builder-workspace/.swiftpm/xcode
    builtin-SwiftPerFileCompile Bar.swift
SwiftCompile normal arm64 /Users/admin/builder/spi-builder-workspace/Sources/Shapes/BenDayDot.swift (in target 'Shapes' from project 'Shapes')
    cd /Users/admin/builder/spi-builder-workspace/.swiftpm/xcode
    builtin-SwiftPerFileCompile BenDayDot.swift
SwiftCompile normal arm64 Compiling\ CirclePattern.swift,\ CircleSector.swift,\ CompositeShape.swift,\ ConvexPolygon.swift,\ Crescent.swift,\ CutCornerRectangle.swift,\ DataPath.swift /Users/admin/builder/spi-builder-workspace/Sources/Shapes/CirclePattern.swift /Users/admin/builder/spi-builder-workspace/Sources/Shapes/CircleSector.swift /Users/admin/builder/spi-builder-workspace/Sources/Shapes/CompositeShape.swift /Users/admin/builder/spi-builder-workspace/Sources/Shapes/ConvexPolygon.swift /Users/admin/builder/spi-builder-workspace/Sources/Shapes/Crescent.swift /Users/admin/builder/spi-builder-workspace/Sources/Shapes/CutCornerRectangle.swift /Users/admin/builder/spi-builder-workspace/Sources/Shapes/DataPath.swift (in target 'Shapes' from project 'Shapes')
SwiftCompile normal arm64 /Users/admin/builder/spi-builder-workspace/Sources/Shapes/CirclePattern.swift (in target 'Shapes' from project 'Shapes')
    cd /Users/admin/builder/spi-builder-workspace/.swiftpm/xcode
    builtin-SwiftPerFileCompile CirclePattern.swift
SwiftCompile normal arm64 /Users/admin/builder/spi-builder-workspace/Sources/Shapes/CircleSector.swift (in target 'Shapes' from project 'Shapes')
    cd /Users/admin/builder/spi-builder-workspace/.swiftpm/xcode
    builtin-SwiftPerFileCompile CircleSector.swift
SwiftCompile normal arm64 /Users/admin/builder/spi-builder-workspace/Sources/Shapes/CompositeShape.swift (in target 'Shapes' from project 'Shapes')
    cd /Users/admin/builder/spi-builder-workspace/.swiftpm/xcode
    builtin-SwiftPerFileCompile CompositeShape.swift
SwiftCompile normal arm64 /Users/admin/builder/spi-builder-workspace/Sources/Shapes/ConvexPolygon.swift (in target 'Shapes' from project 'Shapes')
    cd /Users/admin/builder/spi-builder-workspace/.swiftpm/xcode
    builtin-SwiftPerFileCompile ConvexPolygon.swift
SwiftCompile normal arm64 /Users/admin/builder/spi-builder-workspace/Sources/Shapes/Crescent.swift (in target 'Shapes' from project 'Shapes')
    cd /Users/admin/builder/spi-builder-workspace/.swiftpm/xcode
    builtin-SwiftPerFileCompile Crescent.swift
SwiftCompile normal arm64 /Users/admin/builder/spi-builder-workspace/Sources/Shapes/CutCornerRectangle.swift (in target 'Shapes' from project 'Shapes')
    cd /Users/admin/builder/spi-builder-workspace/.swiftpm/xcode
    builtin-SwiftPerFileCompile CutCornerRectangle.swift
SwiftCompile normal arm64 /Users/admin/builder/spi-builder-workspace/Sources/Shapes/DataPath.swift (in target 'Shapes' from project 'Shapes')
    cd /Users/admin/builder/spi-builder-workspace/.swiftpm/xcode
    builtin-SwiftPerFileCompile DataPath.swift
SwiftEmitModule normal arm64_32 Emitting\ module\ for\ Shapes (in target 'Shapes' from project 'Shapes')
SwiftCompile normal arm64_32 (in target 'Shapes' from project 'Shapes')
    cd /Users/admin/builder/spi-builder-workspace/.swiftpm/xcode

PruneExplicitPrecompiledModules /Users/admin/builder/spi-builder-workspace/.derivedData/SDKExplicitPrecompiledModules
PruneExplicitPrecompiledModules /Users/admin/builder/spi-builder-workspace/.derivedData/Build/Intermediates.noindex/ExplicitPrecompiledModules
PruneExplicitPrecompiledModules /Users/admin/builder/spi-builder-workspace/.derivedData/Build/Intermediates.noindex/SwiftExplicitPrecompiledModules
2026-09-22 12:57:02.903 xcodebuild[627:3899] [MT] IDERunDestination: Supported platforms for the buildables in the current scheme is empty.
** BUILD FAILED **
The following build commands failed:
	SwiftEmitModule normal arm64 Emitting\ module\ for\ Shapes (in target 'Shapes' from project 'Shapes')
	SwiftCompile normal arm64 (in target 'Shapes' from project 'Shapes')
	Building workspace Shapes with scheme Shapes
(3 failures)
Command line invocation:
    /Applications/Xcode-27.0.0-Release.Candidate.app/Contents/Developer/usr/bin/xcodebuild -IDEClonedSourcePackagesDirPathOverride=/Users/admin/builder/spi-builder-workspace/.dependencies -resolvePackageDependencies
Resolve Package Graph
Resolved source packages:
  Shapes: /Users/admin/builder/spi-builder-workspace
resolved source packages: Shapes
2026-09-22 12:57:10.398 xcodebuild[802:4663] [MT] IDERunDestination: Supported platforms for the buildables in the current scheme is empty.
{
  "dependencies" : [
  ],
  "manifest_display_name" : "Shapes",
  "name" : "Shapes",
  "path" : "/Users/admin/builder/spi-builder-workspace",
  "platforms" : [
    {
      "name" : "macos",
      "version" : "12.0"
    },
    {
      "name" : "ios",
      "version" : "15.0"
    },
    {
      "name" : "tvos",
      "version" : "15.0"
    },
    {
      "name" : "watchos",
      "version" : "8.0"
    },
    {
      "name" : "visionos",
      "version" : "1.0"
    }
  ],
  "products" : [
    {
      "name" : "Shapes",
      "targets" : [
        "Shapes"
      ],
      "type" : {
        "library" : [
          "automatic"
        ]
      }
    }
  ],
  "targets" : [
    {
      "c99name" : "ShapesTests",
      "module_type" : "SwiftTarget",
      "name" : "ShapesTests",
      "path" : "Tests/ShapesTests",
      "sources" : [
        "KiteTests.swift",
        "TaperedRectTests.swift",
        "XCTestManifests.swift"
      ],
      "target_dependencies" : [
        "Shapes"
      ],
      "type" : "test"
    },
    {
      "c99name" : "Shapes",
      "module_type" : "SwiftTarget",
      "name" : "Shapes",
      "path" : "Sources/Shapes",
      "product_memberships" : [
        "Shapes"
      ],
      "sources" : [
        "AlignmentShape.swift",
        "AnimatablePoints.swift",
        "AnnularSteinerChain.swift",
        "Arbelos.swift",
        "Array.swift",
        "Arrowhead.swift",
        "Bar.swift",
        "BenDayDot.swift",
        "BorderedPolygon.swift",
        "BorderedRectangle.swift",
        "Bullet.swift",
        "CGAffineTransform.swift",
        "CGPoint.swift",
        "CGRect.swift",
        "Check.swift",
        "CirclePattern.swift",
        "CircleSector.swift",
        "CompositeShape.swift",
        "ConvexPolygon.swift",
        "Crescent.swift",
        "CutCornerRectangle.swift",
        "DataPath.swift",
        "Diamond.swift",
        "DragonCurve.swift",
        "Egg.swift",
        "Halftone.swift",
        "Hatching.swift",
        "Heart.swift",
        "InsetShape.swift",
        "InvertedCornerRectangle.swift",
        "InvertedShape.swift",
        "IsoscelesTriangle.swift",
        "IsotoxalPolygon.swift",
        "Kite.swift",
        "Lens.swift",
        "Line.swift",
        "Lune.swift",
        "Math.swift",
        "NormalizedShape.swift",
        "Numeric+Extensions.swift",
        "Parallelogram.swift",
        "Path+Extensions.swift",
        "Polygon.swift",
        "Quad.swift",
        "QuadCorner.swift",
        "ReuleauxPolygon.swift",
        "RightKite.swift",
        "RightTriangle.swift",
        "Ring.swift",
        "RoundedPolygon.swift",
        "Salinon.swift",
        "SeededRandomNumberGenerator.swift",
        "SimplePolygon.swift",
        "SkewedShape.swift",
        "Spiral.swift",
        "Spirolateral.swift",
        "SpongeFilter.swift",
        "Square.swift",
        "StarPolygon.swift",
        "StrokeBorderedShape.swift",
        "StrokeStyledCircle.swift",
        "StrokeStyledPolygon.swift",
        "StrokeStyledRectangle.swift",
        "TaperedRectangle.swift",
        "Teardrop.swift",
        "TiledShape.swift",
        "Torx.swift",
        "Trapezoid.swift",
        "Triquetra.swift",
        "Types.swift",
        "VectorPoint.swift"
      ],
      "type" : "library"
    }
  ],
  "tools_version" : "5.10"
}
{
  "workspace" : {
    "name" : "Shapes",
    "schemes" : [
      "Shapes"
    ]
  }
}
2026-09-22 12:57:11.647 xcodebuild[810:4730] [MT] IDERunDestination: Supported platforms for the buildables in the current scheme is empty.
Running build ...
env DEVELOPER_DIR=/Applications/Xcode-27.0.0-Release.Candidate.app xcrun xcodebuild -IDEClonedSourcePackagesDirPathOverride=$PWD/.dependencies -skipMacroValidation -skipPackagePluginValidation -derivedDataPath $PWD/.derivedData build -scheme Shapes -destination generic/platform=watchOS
Command line invocation:
    /Applications/Xcode-27.0.0-Release.Candidate.app/Contents/Developer/usr/bin/xcodebuild -IDEClonedSourcePackagesDirPathOverride=/Users/admin/builder/spi-builder-workspace/.dependencies -skipMacroValidation -skipPackagePluginValidation -derivedDataPath /Users/admin/builder/spi-builder-workspace/.derivedData build -scheme Shapes -destination generic/platform=watchOS
Resolve Package Graph
Resolved source packages:
  Shapes: /Users/admin/builder/spi-builder-workspace
ComputePackagePrebuildTargetDependencyGraph
Prepare packages
CreateBuildRequest
SendProjectDescription
CreateBuildOperation
ComputeTargetDependencyGraph
note: Building targets in dependency order
note: Target dependency graph (2 targets)
    Target 'Shapes-product' in project 'Shapes'
        ➜ Explicit dependency on target 'Shapes' in project 'Shapes'
    Target 'Shapes' in project 'Shapes' (no dependencies)
GatherProvisioningInputs
CreateBuildDescription
ClangStatCache /Applications/Xcode-27.0.0-Release.Candidate.app/Contents/Developer/Toolchains/XcodeDefault.xctoolchain/usr/bin/clang-stat-cache /Applications/Xcode-27.0.0-Release.Candidate.app/Contents/Developer/Platforms/WatchOS.platform/Developer/SDKs/WatchOS27.0.sdk /Users/admin/builder/spi-builder-workspace/.derivedData/SDKStatCaches.noindex/watchos27.0-24R360-e829b21a6f8c9b70876ba0858053c04477534ef55a1706bf4c1112bbb242f0a2.sdkstatcache
    cd /Users/admin/builder/spi-builder-workspace/.swiftpm/xcode
    /Applications/Xcode-27.0.0-Release.Candidate.app/Contents/Developer/Toolchains/XcodeDefault.xctoolchain/usr/bin/clang-stat-cache /Applications/Xcode-27.0.0-Release.Candidate.app/Contents/Developer/Platforms/WatchOS.platform/Developer/SDKs/WatchOS27.0.sdk -o /Users/admin/builder/spi-builder-workspace/.derivedData/SDKStatCaches.noindex/watchos27.0-24R360-e829b21a6f8c9b70876ba0858053c04477534ef55a1706bf4c1112bbb242f0a2.sdkstatcache
SwiftDriver Shapes normal arm64 com.apple.xcode.tools.swift.compiler (in target 'Shapes' from project 'Shapes')
    cd /Users/admin/builder/spi-builder-workspace/.swiftpm/xcode
    builtin-SwiftDriver -- /Applications/Xcode-27.0.0-Release.Candidate.app/Contents/Developer/Toolchains/XcodeDefault.xctoolchain/usr/bin/swiftc -parse-as-library -module-name Shapes -Onone @/Users/admin/builder/spi-builder-workspace/.derivedData/Build/Intermediates.noindex/Shapes.build/Debug-watchos/Shapes-t.build/Objects-normal/arm64/Shapes.SwiftFileList -DSWIFT_PACKAGE -DDEBUG -DSWIFT_MODULE_RESOURCE_BUNDLE_UNAVAILABLE -DXcode -plugin-path /Applications/Xcode-27.0.0-Release.Candidate.app/Contents/Developer/Toolchains/XcodeDefault.xctoolchain/usr/lib/swift/host/plugins/testing -enable-experimental-feature DebugDescriptionMacro -sdk /Applications/Xcode-27.0.0-Release.Candidate.app/Contents/Developer/Platforms/WatchOS.platform/Developer/SDKs/WatchOS27.0.sdk -target arm64-apple-watchos9.0 -g -module-cache-path /Users/admin/builder/spi-builder-workspace/.derivedData/ModuleCache.noindex -Xfrontend -serialize-debugging-options -profile-coverage-mapping -profile-generate -enable-testing -index-store-path /Users/admin/builder/spi-builder-workspace/.derivedData/Index.noindex/DataStore -Xcc -D_LIBCPP_HARDENING_MODE\=_LIBCPP_HARDENING_MODE_DEBUG -swift-version 5 -I /Users/admin/builder/spi-builder-workspace/.derivedData/Build/Products/Debug-watchos -Isystem /Applications/Xcode-27.0.0-Release.Candidate.app/Contents/Developer/Platforms/WatchOS.platform/Developer/usr/lib -F /Users/admin/builder/spi-builder-workspace/.derivedData/Build/Products/Debug-watchos -F /Applications/Xcode-27.0.0-Release.Candidate.app/Contents/Developer/Platforms/WatchOS.platform/Developer/Library/Frameworks -F /Applications/Xcode-27.0.0-Release.Candidate.app/Contents/Developer/Platforms/WatchOS.platform/Developer/SDKs/WatchOS27.0.sdk/Developer/Library/Frameworks -c -j10 -enable-batch-mode -incremental -Xcc -ivfsstatcache -Xcc /Users/admin/builder/spi-builder-workspace/.derivedData/SDKStatCaches.noindex/watchos27.0-24R360-e829b21a6f8c9b70876ba0858053c04477534ef55a1706bf4c1112bbb242f0a2.sdkstatcache -output-file-map /Users/admin/builder/spi-builder-workspace/.derivedData/Build/Intermediates.noindex/Shapes.build/Debug-watchos/Shapes-t.build/Objects-normal/arm64/Shapes-OutputFileMap.json -save-temps -no-color-diagnostics -explicit-module-build -module-cache-path /Users/admin/builder/spi-builder-workspace/.derivedData/Build/Intermediates.noindex/SwiftExplicitPrecompiledModules -clang-scanner-module-cache-path /Users/admin/builder/spi-builder-workspace/.derivedData/ModuleCache.noindex -sdk-module-cache-path /Users/admin/builder/spi-builder-workspace/.derivedData/SDKExplicitPrecompiledModules -emit-dependencies -emit-module -emit-module-path /Users/admin/builder/spi-builder-workspace/.derivedData/Build/Intermediates.noindex/Shapes.build/Debug-watchos/Shapes-t.build/Objects-normal/arm64/Shapes.swiftmodule -serialize-diagnostics -dependency-scan-serialize-diagnostics-path /Users/admin/builder/spi-builder-workspace/.derivedData/Build/Intermediates.noindex/Shapes.build/Debug-watchos/Shapes-t.build/Objects-normal/arm64/Shapes-dependency-scan.dia -validate-clang-modules-once -clang-build-session-file /Users/admin/builder/spi-builder-workspace/.derivedData/ModuleCache.noindex/Session.modulevalidation -Xcc -fmodules-prune-interval\=86400 -Xcc -fmodules-prune-after\=345600 -package-name spi_builder_workspace -emit-const-values -const-gather-protocols-list /Users/admin/builder/spi-builder-workspace/.derivedData/Build/Intermediates.noindex/Shapes.build/Debug-watchos/Shapes-t.build/Objects-normal/arm64/Shapes_const_extract_protocols.json -Xcc -I/Users/admin/builder/spi-builder-workspace/.derivedData/Build/Products/Debug-watchos/include -Xcc -I/Users/admin/builder/spi-builder-workspace/.derivedData/Build/Intermediates.noindex/Shapes.build/Debug-watchos/Shapes-t.build/DerivedSources-normal/arm64 -Xcc -I/Users/admin/builder/spi-builder-workspace/.derivedData/Build/Intermediates.noindex/Shapes.build/Debug-watchos/Shapes-t.build/DerivedSources/arm64 -Xcc -I/Users/admin/builder/spi-builder-workspace/.derivedData/Build/Intermediates.noindex/Shapes.build/Debug-watchos/Shapes-t.build/DerivedSources -Xcc -DSWIFT_PACKAGE -Xcc -DDEBUG\=1 -emit-objc-header -emit-objc-header-path /Users/admin/builder/spi-builder-workspace/.derivedData/Build/Intermediates.noindex/Shapes.build/Debug-watchos/Shapes-t.build/Objects-normal/arm64/Shapes-Swift.h -working-directory /Users/admin/builder/spi-builder-workspace/.swiftpm/xcode -experimental-emit-module-separately -disable-cmo
SwiftDriver Shapes normal arm64_32 com.apple.xcode.tools.swift.compiler (in target 'Shapes' from project 'Shapes')
    cd /Users/admin/builder/spi-builder-workspace/.swiftpm/xcode
    builtin-SwiftDriver -- /Applications/Xcode-27.0.0-Release.Candidate.app/Contents/Developer/Toolchains/XcodeDefault.xctoolchain/usr/bin/swiftc -parse-as-library -module-name Shapes -Onone @/Users/admin/builder/spi-builder-workspace/.derivedData/Build/Intermediates.noindex/Shapes.build/Debug-watchos/Shapes-t.build/Objects-normal/arm64_32/Shapes.SwiftFileList -DSWIFT_PACKAGE -DDEBUG -DSWIFT_MODULE_RESOURCE_BUNDLE_UNAVAILABLE -DXcode -plugin-path /Applications/Xcode-27.0.0-Release.Candidate.app/Contents/Developer/Toolchains/XcodeDefault.xctoolchain/usr/lib/swift/host/plugins/testing -enable-experimental-feature DebugDescriptionMacro -sdk /Applications/Xcode-27.0.0-Release.Candidate.app/Contents/Developer/Platforms/WatchOS.platform/Developer/SDKs/WatchOS27.0.sdk -target arm64_32-apple-watchos9.0 -g -module-cache-path /Users/admin/builder/spi-builder-workspace/.derivedData/ModuleCache.noindex -Xfrontend -serialize-debugging-options -profile-coverage-mapping -profile-generate -enable-testing -index-store-path /Users/admin/builder/spi-builder-workspace/.derivedData/Index.noindex/DataStore -Xcc -D_LIBCPP_HARDENING_MODE\=_LIBCPP_HARDENING_MODE_DEBUG -swift-version 5 -I /Users/admin/builder/spi-builder-workspace/.derivedData/Build/Products/Debug-watchos -Isystem /Applications/Xcode-27.0.0-Release.Candidate.app/Contents/Developer/Platforms/WatchOS.platform/Developer/usr/lib -F /Users/admin/builder/spi-builder-workspace/.derivedData/Build/Products/Debug-watchos -F /Applications/Xcode-27.0.0-Release.Candidate.app/Contents/Developer/Platforms/WatchOS.platform/Developer/Library/Frameworks -F /Applications/Xcode-27.0.0-Release.Candidate.app/Contents/Developer/Platforms/WatchOS.platform/Developer/SDKs/WatchOS27.0.sdk/Developer/Library/Frameworks -c -j10 -enable-batch-mode -incremental -Xcc -ivfsstatcache -Xcc /Users/admin/builder/spi-builder-workspace/.derivedData/SDKStatCaches.noindex/watchos27.0-24R360-e829b21a6f8c9b70876ba0858053c04477534ef55a1706bf4c1112bbb242f0a2.sdkstatcache -output-file-map /Users/admin/builder/spi-builder-workspace/.derivedData/Build/Intermediates.noindex/Shapes.build/Debug-watchos/Shapes-t.build/Objects-normal/arm64_32/Shapes-OutputFileMap.json -save-temps -no-color-diagnostics -explicit-module-build -module-cache-path /Users/admin/builder/spi-builder-workspace/.derivedData/Build/Intermediates.noindex/SwiftExplicitPrecompiledModules -clang-scanner-module-cache-path /Users/admin/builder/spi-builder-workspace/.derivedData/ModuleCache.noindex -sdk-module-cache-path /Users/admin/builder/spi-builder-workspace/.derivedData/SDKExplicitPrecompiledModules -emit-dependencies -emit-module -emit-module-path /Users/admin/builder/spi-builder-workspace/.derivedData/Build/Intermediates.noindex/Shapes.build/Debug-watchos/Shapes-t.build/Objects-normal/arm64_32/Shapes.swiftmodule -serialize-diagnostics -dependency-scan-serialize-diagnostics-path /Users/admin/builder/spi-builder-workspace/.derivedData/Build/Intermediates.noindex/Shapes.build/Debug-watchos/Shapes-t.build/Objects-normal/arm64_32/Shapes-dependency-scan.dia -validate-clang-modules-once -clang-build-session-file /Users/admin/builder/spi-builder-workspace/.derivedData/ModuleCache.noindex/Session.modulevalidation -Xcc -fmodules-prune-interval\=86400 -Xcc -fmodules-prune-after\=345600 -package-name spi_builder_workspace -emit-const-values -const-gather-protocols-list /Users/admin/builder/spi-builder-workspace/.derivedData/Build/Intermediates.noindex/Shapes.build/Debug-watchos/Shapes-t.build/Objects-normal/arm64_32/Shapes_const_extract_protocols.json -Xcc -I/Users/admin/builder/spi-builder-workspace/.derivedData/Build/Products/Debug-watchos/include -Xcc -I/Users/admin/builder/spi-builder-workspace/.derivedData/Build/Intermediates.noindex/Shapes.build/Debug-watchos/Shapes-t.build/DerivedSources-normal/arm64_32 -Xcc -I/Users/admin/builder/spi-builder-workspace/.derivedData/Build/Intermediates.noindex/Shapes.build/Debug-watchos/Shapes-t.build/DerivedSources/arm64_32 -Xcc -I/Users/admin/builder/spi-builder-workspace/.derivedData/Build/Intermediates.noindex/Shapes.build/Debug-watchos/Shapes-t.build/DerivedSources -Xcc -DSWIFT_PACKAGE -Xcc -DDEBUG\=1 -emit-objc-header -emit-objc-header-path /Users/admin/builder/spi-builder-workspace/.derivedData/Build/Intermediates.noindex/Shapes.build/Debug-watchos/Shapes-t.build/Objects-normal/arm64_32/Shapes-Swift.h -working-directory /Users/admin/builder/spi-builder-workspace/.swiftpm/xcode -experimental-emit-module-separately -disable-cmo
SwiftCompile normal arm64 Compiling\ InvertedCornerRectangle.swift,\ InvertedShape.swift,\ IsoscelesTriangle.swift,\ IsotoxalPolygon.swift,\ Kite.swift,\ Lens.swift,\ Line.swift /Users/admin/builder/spi-builder-workspace/Sources/Shapes/InvertedCornerRectangle.swift /Users/admin/builder/spi-builder-workspace/Sources/Shapes/InvertedShape.swift /Users/admin/builder/spi-builder-workspace/Sources/Shapes/IsoscelesTriangle.swift /Users/admin/builder/spi-builder-workspace/Sources/Shapes/IsotoxalPolygon.swift /Users/admin/builder/spi-builder-workspace/Sources/Shapes/Kite.swift /Users/admin/builder/spi-builder-workspace/Sources/Shapes/Lens.swift /Users/admin/builder/spi-builder-workspace/Sources/Shapes/Line.swift (in target 'Shapes' from project 'Shapes')
SwiftCompile normal arm64 /Users/admin/builder/spi-builder-workspace/Sources/Shapes/InvertedCornerRectangle.swift (in target 'Shapes' from project 'Shapes')
    cd /Users/admin/builder/spi-builder-workspace/.swiftpm/xcode
    builtin-SwiftPerFileCompile InvertedCornerRectangle.swift
SwiftCompile normal arm64 /Users/admin/builder/spi-builder-workspace/Sources/Shapes/InvertedShape.swift (in target 'Shapes' from project 'Shapes')
    cd /Users/admin/builder/spi-builder-workspace/.swiftpm/xcode
    builtin-SwiftPerFileCompile InvertedShape.swift
SwiftCompile normal arm64 /Users/admin/builder/spi-builder-workspace/Sources/Shapes/IsoscelesTriangle.swift (in target 'Shapes' from project 'Shapes')
    cd /Users/admin/builder/spi-builder-workspace/.swiftpm/xcode
    builtin-SwiftPerFileCompile IsoscelesTriangle.swift
SwiftCompile normal arm64 /Users/admin/builder/spi-builder-workspace/Sources/Shapes/IsotoxalPolygon.swift (in target 'Shapes' from project 'Shapes')
    cd /Users/admin/builder/spi-builder-workspace/.swiftpm/xcode
    builtin-SwiftPerFileCompile IsotoxalPolygon.swift
SwiftCompile normal arm64 /Users/admin/builder/spi-builder-workspace/Sources/Shapes/Kite.swift (in target 'Shapes' from project 'Shapes')
    cd /Users/admin/builder/spi-builder-workspace/.swiftpm/xcode
    builtin-SwiftPerFileCompile Kite.swift
SwiftCompile normal arm64 /Users/admin/builder/spi-builder-workspace/Sources/Shapes/Lens.swift (in target 'Shapes' from project 'Shapes')
    cd /Users/admin/builder/spi-builder-workspace/.swiftpm/xcode
    builtin-SwiftPerFileCompile Lens.swift
SwiftCompile normal arm64 /Users/admin/builder/spi-builder-workspace/Sources/Shapes/Line.swift (in target 'Shapes' from project 'Shapes')
    cd /Users/admin/builder/spi-builder-workspace/.swiftpm/xcode
    builtin-SwiftPerFileCompile Line.swift
SwiftCompile normal arm64 Compiling\ Lune.swift,\ Math.swift,\ NormalizedShape.swift,\ Numeric+Extensions.swift,\ Parallelogram.swift,\ Path+Extensions.swift,\ Polygon.swift /Users/admin/builder/spi-builder-workspace/Sources/Shapes/Lune.swift /Users/admin/builder/spi-builder-workspace/Sources/Shapes/Math.swift /Users/admin/builder/spi-builder-workspace/Sources/Shapes/NormalizedShape.swift /Users/admin/builder/spi-builder-workspace/Sources/Shapes/Numeric+Extensions.swift /Users/admin/builder/spi-builder-workspace/Sources/Shapes/Parallelogram.swift /Users/admin/builder/spi-builder-workspace/Sources/Shapes/Path+Extensions.swift /Users/admin/builder/spi-builder-workspace/Sources/Shapes/Polygon.swift (in target 'Shapes' from project 'Shapes')
SwiftCompile normal arm64 /Users/admin/builder/spi-builder-workspace/Sources/Shapes/Lune.swift (in target 'Shapes' from project 'Shapes')
    cd /Users/admin/builder/spi-builder-workspace/.swiftpm/xcode
    builtin-SwiftPerFileCompile Lune.swift
SwiftCompile normal arm64 /Users/admin/builder/spi-builder-workspace/Sources/Shapes/Math.swift (in target 'Shapes' from project 'Shapes')
    cd /Users/admin/builder/spi-builder-workspace/.swiftpm/xcode
    builtin-SwiftPerFileCompile Math.swift
SwiftCompile normal arm64 /Users/admin/builder/spi-builder-workspace/Sources/Shapes/NormalizedShape.swift (in target 'Shapes' from project 'Shapes')
    cd /Users/admin/builder/spi-builder-workspace/.swiftpm/xcode
    builtin-SwiftPerFileCompile NormalizedShape.swift
SwiftCompile normal arm64 /Users/admin/builder/spi-builder-workspace/Sources/Shapes/Numeric+Extensions.swift (in target 'Shapes' from project 'Shapes')
    cd /Users/admin/builder/spi-builder-workspace/.swiftpm/xcode
    builtin-SwiftPerFileCompile Numeric+Extensions.swift
SwiftCompile normal arm64 /Users/admin/builder/spi-builder-workspace/Sources/Shapes/Parallelogram.swift (in target 'Shapes' from project 'Shapes')
    cd /Users/admin/builder/spi-builder-workspace/.swiftpm/xcode
    builtin-SwiftPerFileCompile Parallelogram.swift
SwiftCompile normal arm64 /Users/admin/builder/spi-builder-workspace/Sources/Shapes/Path+Extensions.swift (in target 'Shapes' from project 'Shapes')
    cd /Users/admin/builder/spi-builder-workspace/.swiftpm/xcode
    builtin-SwiftPerFileCompile Path+Extensions.swift
SwiftCompile normal arm64 /Users/admin/builder/spi-builder-workspace/Sources/Shapes/Polygon.swift (in target 'Shapes' from project 'Shapes')
    cd /Users/admin/builder/spi-builder-workspace/.swiftpm/xcode
    builtin-SwiftPerFileCompile Polygon.swift
/Users/admin/builder/spi-builder-workspace/Sources/Shapes/Spiral.swift:147:4: error: 'Previewable()' is only available in watchOS 10.0 or newer
145 | @available(macOS 14.0, iOS 17.0, *)
146 | #Preview {
147 |   @Previewable @State var turns: CGFloat = 1
    |    |- error: 'Previewable()' is only available in watchOS 10.0 or newer
    |    `- note: add 'if #available' version check
148 |   @Previewable @State var offset: CGFloat = 0
149 |   @Previewable @State var growth: WIP.Spiral.SpiralType = .archimedes
/Users/admin/builder/spi-builder-workspace/Sources/Shapes/Spiral.swift:148:4: error: 'Previewable()' is only available in watchOS 10.0 or newer
146 | #Preview {
147 |   @Previewable @State var turns: CGFloat = 1
148 |   @Previewable @State var offset: CGFloat = 0
    |    |- error: 'Previewable()' is only available in watchOS 10.0 or newer
    |    `- note: add 'if #available' version check
149 |   @Previewable @State var growth: WIP.Spiral.SpiralType = .archimedes
150 |
/Users/admin/builder/spi-builder-workspace/Sources/Shapes/Spiral.swift:149:4: error: 'Previewable()' is only available in watchOS 10.0 or newer
147 |   @Previewable @State var turns: CGFloat = 1
148 |   @Previewable @State var offset: CGFloat = 0
149 |   @Previewable @State var growth: WIP.Spiral.SpiralType = .archimedes
    |    |- error: 'Previewable()' is only available in watchOS 10.0 or newer
    |    `- note: add 'if #available' version check
150 |
151 |   VStack {
/Users/admin/builder/spi-builder-workspace/Sources/Shapes/Spiral.swift:166:19: error: 'segmented' is unavailable in watchOS
164 |       Text("C")
165 |     }
166 |     .pickerStyle(.segmented)
    |                   `- error: 'segmented' is unavailable in watchOS
167 |
168 |
SwiftUI.PickerStyle.segmented:2:43: note: 'segmented' has been explicitly marked unavailable here
1 | protocol PickerStyle {
2 | @export(implementation) public static var segmented: SegmentedPickerStyle { get }}
  |                                           `- note: 'segmented' has been explicitly marked unavailable here
3 |
/Users/admin/builder/spi-builder-workspace/Sources/Shapes/Spiral.swift:172:8: error: 'fill(_:style:)' is only available in watchOS 10.0 or newer
170 |
171 |     shape
172 |       .fill(Color.yellow)
    |        |- error: 'fill(_:style:)' is only available in watchOS 10.0 or newer
    |        `- note: add 'if #available' version check
173 |       .stroke(Color.black, lineWidth: 5)
174 |       .frame(width: 256, height: 256)
/Users/admin/builder/spi-builder-workspace/Sources/Shapes/Spiral.swift:173:8: error: 'stroke(_:lineWidth:antialiased:)' is only available in watchOS 10.0 or newer
171 |     shape
172 |       .fill(Color.yellow)
173 |       .stroke(Color.black, lineWidth: 5)
    |        |- error: 'stroke(_:lineWidth:antialiased:)' is only available in watchOS 10.0 or newer
    |        `- note: add 'if #available' version check
174 |       .frame(width: 256, height: 256)
175 |       .border(Color.black)
/Users/admin/builder/spi-builder-workspace/Sources/Shapes/Spiral.swift:190:4: error: 'Previewable()' is only available in watchOS 10.0 or newer
188 | @available(macOS 14.0, iOS 17.0, *)
189 | #Preview {
190 |   @Previewable @State var isAnimating: Bool = false
    |    |- error: 'Previewable()' is only available in watchOS 10.0 or newer
    |    `- note: add 'if #available' version check
191 |
192 |   WIP.Spiral(turns: 5)
/Users/admin/builder/spi-builder-workspace/Sources/Shapes/Spiral.swift:194:6: error: 'fill(_:style:)' is only available in watchOS 10.0 or newer
192 |   WIP.Spiral(turns: 5)
193 |     .trim(from: 0, to: isAnimating ? 1 : 0)
194 |     .fill(Color.red)
    |      |- error: 'fill(_:style:)' is only available in watchOS 10.0 or newer
    |      `- note: add 'if #available' version check
195 |     .stroke(Color.yellow, lineWidth: 5)
196 |     .contentShape(.rect)
SwiftCompile normal arm64 Compiling\ Quad.swift,\ QuadCorner.swift,\ ReuleauxPolygon.swift,\ RightKite.swift,\ RightTriangle.swift,\ Ring.swift,\ RoundedPolygon.swift /Users/admin/builder/spi-builder-workspace/Sources/Shapes/Quad.swift /Users/admin/builder/spi-builder-workspace/Sources/Shapes/QuadCorner.swift /Users/admin/builder/spi-builder-workspace/Sources/Shapes/ReuleauxPolygon.swift /Users/admin/builder/spi-builder-workspace/Sources/Shapes/RightKite.swift /Users/admin/builder/spi-builder-workspace/Sources/Shapes/RightTriangle.swift /Users/admin/builder/spi-builder-workspace/Sources/Shapes/Ring.swift /Users/admin/builder/spi-builder-workspace/Sources/Shapes/RoundedPolygon.swift (in target 'Shapes' from project 'Shapes')
SwiftCompile normal arm64 /Users/admin/builder/spi-builder-workspace/Sources/Shapes/Quad.swift (in target 'Shapes' from project 'Shapes')
    cd /Users/admin/builder/spi-builder-workspace/.swiftpm/xcode
    builtin-SwiftPerFileCompile Quad.swift
SwiftCompile normal arm64 /Users/admin/builder/spi-builder-workspace/Sources/Shapes/QuadCorner.swift (in target 'Shapes' from project 'Shapes')
    cd /Users/admin/builder/spi-builder-workspace/.swiftpm/xcode
    builtin-SwiftPerFileCompile QuadCorner.swift
SwiftCompile normal arm64 /Users/admin/builder/spi-builder-workspace/Sources/Shapes/ReuleauxPolygon.swift (in target 'Shapes' from project 'Shapes')
    cd /Users/admin/builder/spi-builder-workspace/.swiftpm/xcode
    builtin-SwiftPerFileCompile ReuleauxPolygon.swift
SwiftCompile normal arm64 /Users/admin/builder/spi-builder-workspace/Sources/Shapes/RightKite.swift (in target 'Shapes' from project 'Shapes')
    cd /Users/admin/builder/spi-builder-workspace/.swiftpm/xcode
    builtin-SwiftPerFileCompile RightKite.swift
SwiftCompile normal arm64 /Users/admin/builder/spi-builder-workspace/Sources/Shapes/RightTriangle.swift (in target 'Shapes' from project 'Shapes')
    cd /Users/admin/builder/spi-builder-workspace/.swiftpm/xcode
    builtin-SwiftPerFileCompile RightTriangle.swift
SwiftCompile normal arm64 /Users/admin/builder/spi-builder-workspace/Sources/Shapes/Ring.swift (in target 'Shapes' from project 'Shapes')
    cd /Users/admin/builder/spi-builder-workspace/.swiftpm/xcode
    builtin-SwiftPerFileCompile Ring.swift
SwiftCompile normal arm64 /Users/admin/builder/spi-builder-workspace/Sources/Shapes/RoundedPolygon.swift (in target 'Shapes' from project 'Shapes')
    cd /Users/admin/builder/spi-builder-workspace/.swiftpm/xcode
    builtin-SwiftPerFileCompile RoundedPolygon.swift
/Users/admin/builder/spi-builder-workspace/Sources/Shapes/Spiral.swift:147:4: error: 'Previewable()' is only available in watchOS 10.0 or newer
145 | @available(macOS 14.0, iOS 17.0, *)
146 | #Preview {
147 |   @Previewable @State var turns: CGFloat = 1
    |    |- error: 'Previewable()' is only available in watchOS 10.0 or newer
    |    `- note: add 'if #available' version check
148 |   @Previewable @State var offset: CGFloat = 0
149 |   @Previewable @State var growth: WIP.Spiral.SpiralType = .archimedes
/Users/admin/builder/spi-builder-workspace/Sources/Shapes/Spiral.swift:148:4: error: 'Previewable()' is only available in watchOS 10.0 or newer
146 | #Preview {
147 |   @Previewable @State var turns: CGFloat = 1
148 |   @Previewable @State var offset: CGFloat = 0
    |    |- error: 'Previewable()' is only available in watchOS 10.0 or newer
    |    `- note: add 'if #available' version check
149 |   @Previewable @State var growth: WIP.Spiral.SpiralType = .archimedes
150 |
/Users/admin/builder/spi-builder-workspace/Sources/Shapes/Spiral.swift:149:4: error: 'Previewable()' is only available in watchOS 10.0 or newer
147 |   @Previewable @State var turns: CGFloat = 1
148 |   @Previewable @State var offset: CGFloat = 0
149 |   @Previewable @State var growth: WIP.Spiral.SpiralType = .archimedes
    |    |- error: 'Previewable()' is only available in watchOS 10.0 or newer
    |    `- note: add 'if #available' version check
150 |
151 |   VStack {
/Users/admin/builder/spi-builder-workspace/Sources/Shapes/Spiral.swift:166:19: error: 'segmented' is unavailable in watchOS
164 |       Text("C")
165 |     }
166 |     .pickerStyle(.segmented)
    |                   `- error: 'segmented' is unavailable in watchOS
167 |
168 |
SwiftUI.PickerStyle.segmented:2:43: note: 'segmented' has been explicitly marked unavailable here
1 | protocol PickerStyle {
2 | @export(implementation) public static var segmented: SegmentedPickerStyle { get }}
  |                                           `- note: 'segmented' has been explicitly marked unavailable here
3 |
/Users/admin/builder/spi-builder-workspace/Sources/Shapes/Spiral.swift:172:8: error: 'fill(_:style:)' is only available in watchOS 10.0 or newer
170 |
171 |     shape
172 |       .fill(Color.yellow)
    |        |- error: 'fill(_:style:)' is only available in watchOS 10.0 or newer
    |        `- note: add 'if #available' version check
173 |       .stroke(Color.black, lineWidth: 5)
174 |       .frame(width: 256, height: 256)
/Users/admin/builder/spi-builder-workspace/Sources/Shapes/Spiral.swift:173:8: error: 'stroke(_:lineWidth:antialiased:)' is only available in watchOS 10.0 or newer
171 |     shape
172 |       .fill(Color.yellow)
173 |       .stroke(Color.black, lineWidth: 5)
    |        |- error: 'stroke(_:lineWidth:antialiased:)' is only available in watchOS 10.0 or newer
    |        `- note: add 'if #available' version check
174 |       .frame(width: 256, height: 256)
175 |       .border(Color.black)
/Users/admin/builder/spi-builder-workspace/Sources/Shapes/Spiral.swift:190:4: error: 'Previewable()' is only available in watchOS 10.0 or newer
188 | @available(macOS 14.0, iOS 17.0, *)
189 | #Preview {
190 |   @Previewable @State var isAnimating: Bool = false
    |    |- error: 'Previewable()' is only available in watchOS 10.0 or newer
    |    `- note: add 'if #available' version check
191 |
192 |   WIP.Spiral(turns: 5)
/Users/admin/builder/spi-builder-workspace/Sources/Shapes/Spiral.swift:194:6: error: 'fill(_:style:)' is only available in watchOS 10.0 or newer
192 |   WIP.Spiral(turns: 5)
193 |     .trim(from: 0, to: isAnimating ? 1 : 0)
194 |     .fill(Color.red)
    |      |- error: 'fill(_:style:)' is only available in watchOS 10.0 or newer
    |      `- note: add 'if #available' version check
195 |     .stroke(Color.yellow, lineWidth: 5)
196 |     .contentShape(.rect)
SwiftCompile normal arm64 Compiling\ Diamond.swift,\ DragonCurve.swift,\ Egg.swift,\ Halftone.swift,\ Hatching.swift,\ Heart.swift,\ InsetShape.swift /Users/admin/builder/spi-builder-workspace/Sources/Shapes/Diamond.swift /Users/admin/builder/spi-builder-workspace/Sources/Shapes/DragonCurve.swift /Users/admin/builder/spi-builder-workspace/Sources/Shapes/Egg.swift /Users/admin/builder/spi-builder-workspace/Sources/Shapes/Halftone.swift /Users/admin/builder/spi-builder-workspace/Sources/Shapes/Hatching.swift /Users/admin/builder/spi-builder-workspace/Sources/Shapes/Heart.swift /Users/admin/builder/spi-builder-workspace/Sources/Shapes/InsetShape.swift (in target 'Shapes' from project 'Shapes')
/Users/admin/builder/spi-builder-workspace/Sources/Shapes/Spiral.swift:147:4: error: 'Previewable()' is only available in watchOS 10.0 or newer
145 | @available(macOS 14.0, iOS 17.0, *)
146 | #Preview {
147 |   @Previewable @State var turns: CGFloat = 1
    |    |- error: 'Previewable()' is only available in watchOS 10.0 or newer
    |    `- note: add 'if #available' version check
148 |   @Previewable @State var offset: CGFloat = 0
149 |   @Previewable @State var growth: WIP.Spiral.SpiralType = .archimedes
/Users/admin/builder/spi-builder-workspace/Sources/Shapes/Spiral.swift:148:4: error: 'Previewable()' is only available in watchOS 10.0 or newer
146 | #Preview {
147 |   @Previewable @State var turns: CGFloat = 1
148 |   @Previewable @State var offset: CGFloat = 0
    |    |- error: 'Previewable()' is only available in watchOS 10.0 or newer
    |    `- note: add 'if #available' version check
149 |   @Previewable @State var growth: WIP.Spiral.SpiralType = .archimedes
150 |
/Users/admin/builder/spi-builder-workspace/Sources/Shapes/Spiral.swift:149:4: error: 'Previewable()' is only available in watchOS 10.0 or newer
147 |   @Previewable @State var turns: CGFloat = 1
148 |   @Previewable @State var offset: CGFloat = 0
149 |   @Previewable @State var growth: WIP.Spiral.SpiralType = .archimedes
    |    |- error: 'Previewable()' is only available in watchOS 10.0 or newer
    |    `- note: add 'if #available' version check
150 |
151 |   VStack {
/Users/admin/builder/spi-builder-workspace/Sources/Shapes/Spiral.swift:166:19: error: 'segmented' is unavailable in watchOS
164 |       Text("C")
165 |     }
166 |     .pickerStyle(.segmented)
    |                   `- error: 'segmented' is unavailable in watchOS
167 |
168 |
SwiftUI.PickerStyle.segmented:2:43: note: 'segmented' has been explicitly marked unavailable here
1 | protocol PickerStyle {
2 | @export(implementation) public static var segmented: SegmentedPickerStyle { get }}
  |                                           `- note: 'segmented' has been explicitly marked unavailable here
3 |
/Users/admin/builder/spi-builder-workspace/Sources/Shapes/Spiral.swift:172:8: error: 'fill(_:style:)' is only available in watchOS 10.0 or newer
170 |
171 |     shape
172 |       .fill(Color.yellow)
    |        |- error: 'fill(_:style:)' is only available in watchOS 10.0 or newer
    |        `- note: add 'if #available' version check
173 |       .stroke(Color.black, lineWidth: 5)
174 |       .frame(width: 256, height: 256)
/Users/admin/builder/spi-builder-workspace/Sources/Shapes/Spiral.swift:173:8: error: 'stroke(_:lineWidth:antialiased:)' is only available in watchOS 10.0 or newer
171 |     shape
172 |       .fill(Color.yellow)
173 |       .stroke(Color.black, lineWidth: 5)
    |        |- error: 'stroke(_:lineWidth:antialiased:)' is only available in watchOS 10.0 or newer
    |        `- note: add 'if #available' version check
174 |       .frame(width: 256, height: 256)
175 |       .border(Color.black)
/Users/admin/builder/spi-builder-workspace/Sources/Shapes/Spiral.swift:190:4: error: 'Previewable()' is only available in watchOS 10.0 or newer
188 | @available(macOS 14.0, iOS 17.0, *)
189 | #Preview {
190 |   @Previewable @State var isAnimating: Bool = false
    |    |- error: 'Previewable()' is only available in watchOS 10.0 or newer
    |    `- note: add 'if #available' version check
191 |
192 |   WIP.Spiral(turns: 5)
/Users/admin/builder/spi-builder-workspace/Sources/Shapes/Spiral.swift:194:6: error: 'fill(_:style:)' is only available in watchOS 10.0 or newer
192 |   WIP.Spiral(turns: 5)
193 |     .trim(from: 0, to: isAnimating ? 1 : 0)
194 |     .fill(Color.red)
    |      |- error: 'fill(_:style:)' is only available in watchOS 10.0 or newer
    |      `- note: add 'if #available' version check
195 |     .stroke(Color.yellow, lineWidth: 5)
196 |     .contentShape(.rect)
SwiftCompile normal arm64 /Users/admin/builder/spi-builder-workspace/Sources/Shapes/Diamond.swift (in target 'Shapes' from project 'Shapes')
    cd /Users/admin/builder/spi-builder-workspace/.swiftpm/xcode
    builtin-SwiftPerFileCompile Diamond.swift
SwiftCompile normal arm64 /Users/admin/builder/spi-builder-workspace/Sources/Shapes/DragonCurve.swift (in target 'Shapes' from project 'Shapes')
    cd /Users/admin/builder/spi-builder-workspace/.swiftpm/xcode
    builtin-SwiftPerFileCompile DragonCurve.swift
SwiftCompile normal arm64 /Users/admin/builder/spi-builder-workspace/Sources/Shapes/Egg.swift (in target 'Shapes' from project 'Shapes')
    cd /Users/admin/builder/spi-builder-workspace/.swiftpm/xcode
    builtin-SwiftPerFileCompile Egg.swift
SwiftCompile normal arm64 /Users/admin/builder/spi-builder-workspace/Sources/Shapes/Halftone.swift (in target 'Shapes' from project 'Shapes')
    cd /Users/admin/builder/spi-builder-workspace/.swiftpm/xcode
    builtin-SwiftPerFileCompile Halftone.swift
SwiftCompile normal arm64 /Users/admin/builder/spi-builder-workspace/Sources/Shapes/Hatching.swift (in target 'Shapes' from project 'Shapes')
    cd /Users/admin/builder/spi-builder-workspace/.swiftpm/xcode
    builtin-SwiftPerFileCompile Hatching.swift
SwiftCompile normal arm64 /Users/admin/builder/spi-builder-workspace/Sources/Shapes/Heart.swift (in target 'Shapes' from project 'Shapes')
    cd /Users/admin/builder/spi-builder-workspace/.swiftpm/xcode
    builtin-SwiftPerFileCompile Heart.swift
SwiftCompile normal arm64 /Users/admin/builder/spi-builder-workspace/Sources/Shapes/InsetShape.swift (in target 'Shapes' from project 'Shapes')
    cd /Users/admin/builder/spi-builder-workspace/.swiftpm/xcode
    builtin-SwiftPerFileCompile InsetShape.swift
SwiftCompile normal arm64 Compiling\ CirclePattern.swift,\ CircleSector.swift,\ CompositeShape.swift,\ ConvexPolygon.swift,\ Crescent.swift,\ CutCornerRectangle.swift,\ DataPath.swift /Users/admin/builder/spi-builder-workspace/Sources/Shapes/CirclePattern.swift /Users/admin/builder/spi-builder-workspace/Sources/Shapes/CircleSector.swift /Users/admin/builder/spi-builder-workspace/Sources/Shapes/CompositeShape.swift /Users/admin/builder/spi-builder-workspace/Sources/Shapes/ConvexPolygon.swift /Users/admin/builder/spi-builder-workspace/Sources/Shapes/Crescent.swift /Users/admin/builder/spi-builder-workspace/Sources/Shapes/CutCornerRectangle.swift /Users/admin/builder/spi-builder-workspace/Sources/Shapes/DataPath.swift (in target 'Shapes' from project 'Shapes')
SwiftCompile normal arm64 /Users/admin/builder/spi-builder-workspace/Sources/Shapes/CirclePattern.swift (in target 'Shapes' from project 'Shapes')
    cd /Users/admin/builder/spi-builder-workspace/.swiftpm/xcode
    builtin-SwiftPerFileCompile CirclePattern.swift
SwiftCompile normal arm64 /Users/admin/builder/spi-builder-workspace/Sources/Shapes/CircleSector.swift (in target 'Shapes' from project 'Shapes')
    cd /Users/admin/builder/spi-builder-workspace/.swiftpm/xcode
    builtin-SwiftPerFileCompile CircleSector.swift
SwiftCompile normal arm64 /Users/admin/builder/spi-builder-workspace/Sources/Shapes/CompositeShape.swift (in target 'Shapes' from project 'Shapes')
    cd /Users/admin/builder/spi-builder-workspace/.swiftpm/xcode
    builtin-SwiftPerFileCompile CompositeShape.swift
SwiftCompile normal arm64 /Users/admin/builder/spi-builder-workspace/Sources/Shapes/ConvexPolygon.swift (in target 'Shapes' from project 'Shapes')
    cd /Users/admin/builder/spi-builder-workspace/.swiftpm/xcode
    builtin-SwiftPerFileCompile ConvexPolygon.swift
SwiftCompile normal arm64 /Users/admin/builder/spi-builder-workspace/Sources/Shapes/Crescent.swift (in target 'Shapes' from project 'Shapes')
    cd /Users/admin/builder/spi-builder-workspace/.swiftpm/xcode
    builtin-SwiftPerFileCompile Crescent.swift
SwiftCompile normal arm64 /Users/admin/builder/spi-builder-workspace/Sources/Shapes/CutCornerRectangle.swift (in target 'Shapes' from project 'Shapes')
    cd /Users/admin/builder/spi-builder-workspace/.swiftpm/xcode
    builtin-SwiftPerFileCompile CutCornerRectangle.swift
SwiftCompile normal arm64 /Users/admin/builder/spi-builder-workspace/Sources/Shapes/DataPath.swift (in target 'Shapes' from project 'Shapes')
    cd /Users/admin/builder/spi-builder-workspace/.swiftpm/xcode
    builtin-SwiftPerFileCompile DataPath.swift
SwiftCompile normal arm64 Compiling\ Salinon.swift,\ SeededRandomNumberGenerator.swift,\ SimplePolygon.swift,\ SkewedShape.swift,\ Spiral.swift,\ Spirolateral.swift,\ SpongeFilter.swift /Users/admin/builder/spi-builder-workspace/Sources/Shapes/Salinon.swift /Users/admin/builder/spi-builder-workspace/Sources/Shapes/SeededRandomNumberGenerator.swift /Users/admin/builder/spi-builder-workspace/Sources/Shapes/SimplePolygon.swift /Users/admin/builder/spi-builder-workspace/Sources/Shapes/SkewedShape.swift /Users/admin/builder/spi-builder-workspace/Sources/Shapes/Spiral.swift /Users/admin/builder/spi-builder-workspace/Sources/Shapes/Spirolateral.swift /Users/admin/builder/spi-builder-workspace/Sources/Shapes/SpongeFilter.swift (in target 'Shapes' from project 'Shapes')
/Users/admin/builder/spi-builder-workspace/Sources/Shapes/Spiral.swift:147:4: error: 'Previewable()' is only available in watchOS 10.0 or newer
145 | @available(macOS 14.0, iOS 17.0, *)
146 | #Preview {
147 |   @Previewable @State var turns: CGFloat = 1
    |    |- error: 'Previewable()' is only available in watchOS 10.0 or newer
    |    `- note: add 'if #available' version check
148 |   @Previewable @State var offset: CGFloat = 0
149 |   @Previewable @State var growth: WIP.Spiral.SpiralType = .archimedes
/Users/admin/builder/spi-builder-workspace/Sources/Shapes/Spiral.swift:148:4: error: 'Previewable()' is only available in watchOS 10.0 or newer
146 | #Preview {
147 |   @Previewable @State var turns: CGFloat = 1
148 |   @Previewable @State var offset: CGFloat = 0
    |    |- error: 'Previewable()' is only available in watchOS 10.0 or newer
    |    `- note: add 'if #available' version check
149 |   @Previewable @State var growth: WIP.Spiral.SpiralType = .archimedes
150 |
/Users/admin/builder/spi-builder-workspace/Sources/Shapes/Spiral.swift:149:4: error: 'Previewable()' is only available in watchOS 10.0 or newer
147 |   @Previewable @State var turns: CGFloat = 1
148 |   @Previewable @State var offset: CGFloat = 0
149 |   @Previewable @State var growth: WIP.Spiral.SpiralType = .archimedes
    |    |- error: 'Previewable()' is only available in watchOS 10.0 or newer
    |    `- note: add 'if #available' version check
150 |
151 |   VStack {
/Users/admin/builder/spi-builder-workspace/Sources/Shapes/Spiral.swift:166:19: error: 'segmented' is unavailable in watchOS
164 |       Text("C")
165 |     }
166 |     .pickerStyle(.segmented)
    |                   `- error: 'segmented' is unavailable in watchOS
167 |
168 |
SwiftUI.PickerStyle.segmented:2:43: note: 'segmented' has been explicitly marked unavailable here
1 | protocol PickerStyle {
2 | @export(implementation) public static var segmented: SegmentedPickerStyle { get }}
  |                                           `- note: 'segmented' has been explicitly marked unavailable here
3 |
/Users/admin/builder/spi-builder-workspace/Sources/Shapes/Spiral.swift:172:8: error: 'fill(_:style:)' is only available in watchOS 10.0 or newer
170 |
171 |     shape
172 |       .fill(Color.yellow)
    |        |- error: 'fill(_:style:)' is only available in watchOS 10.0 or newer
    |        `- note: add 'if #available' version check
173 |       .stroke(Color.black, lineWidth: 5)
174 |       .frame(width: 256, height: 256)
/Users/admin/builder/spi-builder-workspace/Sources/Shapes/Spiral.swift:173:8: error: 'stroke(_:lineWidth:antialiased:)' is only available in watchOS 10.0 or newer
171 |     shape
172 |       .fill(Color.yellow)
173 |       .stroke(Color.black, lineWidth: 5)
    |        |- error: 'stroke(_:lineWidth:antialiased:)' is only available in watchOS 10.0 or newer
    |        `- note: add 'if #available' version check
174 |       .frame(width: 256, height: 256)
175 |       .border(Color.black)
/Users/admin/builder/spi-builder-workspace/Sources/Shapes/Spiral.swift:190:4: error: 'Previewable()' is only available in watchOS 10.0 or newer
188 | @available(macOS 14.0, iOS 17.0, *)
189 | #Preview {
190 |   @Previewable @State var isAnimating: Bool = false
    |    |- error: 'Previewable()' is only available in watchOS 10.0 or newer
    |    `- note: add 'if #available' version check
191 |
192 |   WIP.Spiral(turns: 5)
/Users/admin/builder/spi-builder-workspace/Sources/Shapes/Spiral.swift:194:6: error: 'fill(_:style:)' is only available in watchOS 10.0 or newer
192 |   WIP.Spiral(turns: 5)
193 |     .trim(from: 0, to: isAnimating ? 1 : 0)
194 |     .fill(Color.red)
    |      |- error: 'fill(_:style:)' is only available in watchOS 10.0 or newer
    |      `- note: add 'if #available' version check
195 |     .stroke(Color.yellow, lineWidth: 5)
196 |     .contentShape(.rect)
/Users/admin/builder/spi-builder-workspace/Sources/Shapes/Spiral.swift:195:6: error: 'stroke(_:lineWidth:antialiased:)' is only available in watchOS 10.0 or newer
193 |     .trim(from: 0, to: isAnimating ? 1 : 0)
194 |     .fill(Color.red)
195 |     .stroke(Color.yellow, lineWidth: 5)
    |      |- error: 'stroke(_:lineWidth:antialiased:)' is only available in watchOS 10.0 or newer
    |      `- note: add 'if #available' version check
196 |     .contentShape(.rect)
197 |     .animation(.easeInOut(duration: 1), value: isAnimating)
SwiftCompile normal arm64 /Users/admin/builder/spi-builder-workspace/Sources/Shapes/Salinon.swift (in target 'Shapes' from project 'Shapes')
    cd /Users/admin/builder/spi-builder-workspace/.swiftpm/xcode
    builtin-SwiftPerFileCompile Salinon.swift
SwiftCompile normal arm64 /Users/admin/builder/spi-builder-workspace/Sources/Shapes/SeededRandomNumberGenerator.swift (in target 'Shapes' from project 'Shapes')
    cd /Users/admin/builder/spi-builder-workspace/.swiftpm/xcode
    builtin-SwiftPerFileCompile SeededRandomNumberGenerator.swift
SwiftCompile normal arm64 /Users/admin/builder/spi-builder-workspace/Sources/Shapes/SimplePolygon.swift (in target 'Shapes' from project 'Shapes')
    cd /Users/admin/builder/spi-builder-workspace/.swiftpm/xcode
    builtin-SwiftPerFileCompile SimplePolygon.swift
SwiftCompile normal arm64 /Users/admin/builder/spi-builder-workspace/Sources/Shapes/SkewedShape.swift (in target 'Shapes' from project 'Shapes')
    cd /Users/admin/builder/spi-builder-workspace/.swiftpm/xcode
    builtin-SwiftPerFileCompile SkewedShape.swift
SwiftCompile normal arm64 /Users/admin/builder/spi-builder-workspace/Sources/Shapes/Spiral.swift (in target 'Shapes' from project 'Shapes')
    cd /Users/admin/builder/spi-builder-workspace/.swiftpm/xcode
    builtin-SwiftPerFileCompile Spiral.swift
SwiftCompile normal arm64 /Users/admin/builder/spi-builder-workspace/Sources/Shapes/Spirolateral.swift (in target 'Shapes' from project 'Shapes')
    cd /Users/admin/builder/spi-builder-workspace/.swiftpm/xcode
    builtin-SwiftPerFileCompile Spirolateral.swift
SwiftCompile normal arm64 /Users/admin/builder/spi-builder-workspace/Sources/Shapes/SpongeFilter.swift (in target 'Shapes' from project 'Shapes')
    cd /Users/admin/builder/spi-builder-workspace/.swiftpm/xcode
    builtin-SwiftPerFileCompile SpongeFilter.swift
SwiftCompile normal arm64 Compiling\ Square.swift,\ StarPolygon.swift,\ StrokeBorderedShape.swift,\ StrokeStyledCircle.swift,\ StrokeStyledPolygon.swift,\ StrokeStyledRectangle.swift,\ TaperedRectangle.swift /Users/admin/builder/spi-builder-workspace/Sources/Shapes/Square.swift /Users/admin/builder/spi-builder-workspace/Sources/Shapes/StarPolygon.swift /Users/admin/builder/spi-builder-workspace/Sources/Shapes/StrokeBorderedShape.swift /Users/admin/builder/spi-builder-workspace/Sources/Shapes/StrokeStyledCircle.swift /Users/admin/builder/spi-builder-workspace/Sources/Shapes/StrokeStyledPolygon.swift /Users/admin/builder/spi-builder-workspace/Sources/Shapes/StrokeStyledRectangle.swift /Users/admin/builder/spi-builder-workspace/Sources/Shapes/TaperedRectangle.swift (in target 'Shapes' from project 'Shapes')
/Users/admin/builder/spi-builder-workspace/Sources/Shapes/Spiral.swift:147:4: error: 'Previewable()' is only available in watchOS 10.0 or newer
145 | @available(macOS 14.0, iOS 17.0, *)
146 | #Preview {
147 |   @Previewable @State var turns: CGFloat = 1
    |    |- error: 'Previewable()' is only available in watchOS 10.0 or newer
    |    `- note: add 'if #available' version check
148 |   @Previewable @State var offset: CGFloat = 0
149 |   @Previewable @State var growth: WIP.Spiral.SpiralType = .archimedes
/Users/admin/builder/spi-builder-workspace/Sources/Shapes/Spiral.swift:148:4: error: 'Previewable()' is only available in watchOS 10.0 or newer
146 | #Preview {
147 |   @Previewable @State var turns: CGFloat = 1
148 |   @Previewable @State var offset: CGFloat = 0
    |    |- error: 'Previewable()' is only available in watchOS 10.0 or newer
    |    `- note: add 'if #available' version check
149 |   @Previewable @State var growth: WIP.Spiral.SpiralType = .archimedes
150 |
/Users/admin/builder/spi-builder-workspace/Sources/Shapes/Spiral.swift:149:4: error: 'Previewable()' is only available in watchOS 10.0 or newer
147 |   @Previewable @State var turns: CGFloat = 1
148 |   @Previewable @State var offset: CGFloat = 0
149 |   @Previewable @State var growth: WIP.Spiral.SpiralType = .archimedes
    |    |- error: 'Previewable()' is only available in watchOS 10.0 or newer
    |    `- note: add 'if #available' version check
150 |
151 |   VStack {
/Users/admin/builder/spi-builder-workspace/Sources/Shapes/Spiral.swift:166:19: error: 'segmented' is unavailable in watchOS
164 |       Text("C")
165 |     }
166 |     .pickerStyle(.segmented)
    |                   `- error: 'segmented' is unavailable in watchOS
167 |
168 |
SwiftUI.PickerStyle.segmented:2:43: note: 'segmented' has been explicitly marked unavailable here
1 | protocol PickerStyle {
2 | @export(implementation) public static var segmented: SegmentedPickerStyle { get }}
  |                                           `- note: 'segmented' has been explicitly marked unavailable here
3 |
/Users/admin/builder/spi-builder-workspace/Sources/Shapes/Spiral.swift:172:8: error: 'fill(_:style:)' is only available in watchOS 10.0 or newer
170 |
171 |     shape
172 |       .fill(Color.yellow)
    |        |- error: 'fill(_:style:)' is only available in watchOS 10.0 or newer
    |        `- note: add 'if #available' version check
173 |       .stroke(Color.black, lineWidth: 5)
174 |       .frame(width: 256, height: 256)
/Users/admin/builder/spi-builder-workspace/Sources/Shapes/Spiral.swift:173:8: error: 'stroke(_:lineWidth:antialiased:)' is only available in watchOS 10.0 or newer
171 |     shape
172 |       .fill(Color.yellow)
173 |       .stroke(Color.black, lineWidth: 5)
    |        |- error: 'stroke(_:lineWidth:antialiased:)' is only available in watchOS 10.0 or newer
    |        `- note: add 'if #available' version check
174 |       .frame(width: 256, height: 256)
175 |       .border(Color.black)
/Users/admin/builder/spi-builder-workspace/Sources/Shapes/Spiral.swift:190:4: error: 'Previewable()' is only available in watchOS 10.0 or newer
188 | @available(macOS 14.0, iOS 17.0, *)
189 | #Preview {
190 |   @Previewable @State var isAnimating: Bool = false
    |    |- error: 'Previewable()' is only available in watchOS 10.0 or newer
    |    `- note: add 'if #available' version check
191 |
192 |   WIP.Spiral(turns: 5)
/Users/admin/builder/spi-builder-workspace/Sources/Shapes/Spiral.swift:194:6: error: 'fill(_:style:)' is only available in watchOS 10.0 or newer
192 |   WIP.Spiral(turns: 5)
193 |     .trim(from: 0, to: isAnimating ? 1 : 0)
194 |     .fill(Color.red)
    |      |- error: 'fill(_:style:)' is only available in watchOS 10.0 or newer
    |      `- note: add 'if #available' version check
195 |     .stroke(Color.yellow, lineWidth: 5)
196 |     .contentShape(.rect)
SwiftCompile normal arm64 /Users/admin/builder/spi-builder-workspace/Sources/Shapes/Square.swift (in target 'Shapes' from project 'Shapes')
    cd /Users/admin/builder/spi-builder-workspace/.swiftpm/xcode
    builtin-SwiftPerFileCompile Square.swift
SwiftCompile normal arm64 /Users/admin/builder/spi-builder-workspace/Sources/Shapes/StarPolygon.swift (in target 'Shapes' from project 'Shapes')
    cd /Users/admin/builder/spi-builder-workspace/.swiftpm/xcode
    builtin-SwiftPerFileCompile StarPolygon.swift
SwiftCompile normal arm64 /Users/admin/builder/spi-builder-workspace/Sources/Shapes/StrokeBorderedShape.swift (in target 'Shapes' from project 'Shapes')
    cd /Users/admin/builder/spi-builder-workspace/.swiftpm/xcode
    builtin-SwiftPerFileCompile StrokeBorderedShape.swift
SwiftCompile normal arm64 /Users/admin/builder/spi-builder-workspace/Sources/Shapes/StrokeStyledCircle.swift (in target 'Shapes' from project 'Shapes')
    cd /Users/admin/builder/spi-builder-workspace/.swiftpm/xcode
    builtin-SwiftPerFileCompile StrokeStyledCircle.swift
SwiftCompile normal arm64 /Users/admin/builder/spi-builder-workspace/Sources/Shapes/StrokeStyledPolygon.swift (in target 'Shapes' from project 'Shapes')
    cd /Users/admin/builder/spi-builder-workspace/.swiftpm/xcode
    builtin-SwiftPerFileCompile StrokeStyledPolygon.swift
SwiftCompile normal arm64 /Users/admin/builder/spi-builder-workspace/Sources/Shapes/StrokeStyledRectangle.swift (in target 'Shapes' from project 'Shapes')
    cd /Users/admin/builder/spi-builder-workspace/.swiftpm/xcode
    builtin-SwiftPerFileCompile StrokeStyledRectangle.swift
SwiftCompile normal arm64 /Users/admin/builder/spi-builder-workspace/Sources/Shapes/TaperedRectangle.swift (in target 'Shapes' from project 'Shapes')
    cd /Users/admin/builder/spi-builder-workspace/.swiftpm/xcode
    builtin-SwiftPerFileCompile TaperedRectangle.swift
SwiftEmitModule normal arm64 Emitting\ module\ for\ Shapes (in target 'Shapes' from project 'Shapes')
/Users/admin/builder/spi-builder-workspace/Sources/Shapes/Spiral.swift:147:4: error: 'Previewable()' is only available in watchOS 10.0 or newer
145 | @available(macOS 14.0, iOS 17.0, *)
146 | #Preview {
147 |   @Previewable @State var turns: CGFloat = 1
    |    |- error: 'Previewable()' is only available in watchOS 10.0 or newer
    |    `- note: add 'if #available' version check
148 |   @Previewable @State var offset: CGFloat = 0
149 |   @Previewable @State var growth: WIP.Spiral.SpiralType = .archimedes
/Users/admin/builder/spi-builder-workspace/Sources/Shapes/Spiral.swift:148:4: error: 'Previewable()' is only available in watchOS 10.0 or newer
146 | #Preview {
147 |   @Previewable @State var turns: CGFloat = 1
148 |   @Previewable @State var offset: CGFloat = 0
    |    |- error: 'Previewable()' is only available in watchOS 10.0 or newer
    |    `- note: add 'if #available' version check
149 |   @Previewable @State var growth: WIP.Spiral.SpiralType = .archimedes
150 |
/Users/admin/builder/spi-builder-workspace/Sources/Shapes/Spiral.swift:149:4: error: 'Previewable()' is only available in watchOS 10.0 or newer
147 |   @Previewable @State var turns: CGFloat = 1
148 |   @Previewable @State var offset: CGFloat = 0
149 |   @Previewable @State var growth: WIP.Spiral.SpiralType = .archimedes
    |    |- error: 'Previewable()' is only available in watchOS 10.0 or newer
    |    `- note: add 'if #available' version check
150 |
151 |   VStack {
/Users/admin/builder/spi-builder-workspace/Sources/Shapes/Spiral.swift:166:19: error: 'segmented' is unavailable in watchOS
164 |       Text("C")
165 |     }
166 |     .pickerStyle(.segmented)
    |                   `- error: 'segmented' is unavailable in watchOS
167 |
168 |
SwiftUI.PickerStyle.segmented:2:43: note: 'segmented' has been explicitly marked unavailable here
1 | protocol PickerStyle {
2 | @export(implementation) public static var segmented: SegmentedPickerStyle { get }}
  |                                           `- note: 'segmented' has been explicitly marked unavailable here
3 |
/Users/admin/builder/spi-builder-workspace/Sources/Shapes/Spiral.swift:172:8: error: 'fill(_:style:)' is only available in watchOS 10.0 or newer
170 |
171 |     shape
172 |       .fill(Color.yellow)
    |        |- error: 'fill(_:style:)' is only available in watchOS 10.0 or newer
    |        `- note: add 'if #available' version check
173 |       .stroke(Color.black, lineWidth: 5)
174 |       .frame(width: 256, height: 256)
/Users/admin/builder/spi-builder-workspace/Sources/Shapes/Spiral.swift:173:8: error: 'stroke(_:lineWidth:antialiased:)' is only available in watchOS 10.0 or newer
171 |     shape
172 |       .fill(Color.yellow)
173 |       .stroke(Color.black, lineWidth: 5)
    |        |- error: 'stroke(_:lineWidth:antialiased:)' is only available in watchOS 10.0 or newer
    |        `- note: add 'if #available' version check
174 |       .frame(width: 256, height: 256)
175 |       .border(Color.black)
/Users/admin/builder/spi-builder-workspace/Sources/Shapes/Spiral.swift:190:4: error: 'Previewable()' is only available in watchOS 10.0 or newer
188 | @available(macOS 14.0, iOS 17.0, *)
189 | #Preview {
190 |   @Previewable @State var isAnimating: Bool = false
    |    |- error: 'Previewable()' is only available in watchOS 10.0 or newer
    |    `- note: add 'if #available' version check
191 |
192 |   WIP.Spiral(turns: 5)
/Users/admin/builder/spi-builder-workspace/Sources/Shapes/Spiral.swift:194:6: error: 'fill(_:style:)' is only available in watchOS 10.0 or newer
192 |   WIP.Spiral(turns: 5)
193 |     .trim(from: 0, to: isAnimating ? 1 : 0)
194 |     .fill(Color.red)
    |      |- error: 'fill(_:style:)' is only available in watchOS 10.0 or newer
    |      `- note: add 'if #available' version check
195 |     .stroke(Color.yellow, lineWidth: 5)
196 |     .contentShape(.rect)
/Users/admin/builder/spi-builder-workspace/Sources/Shapes/Spiral.swift:195:6: error: 'stroke(_:lineWidth:antialiased:)' is only available in watchOS 10.0 or newer
193 |     .trim(from: 0, to: isAnimating ? 1 : 0)
194 |     .fill(Color.red)
195 |     .stroke(Color.yellow, lineWidth: 5)
    |      |- error: 'stroke(_:lineWidth:antialiased:)' is only available in watchOS 10.0 or newer
    |      `- note: add 'if #available' version check
196 |     .contentShape(.rect)
197 |     .animation(.easeInOut(duration: 1), value: isAnimating)
Failed frontend command:
/Applications/Xcode-27.0.0-Release.Candidate.app/Contents/Developer/Toolchains/XcodeDefault.xctoolchain/usr/bin/swift-frontend -frontend -emit-module -experimental-skip-non-inlinable-function-bodies-without-types /Users/admin/builder/spi-builder-workspace/Sources/Shapes/AlignmentShape.swift /Users/admin/builder/spi-builder-workspace/Sources/Shapes/AnimatablePoints.swift /Users/admin/builder/spi-builder-workspace/Sources/Shapes/AnnularSteinerChain.swift /Users/admin/builder/spi-builder-workspace/Sources/Shapes/Arbelos.swift /Users/admin/builder/spi-builder-workspace/Sources/Shapes/Array.swift /Users/admin/builder/spi-builder-workspace/Sources/Shapes/Arrowhead.swift /Users/admin/builder/spi-builder-workspace/Sources/Shapes/Bar.swift /Users/admin/builder/spi-builder-workspace/Sources/Shapes/BenDayDot.swift /Users/admin/builder/spi-builder-workspace/Sources/Shapes/BorderedPolygon.swift /Users/admin/builder/spi-builder-workspace/Sources/Shapes/BorderedRectangle.swift /Users/admin/builder/spi-builder-workspace/Sources/Shapes/Bullet.swift /Users/admin/builder/spi-builder-workspace/Sources/Shapes/CGAffineTransform.swift /Users/admin/builder/spi-builder-workspace/Sources/Shapes/CGPoint.swift /Users/admin/builder/spi-builder-workspace/Sources/Shapes/CGRect.swift /Users/admin/builder/spi-builder-workspace/Sources/Shapes/Check.swift /Users/admin/builder/spi-builder-workspace/Sources/Shapes/CirclePattern.swift /Users/admin/builder/spi-builder-workspace/Sources/Shapes/CircleSector.swift /Users/admin/builder/spi-builder-workspace/Sources/Shapes/CompositeShape.swift /Users/admin/builder/spi-builder-workspace/Sources/Shapes/ConvexPolygon.swift /Users/admin/builder/spi-builder-workspace/Sources/Shapes/Crescent.swift /Users/admin/builder/spi-builder-workspace/Sources/Shapes/CutCornerRectangle.swift /Users/admin/builder/spi-builder-workspace/Sources/Shapes/DataPath.swift /Users/admin/builder/spi-builder-workspace/Sources/Shapes/Diamond.swift /Users/admin/builder/spi-builder-workspace/Sources/Shapes/DragonCurve.swift /Users/admin/builder/spi-builder-workspace/Sources/Shapes/Egg.swift /Users/admin/builder/spi-builder-workspace/Sources/Shapes/Halftone.swift /Users/admin/builder/spi-builder-workspace/Sources/Shapes/Hatching.swift /Users/admin/builder/spi-builder-workspace/Sources/Shapes/Heart.swift /Users/admin/builder/spi-builder-workspace/Sources/Shapes/InsetShape.swift /Users/admin/builder/spi-builder-workspace/Sources/Shapes/InvertedCornerRectangle.swift /Users/admin/builder/spi-builder-workspace/Sources/Shapes/InvertedShape.swift /Users/admin/builder/spi-builder-workspace/Sources/Shapes/IsoscelesTriangle.swift /Users/admin/builder/spi-builder-workspace/Sources/Shapes/IsotoxalPolygon.swift /Users/admin/builder/spi-builder-workspace/Sources/Shapes/Kite.swift /Users/admin/builder/spi-builder-workspace/Sources/Shapes/Lens.swift /Users/admin/builder/spi-builder-workspace/Sources/Shapes/Line.swift /Users/admin/builder/spi-builder-workspace/Sources/Shapes/Lune.swift /Users/admin/builder/spi-builder-workspace/Sources/Shapes/Math.swift /Users/admin/builder/spi-builder-workspace/Sources/Shapes/NormalizedShape.swift /Users/admin/builder/spi-builder-workspace/Sources/Shapes/Numeric+Extensions.swift /Users/admin/builder/spi-builder-workspace/Sources/Shapes/Parallelogram.swift /Users/admin/builder/spi-builder-workspace/Sources/Shapes/Path+Extensions.swift /Users/admin/builder/spi-builder-workspace/Sources/Shapes/Polygon.swift /Users/admin/builder/spi-builder-workspace/Sources/Shapes/Quad.swift /Users/admin/builder/spi-builder-workspace/Sources/Shapes/QuadCorner.swift /Users/admin/builder/spi-builder-workspace/Sources/Shapes/ReuleauxPolygon.swift /Users/admin/builder/spi-builder-workspace/Sources/Shapes/RightKite.swift /Users/admin/builder/spi-builder-workspace/Sources/Shapes/RightTriangle.swift /Users/admin/builder/spi-builder-workspace/Sources/Shapes/Ring.swift /Users/admin/builder/spi-builder-workspace/Sources/Shapes/RoundedPolygon.swift /Users/admin/builder/spi-builder-workspace/Sources/Shapes/Salinon.swift /Users/admin/builder/spi-builder-workspace/Sources/Shapes/SeededRandomNumberGenerator.swift /Users/admin/builder/spi-builder-workspace/Sources/Shapes/SimplePolygon.swift /Users/admin/builder/spi-builder-workspace/Sources/Shapes/SkewedShape.swift /Users/admin/builder/spi-builder-workspace/Sources/Shapes/Spiral.swift /Users/admin/builder/spi-builder-workspace/Sources/Shapes/Spirolateral.swift /Users/admin/builder/spi-builder-workspace/Sources/Shapes/SpongeFilter.swift /Users/admin/builder/spi-builder-workspace/Sources/Shapes/Square.swift /Users/admin/builder/spi-builder-workspace/Sources/Shapes/StarPolygon.swift /Users/admin/builder/spi-builder-workspace/Sources/Shapes/StrokeBorderedShape.swift /Users/admin/builder/spi-builder-workspace/Sources/Shapes/StrokeStyledCircle.swift /Users/admin/builder/spi-builder-workspace/Sources/Shapes/StrokeStyledPolygon.swift /Users/admin/builder/spi-builder-workspace/Sources/Shapes/StrokeStyledRectangle.swift /Users/admin/builder/spi-builder-workspace/Sources/Shapes/TaperedRectangle.swift /Users/admin/builder/spi-builder-workspace/Sources/Shapes/Teardrop.swift /Users/admin/builder/spi-builder-workspace/Sources/Shapes/TiledShape.swift /Users/admin/builder/spi-builder-workspace/Sources/Shapes/Torx.swift /Users/admin/builder/spi-builder-workspace/Sources/Shapes/Trapezoid.swift /Users/admin/builder/spi-builder-workspace/Sources/Shapes/Triquetra.swift /Users/admin/builder/spi-builder-workspace/Sources/Shapes/Types.swift /Users/admin/builder/spi-builder-workspace/Sources/Shapes/VectorPoint.swift -target arm64-apple-watchos9.0 -disable-cross-import-overlay-search -load-resolved-plugin /Applications/Xcode-27.0.0-Release.Candidate.app/Contents/Developer/Platforms/WatchOS.platform/Developer/usr/lib/swift/host/plugins/libFoundationMacros.dylib\#/Applications/Xcode-27.0.0-Release.Candidate.app/Contents/Developer/Platforms/WatchOS.platform/Developer/usr/bin/swift-plugin-server\#FoundationMacros -load-resolved-plugin /Applications/Xcode-27.0.0-Release.Candidate.app/Contents/Developer/Platforms/WatchOS.platform/Developer/usr/lib/swift/host/plugins/libObservationMacros.dylib\#/Applications/Xcode-27.0.0-Release.Candidate.app/Contents/Developer/Platforms/WatchOS.platform/Developer/usr/bin/swift-plugin-server\#ObservationMacros -load-resolved-plugin /Applications/Xcode-27.0.0-Release.Candidate.app/Contents/Developer/Platforms/WatchOS.platform/Developer/usr/lib/swift/host/plugins/libPreviewsMacros.dylib\#/Applications/Xcode-27.0.0-Release.Candidate.app/Contents/Developer/Platforms/WatchOS.platform/Developer/usr/bin/swift-plugin-server\#PreviewsMacros -load-resolved-plugin /Applications/Xcode-27.0.0-Release.Candidate.app/Contents/Developer/Platforms/WatchOS.platform/Developer/usr/lib/swift/host/plugins/libSwiftMacros.dylib\#/Applications/Xcode-27.0.0-Release.Candidate.app/Contents/Developer/Platforms/WatchOS.platform/Developer/usr/bin/swift-plugin-server\#SwiftMacros -load-resolved-plugin /Applications/Xcode-27.0.0-Release.Candidate.app/Contents/Developer/Platforms/WatchOS.platform/Developer/usr/lib/swift/host/plugins/libSwiftUIMacros.dylib\#/Applications/Xcode-27.0.0-Release.Candidate.app/Contents/Developer/Platforms/WatchOS.platform/Developer/usr/bin/swift-plugin-server\#SwiftUIMacros -disable-implicit-swift-modules -Xcc -fno-implicit-modules -Xcc -fno-implicit-module-maps -explicit-swift-module-map-file /Users/admin/builder/spi-builder-workspace/.derivedData/Build/Intermediates.noindex/Shapes.build/Debug-watchos/Shapes-t.build/Objects-normal/arm64/Shapes-dependencies-2.json -Xllvm -aarch64-use-tbi -enable-objc-interop -stack-check -sdk /Applications/Xcode-27.0.0-Release.Candidate.app/Contents/Developer/Platforms/WatchOS.platform/Developer/SDKs/WatchOS27.0.sdk -I /Users/admin/builder/spi-builder-workspace/.derivedData/Build/Products/Debug-watchos -Isystem /Applications/Xcode-27.0.0-Release.Candidate.app/Contents/Developer/Platforms/WatchOS.platform/Developer/usr/lib -F /Users/admin/builder/spi-builder-workspace/.derivedData/Build/Products/Debug-watchos -F /Applications/Xcode-27.0.0-Release.Candidate.app/Contents/Developer/Platforms/WatchOS.platform/Developer/Library/Frameworks -F /Applications/Xcode-27.0.0-Release.Candidate.app/Contents/Developer/Platforms/WatchOS.platform/Developer/SDKs/WatchOS27.0.sdk/Developer/Library/Frameworks -module-cache-path /Users/admin/builder/spi-builder-workspace/.derivedData/Build/Intermediates.noindex/SwiftExplicitPrecompiledModules -no-color-diagnostics -Xcc -fno-color-diagnostics -enable-testing -g -debug-info-format\=dwarf -dwarf-version\=4 -profile-generate -profile-coverage-mapping -swift-version 5 -Onone -D SWIFT_PACKAGE -D DEBUG -D SWIFT_MODULE_RESOURCE_BUNDLE_UNAVAILABLE -D Xcode -serialize-debugging-options -enable-experimental-feature DebugDescriptionMacro -empty-abi-descriptor -validate-clang-modules-once -clang-build-session-file /Users/admin/builder/spi-builder-workspace/.derivedData/ModuleCache.noindex/Session.modulevalidation -Xcc -working-directory -Xcc /Users/admin/builder/spi-builder-workspace/.swiftpm/xcode -enable-anonymous-context-mangled-names -file-compilation-dir /Users/admin/builder/spi-builder-workspace/.swiftpm/xcode -Xcc -D_LIBCPP_HARDENING_MODE\=_LIBCPP_HARDENING_MODE_DEBUG -Xcc -ivfsstatcache -Xcc /Users/admin/builder/spi-builder-workspace/.derivedData/SDKStatCaches.noindex/watchos27.0-24R360-e829b21a6f8c9b70876ba0858053c04477534ef55a1706bf4c1112bbb242f0a2.sdkstatcache -Xcc -fmodules-prune-interval\=86400 -Xcc -fmodules-prune-after\=345600 -Xcc -I/Users/admin/builder/spi-builder-workspace/.derivedData/Build/Products/Debug-watchos/include -Xcc -I/Users/admin/builder/spi-builder-workspace/.derivedData/Build/Intermediates.noindex/Shapes.build/Debug-watchos/Shapes-t.build/DerivedSources-normal/arm64 -Xcc -I/Users/admin/builder/spi-builder-workspace/.derivedData/Build/Intermediates.noindex/Shapes.build/Debug-watchos/Shapes-t.build/DerivedSources/arm64 -Xcc -I/Users/admin/builder/spi-builder-workspace/.derivedData/Build/Intermediates.noindex/Shapes.build/Debug-watchos/Shapes-t.build/DerivedSources -Xcc -DSWIFT_PACKAGE -Xcc -DDEBUG\=1 -no-auto-bridging-header-chaining -module-name Shapes -package-name spi_builder_workspace -const-gather-protocols-file /Users/admin/builder/spi-builder-workspace/.derivedData/Build/Intermediates.noindex/Shapes.build/Debug-watchos/Shapes-t.build/Objects-normal/arm64/Shapes_const_extract_protocols.json -disable-clang-spi -clang-target arm64-apple-watchos27.0 -target-sdk-version 27.0 -target-sdk-name watchos27.0 -in-process-plugin-server-path /Applications/Xcode-27.0.0-Release.Candidate.app/Contents/Developer/Toolchains/XcodeDefault.xctoolchain/usr/lib/swift/host/libSwiftInProcPluginServer.dylib -emit-module-doc-path /Users/admin/builder/spi-builder-workspace/.derivedData/Build/Intermediates.noindex/Shapes.build/Debug-watchos/Shapes-t.build/Objects-normal/arm64/Shapes.swiftdoc -emit-module-source-info-path /Users/admin/builder/spi-builder-workspace/.derivedData/Build/Intermediates.noindex/Shapes.build/Debug-watchos/Shapes-t.build/Objects-normal/arm64/Shapes.swiftsourceinfo -emit-objc-header-path /Users/admin/builder/spi-builder-workspace/.derivedData/Build/Intermediates.noindex/Shapes.build/Debug-watchos/Shapes-t.build/Objects-normal/arm64/Shapes-Swift.h -serialize-diagnostics-path /Users/admin/builder/spi-builder-workspace/.derivedData/Build/Intermediates.noindex/Shapes.build/Debug-watchos/Shapes-t.build/Objects-normal/arm64/Shapes-primary-emit-module.dia -emit-dependencies-path /Users/admin/builder/spi-builder-workspace/.derivedData/Build/Intermediates.noindex/Shapes.build/Debug-watchos/Shapes-t.build/Objects-normal/arm64/Shapes-primary-emit-module.d -parse-as-library -o /Users/admin/builder/spi-builder-workspace/.derivedData/Build/Intermediates.noindex/Shapes.build/Debug-watchos/Shapes-t.build/Objects-normal/arm64/Shapes.swiftmodule -emit-abi-descriptor-path /Users/admin/builder/spi-builder-workspace/.derivedData/Build/Intermediates.noindex/Shapes.build/Debug-watchos/Shapes-t.build/Objects-normal/arm64/Shapes.abi.json
SwiftCompile normal arm64 (in target 'Shapes' from project 'Shapes')
    cd /Users/admin/builder/spi-builder-workspace/.swiftpm/xcode

SwiftCompile normal arm64 Compiling\ Teardrop.swift,\ TiledShape.swift,\ Torx.swift,\ Trapezoid.swift,\ Triquetra.swift,\ Types.swift,\ VectorPoint.swift /Users/admin/builder/spi-builder-workspace/Sources/Shapes/Teardrop.swift /Users/admin/builder/spi-builder-workspace/Sources/Shapes/TiledShape.swift /Users/admin/builder/spi-builder-workspace/Sources/Shapes/Torx.swift /Users/admin/builder/spi-builder-workspace/Sources/Shapes/Trapezoid.swift /Users/admin/builder/spi-builder-workspace/Sources/Shapes/Triquetra.swift /Users/admin/builder/spi-builder-workspace/Sources/Shapes/Types.swift /Users/admin/builder/spi-builder-workspace/Sources/Shapes/VectorPoint.swift (in target 'Shapes' from project 'Shapes')
SwiftCompile normal arm64 /Users/admin/builder/spi-builder-workspace/Sources/Shapes/Teardrop.swift (in target 'Shapes' from project 'Shapes')
    cd /Users/admin/builder/spi-builder-workspace/.swiftpm/xcode
    builtin-SwiftPerFileCompile Teardrop.swift
SwiftCompile normal arm64 /Users/admin/builder/spi-builder-workspace/Sources/Shapes/TiledShape.swift (in target 'Shapes' from project 'Shapes')
    cd /Users/admin/builder/spi-builder-workspace/.swiftpm/xcode
    builtin-SwiftPerFileCompile TiledShape.swift
SwiftCompile normal arm64 /Users/admin/builder/spi-builder-workspace/Sources/Shapes/Torx.swift (in target 'Shapes' from project 'Shapes')
    cd /Users/admin/builder/spi-builder-workspace/.swiftpm/xcode
    builtin-SwiftPerFileCompile Torx.swift
SwiftCompile normal arm64 /Users/admin/builder/spi-builder-workspace/Sources/Shapes/Trapezoid.swift (in target 'Shapes' from project 'Shapes')
    cd /Users/admin/builder/spi-builder-workspace/.swiftpm/xcode
    builtin-SwiftPerFileCompile Trapezoid.swift
SwiftCompile normal arm64 /Users/admin/builder/spi-builder-workspace/Sources/Shapes/Triquetra.swift (in target 'Shapes' from project 'Shapes')
    cd /Users/admin/builder/spi-builder-workspace/.swiftpm/xcode
    builtin-SwiftPerFileCompile Triquetra.swift
SwiftCompile normal arm64 /Users/admin/builder/spi-builder-workspace/Sources/Shapes/Types.swift (in target 'Shapes' from project 'Shapes')
    cd /Users/admin/builder/spi-builder-workspace/.swiftpm/xcode
    builtin-SwiftPerFileCompile Types.swift
SwiftCompile normal arm64 /Users/admin/builder/spi-builder-workspace/Sources/Shapes/VectorPoint.swift (in target 'Shapes' from project 'Shapes')
    cd /Users/admin/builder/spi-builder-workspace/.swiftpm/xcode
    builtin-SwiftPerFileCompile VectorPoint.swift
SwiftCompile normal arm64 Compiling\ BorderedPolygon.swift,\ BorderedRectangle.swift,\ Bullet.swift,\ CGAffineTransform.swift,\ CGPoint.swift,\ CGRect.swift,\ Check.swift /Users/admin/builder/spi-builder-workspace/Sources/Shapes/BorderedPolygon.swift /Users/admin/builder/spi-builder-workspace/Sources/Shapes/BorderedRectangle.swift /Users/admin/builder/spi-builder-workspace/Sources/Shapes/Bullet.swift /Users/admin/builder/spi-builder-workspace/Sources/Shapes/CGAffineTransform.swift /Users/admin/builder/spi-builder-workspace/Sources/Shapes/CGPoint.swift /Users/admin/builder/spi-builder-workspace/Sources/Shapes/CGRect.swift /Users/admin/builder/spi-builder-workspace/Sources/Shapes/Check.swift (in target 'Shapes' from project 'Shapes')
/Users/admin/builder/spi-builder-workspace/Sources/Shapes/Spiral.swift:147:4: error: 'Previewable()' is only available in watchOS 10.0 or newer
145 | @available(macOS 14.0, iOS 17.0, *)
146 | #Preview {
147 |   @Previewable @State var turns: CGFloat = 1
    |    |- error: 'Previewable()' is only available in watchOS 10.0 or newer
    |    `- note: add 'if #available' version check
148 |   @Previewable @State var offset: CGFloat = 0
149 |   @Previewable @State var growth: WIP.Spiral.SpiralType = .archimedes
/Users/admin/builder/spi-builder-workspace/Sources/Shapes/Spiral.swift:148:4: error: 'Previewable()' is only available in watchOS 10.0 or newer
146 | #Preview {
147 |   @Previewable @State var turns: CGFloat = 1
148 |   @Previewable @State var offset: CGFloat = 0
    |    |- error: 'Previewable()' is only available in watchOS 10.0 or newer
    |    `- note: add 'if #available' version check
149 |   @Previewable @State var growth: WIP.Spiral.SpiralType = .archimedes
150 |
/Users/admin/builder/spi-builder-workspace/Sources/Shapes/Spiral.swift:149:4: error: 'Previewable()' is only available in watchOS 10.0 or newer
147 |   @Previewable @State var turns: CGFloat = 1
148 |   @Previewable @State var offset: CGFloat = 0
149 |   @Previewable @State var growth: WIP.Spiral.SpiralType = .archimedes
    |    |- error: 'Previewable()' is only available in watchOS 10.0 or newer
    |    `- note: add 'if #available' version check
150 |
151 |   VStack {
/Users/admin/builder/spi-builder-workspace/Sources/Shapes/Spiral.swift:166:19: error: 'segmented' is unavailable in watchOS
164 |       Text("C")
165 |     }
166 |     .pickerStyle(.segmented)
    |                   `- error: 'segmented' is unavailable in watchOS
167 |
168 |
SwiftUI.PickerStyle.segmented:2:43: note: 'segmented' has been explicitly marked unavailable here
1 | protocol PickerStyle {
2 | @export(implementation) public static var segmented: SegmentedPickerStyle { get }}
  |                                           `- note: 'segmented' has been explicitly marked unavailable here
3 |
/Users/admin/builder/spi-builder-workspace/Sources/Shapes/Spiral.swift:172:8: error: 'fill(_:style:)' is only available in watchOS 10.0 or newer
170 |
171 |     shape
172 |       .fill(Color.yellow)
    |        |- error: 'fill(_:style:)' is only available in watchOS 10.0 or newer
    |        `- note: add 'if #available' version check
173 |       .stroke(Color.black, lineWidth: 5)
174 |       .frame(width: 256, height: 256)
/Users/admin/builder/spi-builder-workspace/Sources/Shapes/Spiral.swift:173:8: error: 'stroke(_:lineWidth:antialiased:)' is only available in watchOS 10.0 or newer
171 |     shape
172 |       .fill(Color.yellow)
173 |       .stroke(Color.black, lineWidth: 5)
    |        |- error: 'stroke(_:lineWidth:antialiased:)' is only available in watchOS 10.0 or newer
    |        `- note: add 'if #available' version check
174 |       .frame(width: 256, height: 256)
175 |       .border(Color.black)
/Users/admin/builder/spi-builder-workspace/Sources/Shapes/Spiral.swift:190:4: error: 'Previewable()' is only available in watchOS 10.0 or newer
188 | @available(macOS 14.0, iOS 17.0, *)
189 | #Preview {
190 |   @Previewable @State var isAnimating: Bool = false
    |    |- error: 'Previewable()' is only available in watchOS 10.0 or newer
    |    `- note: add 'if #available' version check
191 |
192 |   WIP.Spiral(turns: 5)
/Users/admin/builder/spi-builder-workspace/Sources/Shapes/Spiral.swift:194:6: error: 'fill(_:style:)' is only available in watchOS 10.0 or newer
192 |   WIP.Spiral(turns: 5)
193 |     .trim(from: 0, to: isAnimating ? 1 : 0)
194 |     .fill(Color.red)
    |      |- error: 'fill(_:style:)' is only available in watchOS 10.0 or newer
    |      `- note: add 'if #available' version check
195 |     .stroke(Color.yellow, lineWidth: 5)
196 |     .contentShape(.rect)
SwiftCompile normal arm64 /Users/admin/builder/spi-builder-workspace/Sources/Shapes/BorderedPolygon.swift (in target 'Shapes' from project 'Shapes')
    cd /Users/admin/builder/spi-builder-workspace/.swiftpm/xcode
    builtin-SwiftPerFileCompile BorderedPolygon.swift
SwiftCompile normal arm64 /Users/admin/builder/spi-builder-workspace/Sources/Shapes/BorderedRectangle.swift (in target 'Shapes' from project 'Shapes')
    cd /Users/admin/builder/spi-builder-workspace/.swiftpm/xcode
    builtin-SwiftPerFileCompile BorderedRectangle.swift
SwiftCompile normal arm64 /Users/admin/builder/spi-builder-workspace/Sources/Shapes/Bullet.swift (in target 'Shapes' from project 'Shapes')
    cd /Users/admin/builder/spi-builder-workspace/.swiftpm/xcode
    builtin-SwiftPerFileCompile Bullet.swift
SwiftCompile normal arm64 /Users/admin/builder/spi-builder-workspace/Sources/Shapes/CGAffineTransform.swift (in target 'Shapes' from project 'Shapes')
    cd /Users/admin/builder/spi-builder-workspace/.swiftpm/xcode
    builtin-SwiftPerFileCompile CGAffineTransform.swift
SwiftCompile normal arm64 /Users/admin/builder/spi-builder-workspace/Sources/Shapes/CGPoint.swift (in target 'Shapes' from project 'Shapes')
    cd /Users/admin/builder/spi-builder-workspace/.swiftpm/xcode
    builtin-SwiftPerFileCompile CGPoint.swift
SwiftCompile normal arm64 /Users/admin/builder/spi-builder-workspace/Sources/Shapes/CGRect.swift (in target 'Shapes' from project 'Shapes')
    cd /Users/admin/builder/spi-builder-workspace/.swiftpm/xcode
    builtin-SwiftPerFileCompile CGRect.swift
SwiftCompile normal arm64 /Users/admin/builder/spi-builder-workspace/Sources/Shapes/Check.swift (in target 'Shapes' from project 'Shapes')
    cd /Users/admin/builder/spi-builder-workspace/.swiftpm/xcode
    builtin-SwiftPerFileCompile Check.swift
SwiftEmitModule normal arm64_32 Emitting\ module\ for\ Shapes (in target 'Shapes' from project 'Shapes')
SwiftCompile normal arm64_32 (in target 'Shapes' from project 'Shapes')
    cd /Users/admin/builder/spi-builder-workspace/.swiftpm/xcode

PruneExplicitPrecompiledModules /Users/admin/builder/spi-builder-workspace/.derivedData/Build/Intermediates.noindex/SwiftExplicitPrecompiledModules
PruneExplicitPrecompiledModules /Users/admin/builder/spi-builder-workspace/.derivedData/Build/Intermediates.noindex/ExplicitPrecompiledModules
PruneExplicitPrecompiledModules /Users/admin/builder/spi-builder-workspace/.derivedData/SDKExplicitPrecompiledModules
2026-09-22 12:57:12.641 xcodebuild[811:4755] [MT] IDERunDestination: Supported platforms for the buildables in the current scheme is empty.
** BUILD FAILED **
The following build commands failed:
	SwiftEmitModule normal arm64 Emitting\ module\ for\ Shapes (in target 'Shapes' from project 'Shapes')
	SwiftCompile normal arm64 (in target 'Shapes' from project 'Shapes')
	Building workspace Shapes with scheme Shapes
(3 failures)
BUILD FAILURE 6.4 watchOS